[INFO] fetching crate zepub 1.3.1...
[INFO] testing zepub-1.3.1 against 1.99.0-beta.8+cargoflags=--release for beta-release-1.100-2
[INFO] extracting crate zepub 1.3.1 into /workspace/builds/worker-2-tc1/source
[INFO] started tweaking crates.io crate zepub 1.3.1
[INFO] finished tweaking crates.io crate zepub 1.3.1
[INFO] tweaked toml for crates.io crate zepub 1.3.1 written to /workspace/builds/worker-2-tc1/source/Cargo.toml
[INFO] validating manifest of crates.io crate zepub 1.3.1 on toolchain 1.99.0-beta.8
[INFO] running `Command { std: CARGO_HOME="/workspace/cargo-home" RUSTUP_HOME="/workspace/rustup-home" "/workspace/cargo-home/bin/cargo" "+1.99.0-beta.8" "metadata" "--manifest-path" "Cargo.toml" "--no-deps", kill_on_drop: false }`
[INFO] crate crates.io crate zepub 1.3.1 already has a lockfile, it will not be regenerated
[INFO] running `Command { std: CARGO_HOME="/workspace/cargo-home" RUSTUP_HOME="/workspace/rustup-home" "/workspace/cargo-home/bin/cargo" "+1.99.0-beta.8" "fetch" "--manifest-path" "Cargo.toml", kill_on_drop: false }`
[INFO] [stderr]     Updating crates.io index
[INFO] [stderr]  Downloading crates ...
[INFO] [stderr]   Downloaded constant_time_eq v0.3.1
[INFO] [stderr]   Downloaded zstd v0.13.3
[INFO] [stderr]   Downloaded zstd-safe v7.2.4
[INFO] [stderr]   Downloaded ppmd-rust v1.4.0
[INFO] [stderr]   Downloaded zip v7.2.0
[INFO] [stderr]   Downloaded cc v1.2.54
[INFO] [stderr]   Downloaded flate2 v1.1.8
[INFO] [stderr]   Downloaded bytemuck v1.24.0
[INFO] [stderr]   Downloaded matrixmultiply v0.3.10
[INFO] [stderr]   Downloaded quick-xml v0.39.0
[INFO] [stderr]   Downloaded cmake v0.1.57
[INFO] [stderr]   Downloaded wasm-bindgen-macro v0.2.108
[INFO] [stderr]   Downloaded rustls v0.23.36
[INFO] [stderr]   Downloaded rustls-webpki v0.103.9
[INFO] [stderr]   Downloaded rustc-hash v2.1.1
[INFO] [stderr]   Downloaded transpose v0.2.3
[INFO] [stderr]   Downloaded primal-check v0.3.4
[INFO] [stderr]   Downloaded rawpointer v0.2.1
[INFO] [stderr]   Downloaded zune-core v0.4.12
[INFO] [stderr]   Downloaded rgb v0.8.52
[INFO] [stderr]   Downloaded avif-serialize v0.8.6
[INFO] [stderr]   Downloaded wasm-bindgen v0.2.108
[INFO] [stderr]   Downloaded sha1 v0.10.6
[INFO] [stderr]   Downloaded pbkdf2 v0.12.2
[INFO] [stderr]   Downloaded crc-catalog v2.4.0
[INFO] [stderr]   Downloaded libbz2-rs-sys v0.2.2
[INFO] [stderr]   Downloaded zepub-derive v1.3.1
[INFO] [stderr]   Downloaded bytes v1.11.0
[INFO] [stderr]   Downloaded iri-string v0.7.10
[INFO] [stderr]   Downloaded rustls-platform-verifier-android v0.1.1
[INFO] [stderr]   Downloaded schannel v0.1.28
[INFO] [stderr]   Downloaded combine v4.6.7
[INFO] [stderr]   Downloaded tinyvec v1.10.0
[INFO] [stderr]   Downloaded rustdct v0.7.1
[INFO] [stderr]   Downloaded num-complex v0.4.6
[INFO] [stderr]   Downloaded safe_arch v0.7.4
[INFO] [stderr]   Downloaded wasm-bindgen-shared v0.2.108
[INFO] [stderr]   Downloaded bumpalo v3.19.1
[INFO] [stderr]   Downloaded js-sys v0.3.85
[INFO] [stderr]   Downloaded zmij v1.0.17
[INFO] [stderr]   Downloaded security-framework-sys v2.15.0
[INFO] [stderr]   Downloaded rustls-native-certs v0.8.3
[INFO] [stderr]   Downloaded jni-sys v0.3.0
[INFO] [stderr]   Downloaded cesu8 v1.1.0
[INFO] [stderr]   Downloaded strength_reduce v0.2.4
[INFO] [stderr]   Downloaded num-iter v0.1.45
[INFO] [stderr]   Downloaded zstd-sys v2.0.16+zstd.1.5.7
[INFO] [stderr]   Downloaded num-conv v0.2.0
[INFO] [stderr]   Downloaded hmac v0.12.1
[INFO] [stderr]   Downloaded inout v0.1.4
[INFO] [stderr]   Downloaded itoa v1.0.17
[INFO] [stderr]   Downloaded lru-slab v0.1.2
[INFO] [stderr]   Downloaded md-5 v0.10.6
[INFO] [stderr]   Downloaded simba v0.9.1
[INFO] [stderr]   Downloaded ravif v0.12.0
[INFO] [stderr]   Downloaded anyhow v1.0.100
[INFO] [stderr]   Downloaded gif v0.14.1
[INFO] [stderr]   Downloaded deranged v0.5.5
[INFO] [stderr]   Downloaded socket2 v0.6.2
[INFO] [stderr]   Downloaded windows_i686_msvc v0.53.1
[INFO] [stderr]   Downloaded rustls-platform-verifier v0.6.2
[INFO] [stderr]   Downloaded quinn-udp v0.5.14
[INFO] [stderr]   Downloaded wide v0.7.33
[INFO] [stderr]   Downloaded zune-jpeg v0.4.21
[INFO] [stderr]   Downloaded zopfli v0.8.3
[INFO] [stderr]   Downloaded zerocopy-derive v0.8.35
[INFO] [stderr]   Downloaded num v0.4.3
[INFO] [stderr]   Downloaded crc v3.3.0
[INFO] [stderr]   Downloaded cipher v0.4.4
[INFO] [stderr]   Downloaded wasm-bindgen-futures v0.4.58
[INFO] [stderr]   Downloaded windows-targets v0.53.5
[INFO] [stderr]   Downloaded windows_i686_gnullvm v0.53.1
[INFO] [stderr]   Downloaded aws-lc-rs v1.15.4
[INFO] [stderr]   Downloaded webpki-root-certs v1.0.5
[INFO] [stderr]   Downloaded zune-jpeg v0.5.11
[INFO] [stderr]   Downloaded time v0.3.46
[INFO] [stderr]   Downloaded bzip2 v0.6.1
[INFO] [stderr]   Downloaded slab v0.4.11
[INFO] [stderr]   Downloaded png v0.18.0
[INFO] [stderr]   Downloaded zlib-rs v0.5.5
[INFO] [stderr]   Downloaded jni v0.21.1
[INFO] [stderr]   Downloaded quinn-proto v0.11.13
[INFO] [stderr]   Downloaded hyper-util v0.1.19
[INFO] [stderr]   Downloaded nalgebra v0.34.1
[INFO] [stderr]   Downloaded glam v0.17.3
[INFO] [stderr]   Downloaded glam v0.14.0
[INFO] [stderr]   Downloaded libfuzzer-sys v0.4.10
[INFO] [stderr]   Downloaded aes v0.8.4
[INFO] [stderr]   Downloaded glam v0.16.0
[INFO] [stderr]   Downloaded glam v0.15.2
[INFO] [stderr]   Downloaded wasm-bindgen-macro-support v0.2.108
[INFO] [stderr]   Downloaded syn v2.0.114
[INFO] [stderr]   Downloaded zeroize_derive v1.4.3
[INFO] [stderr]   Downloaded rustfft v6.4.1
[INFO] [stderr]   Downloaded glam v0.20.5
[INFO] [stderr]   Downloaded glam v0.19.0
[INFO] [stderr]   Downloaded glam v0.18.0
[INFO] [stderr]   Downloaded moxcms v0.7.11
[INFO] [stderr]   Downloaded find-msvc-tools v0.1.8
[INFO] [stderr]   Downloaded quinn v0.11.9
[INFO] [stderr]   Downloaded security-framework v3.5.1
[INFO] [stderr]   Downloaded zerocopy v0.8.35
[INFO] [stderr]   Downloaded fs_extra v1.3.0
[INFO] [stderr]   Downloaded dunce v1.0.5
[INFO] [stderr]   Downloaded glam v0.23.0
[INFO] [stderr]   Downloaded glam v0.21.3
[INFO] [stderr]   Downloaded deflate64 v0.1.10
[INFO] [stderr]   Downloaded glam v0.22.0
[INFO] [stderr]   Downloaded imageproc v0.26.0
[INFO] [stderr]   Downloaded rand_distr v0.5.1
[INFO] [stderr]   Downloaded image v0.25.9
[INFO] [stderr]   Downloaded time-core v0.1.8
[INFO] [stderr]   Downloaded typed-path v0.12.2
[INFO] [stderr]   Downloaded windows_aarch64_gnullvm v0.53.1
[INFO] [stderr]   Downloaded glam v0.24.2
[INFO] [stderr]   Downloaded libc v0.2.180
[INFO] [stderr]   Downloaded simd-adler32 v0.3.8
[INFO] [stderr]   Downloaded unicode-ident v1.0.22
[INFO] [stderr]   Downloaded glam v0.27.0
[INFO] [stderr]   Downloaded glam v0.25.0
[INFO] [stderr]   Downloaded lzma-rust2 v0.15.7
[INFO] [stderr]   Downloaded web-sys v0.3.85
[INFO] [stderr]   Downloaded windows_x86_64_msvc v0.53.1
[INFO] [stderr]   Downloaded glam v0.28.0
[INFO] [stderr]   Downloaded windows_x86_64_gnu v0.53.1
[INFO] [stderr]   Downloaded reqwest v0.13.1
[INFO] [stderr]   Downloaded glam v0.30.10
[INFO] [stderr]   Downloaded windows_x86_64_gnullvm v0.53.1
[INFO] [stderr]   Downloaded tiff v0.10.3
[INFO] [stderr]   Downloaded windows_aarch64_msvc v0.53.1
[INFO] [stderr]   Downloaded windows_i686_gnu v0.53.1
[INFO] [stderr]   Downloaded tokio v1.49.0
[INFO] [stderr]   Downloaded pxfm v0.1.27
[INFO] [stderr]   Downloaded windows-sys v0.60.2
[INFO] [stderr]   Downloaded aws-lc-sys v0.37.0
[INFO] running `Command { std: "docker" "create" "-v" "/var/lib/crater-agent-workspace/builds/worker-2-tc1/source:/opt/rustwide/workdir:ro,Z" "-v" "/var/lib/crater-agent-workspace/builds/worker-2-tc1/target:/opt/rustwide/target:rw,Z" "-v" "/var/lib/crater-agent-workspace/cargo-home:/opt/rustwide/cargo-home:ro,Z" "-v" "/var/lib/crater-agent-workspace/rustup-home:/opt/rustwide/rustup-home:ro,Z" "-m" "1610612736" "--network" "none" "ghcr.io/rust-lang/crates-build-env/linux@sha256:77db811e55d90add9212f6832c23229e3de5f1c1f9905e8cb07319ea15df73ac" "sleep" "infinity", kill_on_drop: false }`
[INFO] [stdout] 39cf75571f4c2272d43b051f200b291228b62a8e16958410f324ff87cf67cc3b
[INFO] running `Command { std: "docker" "start" "39cf75571f4c2272d43b051f200b291228b62a8e16958410f324ff87cf67cc3b", kill_on_drop: false }`
[INFO] running `Command { std: "docker" "inspect" "39cf75571f4c2272d43b051f200b291228b62a8e16958410f324ff87cf67cc3b", kill_on_drop: false }`
[INFO] running `Command { std: "docker" "exec" "-e" "SOURCE_DIR=/opt/rustwide/workdir" "-e" "CARGO_HOME=/opt/rustwide/cargo-home" "-e" "RUSTUP_HOME=/opt/rustwide/rustup-home" "-e" "CARGO_TARGET_DIR=/opt/rustwide/target" "-w" "/opt/rustwide/workdir" "--user" "0:0" "39cf75571f4c2272d43b051f200b291228b62a8e16958410f324ff87cf67cc3b" "/opt/rustwide/cargo-home/bin/cargo" "+1.99.0-beta.8" "metadata" "--no-deps" "--format-version=1", kill_on_drop: false }`
[INFO] running `Command { std: "docker" "inspect" "39cf75571f4c2272d43b051f200b291228b62a8e16958410f324ff87cf67cc3b", kill_on_drop: false }`
[INFO] running `Command { std: "docker" "exec" "-e" "SOURCE_DIR=/opt/rustwide/workdir" "-e" "CARGO_HOME=/opt/rustwide/cargo-home" "-e" "RUSTUP_HOME=/opt/rustwide/rustup-home" "-e" "CARGO_TARGET_DIR=/opt/rustwide/target" "-e" "CARGO_INCREMENTAL=0" "-e" "RUST_BACKTRACE=full" "-e" "RUSTFLAGS=--cap-lints=warn" "-e" "RUSTDOCFLAGS=--cap-lints=warn" "-w" "/opt/rustwide/workdir" "--user" "0:0" "39cf75571f4c2272d43b051f200b291228b62a8e16958410f324ff87cf67cc3b" "/opt/rustwide/cargo-home/bin/cargo" "+1.99.0-beta.8" "build" "--frozen" "--message-format=json" "--release", kill_on_drop: false }`
[INFO] [stderr]    Compiling typenum v1.19.0
[INFO] [stderr]    Compiling version_check v0.9.5
[INFO] [stderr]    Compiling libc v0.2.180
[INFO] [stderr]    Compiling cfg-if v1.0.4
[INFO] [stderr]    Compiling find-msvc-tools v0.1.8
[INFO] [stderr]    Compiling shlex v1.3.0
[INFO] [stderr]    Compiling subtle v2.6.1
[INFO] [stderr]    Compiling pkg-config v0.3.32
[INFO] [stderr]    Compiling unicode-ident v1.0.22
[INFO] [stderr]    Compiling crc32fast v1.5.0
[INFO] [stderr]    Compiling cpufeatures v0.2.17
[INFO] [stderr]    Compiling zstd-safe v7.2.4
[INFO] [stderr]    Compiling powerfmt v0.2.0
[INFO] [stderr]    Compiling getrandom v0.3.4
[INFO] [stderr]    Compiling crc-catalog v2.4.0
[INFO] [stderr]    Compiling log v0.4.29
[INFO] [stderr]    Compiling proc-macro2 v1.0.106
[INFO] [stderr]    Compiling crc v3.3.0
[INFO] [stderr]    Compiling bumpalo v3.19.1
[INFO] [stderr]    Compiling hashbrown v0.16.1
[INFO] [stderr]    Compiling equivalent v1.0.2
[INFO] [stderr]    Compiling memchr v2.7.6
[INFO] [stderr]    Compiling deranged v0.5.5
[INFO] [stderr]    Compiling anyhow v1.0.100
[INFO] [stderr]    Compiling time-core v0.1.8
[INFO] [stderr]    Compiling libbz2-rs-sys v0.2.2
[INFO] [stderr]    Compiling generic-array v0.14.7
[INFO] [stderr]    Compiling zlib-rs v0.5.5
[INFO] [stderr]    Compiling num-conv v0.2.0
[INFO] [stderr]    Compiling simd-adler32 v0.3.8
[INFO] [stderr]    Compiling ppmd-rust v1.4.0
[INFO] [stderr]    Compiling zepub v1.3.1 (/opt/rustwide/workdir)
[INFO] [stderr]    Compiling constant_time_eq v0.3.1
[INFO] [stderr]    Compiling typed-path v0.12.2
[INFO] [stderr]    Compiling deflate64 v0.1.10
[INFO] [stderr]    Compiling zepub-derive v1.3.1
[INFO] [stderr]    Compiling zopfli v0.8.3
[INFO] [stderr]    Compiling quote v1.0.44
[INFO] [stderr]    Compiling syn v2.0.114
[INFO] [stderr]    Compiling quick-xml v0.39.0
[INFO] [stderr]    Compiling bzip2 v0.6.1
[INFO] [stderr]    Compiling indexmap v2.13.0
[INFO] [stderr]    Compiling jobserver v0.1.34
[INFO] [stderr]    Compiling cc v1.2.54
[INFO] [stderr]    Compiling crypto-common v0.1.7
[INFO] [stderr]    Compiling block-buffer v0.10.4
[INFO] [stderr]    Compiling inout v0.1.4
[INFO] [stderr]    Compiling cipher v0.4.4
[INFO] [stderr]    Compiling time v0.3.46
[INFO] [stderr]    Compiling digest v0.10.7
[INFO] [stderr]    Compiling aes v0.8.4
[INFO] [stderr]    Compiling sha2 v0.10.9
[INFO] [stderr]    Compiling hmac v0.12.1
[INFO] [stderr]    Compiling sha1 v0.10.6
[INFO] [stderr]    Compiling pbkdf2 v0.12.2
[INFO] [stderr]    Compiling lzma-rust2 v0.15.7
[INFO] [stderr]    Compiling zstd-sys v2.0.16+zstd.1.5.7
[INFO] [stderr]    Compiling flate2 v1.1.8
[INFO] [stderr]    Compiling zeroize_derive v1.4.3
[INFO] [stderr]    Compiling zeroize v1.8.2
[INFO] [stderr]    Compiling zstd v0.13.3
[INFO] [stderr]    Compiling zip v7.2.0
[INFO] [stdout] warning: unused variable: `id`
[INFO] [stdout]    --> src/epub/core.rs:328:14
[INFO] [stdout]     |
[INFO] [stdout] 328 |         let (id, origin) = if let Some(index) = self._file_name.find('#') {
[INFO] [stdout]     |              ^^ help: if this is intentional, prefix it with an underscore: `_id`
[INFO] [stdout]     |
[INFO] [stdout]     = note: `#[warn(unused_variables)]` (part of `#[warn(unused)]`) on by default
[INFO] [stdout] 
[INFO] [stdout] 
[INFO] [stdout] warning: unused variable: `co`
[INFO] [stdout]    --> src/epub/html.rs:370:17
[INFO] [stdout]     |
[INFO] [stdout] 370 |     if let Some(co) = book.cover_chapter() {
[INFO] [stdout]     |                 ^^ help: if this is intentional, prefix it with an underscore: `_co`
[INFO] [stdout] 
[INFO] [stdout] 
[INFO] [stdout] warning: unused variable: `t`
[INFO] [stdout]    --> src/epub/reader.rs:261:37
[INFO] [stdout]     |
[INFO] [stdout] 261 |                         if let Some(t) = e
[INFO] [stdout]     |                                     ^ help: if this is intentional, prefix it with an underscore: `_t`
[INFO] [stdout] 
[INFO] [stdout] 
[INFO] [stdout] warning: unused variable: `book`
[INFO] [stdout]    --> src/epub/reader.rs:369:5
[INFO] [stdout]     |
[INFO] [stdout] 369 |     book: &mut EpubBook,
[INFO] [stdout]     |     ^^^^ help: if this is intentional, prefix it with an underscore: `_book`
[INFO] [stdout] 
[INFO] [stdout] 
[INFO] [stdout] warning: method `get_links` is never used
[INFO] [stdout]    --> src/epub/core.rs:414:8
[INFO] [stdout]     |
[INFO] [stdout] 174 | impl EpubHtml {
[INFO] [stdout]     | ------------- method in this implementation
[INFO] [stdout] ...
[INFO] [stdout] 414 |     fn get_links(&mut self) -> Option<&mut Vec<EpubLink>> {
[INFO] [stdout]     |        ^^^^^^^^^
[INFO] [stdout]     |
[INFO] [stdout]     = note: `#[warn(dead_code)]` (part of `#[warn(unused)]`) on by default
[INFO] [stdout] 
[INFO] [stdout] 
[INFO] [stdout] warning: field `reader` is never read
[INFO] [stdout]    --> src/epub/core.rs:70:21
[INFO] [stdout]     |
[INFO] [stdout]  70 |                       reader:Option<std::sync::Arc<std::sync::Mutex< Box<dyn EpubReaderTrait+Send+Sync>>>>,
[INFO] [stdout]     |                       ^^^^^^
[INFO] [stdout] ...
[INFO] [stdout] 536 | / epub_base_field! {
[INFO] [stdout] 537 | | ///
[INFO] [stdout] 538 | | /// 目录信息
[INFO] [stdout] 539 | | ///
[INFO] [stdout] ...   |
[INFO] [stdout] 543 | | pub struct EpubNav {
[INFO] [stdout]     | |            ------- field in this struct
[INFO] [stdout] ...   |
[INFO] [stdout] 549 | | }
[INFO] [stdout]     | |_- in this macro invocation
[INFO] [stdout]     |
[INFO] [stdout]     = note: this warning originates in the macro `crate::cache_struct` which comes from the expansion of the macro `epub_base_field` (in Nightly builds, run with -Z macro-backtrace for more info)
[INFO] [stdout] 
[INFO] [stdout] 
[INFO] [stdout] warning: field `media_type` is never read
[INFO] [stdout]    --> src/mobi/core.rs:148:16
[INFO] [stdout]     |
[INFO] [stdout] 146 | pub struct MobiAssets {
[INFO] [stdout]     |            ---------- field in this struct
[INFO] [stdout] 147 |     pub(crate) _file_name: String,
[INFO] [stdout] 148 |     pub(crate) media_type: String,
[INFO] [stdout]     |                ^^^^^^^^^^
[INFO] [stdout]     |
[INFO] [stdout]     = note: `MobiAssets` has a derived impl for the trait `Debug`, but this is intentionally ignored during dead code analysis
[INFO] [stdout]     = note: this warning originates in the macro `cache_struct` (in Nightly builds, run with -Z macro-backtrace for more info)
[INFO] [stdout] 
[INFO] [stdout] 
[INFO] [stdout] warning: method `write` is never used
[INFO] [stdout]  --> src/mobi/image.rs:8:19
[INFO] [stdout]   |
[INFO] [stdout] 7 | impl Cover {
[INFO] [stdout]   | ---------- method in this implementation
[INFO] [stdout] 8 |     pub(crate) fn write(&mut self, file: &str) -> std::io::Result<()> {
[INFO] [stdout]   |                   ^^^^^
[INFO] [stdout] 
[INFO] [stdout] 
[INFO] [stdout] warning: field `id` is never read
[INFO] [stdout]    --> src/mobi/nav.rs:160:5
[INFO] [stdout]     |
[INFO] [stdout] 155 | pub(crate) struct NavFilePos {
[INFO] [stdout]     |                   ---------- field in this struct
[INFO] [stdout] ...
[INFO] [stdout] 160 |     id: usize,
[INFO] [stdout]     |     ^^
[INFO] [stdout] 
[INFO] [stdout] 
[INFO] [stdout] warning: methods `read_u8` and `skip` are never used
[INFO] [stdout]    --> src/mobi/reader.rs:318:12
[INFO] [stdout]     |
[INFO] [stdout] 317 |     pub(crate) trait ReadCount: Read + Seek {
[INFO] [stdout]     |                      --------- methods in this trait
[INFO] [stdout] 318 |         fn read_u8(&mut self) -> IResult<u8> {
[INFO] [stdout]     |            ^^^^^^^
[INFO] [stdout] ...
[INFO] [stdout] 371 |         fn skip(&mut self, limit: u64) -> IResult<u64> {
[INFO] [stdout]     |            ^^^^
[INFO] [stdout] 
[INFO] [stdout] 
[INFO] [stdout] warning: method `write_u64` is never used
[INFO] [stdout]   --> src/mobi/writer.rs:25:8
[INFO] [stdout]    |
[INFO] [stdout] 22 | trait WriteCount: Write {
[INFO] [stdout]    |       ---------- method in this trait
[INFO] [stdout] ...
[INFO] [stdout] 25 |     fn write_u64(&mut self, value: u64) -> std::io::Result<usize>;
[INFO] [stdout]    |        ^^^^^^^^^
[INFO] [stdout] 
[INFO] [stdout] 
[INFO] [stdout] warning: fields `index` and `magic` are never read
[INFO] [stdout]    --> src/mobi/writer.rs:322:5
[INFO] [stdout]     |
[INFO] [stdout] 321 | struct PDBRecord {
[INFO] [stdout]     |        --------- fields in this struct
[INFO] [stdout] 322 |     index: usize,
[INFO] [stdout]     |     ^^^^^
[INFO] [stdout] 323 |     magic: Option<String>,
[INFO] [stdout]     |     ^^^^^
[INFO] [stdout] 
[INFO] [stdout] 
[INFO] [stdout] warning: associated function `write_uncrossable_breaks` is never used
[INFO] [stdout]    --> src/mobi/writer.rs:672:8
[INFO] [stdout]     |
[INFO] [stdout] 465 | impl<T: Write + Seek> MobiWriter<T> {
[INFO] [stdout]     | ----------------------------------- associated function in this implementation
[INFO] [stdout] ...
[INFO] [stdout] 672 |     fn write_uncrossable_breaks(_text: Vec<PDBRecord>) -> Vec<PDBRecord> {
[INFO] [stdout]     |        ^^^^^^^^^^^^^^^^^^^^^^^^
[INFO] [stdout] 
[INFO] [stdout] 
[INFO] [stdout] warning: field `home` is never read
[INFO] [stdout]  --> src/path.rs:9:5
[INFO] [stdout]   |
[INFO] [stdout] 5 | pub struct Path {
[INFO] [stdout]   |            ---- field in this struct
[INFO] [stdout] ...
[INFO] [stdout] 9 |     home: String,
[INFO] [stdout]   |     ^^^^
[INFO] [stdout]   |
[INFO] [stdout]   = note: `Path` has a derived impl for the trait `Clone`, but this is intentionally ignored during dead code analysis
[INFO] [stdout] 
[INFO] [stdout] 
[INFO] [stdout] warning: use of deprecated module `std::isize`: all constants in this module replaced by associated constants on the type
[INFO] [stdout]   --> src/cli/arg.rs:17:25
[INFO] [stdout]    |
[INFO] [stdout] 17 | use std::{fmt::Display, isize, str::FromStr};
[INFO] [stdout]    |                         ^^^^^
[INFO] [stdout]    |
[INFO] [stdout]    = note: `#[warn(deprecated)]` on by default
[INFO] [stdout] 
[INFO] [stdout] 
[INFO] [stdout] warning: unused variable: `args`
[INFO] [stdout]    --> src/cli/command.rs:201:13
[INFO] [stdout]     |
[INFO] [stdout] 201 |             args: &[String],
[INFO] [stdout]     |             ^^^^ help: if this is intentional, prefix it with an underscore: `_args`
[INFO] [stdout]     |
[INFO] [stdout]     = note: `#[warn(unused_variables)]` (part of `#[warn(unused)]`) on by default
[INFO] [stdout] 
[INFO] [stdout] 
[INFO] [stdout] warning: constant `PROJECT_NAME` is never used
[INFO] [stdout]  --> /opt/rustwide/target/release/build/zepub-c3081c00c5e7c68b/out/version.rs:2:14
[INFO] [stdout]   |
[INFO] [stdout] 2 |    pub const PROJECT_NAME :&str = r#"zepub"#;
[INFO] [stdout]   |              ^^^^^^^^^^^^
[INFO] [stdout]   |
[INFO] [stdout]   = note: `#[warn(dead_code)]` (part of `#[warn(unused)]`) on by default
[INFO] [stdout] 
[INFO] [stdout] 
[INFO] [stderr]     Finished `release` profile [optimized] target(s) in 1m 36s
[INFO] running `Command { std: "docker" "inspect" "39cf75571f4c2272d43b051f200b291228b62a8e16958410f324ff87cf67cc3b", kill_on_drop: false }`
[INFO] running `Command { std: "docker" "exec" "-e" "SOURCE_DIR=/opt/rustwide/workdir" "-e" "CARGO_HOME=/opt/rustwide/cargo-home" "-e" "RUSTUP_HOME=/opt/rustwide/rustup-home" "-e" "CARGO_TARGET_DIR=/opt/rustwide/target" "-e" "CARGO_INCREMENTAL=0" "-e" "RUST_BACKTRACE=full" "-e" "RUSTFLAGS=--cap-lints=warn" "-e" "RUSTDOCFLAGS=--cap-lints=warn" "-w" "/opt/rustwide/workdir" "--user" "0:0" "39cf75571f4c2272d43b051f200b291228b62a8e16958410f324ff87cf67cc3b" "/opt/rustwide/cargo-home/bin/cargo" "+1.99.0-beta.8" "test" "--frozen" "--no-run" "--message-format=json" "--release", kill_on_drop: false }`
[INFO] [stderr]    Compiling syn v2.0.114
[INFO] [stderr]    Compiling libc v0.2.180
[INFO] [stderr]    Compiling stable_deref_trait v1.2.1
[INFO] [stderr]    Compiling bytes v1.11.0
[INFO] [stderr]    Compiling pin-project-lite v0.2.16
[INFO] [stderr]    Compiling futures-core v0.3.31
[INFO] [stderr]    Compiling fs_extra v1.3.0
[INFO] [stderr]    Compiling dunce v1.0.5
[INFO] [stderr]    Compiling once_cell v1.21.3
[INFO] [stderr]    Compiling futures-sink v0.3.31
[INFO] [stderr]    Compiling aws-lc-rs v1.15.4
[INFO] [stderr]    Compiling itoa v1.0.17
[INFO] [stderr]    Compiling cmake v0.1.57
[INFO] [stderr]    Compiling slab v0.4.11
[INFO] [stderr]    Compiling writeable v0.6.2
[INFO] [stderr]    Compiling litemap v0.8.1
[INFO] [stderr]    Compiling smallvec v1.15.1
[INFO] [stderr]    Compiling pin-utils v0.1.0
[INFO] [stderr]    Compiling icu_properties_data v2.1.2
[INFO] [stderr]    Compiling icu_normalizer_data v2.1.1
[INFO] [stderr]    Compiling httparse v1.10.1
[INFO] [stderr]    Compiling futures-task v0.3.31
[INFO] [stderr]    Compiling rustls v0.23.36
[INFO] [stderr]    Compiling futures-io v0.3.31
[INFO] [stderr]    Compiling untrusted v0.9.0
[INFO] [stderr]    Compiling try-lock v0.2.5
[INFO] [stderr]    Compiling fnv v1.0.7
[INFO] [stderr]    Compiling percent-encoding v2.3.2
[INFO] [stderr]    Compiling tower-service v0.3.3
[INFO] [stderr]    Compiling tracing-core v0.1.36
[INFO] [stderr]    Compiling atomic-waker v1.1.2
[INFO] [stderr]    Compiling want v0.3.1
[INFO] [stderr]    Compiling futures-channel v0.3.31
[INFO] [stderr]    Compiling sync_wrapper v1.0.2
[INFO] [stderr]    Compiling ipnet v2.11.0
[INFO] [stderr]    Compiling futures-util v0.3.31
[INFO] [stderr]    Compiling openssl-probe v0.2.1
[INFO] [stderr]    Compiling utf8_iter v1.0.4
[INFO] [stderr]    Compiling tower-layer v0.3.3
[INFO] [stderr]    Compiling base64 v0.22.1
[INFO] [stderr]    Compiling form_urlencoded v1.2.2
[INFO] [stderr]    Compiling bitflags v2.10.0
[INFO] [stderr]    Compiling iri-string v0.7.10
[INFO] [stderr]    Compiling encoding_rs v0.8.35
[INFO] [stderr]    Compiling aws-lc-sys v0.37.0
[INFO] [stderr]    Compiling mime v0.3.17
[INFO] [stderr]    Compiling http v1.4.0
[INFO] [stderr]    Compiling tracing v0.1.44
[INFO] [stderr]    Compiling mio v1.1.1
[INFO] [stderr]    Compiling socket2 v0.6.2
[INFO] [stderr]    Compiling getrandom v0.3.4
[INFO] [stderr]    Compiling tokio v1.49.0
[INFO] [stderr]    Compiling http-body v1.0.1
[INFO] [stderr]    Compiling http-body-util v0.1.3
[INFO] [stderr]    Compiling synstructure v0.13.2
[INFO] [stderr]    Compiling zerofrom-derive v0.1.6
[INFO] [stderr]    Compiling yoke-derive v0.8.1
[INFO] [stderr]    Compiling zerovec-derive v0.11.2
[INFO] [stderr]    Compiling zeroize_derive v1.4.3
[INFO] [stderr]    Compiling displaydoc v0.2.5
[INFO] [stderr]    Compiling zeroize v1.8.2
[INFO] [stderr]    Compiling rustls-pki-types v1.14.0
[INFO] [stderr]    Compiling tokio-util v0.7.18
[INFO] [stderr]    Compiling tower v0.5.3
[INFO] [stderr]    Compiling zip v7.2.0
[INFO] [stderr]    Compiling zerofrom v0.1.6
[INFO] [stderr]    Compiling rustls-native-certs v0.8.3
[INFO] [stderr]    Compiling yoke v0.8.1
[INFO] [stderr]    Compiling zerovec v0.11.5
[INFO] [stderr]    Compiling zerotrie v0.2.3
[INFO] [stderr]    Compiling h2 v0.4.13
[INFO] [stderr]    Compiling tower-http v0.6.8
[INFO] [stderr]    Compiling tinystr v0.8.2
[INFO] [stderr]    Compiling potential_utf v0.1.4
[INFO] [stderr]    Compiling icu_collections v2.1.1
[INFO] [stderr]    Compiling icu_locale_core v2.1.1
[INFO] [stderr]    Compiling zepub v1.3.1 (/opt/rustwide/workdir)
[INFO] [stderr]    Compiling icu_provider v2.1.1
[INFO] [stderr]    Compiling icu_properties v2.1.2
[INFO] [stderr]    Compiling icu_normalizer v2.1.1
[INFO] [stdout] warning: unused variable: `id`
[INFO] [stdout]    --> src/epub/core.rs:328:14
[INFO] [stdout]     |
[INFO] [stdout] 328 |         let (id, origin) = if let Some(index) = self._file_name.find('#') {
[INFO] [stdout]     |              ^^ help: if this is intentional, prefix it with an underscore: `_id`
[INFO] [stdout]     |
[INFO] [stdout]     = note: `#[warn(unused_variables)]` (part of `#[warn(unused)]`) on by default
[INFO] [stdout] 
[INFO] [stdout] 
[INFO] [stdout] warning: unused variable: `co`
[INFO] [stdout]    --> src/epub/html.rs:370:17
[INFO] [stdout]     |
[INFO] [stdout] 370 |     if let Some(co) = book.cover_chapter() {
[INFO] [stdout]     |                 ^^ help: if this is intentional, prefix it with an underscore: `_co`
[INFO] [stdout] 
[INFO] [stdout] 
[INFO] [stdout] warning: unused variable: `t`
[INFO] [stdout]    --> src/epub/reader.rs:261:37
[INFO] [stdout]     |
[INFO] [stdout] 261 |                         if let Some(t) = e
[INFO] [stdout]     |                                     ^ help: if this is intentional, prefix it with an underscore: `_t`
[INFO] [stdout] 
[INFO] [stdout] 
[INFO] [stdout] warning: unused variable: `book`
[INFO] [stdout]    --> src/epub/reader.rs:369:5
[INFO] [stdout]     |
[INFO] [stdout] 369 |     book: &mut EpubBook,
[INFO] [stdout]     |     ^^^^ help: if this is intentional, prefix it with an underscore: `_book`
[INFO] [stdout] 
[INFO] [stdout] 
[INFO] [stdout] warning: method `get_links` is never used
[INFO] [stdout]    --> src/epub/core.rs:414:8
[INFO] [stdout]     |
[INFO] [stdout] 174 | impl EpubHtml {
[INFO] [stdout]     | ------------- method in this implementation
[INFO] [stdout] ...
[INFO] [stdout] 414 |     fn get_links(&mut self) -> Option<&mut Vec<EpubLink>> {
[INFO] [stdout]     |        ^^^^^^^^^
[INFO] [stdout]     |
[INFO] [stdout]     = note: `#[warn(dead_code)]` (part of `#[warn(unused)]`) on by default
[INFO] [stdout] 
[INFO] [stdout] 
[INFO] [stdout] warning: field `reader` is never read
[INFO] [stdout]    --> src/epub/core.rs:70:21
[INFO] [stdout]     |
[INFO] [stdout]  70 |                       reader:Option<std::sync::Arc<std::sync::Mutex< Box<dyn EpubReaderTrait+Send+Sync>>>>,
[INFO] [stdout]     |                       ^^^^^^
[INFO] [stdout] ...
[INFO] [stdout] 536 | / epub_base_field! {
[INFO] [stdout] 537 | | ///
[INFO] [stdout] 538 | | /// 目录信息
[INFO] [stdout] 539 | | ///
[INFO] [stdout] ...   |
[INFO] [stdout] 543 | | pub struct EpubNav {
[INFO] [stdout]     | |            ------- field in this struct
[INFO] [stdout] ...   |
[INFO] [stdout] 549 | | }
[INFO] [stdout]     | |_- in this macro invocation
[INFO] [stdout]     |
[INFO] [stdout]     = note: this warning originates in the macro `crate::cache_struct` which comes from the expansion of the macro `epub_base_field` (in Nightly builds, run with -Z macro-backtrace for more info)
[INFO] [stdout] 
[INFO] [stdout] 
[INFO] [stdout] warning: field `media_type` is never read
[INFO] [stdout]    --> src/mobi/core.rs:148:16
[INFO] [stdout]     |
[INFO] [stdout] 146 | pub struct MobiAssets {
[INFO] [stdout]     |            ---------- field in this struct
[INFO] [stdout] 147 |     pub(crate) _file_name: String,
[INFO] [stdout] 148 |     pub(crate) media_type: String,
[INFO] [stdout]     |                ^^^^^^^^^^
[INFO] [stdout]     |
[INFO] [stdout]     = note: `MobiAssets` has a derived impl for the trait `Debug`, but this is intentionally ignored during dead code analysis
[INFO] [stdout]     = note: this warning originates in the macro `cache_struct` (in Nightly builds, run with -Z macro-backtrace for more info)
[INFO] [stdout] 
[INFO] [stdout] 
[INFO] [stdout] warning: method `write` is never used
[INFO] [stdout]  --> src/mobi/image.rs:8:19
[INFO] [stdout]   |
[INFO] [stdout] 7 | impl Cover {
[INFO] [stdout]   | ---------- method in this implementation
[INFO] [stdout] 8 |     pub(crate) fn write(&mut self, file: &str) -> std::io::Result<()> {
[INFO] [stdout]   |                   ^^^^^
[INFO] [stdout] 
[INFO] [stdout] 
[INFO] [stdout] warning: field `id` is never read
[INFO] [stdout]    --> src/mobi/nav.rs:160:5
[INFO] [stdout]     |
[INFO] [stdout] 155 | pub(crate) struct NavFilePos {
[INFO] [stdout]     |                   ---------- field in this struct
[INFO] [stdout] ...
[INFO] [stdout] 160 |     id: usize,
[INFO] [stdout]     |     ^^
[INFO] [stdout] 
[INFO] [stdout] 
[INFO] [stdout] warning: methods `read_u8` and `skip` are never used
[INFO] [stdout]    --> src/mobi/reader.rs:318:12
[INFO] [stdout]     |
[INFO] [stdout] 317 |     pub(crate) trait ReadCount: Read + Seek {
[INFO] [stdout]     |                      --------- methods in this trait
[INFO] [stdout] 318 |         fn read_u8(&mut self) -> IResult<u8> {
[INFO] [stdout]     |            ^^^^^^^
[INFO] [stdout] ...
[INFO] [stdout] 371 |         fn skip(&mut self, limit: u64) -> IResult<u64> {
[INFO] [stdout]     |            ^^^^
[INFO] [stdout] 
[INFO] [stdout] 
[INFO] [stdout] warning: method `write_u64` is never used
[INFO] [stdout]   --> src/mobi/writer.rs:25:8
[INFO] [stdout]    |
[INFO] [stdout] 22 | trait WriteCount: Write {
[INFO] [stdout]    |       ---------- method in this trait
[INFO] [stdout] ...
[INFO] [stdout] 25 |     fn write_u64(&mut self, value: u64) -> std::io::Result<usize>;
[INFO] [stdout]    |        ^^^^^^^^^
[INFO] [stdout] 
[INFO] [stdout] 
[INFO] [stdout] warning: fields `index` and `magic` are never read
[INFO] [stdout]    --> src/mobi/writer.rs:322:5
[INFO] [stdout]     |
[INFO] [stdout] 321 | struct PDBRecord {
[INFO] [stdout]     |        --------- fields in this struct
[INFO] [stdout] 322 |     index: usize,
[INFO] [stdout]     |     ^^^^^
[INFO] [stdout] 323 |     magic: Option<String>,
[INFO] [stdout]     |     ^^^^^
[INFO] [stdout] 
[INFO] [stdout] 
[INFO] [stdout] warning: associated function `write_uncrossable_breaks` is never used
[INFO] [stdout]    --> src/mobi/writer.rs:672:8
[INFO] [stdout]     |
[INFO] [stdout] 465 | impl<T: Write + Seek> MobiWriter<T> {
[INFO] [stdout]     | ----------------------------------- associated function in this implementation
[INFO] [stdout] ...
[INFO] [stdout] 672 |     fn write_uncrossable_breaks(_text: Vec<PDBRecord>) -> Vec<PDBRecord> {
[INFO] [stdout]     |        ^^^^^^^^^^^^^^^^^^^^^^^^
[INFO] [stdout] 
[INFO] [stdout] 
[INFO] [stdout] warning: field `home` is never read
[INFO] [stdout]  --> src/path.rs:9:5
[INFO] [stdout]   |
[INFO] [stdout] 5 | pub struct Path {
[INFO] [stdout]   |            ---- field in this struct
[INFO] [stdout] ...
[INFO] [stdout] 9 |     home: String,
[INFO] [stdout]   |     ^^^^
[INFO] [stdout]   |
[INFO] [stdout]   = note: `Path` has a derived impl for the trait `Clone`, but this is intentionally ignored during dead code analysis
[INFO] [stdout] 
[INFO] [stdout] 
[INFO] [stderr]    Compiling idna_adapter v1.2.1
[INFO] [stderr]    Compiling idna v1.1.0
[INFO] [stderr]    Compiling url v2.5.8
[INFO] [stderr]    Compiling hyper v1.8.1
[INFO] [stderr]    Compiling hyper-util v0.1.19
[INFO] [stderr]    Compiling rustls-webpki v0.103.9
[INFO] [stderr]    Compiling tokio-rustls v0.26.4
[INFO] [stderr]    Compiling rustls-platform-verifier v0.6.2
[INFO] [stderr]    Compiling hyper-rustls v0.27.7
[INFO] [stderr]    Compiling reqwest v0.13.1
[INFO] [stdout] warning: use of deprecated module `std::isize`: all constants in this module replaced by associated constants on the type
[INFO] [stdout]   --> src/cli/arg.rs:17:25
[INFO] [stdout]    |
[INFO] [stdout] 17 | use std::{fmt::Display, isize, str::FromStr};
[INFO] [stdout]    |                         ^^^^^
[INFO] [stdout]    |
[INFO] [stdout]    = note: `#[warn(deprecated)]` on by default
[INFO] [stdout] 
[INFO] [stdout] 
[INFO] [stdout] warning: unused import: `AtomicBool`
[INFO] [stdout]    --> src/mobi/nav.rs:479:24
[INFO] [stdout]     |
[INFO] [stdout] 479 |         sync::atomic::{AtomicBool, AtomicUsize},
[INFO] [stdout]     |                        ^^^^^^^^^^
[INFO] [stdout]     |
[INFO] [stdout]     = note: `#[warn(unused_imports)]` (part of `#[warn(unused)]`) on by default
[INFO] [stdout] 
[INFO] [stdout] 
[INFO] [stdout] warning: unused variable: `args`
[INFO] [stdout]    --> src/cli/command.rs:201:13
[INFO] [stdout]     |
[INFO] [stdout] 201 |             args: &[String],
[INFO] [stdout]     |             ^^^^ help: if this is intentional, prefix it with an underscore: `_args`
[INFO] [stdout]     |
[INFO] [stdout]     = note: `#[warn(unused_variables)]` (part of `#[warn(unused)]`) on by default
[INFO] [stdout] 
[INFO] [stdout] 
[INFO] [stdout] warning: constant `PROJECT_NAME` is never used
[INFO] [stdout]  --> /opt/rustwide/target/release/build/zepub-c3081c00c5e7c68b/out/version.rs:2:14
[INFO] [stdout]   |
[INFO] [stdout] 2 |    pub const PROJECT_NAME :&str = r#"zepub"#;
[INFO] [stdout]   |              ^^^^^^^^^^^^
[INFO] [stdout]   |
[INFO] [stdout]   = note: `#[warn(dead_code)]` (part of `#[warn(unused)]`) on by default
[INFO] [stdout] 
[INFO] [stdout] 
[INFO] [stdout] warning: variable does not need to be mutable
[INFO] [stdout]    --> src/adapter/core.rs:677:17
[INFO] [stdout]     |
[INFO] [stdout] 677 |             let mut builder = EpubBuilder::new()
[INFO] [stdout]     |                 ----^^^^^^^
[INFO] [stdout]     |                 |
[INFO] [stdout]     |                 help: remove this `mut`
[INFO] [stdout]     |
[INFO] [stdout]     = note: `#[warn(unused_mut)]` (part of `#[warn(unused)]`) on by default
[INFO] [stdout] 
[INFO] [stdout] 
[INFO] [stdout] warning: variable does not need to be mutable
[INFO] [stdout]    --> src/adapter/core.rs:709:17
[INFO] [stdout]     |
[INFO] [stdout] 709 |             let mut builder = EpubBuilder::new()
[INFO] [stdout]     |                 ----^^^^^^^
[INFO] [stdout]     |                 |
[INFO] [stdout]     |                 help: remove this `mut`
[INFO] [stdout] 
[INFO] [stdout] 
[INFO] [stdout] warning: variable does not need to be mutable
[INFO] [stdout]    --> src/adapter/core.rs:733:17
[INFO] [stdout]     |
[INFO] [stdout] 733 |             let mut builder = EpubBuilder::default();
[INFO] [stdout]     |                 ----^^^^^^^
[INFO] [stdout]     |                 |
[INFO] [stdout]     |                 help: remove this `mut`
[INFO] [stdout] 
[INFO] [stdout] 
[INFO] [stdout] warning: variable does not need to be mutable
[INFO] [stdout]    --> src/adapter/core.rs:734:18
[INFO] [stdout]     |
[INFO] [stdout] 734 |             let (mut builder, len, a_len) =
[INFO] [stdout]     |                  ----^^^^^^^
[INFO] [stdout]     |                  |
[INFO] [stdout]     |                  help: remove this `mut`
[INFO] [stdout] 
[INFO] [stdout] 
[INFO] [stdout] warning: variable does not need to be mutable
[INFO] [stdout]    --> src/adapter/core.rs:737:18
[INFO] [stdout]     |
[INFO] [stdout] 737 |             let (mut builder, len, a_len) =
[INFO] [stdout]     |                  ----^^^^^^^
[INFO] [stdout]     |                  |
[INFO] [stdout]     |                  help: remove this `mut`
[INFO] [stdout] 
[INFO] [stdout] 
[INFO] [stdout] warning: unused variable: `len`
[INFO] [stdout]    --> src/adapter/core.rs:737:31
[INFO] [stdout]     |
[INFO] [stdout] 737 |             let (mut builder, len, a_len) =
[INFO] [stdout]     |                               ^^^ help: if this is intentional, prefix it with an underscore: `_len`
[INFO] [stdout]     |
[INFO] [stdout]     = note: `#[warn(unused_variables)]` (part of `#[warn(unused)]`) on by default
[INFO] [stdout] 
[INFO] [stdout] 
[INFO] [stdout] warning: unused variable: `a_len`
[INFO] [stdout]    --> src/adapter/core.rs:737:36
[INFO] [stdout]     |
[INFO] [stdout] 737 |             let (mut builder, len, a_len) =
[INFO] [stdout]     |                                    ^^^^^ help: if this is intentional, prefix it with an underscore: `_a_len`
[INFO] [stdout] 
[INFO] [stdout] 
[INFO] [stdout] warning: unused variable: `id`
[INFO] [stdout]    --> src/epub/core.rs:328:14
[INFO] [stdout]     |
[INFO] [stdout] 328 |         let (id, origin) = if let Some(index) = self._file_name.find('#') {
[INFO] [stdout]     |              ^^ help: if this is intentional, prefix it with an underscore: `_id`
[INFO] [stdout] 
[INFO] [stdout] 
[INFO] [stdout] warning: unused variable: `co`
[INFO] [stdout]    --> src/epub/html.rs:370:17
[INFO] [stdout]     |
[INFO] [stdout] 370 |     if let Some(co) = book.cover_chapter() {
[INFO] [stdout]     |                 ^^ help: if this is intentional, prefix it with an underscore: `_co`
[INFO] [stdout] 
[INFO] [stdout] 
[INFO] [stdout] warning: unused variable: `t`
[INFO] [stdout]    --> src/epub/reader.rs:261:37
[INFO] [stdout]     |
[INFO] [stdout] 261 |                         if let Some(t) = e
[INFO] [stdout]     |                                     ^ help: if this is intentional, prefix it with an underscore: `_t`
[INFO] [stdout] 
[INFO] [stdout] 
[INFO] [stdout] warning: unused variable: `book`
[INFO] [stdout]    --> src/epub/reader.rs:369:5
[INFO] [stdout]     |
[INFO] [stdout] 369 |     book: &mut EpubBook,
[INFO] [stdout]     |     ^^^^ help: if this is intentional, prefix it with an underscore: `_book`
[INFO] [stdout] 
[INFO] [stdout] 
[INFO] [stdout] warning: method `get_links` is never used
[INFO] [stdout]    --> src/epub/core.rs:414:8
[INFO] [stdout]     |
[INFO] [stdout] 174 | impl EpubHtml {
[INFO] [stdout]     | ------------- method in this implementation
[INFO] [stdout] ...
[INFO] [stdout] 414 |     fn get_links(&mut self) -> Option<&mut Vec<EpubLink>> {
[INFO] [stdout]     |        ^^^^^^^^^
[INFO] [stdout]     |
[INFO] [stdout]     = note: `#[warn(dead_code)]` (part of `#[warn(unused)]`) on by default
[INFO] [stdout] 
[INFO] [stdout] 
[INFO] [stdout] warning: field `reader` is never read
[INFO] [stdout]    --> src/epub/core.rs:70:21
[INFO] [stdout]     |
[INFO] [stdout]  70 |                       reader:Option<std::sync::Arc<std::sync::Mutex< Box<dyn EpubReaderTrait+Send+Sync>>>>,
[INFO] [stdout]     |                       ^^^^^^
[INFO] [stdout] ...
[INFO] [stdout] 536 | / epub_base_field! {
[INFO] [stdout] 537 | | ///
[INFO] [stdout] 538 | | /// 目录信息
[INFO] [stdout] 539 | | ///
[INFO] [stdout] ...   |
[INFO] [stdout] 543 | | pub struct EpubNav {
[INFO] [stdout]     | |            ------- field in this struct
[INFO] [stdout] ...   |
[INFO] [stdout] 549 | | }
[INFO] [stdout]     | |_- in this macro invocation
[INFO] [stdout]     |
[INFO] [stdout]     = note: this warning originates in the macro `crate::cache_struct` which comes from the expansion of the macro `epub_base_field` (in Nightly builds, run with -Z macro-backtrace for more info)
[INFO] [stdout] 
[INFO] [stdout] 
[INFO] [stdout] warning: field `media_type` is never read
[INFO] [stdout]    --> src/mobi/core.rs:148:16
[INFO] [stdout]     |
[INFO] [stdout] 146 | pub struct MobiAssets {
[INFO] [stdout]     |            ---------- field in this struct
[INFO] [stdout] 147 |     pub(crate) _file_name: String,
[INFO] [stdout] 148 |     pub(crate) media_type: String,
[INFO] [stdout]     |                ^^^^^^^^^^
[INFO] [stdout]     |
[INFO] [stdout]     = note: `MobiAssets` has a derived impl for the trait `Debug`, but this is intentionally ignored during dead code analysis
[INFO] [stdout]     = note: this warning originates in the macro `cache_struct` (in Nightly builds, run with -Z macro-backtrace for more info)
[INFO] [stdout] 
[INFO] [stdout] 
[INFO] [stdout] warning: method `write` is never used
[INFO] [stdout]  --> src/mobi/image.rs:8:19
[INFO] [stdout]   |
[INFO] [stdout] 7 | impl Cover {
[INFO] [stdout]   | ---------- method in this implementation
[INFO] [stdout] 8 |     pub(crate) fn write(&mut self, file: &str) -> std::io::Result<()> {
[INFO] [stdout]   |                   ^^^^^
[INFO] [stdout] 
[INFO] [stdout] 
[INFO] [stdout] warning: field `id` is never read
[INFO] [stdout]    --> src/mobi/nav.rs:160:5
[INFO] [stdout]     |
[INFO] [stdout] 155 | pub(crate) struct NavFilePos {
[INFO] [stdout]     |                   ---------- field in this struct
[INFO] [stdout] ...
[INFO] [stdout] 160 |     id: usize,
[INFO] [stdout]     |     ^^
[INFO] [stdout] 
[INFO] [stdout] 
[INFO] [stdout] warning: methods `read_u8` and `skip` are never used
[INFO] [stdout]    --> src/mobi/reader.rs:318:12
[INFO] [stdout]     |
[INFO] [stdout] 317 |     pub(crate) trait ReadCount: Read + Seek {
[INFO] [stdout]     |                      --------- methods in this trait
[INFO] [stdout] 318 |         fn read_u8(&mut self) -> IResult<u8> {
[INFO] [stdout]     |            ^^^^^^^
[INFO] [stdout] ...
[INFO] [stdout] 371 |         fn skip(&mut self, limit: u64) -> IResult<u64> {
[INFO] [stdout]     |            ^^^^
[INFO] [stdout] 
[INFO] [stdout] 
[INFO] [stdout] warning: method `write_u64` is never used
[INFO] [stdout]   --> src/mobi/writer.rs:25:8
[INFO] [stdout]    |
[INFO] [stdout] 22 | trait WriteCount: Write {
[INFO] [stdout]    |       ---------- method in this trait
[INFO] [stdout] ...
[INFO] [stdout] 25 |     fn write_u64(&mut self, value: u64) -> std::io::Result<usize>;
[INFO] [stdout]    |        ^^^^^^^^^
[INFO] [stdout] 
[INFO] [stdout] 
[INFO] [stdout] warning: fields `index` and `magic` are never read
[INFO] [stdout]    --> src/mobi/writer.rs:322:5
[INFO] [stdout]     |
[INFO] [stdout] 321 | struct PDBRecord {
[INFO] [stdout]     |        --------- fields in this struct
[INFO] [stdout] 322 |     index: usize,
[INFO] [stdout]     |     ^^^^^
[INFO] [stdout] 323 |     magic: Option<String>,
[INFO] [stdout]     |     ^^^^^
[INFO] [stdout] 
[INFO] [stdout] 
[INFO] [stdout] warning: associated function `write_uncrossable_breaks` is never used
[INFO] [stdout]    --> src/mobi/writer.rs:672:8
[INFO] [stdout]     |
[INFO] [stdout] 465 | impl<T: Write + Seek> MobiWriter<T> {
[INFO] [stdout]     | ----------------------------------- associated function in this implementation
[INFO] [stdout] ...
[INFO] [stdout] 672 |     fn write_uncrossable_breaks(_text: Vec<PDBRecord>) -> Vec<PDBRecord> {
[INFO] [stdout]     |        ^^^^^^^^^^^^^^^^^^^^^^^^
[INFO] [stdout] 
[INFO] [stdout] 
[INFO] [stdout] warning: field `home` is never read
[INFO] [stdout]  --> src/path.rs:9:5
[INFO] [stdout]   |
[INFO] [stdout] 5 | pub struct Path {
[INFO] [stdout]   |            ---- field in this struct
[INFO] [stdout] ...
[INFO] [stdout] 9 |     home: String,
[INFO] [stdout]   |     ^^^^
[INFO] [stdout]   |
[INFO] [stdout]   = note: `Path` has a derived impl for the trait `Clone`, but this is intentionally ignored during dead code analysis
[INFO] [stdout] 
[INFO] [stdout] 
[INFO] [stderr]     Finished `release` profile [optimized] target(s) in 2m 47s
[INFO] running `Command { std: "docker" "inspect" "39cf75571f4c2272d43b051f200b291228b62a8e16958410f324ff87cf67cc3b", kill_on_drop: false }`
[INFO] running `Command { std: "docker" "exec" "-e" "SOURCE_DIR=/opt/rustwide/workdir" "-e" "CARGO_HOME=/opt/rustwide/cargo-home" "-e" "RUSTUP_HOME=/opt/rustwide/rustup-home" "-e" "CARGO_TARGET_DIR=/opt/rustwide/target" "-e" "CARGO_INCREMENTAL=0" "-e" "RUST_BACKTRACE=full" "-e" "RUSTFLAGS=--cap-lints=warn" "-e" "RUSTDOCFLAGS=--cap-lints=warn" "-w" "/opt/rustwide/workdir" "--user" "0:0" "39cf75571f4c2272d43b051f200b291228b62a8e16958410f324ff87cf67cc3b" "/opt/rustwide/cargo-home/bin/cargo" "+1.99.0-beta.8" "test" "--frozen" "--release", kill_on_drop: false }`
[INFO] [stderr] warning: unused variable: `id`
[INFO] [stderr]    --> src/epub/core.rs:328:14
[INFO] [stderr]     |
[INFO] [stderr] 328 |         let (id, origin) = if let Some(index) = self._file_name.find('#') {
[INFO] [stderr]     |              ^^ help: if this is intentional, prefix it with an underscore: `_id`
[INFO] [stderr]     |
[INFO] [stderr]     = note: `#[warn(unused_variables)]` (part of `#[warn(unused)]`) on by default
[INFO] [stderr] 
[INFO] [stderr] warning: unused variable: `co`
[INFO] [stderr]    --> src/epub/html.rs:370:17
[INFO] [stderr]     |
[INFO] [stderr] 370 |     if let Some(co) = book.cover_chapter() {
[INFO] [stderr]     |                 ^^ help: if this is intentional, prefix it with an underscore: `_co`
[INFO] [stderr] 
[INFO] [stderr] warning: unused variable: `t`
[INFO] [stderr]    --> src/epub/reader.rs:261:37
[INFO] [stderr]     |
[INFO] [stderr] 261 |                         if let Some(t) = e
[INFO] [stderr]     |                                     ^ help: if this is intentional, prefix it with an underscore: `_t`
[INFO] [stderr] 
[INFO] [stderr] warning: unused variable: `book`
[INFO] [stderr]    --> src/epub/reader.rs:369:5
[INFO] [stderr]     |
[INFO] [stderr] 369 |     book: &mut EpubBook,
[INFO] [stderr]     |     ^^^^ help: if this is intentional, prefix it with an underscore: `_book`
[INFO] [stderr] 
[INFO] [stderr] warning: method `get_links` is never used
[INFO] [stderr]    --> src/epub/core.rs:414:8
[INFO] [stderr]     |
[INFO] [stderr] 174 | impl EpubHtml {
[INFO] [stderr]     | ------------- method in this implementation
[INFO] [stderr] ...
[INFO] [stderr] 414 |     fn get_links(&mut self) -> Option<&mut Vec<EpubLink>> {
[INFO] [stderr]     |        ^^^^^^^^^
[INFO] [stderr]     |
[INFO] [stderr]     = note: `#[warn(dead_code)]` (part of `#[warn(unused)]`) on by default
[INFO] [stderr] 
[INFO] [stderr] warning: field `reader` is never read
[INFO] [stderr]    --> src/epub/core.rs:70:21
[INFO] [stderr]     |
[INFO] [stderr]  70 |                       reader:Option<std::sync::Arc<std::sync::Mutex< Box<dyn EpubReaderTrait+Send+Sync>>>>,
[INFO] [stderr]     |                       ^^^^^^
[INFO] [stderr] ...
[INFO] [stderr] 536 | / epub_base_field! {
[INFO] [stderr] 537 | | ///
[INFO] [stderr] 538 | | /// 目录信息
[INFO] [stderr] 539 | | ///
[INFO] [stderr] ...   |
[INFO] [stderr] 543 | | pub struct EpubNav {
[INFO] [stderr]     | |            ------- field in this struct
[INFO] [stderr] ...   |
[INFO] [stderr] 549 | | }
[INFO] [stderr]     | |_- in this macro invocation
[INFO] [stderr]     |
[INFO] [stderr]     = note: this warning originates in the macro `crate::cache_struct` which comes from the expansion of the macro `epub_base_field` (in Nightly builds, run with -Z macro-backtrace for more info)
[INFO] [stderr] 
[INFO] [stderr] warning: field `media_type` is never read
[INFO] [stderr]    --> src/mobi/core.rs:148:16
[INFO] [stderr]     |
[INFO] [stderr] 146 | pub struct MobiAssets {
[INFO] [stderr]     |            ---------- field in this struct
[INFO] [stderr] 147 |     pub(crate) _file_name: String,
[INFO] [stderr] 148 |     pub(crate) media_type: String,
[INFO] [stderr]     |                ^^^^^^^^^^
[INFO] [stderr]     |
[INFO] [stderr]     = note: `MobiAssets` has a derived impl for the trait `Debug`, but this is intentionally ignored during dead code analysis
[INFO] [stderr]     = note: this warning originates in the macro `cache_struct` (in Nightly builds, run with -Z macro-backtrace for more info)
[INFO] [stderr] 
[INFO] [stderr] warning: method `write` is never used
[INFO] [stderr]  --> src/mobi/image.rs:8:19
[INFO] [stderr]   |
[INFO] [stderr] 7 | impl Cover {
[INFO] [stderr]   | ---------- method in this implementation
[INFO] [stderr] 8 |     pub(crate) fn write(&mut self, file: &str) -> std::io::Result<()> {
[INFO] [stderr]   |                   ^^^^^
[INFO] [stderr] 
[INFO] [stderr] warning: field `id` is never read
[INFO] [stderr]    --> src/mobi/nav.rs:160:5
[INFO] [stderr]     |
[INFO] [stderr] 155 | pub(crate) struct NavFilePos {
[INFO] [stderr]     |                   ---------- field in this struct
[INFO] [stderr] ...
[INFO] [stderr] 160 |     id: usize,
[INFO] [stderr]     |     ^^
[INFO] [stderr] 
[INFO] [stderr] warning: methods `read_u8` and `skip` are never used
[INFO] [stderr]    --> src/mobi/reader.rs:318:12
[INFO] [stderr]     |
[INFO] [stderr] 317 |     pub(crate) trait ReadCount: Read + Seek {
[INFO] [stderr]     |                      --------- methods in this trait
[INFO] [stderr] 318 |         fn read_u8(&mut self) -> IResult<u8> {
[INFO] [stderr]     |            ^^^^^^^
[INFO] [stderr] ...
[INFO] [stderr] 371 |         fn skip(&mut self, limit: u64) -> IResult<u64> {
[INFO] [stderr]     |            ^^^^
[INFO] [stderr] 
[INFO] [stderr] warning: method `write_u64` is never used
[INFO] [stderr]   --> src/mobi/writer.rs:25:8
[INFO] [stderr]    |
[INFO] [stderr] 22 | trait WriteCount: Write {
[INFO] [stderr]    |       ---------- method in this trait
[INFO] [stderr] ...
[INFO] [stderr] 25 |     fn write_u64(&mut self, value: u64) -> std::io::Result<usize>;
[INFO] [stderr]    |        ^^^^^^^^^
[INFO] [stderr] 
[INFO] [stderr] warning: fields `index` and `magic` are never read
[INFO] [stderr]    --> src/mobi/writer.rs:322:5
[INFO] [stderr]     |
[INFO] [stderr] 321 | struct PDBRecord {
[INFO] [stderr]     |        --------- fields in this struct
[INFO] [stderr] 322 |     index: usize,
[INFO] [stderr]     |     ^^^^^
[INFO] [stderr] 323 |     magic: Option<String>,
[INFO] [stderr]     |     ^^^^^
[INFO] [stderr] 
[INFO] [stderr] warning: associated function `write_uncrossable_breaks` is never used
[INFO] [stderr]    --> src/mobi/writer.rs:672:8
[INFO] [stderr]     |
[INFO] [stderr] 465 | impl<T: Write + Seek> MobiWriter<T> {
[INFO] [stderr]     | ----------------------------------- associated function in this implementation
[INFO] [stderr] ...
[INFO] [stderr] 672 |     fn write_uncrossable_breaks(_text: Vec<PDBRecord>) -> Vec<PDBRecord> {
[INFO] [stderr]     |        ^^^^^^^^^^^^^^^^^^^^^^^^
[INFO] [stderr] 
[INFO] [stderr] warning: field `home` is never read
[INFO] [stderr]  --> src/path.rs:9:5
[INFO] [stderr]   |
[INFO] [stderr] 5 | pub struct Path {
[INFO] [stderr]   |            ---- field in this struct
[INFO] [stderr] ...
[INFO] [stderr] 9 |     home: String,
[INFO] [stderr]   |     ^^^^
[INFO] [stderr]   |
[INFO] [stderr]   = note: `Path` has a derived impl for the trait `Clone`, but this is intentionally ignored during dead code analysis
[INFO] [stderr] 
[INFO] [stderr] warning: `zepub` (lib) generated 14 warnings (run `cargo fix --lib -p zepub` to apply 4 suggestions)
[INFO] [stderr] warning: unused import: `AtomicBool`
[INFO] [stderr]    --> src/mobi/nav.rs:479:24
[INFO] [stderr]     |
[INFO] [stderr] 479 |         sync::atomic::{AtomicBool, AtomicUsize},
[INFO] [stderr]     |                        ^^^^^^^^^^
[INFO] [stderr]     |
[INFO] [stderr]     = note: `#[warn(unused_imports)]` (part of `#[warn(unused)]`) on by default
[INFO] [stderr] 
[INFO] [stderr] warning: variable does not need to be mutable
[INFO] [stderr]    --> src/adapter/core.rs:677:17
[INFO] [stderr]     |
[INFO] [stderr] 677 |             let mut builder = EpubBuilder::new()
[INFO] [stderr]     |                 ----^^^^^^^
[INFO] [stderr]     |                 |
[INFO] [stderr]     |                 help: remove this `mut`
[INFO] [stderr]     |
[INFO] [stderr]     = note: `#[warn(unused_mut)]` (part of `#[warn(unused)]`) on by default
[INFO] [stderr] 
[INFO] [stderr] warning: variable does not need to be mutable
[INFO] [stderr]    --> src/adapter/core.rs:709:17
[INFO] [stderr]     |
[INFO] [stderr] 709 |             let mut builder = EpubBuilder::new()
[INFO] [stderr]     |                 ----^^^^^^^
[INFO] [stderr]     |                 |
[INFO] [stderr]     |                 help: remove this `mut`
[INFO] [stderr] 
[INFO] [stderr] warning: variable does not need to be mutable
[INFO] [stderr]    --> src/adapter/core.rs:733:17
[INFO] [stderr]     |
[INFO] [stderr] 733 |             let mut builder = EpubBuilder::default();
[INFO] [stderr]     |                 ----^^^^^^^
[INFO] [stderr]     |                 |
[INFO] [stderr]     |                 help: remove this `mut`
[INFO] [stderr] 
[INFO] [stderr] warning: variable does not need to be mutable
[INFO] [stderr]    --> src/adapter/core.rs:734:18
[INFO] [stderr]     |
[INFO] [stderr] 734 |             let (mut builder, len, a_len) =
[INFO] [stderr]     |                  ----^^^^^^^
[INFO] [stderr]     |                  |
[INFO] [stderr]     |                  help: remove this `mut`
[INFO] [stderr] 
[INFO] [stderr] warning: variable does not need to be mutable
[INFO] [stderr]    --> src/adapter/core.rs:737:18
[INFO] [stderr]     |
[INFO] [stderr] 737 |             let (mut builder, len, a_len) =
[INFO] [stderr]     |                  ----^^^^^^^
[INFO] [stderr]     |                  |
[INFO] [stderr]     |                  help: remove this `mut`
[INFO] [stderr] 
[INFO] [stderr] warning: unused variable: `len`
[INFO] [stderr]    --> src/adapter/core.rs:737:31
[INFO] [stderr]     |
[INFO] [stderr] 737 |             let (mut builder, len, a_len) =
[INFO] [stderr]     |                               ^^^ help: if this is intentional, prefix it with an underscore: `_len`
[INFO] [stderr]     |
[INFO] [stderr]     = note: `#[warn(unused_variables)]` (part of `#[warn(unused)]`) on by default
[INFO] [stderr] 
[INFO] [stderr] warning: unused variable: `a_len`
[INFO] [stderr]    --> src/adapter/core.rs:737:36
[INFO] [stderr]     |
[INFO] [stderr] 737 |             let (mut builder, len, a_len) =
[INFO] [stderr]     |                                    ^^^^^ help: if this is intentional, prefix it with an underscore: `_a_len`
[INFO] [stderr] 
[INFO] [stderr] warning: unused variable: `id`
[INFO] [stderr]    --> src/epub/core.rs:328:14
[INFO] [stderr]     |
[INFO] [stderr] 328 |         let (id, origin) = if let Some(index) = self._file_name.find('#') {
[INFO] [stderr]     |              ^^ help: if this is intentional, prefix it with an underscore: `_id`
[INFO] [stderr] 
[INFO] [stderr] warning: use of deprecated module `std::isize`: all constants in this module replaced by associated constants on the type
[INFO] [stderr]   --> src/cli/arg.rs:17:25
[INFO] [stderr]    |
[INFO] [stderr] 17 | use std::{fmt::Display, isize, str::FromStr};
[INFO] [stderr]    |                         ^^^^^
[INFO] [stderr]    |
[INFO] [stderr]    = note: `#[warn(deprecated)]` on by default
[INFO] [stderr] 
[INFO] [stderr] warning: unused variable: `args`
[INFO] [stderr]    --> src/cli/command.rs:201:13
[INFO] [stderr]     |
[INFO] [stderr] 201 |             args: &[String],
[INFO] [stderr]     |             ^^^^ help: if this is intentional, prefix it with an underscore: `_args`
[INFO] [stderr]     |
[INFO] [stderr]     = note: `#[warn(unused_variables)]` (part of `#[warn(unused)]`) on by default
[INFO] [stderr] 
[INFO] [stderr] warning: constant `PROJECT_NAME` is never used
[INFO] [stderr]  --> /opt/rustwide/target/release/build/zepub-c3081c00c5e7c68b/out/version.rs:2:14
[INFO] [stderr]   |
[INFO] [stderr] 2 |    pub const PROJECT_NAME :&str = r#"zepub"#;
[INFO] [stderr]   |              ^^^^^^^^^^^^
[INFO] [stderr]   |
[INFO] [stderr]   = note: `#[warn(dead_code)]` (part of `#[warn(unused)]`) on by default
[INFO] [stderr] 
[INFO] [stderr] warning: `zepub` (lib test) generated 22 warnings (13 duplicates) (run `cargo fix --lib -p zepub --tests` to apply 9 suggestions)
[INFO] [stderr] warning: `zepub` (bin "zepub" test) generated 3 warnings (run `cargo fix --bin "zepub" -p zepub --tests` to apply 1 suggestion)
[INFO] [stderr]     Finished `release` profile [optimized] target(s) in 0.26s
[INFO] [stderr]      Running unittests src/lib.rs (/opt/rustwide/target/release/deps/zepub-9111f708bbb585b2)
[INFO] [stdout] 
[INFO] [stdout] running 54 tests
[INFO] [stdout] test adapter::core::tests::test_convert ... ignored, dan.mobi
[INFO] [stdout] test adapter::core::concat::tests::test_replace_html_img_src ... ok
[INFO] [stdout] test adapter::core::tests::test_convert_epub_html_img ... ok
[INFO] [stdout] test adapter::core::concat::tests::concat_epub ... ok
[INFO] [stdout] test adapter::core::tests::test_convert_html_img ... ok
[INFO] [stdout] test common::tests::decode_url ... ok
[INFO] [stdout] test epub::html::test::test_to_html ... ok
[INFO] [stdout] test epub::html::test::test_get_media_type ... ok
[INFO] [stdout] test common::tests::test_time_format ... ok
[INFO] [stdout] test common::tests::test_get_css_content_url ... ok
[INFO] [stdout] test epub::html::test::test_to_opf ... ok
[INFO] [stdout] test epub::html::test::test_to_nav_html_escape ... ok
[INFO] [stdout] test epub::html::test::test_to_toc_xml ... ok
[INFO] [stdout] test epub::common::tests::test_time_format ... ok
[INFO] [stdout] test epub::reader::tests::test_is_epub ... ok
[INFO] [stdout] test epub::reader::tests::test_get_img_src ... ok
[INFO] [stdout] test epub::html::test::test_to_toc_xml_escape ... ok
[INFO] [stdout] test epub::reader::tests::test_read_meta_xml ... ok
[INFO] [stdout] test epub::reader::tests::test_read_escaped ... ok
[INFO] [stdout] test mobi::builder::tests::test ... ignored, temp
[INFO] [stdout] test epub::core::tests::write_assets ... ok
[INFO] [stdout] test epub::appender::tests::test_appender ... FAILED
[INFO] [stdout] test epub::html::test::test_to_nav_html ... ok
[INFO] [stdout] test epub::reader::tests::test_reader ... ok
[INFO] [stdout] test mobi::image::tests::test_get_attr_value ... ok
[INFO] [stdout] test mobi::nav::tests::test_empty_xml ... ok
[INFO] [stdout] test mobi::nav::tests::test_file_pos_attr ... ok
[INFO] [stdout] test mobi::nav::tests::test_generate_human_nav_xml ... ok
[INFO] [stdout] test epub::reader::tests::test_read_empty_toc ... ok
[INFO] [stdout] test mobi::nav::tests::test_generate_reader_nav_xml ... ok
[INFO] [stdout] test mobi::nav::tests::test_no_level_xml ... ok
[INFO] [stdout] test mobi::nav::tests::test_read_guide_filepos ... ok
[INFO] [stdout] test mobi::nav::tests::test_xml ... ok
[INFO] [stdout] test mobi::reader::tests::test_header ... ignored, only for dev
[INFO] [stdout] test mobi::reader::tests::test_is_mobi ... ok
[INFO] [stdout] test mobi::writer::tests::test_utf8 - should panic ... ok
[INFO] [stdout] test mobi::writer::tests::test_write ... ignored, dan.mobi
[INFO] [stdout] test parser::tests::test_parse_html_with_body_tag ... ok
[INFO] [stdout] test mobi::nav::tests::test_mix_level_xml ... ok
[INFO] [stdout] test parser::tests::test_parse_html_without_body_tag ... ok
[INFO] [stdout] test path::tests::test ... ok
[INFO] [stdout] test mobi::image::tests::test_generate_text_img_xml ... ok
[INFO] [stdout] test path::tests::test_releative_path ... ok
[INFO] [stdout] test epub::html::test::test_to_htm_escape ... ok
[INFO] [stdout] test epub::reader::tests::test_read_cover_from_guide ... FAILED
[INFO] [stdout] test epub::reader::tests::test_read_epub3 ... FAILED
[INFO] [stdout] test adapter::core::tests::test_epub_to_mobi ... FAILED
[INFO] [stdout] test mobi::core::tests::test_load ... FAILED
[INFO] [stdout] test epub::reader::tests::test_no_oebps_prefix_path ... FAILED
[INFO] [stdout] test epub::reader::tests::test_read_epub3_toc_xhtml ... FAILED
[INFO] [stdout] test mobi::core::tests::test_no_nav - should panic ... FAILED
[INFO] [stdout] test epub::reader::tests::test_read_epub3_assets ... FAILED
[INFO] [stdout] test epub::html::test::test_get_html_info ... FAILED
[INFO] [stdout] test epub::builder::tests::test ... FAILED
[INFO] [stdout] 
[INFO] [stdout] failures:
[INFO] [stdout] 
[INFO] [stdout] ---- epub::appender::tests::test_appender stdout ----
[INFO] [stdout] 
[INFO] [stdout] thread 'epub::appender::tests::test_appender' (3957) panicked at src/epub/appender.rs:101:41:
[INFO] [stdout] called `Result::unwrap()` on an `Err` value: Io(Os { code: 30, kind: ReadOnlyFilesystem, message: "Read-only file system" })
[INFO] [stdout] stack backtrace:
[INFO] [stdout]    0:     0x599839cdcaa1 - <<std[70759c8f55707aa4]::sys::backtrace::BacktraceLock>::print::DisplayBacktrace as core[df12db4294e9bfd3]::fmt::Display>::fmt
[INFO] [stdout]    1:     0x599839cf44aa - core[df12db4294e9bfd3]::fmt::write
[INFO] [stdout]    2:     0x599839ce202c - <alloc[2182bb758b4b3781]::vec::Vec<u8> as core[df12db4294e9bfd3]::io::write::Write>::write_fmt
[INFO] [stdout]    3:     0x599839cb57a6 - std[70759c8f55707aa4]::panicking::default_hook::{closure#0}
[INFO] [stdout]    4:     0x599839cd36e9 - std[70759c8f55707aa4]::panicking::default_hook
[INFO] [stdout]    5:     0x599839b6ad10 - test[9d35eded1c95d3be]::test_main_inner::<test[9d35eded1c95d3be]::test_main_static::{closure#0}>::{closure#0}
[INFO] [stdout]    6:     0x599839cd3a12 - std[70759c8f55707aa4]::panicking::panic_with_hook
[INFO] [stdout]    7:     0x599839cb5852 - std[70759c8f55707aa4]::panicking::panic_handler::{closure#0}
[INFO] [stdout]    8:     0x599839cadaa9 - std[70759c8f55707aa4]::sys::backtrace::__rust_end_short_backtrace::<std[70759c8f55707aa4]::panicking::panic_handler::{closure#0}, !>
[INFO] [stdout]    9:     0x599839cb674d - __rustc[8fa7c3cbc660c2b3]::rust_begin_unwind
[INFO] [stdout]   10:     0x599839cf4c0c - core[df12db4294e9bfd3]::panicking::panic_fmt
[INFO] [stdout]   11:     0x599839cf49e2 - core[df12db4294e9bfd3]::result::unwrap_failed
[INFO] [stdout]   12:     0x5998396715b4 - zepub[f4d9e7d022c02d8d]::epub::appender::tests::test_appender
[INFO] [stdout]   13:     0x59983970d9c9 - <zepub[f4d9e7d022c02d8d]::epub::appender::tests::test_appender::{closure#0} as core[df12db4294e9bfd3]::ops::function::FnOnce<()>>::call_once
[INFO] [stdout]   14:     0x599839b5dffb - test[9d35eded1c95d3be]::__rust_begin_short_backtrace::<core[df12db4294e9bfd3]::result::Result<(), alloc[2182bb758b4b3781]::string::String>, fn() -> core[df12db4294e9bfd3]::result::Result<(), alloc[2182bb758b4b3781]::string::String>>
[INFO] [stdout]   15:     0x599839b6b665 - test[9d35eded1c95d3be]::run_test::{closure#0}
[INFO] [stdout]   16:     0x599839b64f24 - std[70759c8f55707aa4]::sys::backtrace::__rust_begin_short_backtrace::<test[9d35eded1c95d3be]::run_test::{closure#1}, ()>
[INFO] [stdout]   17:     0x599839b6e7c2 - <std[70759c8f55707aa4]::thread::lifecycle::spawn_unchecked<test[9d35eded1c95d3be]::run_test::{closure#1}, ()>::{closure#1} as core[df12db4294e9bfd3]::ops::function::FnOnce<()>>::call_once::{shim:vtable#0}
[INFO] [stdout]   18:     0x599839cdb689 - <std[70759c8f55707aa4]::sys::thread::unix::Thread>::new::thread_start
[INFO] [stdout]   19:     0x77e0a9ce9dfa - <unknown>
[INFO] [stdout]   20:     0x77e0a9d7d3d4 - clone
[INFO] [stdout]   21:                0x0 - <unknown>
[INFO] [stdout] 
[INFO] [stdout] ---- epub::reader::tests::test_read_cover_from_guide stdout ----
[INFO] [stdout] 
[INFO] [stdout] thread 'epub::reader::tests::test_read_cover_from_guide' (3973) panicked at src/common.rs:728:18:
[INFO] [stdout] called `Result::unwrap()` on an `Err` value: InvalidArchive("download fail reqwest::Error { kind: Request, url: \"https://github.com/user-attachments/files/23620295/05.zip\", source: hyper_util::client::legacy::Error(Connect, ConnectError(\"dns error\", Custom { kind: Uncategorized, error: \"failed to lookup address information: Temporary failure in name resolution\" })) }")
[INFO] [stdout] stack backtrace:
[INFO] [stdout]    0:     0x599839cdcaa1 - <<std[70759c8f55707aa4]::sys::backtrace::BacktraceLock>::print::DisplayBacktrace as core[df12db4294e9bfd3]::fmt::Display>::fmt
[INFO] [stdout]    1:     0x599839cf44aa - core[df12db4294e9bfd3]::fmt::write
[INFO] [stdout]    2:     0x599839ce202c - <alloc[2182bb758b4b3781]::vec::Vec<u8> as core[df12db4294e9bfd3]::io::write::Write>::write_fmt
[INFO] [stdout]    3:     0x599839cb57a6 - std[70759c8f55707aa4]::panicking::default_hook::{closure#0}
[INFO] [stdout]    4:     0x599839cd36e9 - std[70759c8f55707aa4]::panicking::default_hook
[INFO] [stdout]    5:     0x599839b6ad10 - test[9d35eded1c95d3be]::test_main_inner::<test[9d35eded1c95d3be]::test_main_static::{closure#0}>::{closure#0}
[INFO] [stdout]    6:     0x599839cd3a12 - std[70759c8f55707aa4]::panicking::panic_with_hook
[INFO] [stdout]    7:     0x599839cb5852 - std[70759c8f55707aa4]::panicking::panic_handler::{closure#0}
[INFO] [stdout]    8:     0x599839cadaa9 - std[70759c8f55707aa4]::sys::backtrace::__rust_end_short_backtrace::<std[70759c8f55707aa4]::panicking::panic_handler::{closure#0}, !>
[INFO] [stdout]    9:     0x599839cb674d - __rustc[8fa7c3cbc660c2b3]::rust_begin_unwind
[INFO] [stdout]   10:     0x599839cf4c0c - core[df12db4294e9bfd3]::panicking::panic_fmt
[INFO] [stdout]   11:     0x599839cf49e2 - core[df12db4294e9bfd3]::result::unwrap_failed
[INFO] [stdout]   12:     0x59983975b539 - zepub[f4d9e7d022c02d8d]::common::tests::download_epub_file
[INFO] [stdout]   13:     0x5998396e2386 - zepub[f4d9e7d022c02d8d]::epub::reader::tests::test_read_cover_from_guide
[INFO] [stdout]   14:     0x59983970d989 - <zepub[f4d9e7d022c02d8d]::epub::reader::tests::test_read_cover_from_guide::{closure#0} as core[df12db4294e9bfd3]::ops::function::FnOnce<()>>::call_once
[INFO] [stdout]   15:     0x599839b5dffb - test[9d35eded1c95d3be]::__rust_begin_short_backtrace::<core[df12db4294e9bfd3]::result::Result<(), alloc[2182bb758b4b3781]::string::String>, fn() -> core[df12db4294e9bfd3]::result::Result<(), alloc[2182bb758b4b3781]::string::String>>
[INFO] [stdout]   16:     0x599839b6b665 - test[9d35eded1c95d3be]::run_test::{closure#0}
[INFO] [stdout]   17:     0x599839b64f24 - std[70759c8f55707aa4]::sys::backtrace::__rust_begin_short_backtrace::<test[9d35eded1c95d3be]::run_test::{closure#1}, ()>
[INFO] [stdout]   18:     0x599839b6e7c2 - <std[70759c8f55707aa4]::thread::lifecycle::spawn_unchecked<test[9d35eded1c95d3be]::run_test::{closure#1}, ()>::{closure#1} as core[df12db4294e9bfd3]::ops::function::FnOnce<()>>::call_once::{shim:vtable#0}
[INFO] [stdout]   19:     0x599839cdb689 - <std[70759c8f55707aa4]::sys::thread::unix::Thread>::new::thread_start
[INFO] [stdout]   20:     0x77e0a9ce9dfa - <unknown>
[INFO] [stdout]   21:     0x77e0a9d7d3d4 - clone
[INFO] [stdout]   22:                0x0 - <unknown>
[INFO] [stdout] 
[INFO] [stdout] ---- epub::reader::tests::test_read_epub3 stdout ----
[INFO] [stdout] 
[INFO] [stdout] thread 'epub::reader::tests::test_read_epub3' (3975) panicked at src/common.rs:728:18:
[INFO] [stdout] called `Result::unwrap()` on an `Err` value: InvalidArchive("download fail reqwest::Error { kind: Request, url: \"https://github.com/IDPF/epub3-samples/releases/download/20230704/childrens-literature.epub\", source: hyper_util::client::legacy::Error(Connect, ConnectError(\"dns error\", Custom { kind: Uncategorized, error: \"failed to lookup address information: Temporary failure in name resolution\" })) }")
[INFO] [stdout] stack backtrace:
[INFO] [stdout]    0:     0x599839cdcaa1 - <<std[70759c8f55707aa4]::sys::backtrace::BacktraceLock>::print::DisplayBacktrace as core[df12db4294e9bfd3]::fmt::Display>::fmt
[INFO] [stdout]    1:     0x599839cf44aa - core[df12db4294e9bfd3]::fmt::write
[INFO] [stdout]    2:     0x599839ce202c - <alloc[2182bb758b4b3781]::vec::Vec<u8> as core[df12db4294e9bfd3]::io::write::Write>::write_fmt
[INFO] [stdout]    3:     0x599839cb57a6 - std[70759c8f55707aa4]::panicking::default_hook::{closure#0}
[INFO] [stdout]    4:     0x599839cd36e9 - std[70759c8f55707aa4]::panicking::default_hook
[INFO] [stdout]    5:     0x599839b6ad10 - test[9d35eded1c95d3be]::test_main_inner::<test[9d35eded1c95d3be]::test_main_static::{closure#0}>::{closure#0}
[INFO] [stdout]    6:     0x599839cd3a12 - std[70759c8f55707aa4]::panicking::panic_with_hook
[INFO] [stdout]    7:     0x599839cb5852 - std[70759c8f55707aa4]::panicking::panic_handler::{closure#0}
[INFO] [stdout]    8:     0x599839cadaa9 - std[70759c8f55707aa4]::sys::backtrace::__rust_end_short_backtrace::<std[70759c8f55707aa4]::panicking::panic_handler::{closure#0}, !>
[INFO] [stdout]    9:     0x599839cb674d - __rustc[8fa7c3cbc660c2b3]::rust_begin_unwind
[INFO] [stdout]   10:     0x599839cf4c0c - core[df12db4294e9bfd3]::panicking::panic_fmt
[INFO] [stdout]   11:     0x599839cf49e2 - core[df12db4294e9bfd3]::result::unwrap_failed
[INFO] [stdout]   12:     0x59983975b539 - zepub[f4d9e7d022c02d8d]::common::tests::download_epub_file
[INFO] [stdout]   13:     0x5998396e0361 - zepub[f4d9e7d022c02d8d]::epub::reader::tests::test_read_epub3
[INFO] [stdout]   14:     0x59983970d889 - <zepub[f4d9e7d022c02d8d]::epub::reader::tests::test_read_epub3::{closure#0} as core[df12db4294e9bfd3]::ops::function::FnOnce<()>>::call_once
[INFO] [stdout]   15:     0x599839b5dffb - test[9d35eded1c95d3be]::__rust_begin_short_backtrace::<core[df12db4294e9bfd3]::result::Result<(), alloc[2182bb758b4b3781]::string::String>, fn() -> core[df12db4294e9bfd3]::result::Result<(), alloc[2182bb758b4b3781]::string::String>>
[INFO] [stdout]   16:     0x599839b6b665 - test[9d35eded1c95d3be]::run_test::{closure#0}
[INFO] [stdout]   17:     0x599839b64f24 - std[70759c8f55707aa4]::sys::backtrace::__rust_begin_short_backtrace::<test[9d35eded1c95d3be]::run_test::{closure#1}, ()>
[INFO] [stdout]   18:     0x599839b6e7c2 - <std[70759c8f55707aa4]::thread::lifecycle::spawn_unchecked<test[9d35eded1c95d3be]::run_test::{closure#1}, ()>::{closure#1} as core[df12db4294e9bfd3]::ops::function::FnOnce<()>>::call_once::{shim:vtable#0}
[INFO] [stdout]   19:     0x599839cdb689 - <std[70759c8f55707aa4]::sys::thread::unix::Thread>::new::thread_start
[INFO] [stdout]   20:     0x77e0a9ce9dfa - <unknown>
[INFO] [stdout]   21:     0x77e0a9d7d3d4 - clone
[INFO] [stdout]   22:                0x0 - <unknown>
[INFO] [stdout] 
[INFO] [stdout] ---- adapter::core::tests::test_epub_to_mobi stdout ----
[INFO] [stdout] 
[INFO] [stdout] thread 'adapter::core::tests::test_epub_to_mobi' (3952) panicked at src/common.rs:687:29:
[INFO] [stdout] called `Result::unwrap()` on an `Err` value: reqwest::Error { kind: Request, url: "https://www.rust-lang.org/static/images/user-logos/yelp.png", source: hyper_util::client::legacy::Error(Connect, ConnectError("dns error", Custom { kind: Uncategorized, error: "failed to lookup address information: Temporary failure in name resolution" })) }
[INFO] [stdout] stack backtrace:
[INFO] [stdout]    0:     0x599839cdcaa1 - <<std[70759c8f55707aa4]::sys::backtrace::BacktraceLock>::print::DisplayBacktrace as core[df12db4294e9bfd3]::fmt::Display>::fmt
[INFO] [stdout]    1:     0x599839cf44aa - core[df12db4294e9bfd3]::fmt::write
[INFO] [stdout]    2:     0x599839ce202c - <alloc[2182bb758b4b3781]::vec::Vec<u8> as core[df12db4294e9bfd3]::io::write::Write>::write_fmt
[INFO] [stdout]    3:     0x599839cb57a6 - std[70759c8f55707aa4]::panicking::default_hook::{closure#0}
[INFO] [stdout]    4:     0x599839cd36e9 - std[70759c8f55707aa4]::panicking::default_hook
[INFO] [stdout]    5:     0x599839b6ad10 - test[9d35eded1c95d3be]::test_main_inner::<test[9d35eded1c95d3be]::test_main_static::{closure#0}>::{closure#0}
[INFO] [stdout]    6:     0x599839cd3a12 - std[70759c8f55707aa4]::panicking::panic_with_hook
[INFO] [stdout]    7:     0x599839cb5852 - std[70759c8f55707aa4]::panicking::panic_handler::{closure#0}
[INFO] [stdout]    8:     0x599839cadaa9 - std[70759c8f55707aa4]::sys::backtrace::__rust_end_short_backtrace::<std[70759c8f55707aa4]::panicking::panic_handler::{closure#0}, !>
[INFO] [stdout]    9:     0x599839cb674d - __rustc[8fa7c3cbc660c2b3]::rust_begin_unwind
[INFO] [stdout]   10:     0x599839cf4c0c - core[df12db4294e9bfd3]::panicking::panic_fmt
[INFO] [stdout]   11:     0x599839cf49e2 - core[df12db4294e9bfd3]::result::unwrap_failed
[INFO] [stdout]   12:     0x59983975a9d0 - zepub[f4d9e7d022c02d8d]::common::tests::get_req_mem
[INFO] [stdout]   13:     0x5998396e5c0a - zepub[f4d9e7d022c02d8d]::adapter::core::tests::test_epub_to_mobi
[INFO] [stdout]   14:     0x59983970dc29 - <zepub[f4d9e7d022c02d8d]::adapter::core::tests::test_epub_to_mobi::{closure#0} as core[df12db4294e9bfd3]::ops::function::FnOnce<()>>::call_once
[INFO] [stdout]   15:     0x599839b5dffb - test[9d35eded1c95d3be]::__rust_begin_short_backtrace::<core[df12db4294e9bfd3]::result::Result<(), alloc[2182bb758b4b3781]::string::String>, fn() -> core[df12db4294e9bfd3]::result::Result<(), alloc[2182bb758b4b3781]::string::String>>
[INFO] [stdout]   16:     0x599839b6b665 - test[9d35eded1c95d3be]::run_test::{closure#0}
[INFO] [stdout]   17:     0x599839b64f24 - std[70759c8f55707aa4]::sys::backtrace::__rust_begin_short_backtrace::<test[9d35eded1c95d3be]::run_test::{closure#1}, ()>
[INFO] [stdout]   18:     0x599839b6e7c2 - <std[70759c8f55707aa4]::thread::lifecycle::spawn_unchecked<test[9d35eded1c95d3be]::run_test::{closure#1}, ()>::{closure#1} as core[df12db4294e9bfd3]::ops::function::FnOnce<()>>::call_once::{shim:vtable#0}
[INFO] [stdout]   19:     0x599839cdb689 - <std[70759c8f55707aa4]::sys::thread::unix::Thread>::new::thread_start
[INFO] [stdout]   20:     0x77e0a9ce9dfa - <unknown>
[INFO] [stdout]   21:     0x77e0a9d7d3d4 - clone
[INFO] [stdout]   22:                0x0 - <unknown>
[INFO] [stdout] 
[INFO] [stdout] ---- mobi::core::tests::test_load stdout ----
[INFO] [stdout] 
[INFO] [stdout] thread 'mobi::core::tests::test_load' (3988) panicked at src/common.rs:687:29:
[INFO] [stdout] called `Result::unwrap()` on an `Err` value: reqwest::Error { kind: Request, url: "https://github.com/user-attachments/files/18904584/3252.zip", source: hyper_util::client::legacy::Error(Connect, ConnectError("dns error", Custom { kind: Uncategorized, error: "failed to lookup address information: Temporary failure in name resolution" })) }
[INFO] [stdout] stack backtrace:
[INFO] [stdout]    0:     0x599839cdcaa1 - <<std[70759c8f55707aa4]::sys::backtrace::BacktraceLock>::print::DisplayBacktrace as core[df12db4294e9bfd3]::fmt::Display>::fmt
[INFO] [stdout]    1:     0x599839cf44aa - core[df12db4294e9bfd3]::fmt::write
[INFO] [stdout]    2:     0x599839ce202c - <alloc[2182bb758b4b3781]::vec::Vec<u8> as core[df12db4294e9bfd3]::io::write::Write>::write_fmt
[INFO] [stdout]    3:     0x599839cb57a6 - std[70759c8f55707aa4]::panicking::default_hook::{closure#0}
[INFO] [stdout]    4:     0x599839cd36e9 - std[70759c8f55707aa4]::panicking::default_hook
[INFO] [stdout]    5:     0x599839b6ad10 - test[9d35eded1c95d3be]::test_main_inner::<test[9d35eded1c95d3be]::test_main_static::{closure#0}>::{closure#0}
[INFO] [stdout]    6:     0x599839cd3a12 - std[70759c8f55707aa4]::panicking::panic_with_hook
[INFO] [stdout]    7:     0x599839cb5852 - std[70759c8f55707aa4]::panicking::panic_handler::{closure#0}
[INFO] [stdout]    8:     0x599839cadaa9 - std[70759c8f55707aa4]::sys::backtrace::__rust_end_short_backtrace::<std[70759c8f55707aa4]::panicking::panic_handler::{closure#0}, !>
[INFO] [stdout]    9:     0x599839cb674d - __rustc[8fa7c3cbc660c2b3]::rust_begin_unwind
[INFO] [stdout]   10:     0x599839cf4c0c - core[df12db4294e9bfd3]::panicking::panic_fmt
[INFO] [stdout]   11:     0x599839cf49e2 - core[df12db4294e9bfd3]::result::unwrap_failed
[INFO] [stdout]   12:     0x59983975a9d0 - zepub[f4d9e7d022c02d8d]::common::tests::get_req_mem
[INFO] [stdout]   13:     0x59983975ab89 - zepub[f4d9e7d022c02d8d]::common::tests::download_zip_file
[INFO] [stdout]   14:     0x5998396e3908 - zepub[f4d9e7d022c02d8d]::mobi::core::tests::test_load
[INFO] [stdout]   15:     0x59983970db09 - <zepub[f4d9e7d022c02d8d]::mobi::core::tests::test_load::{closure#0} as core[df12db4294e9bfd3]::ops::function::FnOnce<()>>::call_once
[INFO] [stdout]   16:     0x599839b5dffb - test[9d35eded1c95d3be]::__rust_begin_short_backtrace::<core[df12db4294e9bfd3]::result::Result<(), alloc[2182bb758b4b3781]::string::String>, fn() -> core[df12db4294e9bfd3]::result::Result<(), alloc[2182bb758b4b3781]::string::String>>
[INFO] [stdout]   17:     0x599839b6b665 - test[9d35eded1c95d3be]::run_test::{closure#0}
[INFO] [stdout]   18:     0x599839b64f24 - std[70759c8f55707aa4]::sys::backtrace::__rust_begin_short_backtrace::<test[9d35eded1c95d3be]::run_test::{closure#1}, ()>
[INFO] [stdout]   19:     0x599839b6e7c2 - <std[70759c8f55707aa4]::thread::lifecycle::spawn_unchecked<test[9d35eded1c95d3be]::run_test::{closure#1}, ()>::{closure#1} as core[df12db4294e9bfd3]::ops::function::FnOnce<()>>::call_once::{shim:vtable#0}
[INFO] [stdout]   20:     0x599839cdb689 - <std[70759c8f55707aa4]::sys::thread::unix::Thread>::new::thread_start
[INFO] [stdout]   21:     0x77e0a9ce9dfa - <unknown>
[INFO] [stdout]   22:     0x77e0a9d7d3d4 - clone
[INFO] [stdout]   23:                0x0 - <unknown>
[INFO] [stdout] 
[INFO] [stdout] ---- epub::reader::tests::test_no_oebps_prefix_path stdout ----
[INFO] [stdout] 
[INFO] [stdout] thread 'epub::reader::tests::test_no_oebps_prefix_path' (3972) panicked at src/common.rs:687:29:
[INFO] [stdout] called `Result::unwrap()` on an `Err` value: reqwest::Error { kind: Request, url: "https://github.com/user-attachments/files/19544787/epub-book.epub.zip", source: hyper_util::client::legacy::Error(Connect, ConnectError("dns error", Custom { kind: Uncategorized, error: "failed to lookup address information: Temporary failure in name resolution" })) }
[INFO] [stdout] stack backtrace:
[INFO] [stdout]    0:     0x599839cdcaa1 - <<std[70759c8f55707aa4]::sys::backtrace::BacktraceLock>::print::DisplayBacktrace as core[df12db4294e9bfd3]::fmt::Display>::fmt
[INFO] [stdout]    1:     0x599839cf44aa - core[df12db4294e9bfd3]::fmt::write
[INFO] [stdout]    2:     0x599839ce202c - <alloc[2182bb758b4b3781]::vec::Vec<u8> as core[df12db4294e9bfd3]::io::write::Write>::write_fmt
[INFO] [stdout]    3:     0x599839cb57a6 - std[70759c8f55707aa4]::panicking::default_hook::{closure#0}
[INFO] [stdout]    4:     0x599839cd36e9 - std[70759c8f55707aa4]::panicking::default_hook
[INFO] [stdout]    5:     0x599839b6ad10 - test[9d35eded1c95d3be]::test_main_inner::<test[9d35eded1c95d3be]::test_main_static::{closure#0}>::{closure#0}
[INFO] [stdout]    6:     0x599839cd3a12 - std[70759c8f55707aa4]::panicking::panic_with_hook
[INFO] [stdout]    7:     0x599839cb5852 - std[70759c8f55707aa4]::panicking::panic_handler::{closure#0}
[INFO] [stdout]    8:     0x599839cadaa9 - std[70759c8f55707aa4]::sys::backtrace::__rust_end_short_backtrace::<std[70759c8f55707aa4]::panicking::panic_handler::{closure#0}, !>
[INFO] [stdout]    9:     0x599839cb674d - __rustc[8fa7c3cbc660c2b3]::rust_begin_unwind
[INFO] [stdout]   10:     0x599839cf4c0c - core[df12db4294e9bfd3]::panicking::panic_fmt
[INFO] [stdout]   11:     0x599839cf49e2 - core[df12db4294e9bfd3]::result::unwrap_failed
[INFO] [stdout]   12:     0x59983975a9d0 - zepub[f4d9e7d022c02d8d]::common::tests::get_req_mem
[INFO] [stdout]   13:     0x59983975ab89 - zepub[f4d9e7d022c02d8d]::common::tests::download_zip_file
[INFO] [stdout]   14:     0x5998396e1ddd - zepub[f4d9e7d022c02d8d]::epub::reader::tests::test_no_oebps_prefix_path
[INFO] [stdout]   15:     0x59983970d949 - <zepub[f4d9e7d022c02d8d]::epub::reader::tests::test_no_oebps_prefix_path::{closure#0} as core[df12db4294e9bfd3]::ops::function::FnOnce<()>>::call_once
[INFO] [stdout]   16:     0x599839b5dffb - test[9d35eded1c95d3be]::__rust_begin_short_backtrace::<core[df12db4294e9bfd3]::result::Result<(), alloc[2182bb758b4b3781]::string::String>, fn() -> core[df12db4294e9bfd3]::result::Result<(), alloc[2182bb758b4b3781]::string::String>>
[INFO] [stdout]   17:     0x599839b6b665 - test[9d35eded1c95d3be]::run_test::{closure#0}
[INFO] [stdout]   18:     0x599839b64f24 - std[70759c8f55707aa4]::sys::backtrace::__rust_begin_short_backtrace::<test[9d35eded1c95d3be]::run_test::{closure#1}, ()>
[INFO] [stdout]   19:     0x599839b6e7c2 - <std[70759c8f55707aa4]::thread::lifecycle::spawn_unchecked<test[9d35eded1c95d3be]::run_test::{closure#1}, ()>::{closure#1} as core[df12db4294e9bfd3]::ops::function::FnOnce<()>>::call_once::{shim:vtable#0}
[INFO] [stdout]   20:     0x599839cdb689 - <std[70759c8f55707aa4]::sys::thread::unix::Thread>::new::thread_start
[INFO] [stdout]   21:     0x77e0a9ce9dfa - <unknown>
[INFO] [stdout]   22:     0x77e0a9d7d3d4 - clone
[INFO] [stdout]   23:                0x0 - <unknown>
[INFO] [stdout] 
[INFO] [stdout] ---- epub::reader::tests::test_read_epub3_toc_xhtml stdout ----
[INFO] [stdout] 
[INFO] [stdout] thread 'epub::reader::tests::test_read_epub3_toc_xhtml' (3977) panicked at src/common.rs:728:18:
[INFO] [stdout] called `Result::unwrap()` on an `Err` value: InvalidArchive("download fail reqwest::Error { kind: Request, url: \"https://github.com/IDPF/epub3-samples/releases/download/20230704/cc-shared-culture.epub\", source: hyper_util::client::legacy::Error(Connect, ConnectError(\"dns error\", Custom { kind: Uncategorized, error: \"failed to lookup address information: Temporary failure in name resolution\" })) }")
[INFO] [stdout] stack backtrace:
[INFO] [stdout]    0:     0x599839cdcaa1 - <<std[70759c8f55707aa4]::sys::backtrace::BacktraceLock>::print::DisplayBacktrace as core[df12db4294e9bfd3]::fmt::Display>::fmt
[INFO] [stdout]    1:     0x599839cf44aa - core[df12db4294e9bfd3]::fmt::write
[INFO] [stdout]    2:     0x599839ce202c - <alloc[2182bb758b4b3781]::vec::Vec<u8> as core[df12db4294e9bfd3]::io::write::Write>::write_fmt
[INFO] [stdout]    3:     0x599839cb57a6 - std[70759c8f55707aa4]::panicking::default_hook::{closure#0}
[INFO] [stdout]    4:     0x599839cd36e9 - std[70759c8f55707aa4]::panicking::default_hook
[INFO] [stdout]    5:     0x599839b6ad10 - test[9d35eded1c95d3be]::test_main_inner::<test[9d35eded1c95d3be]::test_main_static::{closure#0}>::{closure#0}
[INFO] [stdout]    6:     0x599839cd3a12 - std[70759c8f55707aa4]::panicking::panic_with_hook
[INFO] [stdout]    7:     0x599839cb5852 - std[70759c8f55707aa4]::panicking::panic_handler::{closure#0}
[INFO] [stdout]    8:     0x599839cadaa9 - std[70759c8f55707aa4]::sys::backtrace::__rust_end_short_backtrace::<std[70759c8f55707aa4]::panicking::panic_handler::{closure#0}, !>
[INFO] [stdout]    9:     0x599839cb674d - __rustc[8fa7c3cbc660c2b3]::rust_begin_unwind
[INFO] [stdout]   10:     0x599839cf4c0c - core[df12db4294e9bfd3]::panicking::panic_fmt
[INFO] [stdout]   11:     0x599839cf49e2 - core[df12db4294e9bfd3]::result::unwrap_failed
[INFO] [stdout]   12:     0x59983975b539 - zepub[f4d9e7d022c02d8d]::common::tests::download_epub_file
[INFO] [stdout]   13:     0x5998396e207e - zepub[f4d9e7d022c02d8d]::epub::reader::tests::test_read_epub3_toc_xhtml
[INFO] [stdout]   14:     0x59983970d969 - <zepub[f4d9e7d022c02d8d]::epub::reader::tests::test_read_epub3_toc_xhtml::{closure#0} as core[df12db4294e9bfd3]::ops::function::FnOnce<()>>::call_once
[INFO] [stdout]   15:     0x599839b5dffb - test[9d35eded1c95d3be]::__rust_begin_short_backtrace::<core[df12db4294e9bfd3]::result::Result<(), alloc[2182bb758b4b3781]::string::String>, fn() -> core[df12db4294e9bfd3]::result::Result<(), alloc[2182bb758b4b3781]::string::String>>
[INFO] [stdout]   16:     0x599839b6b665 - test[9d35eded1c95d3be]::run_test::{closure#0}
[INFO] [stdout]   17:     0x599839b64f24 - std[70759c8f55707aa4]::sys::backtrace::__rust_begin_short_backtrace::<test[9d35eded1c95d3be]::run_test::{closure#1}, ()>
[INFO] [stdout]   18:     0x599839b6e7c2 - <std[70759c8f55707aa4]::thread::lifecycle::spawn_unchecked<test[9d35eded1c95d3be]::run_test::{closure#1}, ()>::{closure#1} as core[df12db4294e9bfd3]::ops::function::FnOnce<()>>::call_once::{shim:vtable#0}
[INFO] [stdout]   19:     0x599839cdb689 - <std[70759c8f55707aa4]::sys::thread::unix::Thread>::new::thread_start
[INFO] [stdout]   20:     0x77e0a9ce9dfa - <unknown>
[INFO] [stdout]   21:     0x77e0a9d7d3d4 - clone
[INFO] [stdout]   22:                0x0 - <unknown>
[INFO] [stdout] 
[INFO] [stdout] ---- mobi::core::tests::test_no_nav stdout ----
[INFO] [stdout] 
[INFO] [stdout] thread 'mobi::core::tests::test_no_nav' (3989) panicked at src/common.rs:687:29:
[INFO] [stdout] called `Result::unwrap()` on an `Err` value: reqwest::Error { kind: Request, url: "https://github.com/user-attachments/files/18818424/convert.mobi.zip", source: hyper_util::client::legacy::Error(Connect, ConnectError("dns error", Custom { kind: Uncategorized, error: "failed to lookup address information: Temporary failure in name resolution" })) }
[INFO] [stdout] stack backtrace:
[INFO] [stdout]    0:     0x599839cdcaa1 - <<std[70759c8f55707aa4]::sys::backtrace::BacktraceLock>::print::DisplayBacktrace as core[df12db4294e9bfd3]::fmt::Display>::fmt
[INFO] [stdout]    1:     0x599839cf44aa - core[df12db4294e9bfd3]::fmt::write
[INFO] [stdout]    2:     0x599839ce202c - <alloc[2182bb758b4b3781]::vec::Vec<u8> as core[df12db4294e9bfd3]::io::write::Write>::write_fmt
[INFO] [stdout]    3:     0x599839cb57a6 - std[70759c8f55707aa4]::panicking::default_hook::{closure#0}
[INFO] [stdout]    4:     0x599839cd36e9 - std[70759c8f55707aa4]::panicking::default_hook
[INFO] [stdout]    5:     0x599839b6ad10 - test[9d35eded1c95d3be]::test_main_inner::<test[9d35eded1c95d3be]::test_main_static::{closure#0}>::{closure#0}
[INFO] [stdout]    6:     0x599839cd3a12 - std[70759c8f55707aa4]::panicking::panic_with_hook
[INFO] [stdout]    7:     0x599839cb5852 - std[70759c8f55707aa4]::panicking::panic_handler::{closure#0}
[INFO] [stdout]    8:     0x599839cadaa9 - std[70759c8f55707aa4]::sys::backtrace::__rust_end_short_backtrace::<std[70759c8f55707aa4]::panicking::panic_handler::{closure#0}, !>
[INFO] [stdout]    9:     0x599839cb674d - __rustc[8fa7c3cbc660c2b3]::rust_begin_unwind
[INFO] [stdout]   10:     0x599839cf4c0c - core[df12db4294e9bfd3]::panicking::panic_fmt
[INFO] [stdout]   11:     0x599839cf49e2 - core[df12db4294e9bfd3]::result::unwrap_failed
[INFO] [stdout]   12:     0x59983975a9d0 - zepub[f4d9e7d022c02d8d]::common::tests::get_req_mem
[INFO] [stdout]   13:     0x59983975ab89 - zepub[f4d9e7d022c02d8d]::common::tests::download_zip_file
[INFO] [stdout]   14:     0x5998396e34d5 - zepub[f4d9e7d022c02d8d]::mobi::core::tests::test_no_nav
[INFO] [stdout]   15:     0x59983970dae9 - <zepub[f4d9e7d022c02d8d]::mobi::core::tests::test_no_nav::{closure#0} as core[df12db4294e9bfd3]::ops::function::FnOnce<()>>::call_once
[INFO] [stdout]   16:     0x599839b5dffb - test[9d35eded1c95d3be]::__rust_begin_short_backtrace::<core[df12db4294e9bfd3]::result::Result<(), alloc[2182bb758b4b3781]::string::String>, fn() -> core[df12db4294e9bfd3]::result::Result<(), alloc[2182bb758b4b3781]::string::String>>
[INFO] [stdout]   17:     0x599839b6b665 - test[9d35eded1c95d3be]::run_test::{closure#0}
[INFO] [stdout]   18:     0x599839b64f24 - std[70759c8f55707aa4]::sys::backtrace::__rust_begin_short_backtrace::<test[9d35eded1c95d3be]::run_test::{closure#1}, ()>
[INFO] [stdout]   19:     0x599839b6e7c2 - <std[70759c8f55707aa4]::thread::lifecycle::spawn_unchecked<test[9d35eded1c95d3be]::run_test::{closure#1}, ()>::{closure#1} as core[df12db4294e9bfd3]::ops::function::FnOnce<()>>::call_once::{shim:vtable#0}
[INFO] [stdout]   20:     0x599839cdb689 - <std[70759c8f55707aa4]::sys::thread::unix::Thread>::new::thread_start
[INFO] [stdout]   21:     0x77e0a9ce9dfa - <unknown>
[INFO] [stdout]   22:     0x77e0a9d7d3d4 - clone
[INFO] [stdout]   23:                0x0 - <unknown>
[INFO] [stdout] note: panic did not contain expected string
[INFO] [stdout]       panic message: "called `Result::unwrap()` on an `Err` value: reqwest::Error { kind: Request, url: \"https://github.com/user-attachments/files/18818424/convert.mobi.zip\", source: hyper_util::client::legacy::Error(Connect, ConnectError(\"dns error\", Custom { kind: Uncategorized, error: \"failed to lookup address information: Temporary failure in name resolution\" })) }"
[INFO] [stdout]  expected substring: "called `Result::unwrap()` on an `Err` value: NoNav(\"book has no nav, enable feature \\\"no_nav\\\" to generate nav\")"
[INFO] [stdout] ---- epub::reader::tests::test_read_epub3_assets stdout ----
[INFO] [stdout] 
[INFO] [stdout] thread 'epub::reader::tests::test_read_epub3_assets' (3976) panicked at src/common.rs:728:18:
[INFO] [stdout] called `Result::unwrap()` on an `Err` value: InvalidArchive("download fail reqwest::Error { kind: Request, url: \"https://github.com/IDPF/epub3-samples/releases/download/20230704/childrens-literature.epub\", source: hyper_util::client::legacy::Error(Connect, ConnectError(\"dns error\", Custom { kind: Uncategorized, error: \"failed to lookup address information: Temporary failure in name resolution\" })) }")
[INFO] [stdout] stack backtrace:
[INFO] [stdout]    0:     0x599839cdcaa1 - <<std[70759c8f55707aa4]::sys::backtrace::BacktraceLock>::print::DisplayBacktrace as core[df12db4294e9bfd3]::fmt::Display>::fmt
[INFO] [stdout]    1:     0x599839cf44aa - core[df12db4294e9bfd3]::fmt::write
[INFO] [stdout]    2:     0x599839ce202c - <alloc[2182bb758b4b3781]::vec::Vec<u8> as core[df12db4294e9bfd3]::io::write::Write>::write_fmt
[INFO] [stdout]    3:     0x599839cb57a6 - std[70759c8f55707aa4]::panicking::default_hook::{closure#0}
[INFO] [stdout]    4:     0x599839cd36e9 - std[70759c8f55707aa4]::panicking::default_hook
[INFO] [stdout]    5:     0x599839b6ad10 - test[9d35eded1c95d3be]::test_main_inner::<test[9d35eded1c95d3be]::test_main_static::{closure#0}>::{closure#0}
[INFO] [stdout]    6:     0x599839cd3a12 - std[70759c8f55707aa4]::panicking::panic_with_hook
[INFO] [stdout]    7:     0x599839cb5852 - std[70759c8f55707aa4]::panicking::panic_handler::{closure#0}
[INFO] [stdout]    8:     0x599839cadaa9 - std[70759c8f55707aa4]::sys::backtrace::__rust_end_short_backtrace::<std[70759c8f55707aa4]::panicking::panic_handler::{closure#0}, !>
[INFO] [stdout]    9:     0x599839cb674d - __rustc[8fa7c3cbc660c2b3]::rust_begin_unwind
[INFO] [stdout]   10:     0x599839cf4c0c - core[df12db4294e9bfd3]::panicking::panic_fmt
[INFO] [stdout]   11:     0x599839cf49e2 - core[df12db4294e9bfd3]::result::unwrap_failed
[INFO] [stdout]   12:     0x59983975b539 - zepub[f4d9e7d022c02d8d]::common::tests::download_epub_file
[INFO] [stdout]   13:     0x5998396e1c4e - zepub[f4d9e7d022c02d8d]::epub::reader::tests::test_read_epub3_assets
[INFO] [stdout]   14:     0x59983970d929 - <zepub[f4d9e7d022c02d8d]::epub::reader::tests::test_read_epub3_assets::{closure#0} as core[df12db4294e9bfd3]::ops::function::FnOnce<()>>::call_once
[INFO] [stdout]   15:     0x599839b5dffb - test[9d35eded1c95d3be]::__rust_begin_short_backtrace::<core[df12db4294e9bfd3]::result::Result<(), alloc[2182bb758b4b3781]::string::String>, fn() -> core[df12db4294e9bfd3]::result::Result<(), alloc[2182bb758b4b3781]::string::String>>
[INFO] [stdout]   16:     0x599839b6b665 - test[9d35eded1c95d3be]::run_test::{closure#0}
[INFO] [stdout]   17:     0x599839b64f24 - std[70759c8f55707aa4]::sys::backtrace::__rust_begin_short_backtrace::<test[9d35eded1c95d3be]::run_test::{closure#1}, ()>
[INFO] [stdout]   18:     0x599839b6e7c2 - <std[70759c8f55707aa4]::thread::lifecycle::spawn_unchecked<test[9d35eded1c95d3be]::run_test::{closure#1}, ()>::{closure#1} as core[df12db4294e9bfd3]::ops::function::FnOnce<()>>::call_once::{shim:vtable#0}
[INFO] [stdout]   19:     0x599839cdb689 - <std[70759c8f55707aa4]::sys::thread::unix::Thread>::new::thread_start
[INFO] [stdout]   20:     0x77e0a9ce9dfa - <unknown>
[INFO] [stdout]   21:     0x77e0a9d7d3d4 - clone
[INFO] [stdout]   22:                0x0 - <unknown>
[INFO] [stdout] 
[INFO] [stdout] ---- epub::html::test::test_get_html_info stdout ----
[INFO] [stdout] 
[INFO] [stdout] thread 'epub::html::test::test_get_html_info' (3961) panicked at src/common.rs:687:29:
[INFO] [stdout] called `Result::unwrap()` on an `Err` value: reqwest::Error { kind: Request, url: "https://github.com/IDPF/epub3-samples/releases/download/20230704/childrens-literature.epub", source: hyper_util::client::legacy::Error(Connect, ConnectError("dns error", Custom { kind: Uncategorized, error: "failed to lookup address information: Temporary failure in name resolution" })) }
[INFO] [stdout] stack backtrace:
[INFO] [stdout]    0:     0x599839cdcaa1 - <<std[70759c8f55707aa4]::sys::backtrace::BacktraceLock>::print::DisplayBacktrace as core[df12db4294e9bfd3]::fmt::Display>::fmt
[INFO] [stdout]    1:     0x599839cf44aa - core[df12db4294e9bfd3]::fmt::write
[INFO] [stdout]    2:     0x599839ce202c - <alloc[2182bb758b4b3781]::vec::Vec<u8> as core[df12db4294e9bfd3]::io::write::Write>::write_fmt
[INFO] [stdout]    3:     0x599839cb57a6 - std[70759c8f55707aa4]::panicking::default_hook::{closure#0}
[INFO] [stdout]    4:     0x599839cd36e9 - std[70759c8f55707aa4]::panicking::default_hook
[INFO] [stdout]    5:     0x599839b6ad10 - test[9d35eded1c95d3be]::test_main_inner::<test[9d35eded1c95d3be]::test_main_static::{closure#0}>::{closure#0}
[INFO] [stdout]    6:     0x599839cd3a12 - std[70759c8f55707aa4]::panicking::panic_with_hook
[INFO] [stdout]    7:     0x599839cb5852 - std[70759c8f55707aa4]::panicking::panic_handler::{closure#0}
[INFO] [stdout]    8:     0x599839cadaa9 - std[70759c8f55707aa4]::sys::backtrace::__rust_end_short_backtrace::<std[70759c8f55707aa4]::panicking::panic_handler::{closure#0}, !>
[INFO] [stdout]    9:     0x599839cb674d - __rustc[8fa7c3cbc660c2b3]::rust_begin_unwind
[INFO] [stdout]   10:     0x599839cf4c0c - core[df12db4294e9bfd3]::panicking::panic_fmt
[INFO] [stdout]   11:     0x599839cf49e2 - core[df12db4294e9bfd3]::result::unwrap_failed
[INFO] [stdout]   12:     0x59983975a9d0 - zepub[f4d9e7d022c02d8d]::common::tests::get_req_mem
[INFO] [stdout]   13:     0x59983975ab89 - zepub[f4d9e7d022c02d8d]::common::tests::download_zip_file
[INFO] [stdout]   14:     0x59983968b9b9 - zepub[f4d9e7d022c02d8d]::epub::html::test::test_get_html_info
[INFO] [stdout]   15:     0x59983970d799 - <zepub[f4d9e7d022c02d8d]::epub::html::test::test_get_html_info::{closure#0} as core[df12db4294e9bfd3]::ops::function::FnOnce<()>>::call_once
[INFO] [stdout]   16:     0x599839b5dffb - test[9d35eded1c95d3be]::__rust_begin_short_backtrace::<core[df12db4294e9bfd3]::result::Result<(), alloc[2182bb758b4b3781]::string::String>, fn() -> core[df12db4294e9bfd3]::result::Result<(), alloc[2182bb758b4b3781]::string::String>>
[INFO] [stdout]   17:     0x599839b6b665 - test[9d35eded1c95d3be]::run_test::{closure#0}
[INFO] [stdout]   18:     0x599839b64f24 - std[70759c8f55707aa4]::sys::backtrace::__rust_begin_short_backtrace::<test[9d35eded1c95d3be]::run_test::{closure#1}, ()>
[INFO] [stdout]   19:     0x599839b6e7c2 - <std[70759c8f55707aa4]::thread::lifecycle::spawn_unchecked<test[9d35eded1c95d3be]::run_test::{closure#1}, ()>::{closure#1} as core[df12db4294e9bfd3]::ops::function::FnOnce<()>>::call_once::{shim:vtable#0}
[INFO] [stdout]   20:     0x599839cdb689 - <std[70759c8f55707aa4]::sys::thread::unix::Thread>::new::thread_start
[INFO] [stdout]   21:     0x77e0a9ce9dfa - <unknown>
[INFO] [stdout]   22:     0x77e0a9d7d3d4 - clone
[INFO] [stdout]   23:                0x0 - <unknown>
[INFO] [stdout] 
[INFO] [stdout] ---- epub::builder::tests::test stdout ----
[INFO] [stdout] 
[INFO] [stdout] thread 'epub::builder::tests::test' (3958) panicked at src/common.rs:687:29:
[INFO] [stdout] called `Result::unwrap()` on an `Err` value: reqwest::Error { kind: Request, url: "https://github.com/adobe-fonts/source-han-serif/raw/refs/heads/release/SubsetOTF/CN/SourceHanSerifCN-Bold.otf", source: hyper_util::client::legacy::Error(Connect, ConnectError("dns error", Custom { kind: Uncategorized, error: "failed to lookup address information: Temporary failure in name resolution" })) }
[INFO] [stdout] stack backtrace:
[INFO] [stdout]    0:     0x599839cdcaa1 - <<std[70759c8f55707aa4]::sys::backtrace::BacktraceLock>::print::DisplayBacktrace as core[df12db4294e9bfd3]::fmt::Display>::fmt
[INFO] [stdout]    1:     0x599839cf44aa - core[df12db4294e9bfd3]::fmt::write
[INFO] [stdout]    2:     0x599839ce202c - <alloc[2182bb758b4b3781]::vec::Vec<u8> as core[df12db4294e9bfd3]::io::write::Write>::write_fmt
[INFO] [stdout]    3:     0x599839cb57a6 - std[70759c8f55707aa4]::panicking::default_hook::{closure#0}
[INFO] [stdout]    4:     0x599839cd36e9 - std[70759c8f55707aa4]::panicking::default_hook
[INFO] [stdout]    5:     0x599839b6ad10 - test[9d35eded1c95d3be]::test_main_inner::<test[9d35eded1c95d3be]::test_main_static::{closure#0}>::{closure#0}
[INFO] [stdout]    6:     0x599839cd3a12 - std[70759c8f55707aa4]::panicking::panic_with_hook
[INFO] [stdout]    7:     0x599839cb5852 - std[70759c8f55707aa4]::panicking::panic_handler::{closure#0}
[INFO] [stdout]    8:     0x599839cadaa9 - std[70759c8f55707aa4]::sys::backtrace::__rust_end_short_backtrace::<std[70759c8f55707aa4]::panicking::panic_handler::{closure#0}, !>
[INFO] [stdout]    9:     0x599839cb674d - __rustc[8fa7c3cbc660c2b3]::rust_begin_unwind
[INFO] [stdout]   10:     0x599839cf4c0c - core[df12db4294e9bfd3]::panicking::panic_fmt
[INFO] [stdout]   11:     0x599839cf49e2 - core[df12db4294e9bfd3]::result::unwrap_failed
[INFO] [stdout]   12:     0x59983975a9d0 - zepub[f4d9e7d022c02d8d]::common::tests::get_req_mem
[INFO] [stdout]   13:     0x5998396e3036 - zepub[f4d9e7d022c02d8d]::epub::builder::tests::test
[INFO] [stdout]   14:     0x59983970d9a9 - <zepub[f4d9e7d022c02d8d]::epub::builder::tests::test::{closure#0} as core[df12db4294e9bfd3]::ops::function::FnOnce<()>>::call_once
[INFO] [stdout]   15:     0x599839b5dffb - test[9d35eded1c95d3be]::__rust_begin_short_backtrace::<core[df12db4294e9bfd3]::result::Result<(), alloc[2182bb758b4b3781]::string::String>, fn() -> core[df12db4294e9bfd3]::result::Result<(), alloc[2182bb758b4b3781]::string::String>>
[INFO] [stdout]   16:     0x599839b6b665 - test[9d35eded1c95d3be]::run_test::{closure#0}
[INFO] [stdout]   17:     0x599839b64f24 - std[70759c8f55707aa4]::sys::backtrace::__rust_begin_short_backtrace::<test[9d35eded1c95d3be]::run_test::{closure#1}, ()>
[INFO] [stderr] error: test failed, to rerun pass `--lib`
[INFO] [stdout]   18:     0x599839b6e7c2 - <std[70759c8f55707aa4]::thread::lifecycle::spawn_unchecked<test[9d35eded1c95d3be]::run_test::{closure#1}, ()>::{closure#1} as core[df12db4294e9bfd3]::ops::function::FnOnce<()>>::call_once::{shim:vtable#0}
[INFO] [stdout]   19:     0x599839cdb689 - <std[70759c8f55707aa4]::sys::thread::unix::Thread>::new::thread_start
[INFO] [stdout]   20:     0x77e0a9ce9dfa - <unknown>
[INFO] [stdout]   21:     0x77e0a9d7d3d4 - clone
[INFO] [stdout]   22:                0x0 - <unknown>
[INFO] [stdout] 
[INFO] [stdout] 
[INFO] [stdout] failures:
[INFO] [stdout]     adapter::core::tests::test_epub_to_mobi
[INFO] [stdout]     epub::appender::tests::test_appender
[INFO] [stdout]     epub::builder::tests::test
[INFO] [stdout]     epub::html::test::test_get_html_info
[INFO] [stdout]     epub::reader::tests::test_no_oebps_prefix_path
[INFO] [stdout]     epub::reader::tests::test_read_cover_from_guide
[INFO] [stdout]     epub::reader::tests::test_read_epub3
[INFO] [stdout]     epub::reader::tests::test_read_epub3_assets
[INFO] [stdout]     epub::reader::tests::test_read_epub3_toc_xhtml
[INFO] [stdout]     mobi::core::tests::test_load
[INFO] [stdout]     mobi::core::tests::test_no_nav
[INFO] [stdout] 
[INFO] [stdout] test result: FAILED. 39 passed; 11 failed; 4 ignored; 0 measured; 0 filtered out; finished in 0.23s
[INFO] [stdout] 
[INFO] running `Command { std: "docker" "inspect" "39cf75571f4c2272d43b051f200b291228b62a8e16958410f324ff87cf67cc3b", kill_on_drop: false }`
[INFO] running `Command { std: "docker" "rm" "-f" "39cf75571f4c2272d43b051f200b291228b62a8e16958410f324ff87cf67cc3b", kill_on_drop: false }`
[INFO] [stdout] 39cf75571f4c2272d43b051f200b291228b62a8e16958410f324ff87cf67cc3b
