[INFO] fetching crate zeph-common 0.22.5...
[INFO] testing zeph-common-0.22.5 against 1.100.0-beta.1+cargoflags=--release for beta-release-1.100-2
[INFO] extracting crate zeph-common 0.22.5 into /workspace/builds/worker-0-tc2/source
[INFO] started tweaking crates.io crate zeph-common 0.22.5
[INFO] finished tweaking crates.io crate zeph-common 0.22.5
[INFO] tweaked toml for crates.io crate zeph-common 0.22.5 written to /workspace/builds/worker-0-tc2/source/Cargo.toml
[INFO] validating manifest of crates.io crate zeph-common 0.22.5 on toolchain 1.100.0-beta.1
[INFO] running `Command { std: CARGO_HOME="/workspace/cargo-home" RUSTUP_HOME="/workspace/rustup-home" "/workspace/cargo-home/bin/cargo" "+1.100.0-beta.1" "metadata" "--manifest-path" "Cargo.toml" "--no-deps", kill_on_drop: false }`
[INFO] crate crates.io crate zeph-common 0.22.5 already has a lockfile, it will not be regenerated
[INFO] running `Command { std: CARGO_HOME="/workspace/cargo-home" RUSTUP_HOME="/workspace/rustup-home" "/workspace/cargo-home/bin/cargo" "+1.100.0-beta.1" "fetch" "--manifest-path" "Cargo.toml", kill_on_drop: false }`
[INFO] [stderr] warning: `package.homepage` is redundant with `package.repository`
[INFO] [stderr]    --> Cargo.toml:153:12
[INFO] [stderr]     |
[INFO] [stderr] 153 | homepage = "https://github.com/bug-ops/zeph"
[INFO] [stderr]     |            ^^^^^^^^^^^^^^^^^^^^^^^^^^^^^^^^^
[INFO] [stderr] ...
[INFO] [stderr] 159 | repository = "https://github.com/bug-ops/zeph"
[INFO] [stderr]     |              ---------------------------------
[INFO] [stderr]     |
[INFO] [stderr]     = note: `cargo::redundant_homepage` is set to `warn` by default
[INFO] [stderr] help: consider removing `package.homepage`
[INFO] [stderr] warning: `zeph-common` (manifest) generated 1 warning
[INFO] running `Command { std: "docker" "create" "-v" "/var/lib/crater-agent-workspace/builds/worker-0-tc2/source:/opt/rustwide/workdir:ro,Z" "-v" "/var/lib/crater-agent-workspace/builds/worker-0-tc2/target:/opt/rustwide/target:rw,Z" "-v" "/var/lib/crater-agent-workspace/cargo-home:/opt/rustwide/cargo-home:ro,Z" "-v" "/var/lib/crater-agent-workspace/rustup-home:/opt/rustwide/rustup-home:ro,Z" "-m" "1610612736" "--network" "none" "ghcr.io/rust-lang/crates-build-env/linux@sha256:77db811e55d90add9212f6832c23229e3de5f1c1f9905e8cb07319ea15df73ac" "sleep" "infinity", kill_on_drop: false }`
[INFO] [stdout] cf482b2eafe819f9454d96c765de6338533882838e952640a70479dd28a45e20
[INFO] running `Command { std: "docker" "start" "cf482b2eafe819f9454d96c765de6338533882838e952640a70479dd28a45e20", kill_on_drop: false }`
[INFO] running `Command { std: "docker" "inspect" "cf482b2eafe819f9454d96c765de6338533882838e952640a70479dd28a45e20", kill_on_drop: false }`
[INFO] running `Command { std: "docker" "exec" "-e" "SOURCE_DIR=/opt/rustwide/workdir" "-e" "CARGO_HOME=/opt/rustwide/cargo-home" "-e" "RUSTUP_HOME=/opt/rustwide/rustup-home" "-e" "CARGO_TARGET_DIR=/opt/rustwide/target" "-w" "/opt/rustwide/workdir" "--user" "0:0" "cf482b2eafe819f9454d96c765de6338533882838e952640a70479dd28a45e20" "/opt/rustwide/cargo-home/bin/cargo" "+1.100.0-beta.1" "metadata" "--no-deps" "--format-version=1", kill_on_drop: false }`
[INFO] running `Command { std: "docker" "inspect" "cf482b2eafe819f9454d96c765de6338533882838e952640a70479dd28a45e20", kill_on_drop: false }`
[INFO] running `Command { std: "docker" "exec" "-e" "SOURCE_DIR=/opt/rustwide/workdir" "-e" "CARGO_HOME=/opt/rustwide/cargo-home" "-e" "RUSTUP_HOME=/opt/rustwide/rustup-home" "-e" "CARGO_TARGET_DIR=/opt/rustwide/target" "-e" "CARGO_INCREMENTAL=0" "-e" "RUST_BACKTRACE=full" "-e" "RUSTFLAGS=--cap-lints=warn" "-e" "RUSTDOCFLAGS=--cap-lints=warn" "-w" "/opt/rustwide/workdir" "--user" "0:0" "cf482b2eafe819f9454d96c765de6338533882838e952640a70479dd28a45e20" "/opt/rustwide/cargo-home/bin/cargo" "+1.100.0-beta.1" "build" "--frozen" "--message-format=json" "--release", kill_on_drop: false }`
[INFO] [stderr] warning: `package.homepage` is redundant with `package.repository`
[INFO] [stderr]    --> Cargo.toml:153:12
[INFO] [stderr]     |
[INFO] [stderr] 153 | homepage = "https://github.com/bug-ops/zeph"
[INFO] [stderr]     |            ^^^^^^^^^^^^^^^^^^^^^^^^^^^^^^^^^
[INFO] [stderr] ...
[INFO] [stderr] 159 | repository = "https://github.com/bug-ops/zeph"
[INFO] [stderr]     |              ---------------------------------
[INFO] [stderr]     |
[INFO] [stderr]     = note: `cargo::redundant_homepage` is set to `warn` by default
[INFO] [stderr] help: consider removing `package.homepage`
[INFO] [stderr] warning: `zeph-common` (manifest) generated 1 warning
[INFO] [stderr]    Compiling smallvec v1.15.2
[INFO] [stderr]    Compiling serde_core v1.0.229
[INFO] [stderr]    Compiling cc v1.2.67
[INFO] [stderr]    Compiling serde v1.0.229
[INFO] [stderr]    Compiling rustix v1.1.4
[INFO] [stderr]    Compiling syn v3.0.3
[INFO] [stderr]    Compiling syn v2.0.119
[INFO] [stderr]    Compiling rapidhash v4.5.1
[INFO] [stderr]    Compiling getrandom v0.4.3
[INFO] [stderr]    Compiling linux-raw-sys v0.12.1
[INFO] [stderr]    Compiling bitflags v2.13.1
[INFO] [stderr]    Compiling arrayvec v0.7.8
[INFO] [stderr]    Compiling cpu-time v1.0.0
[INFO] [stderr]    Compiling uuid v1.24.1
[INFO] [stderr]    Compiling parking_lot_core v0.9.12
[INFO] [stderr]    Compiling metrics v0.24.6
[INFO] [stderr]    Compiling parking_lot v0.12.5
[INFO] [stderr]    Compiling blake3 v1.8.6
[INFO] [stderr]    Compiling serde_json v1.0.151
[INFO] [stderr]    Compiling zerovec-derive v0.11.4
[INFO] [stderr]    Compiling displaydoc v0.2.7
[INFO] [stderr]    Compiling tokio-macros v2.7.2
[INFO] [stderr]    Compiling serde_derive v1.0.229
[INFO] [stderr]    Compiling thiserror-impl v2.0.20
[INFO] [stderr]    Compiling synstructure v0.13.2
[INFO] [stderr]    Compiling tokio v1.53.1
[INFO] [stderr]    Compiling zerofrom-derive v0.1.7
[INFO] [stderr]    Compiling yoke-derive v0.8.2
[INFO] [stderr]    Compiling tracing-attributes v0.1.31
[INFO] [stderr]    Compiling zeroize_derive v1.5.0
[INFO] [stderr]    Compiling thiserror v2.0.20
[INFO] [stderr]    Compiling zerofrom v0.1.8
[INFO] [stderr]    Compiling yoke v0.8.3
[INFO] [stderr]    Compiling tracing v0.1.44
[INFO] [stderr]    Compiling zerovec v0.11.7
[INFO] [stderr]    Compiling zerotrie v0.2.5
[INFO] [stderr]    Compiling tinystr v0.8.4
[INFO] [stderr]    Compiling potential_utf v0.1.6
[INFO] [stderr]    Compiling icu_collections v2.3.0
[INFO] [stderr]    Compiling icu_locale_core v2.3.0
[INFO] [stderr]    Compiling zeroize v1.9.0
[INFO] [stderr]    Compiling icu_provider v2.3.0
[INFO] [stderr]    Compiling icu_properties v2.3.0
[INFO] [stderr]    Compiling icu_normalizer v2.3.0
[INFO] [stderr]    Compiling tokio-util v0.7.19
[INFO] [stderr]    Compiling idna_adapter v1.2.2
[INFO] [stderr]    Compiling idna v1.1.0
[INFO] [stderr]    Compiling url v2.5.8
[INFO] [stderr]    Compiling zeph-common v0.22.5 (/opt/rustwide/workdir)
[INFO] [stderr]     Finished `release` profile [optimized] target(s) in 8.48s
[INFO] running `Command { std: "docker" "inspect" "cf482b2eafe819f9454d96c765de6338533882838e952640a70479dd28a45e20", kill_on_drop: false }`
[INFO] running `Command { std: "docker" "exec" "-e" "SOURCE_DIR=/opt/rustwide/workdir" "-e" "CARGO_HOME=/opt/rustwide/cargo-home" "-e" "RUSTUP_HOME=/opt/rustwide/rustup-home" "-e" "CARGO_TARGET_DIR=/opt/rustwide/target" "-e" "CARGO_INCREMENTAL=0" "-e" "RUST_BACKTRACE=full" "-e" "RUSTFLAGS=--cap-lints=warn" "-e" "RUSTDOCFLAGS=--cap-lints=warn" "-w" "/opt/rustwide/workdir" "--user" "0:0" "cf482b2eafe819f9454d96c765de6338533882838e952640a70479dd28a45e20" "/opt/rustwide/cargo-home/bin/cargo" "+1.100.0-beta.1" "test" "--frozen" "--no-run" "--message-format=json" "--release", kill_on_drop: false }`
[INFO] [stderr] warning: `package.homepage` is redundant with `package.repository`
[INFO] [stderr]    --> Cargo.toml:153:12
[INFO] [stderr]     |
[INFO] [stderr] 153 | homepage = "https://github.com/bug-ops/zeph"
[INFO] [stderr]     |            ^^^^^^^^^^^^^^^^^^^^^^^^^^^^^^^^^
[INFO] [stderr] ...
[INFO] [stderr] 159 | repository = "https://github.com/bug-ops/zeph"
[INFO] [stderr]     |              ---------------------------------
[INFO] [stderr]     |
[INFO] [stderr]     = note: `cargo::redundant_homepage` is set to `warn` by default
[INFO] [stderr] help: consider removing `package.homepage`
[INFO] [stderr] warning: `zeph-common` (manifest) generated 1 warning
[INFO] [stderr]    Compiling zerocopy v0.8.56
[INFO] [stderr]    Compiling rustix v1.1.4
[INFO] [stderr]    Compiling tracing-core v0.1.36
[INFO] [stderr]    Compiling num-traits v0.2.19
[INFO] [stderr]    Compiling crossbeam-utils v0.8.22
[INFO] [stderr]    Compiling regex-automata v0.4.18
[INFO] [stderr]    Compiling getrandom v0.3.4
[INFO] [stderr]    Compiling log v0.4.33
[INFO] [stderr]    Compiling tokio v1.53.1
[INFO] [stderr]    Compiling wait-timeout v0.2.1
[INFO] [stderr]    Compiling thread_local v1.1.10
[INFO] [stderr]    Compiling raw-cpuid v11.6.0
[INFO] [stderr]    Compiling nibble_vec v0.1.0
[INFO] [stderr]    Compiling endian-type v0.1.2
[INFO] [stderr]    Compiling slab v0.4.12
[INFO] [stderr]    Compiling hashbrown v0.16.1
[INFO] [stderr]    Compiling radix_trie v0.2.1
[INFO] [stderr]    Compiling rand_core v0.9.5
[INFO] [stderr]    Compiling futures-util v0.3.34
[INFO] [stderr]    Compiling tracing-test-macro v0.2.6
[INFO] [stderr]    Compiling sync_wrapper v1.0.2
[INFO] [stderr]    Compiling sketches-ddsketch v0.3.1
[INFO] [stderr]    Compiling rand_xorshift v0.4.0
[INFO] [stderr]    Compiling rand_xoshiro v0.7.0
[INFO] [stderr]    Compiling tracing v0.1.44
[INFO] [stderr]    Compiling tracing-log v0.2.0
[INFO] [stderr]    Compiling crossbeam-epoch v0.9.20
[INFO] [stderr]    Compiling ordered-float v5.3.0
[INFO] [stderr]    Compiling quanta v0.12.6
[INFO] [stderr]    Compiling tower v0.5.3
[INFO] [stderr]    Compiling tempfile v3.27.0
[INFO] [stderr]    Compiling rusty-fork v0.3.1
[INFO] [stderr]    Compiling tokio-util v0.7.19
[INFO] [stderr]    Compiling zeph-common v0.22.5 (/opt/rustwide/workdir)
[INFO] [stderr]    Compiling matchers v0.2.0
[INFO] [stderr]    Compiling regex v1.13.1
[INFO] [stderr]    Compiling tracing-subscriber v0.3.23
[INFO] [stderr]    Compiling ppv-lite86 v0.2.21
[INFO] [stderr]    Compiling rand_chacha v0.9.0
[INFO] [stderr]    Compiling rand v0.9.5
[INFO] [stderr]    Compiling proptest v1.11.0
[INFO] [stderr]    Compiling metrics-util v0.20.4
[INFO] [stderr]    Compiling tracing-test v0.2.6
[INFO] [stderr]     Finished `release` profile [optimized] target(s) in 13.31s
[INFO] running `Command { std: "docker" "inspect" "cf482b2eafe819f9454d96c765de6338533882838e952640a70479dd28a45e20", kill_on_drop: false }`
[INFO] running `Command { std: "docker" "exec" "-e" "SOURCE_DIR=/opt/rustwide/workdir" "-e" "CARGO_HOME=/opt/rustwide/cargo-home" "-e" "RUSTUP_HOME=/opt/rustwide/rustup-home" "-e" "CARGO_TARGET_DIR=/opt/rustwide/target" "-e" "CARGO_INCREMENTAL=0" "-e" "RUST_BACKTRACE=full" "-e" "RUSTFLAGS=--cap-lints=warn" "-e" "RUSTDOCFLAGS=--cap-lints=warn" "-w" "/opt/rustwide/workdir" "--user" "0:0" "cf482b2eafe819f9454d96c765de6338533882838e952640a70479dd28a45e20" "/opt/rustwide/cargo-home/bin/cargo" "+1.100.0-beta.1" "test" "--frozen" "--release", kill_on_drop: false }`
[INFO] [stderr] warning: `package.homepage` is redundant with `package.repository`
[INFO] [stderr]    --> Cargo.toml:153:12
[INFO] [stderr]     |
[INFO] [stderr] 153 | homepage = "https://github.com/bug-ops/zeph"
[INFO] [stderr]     |            ^^^^^^^^^^^^^^^^^^^^^^^^^^^^^^^^^
[INFO] [stderr] ...
[INFO] [stderr] 159 | repository = "https://github.com/bug-ops/zeph"
[INFO] [stderr]     |              ---------------------------------
[INFO] [stderr]     |
[INFO] [stderr]     = note: `cargo::redundant_homepage` is set to `warn` by default
[INFO] [stderr] help: consider removing `package.homepage`
[INFO] [stderr] warning: `zeph-common` (manifest) generated 1 warning
[INFO] [stderr]     Finished `release` profile [optimized] target(s) in 0.09s
[INFO] [stderr]      Running unittests src/lib.rs (/opt/rustwide/target/release/build/zeph-common/c24a30ab38fe21d7/out/zeph_common-c24a30ab38fe21d7)
[INFO] [stdout] 
[INFO] [stdout] running 285 tests
[INFO] [stdout] test anchor::tests::anchor_head_rejects_malformed_hex ... ok
[INFO] [stdout] test anchor::tests::anchor_key_round_trips_for_safe_ids ... ok
[INFO] [stdout] test anchor::tests::anchor_deserializes_legacy_json_without_orphaned_since_field ... ok
[INFO] [stdout] test anchor::tests::anchor_new_omits_orphaned_since_from_serialized_json ... ok
[INFO] [stdout] test anchor::tests::anchor_key_round_trips_for_unsafe_bytes ... ok
[INFO] [stdout] test anchor::tests::anchor_new_stamps_written_at_and_round_trips_head ... ok
[INFO] [stdout] test anchor::tests::anchor_round_trips_orphaned_since_when_set ... ok
[INFO] [stdout] test anchor::tests::anchor_serializes_to_json_and_back ... ok
[INFO] [stdout] test anchor::tests::parse_anchor_key_rejects_unrelated_keys ... ok
[INFO] [stdout] test clock::tests::fixed_clock_returns_the_same_instant_every_call ... ok
[INFO] [stdout] test clock::tests::system_clock_returns_recent_time ... ok
[INFO] [stdout] test deep_link::tests::absolute_cwd_stored ... ok
[INFO] [stdout] test deep_link::tests::auto_param_dropped_prompt_still_parsed ... ok
[INFO] [stdout] test deep_link::tests::bare_new_session_no_params ... ok
[INFO] [stdout] test deep_link::tests::dash_y_param_dropped ... ok
[INFO] [stdout] test deep_link::tests::esc_sequence_in_prompt_returns_control_chars_error ... ok
[INFO] [stdout] test deep_link::tests::invalid_scheme_returns_malformed ... ok
[INFO] [stdout] test deep_link::tests::percent_decoded_prompt ... ok
[INFO] [stdout] test deep_link::tests::nul_byte_in_prompt_returns_control_chars_error ... ok
[INFO] [stdout] test deep_link::tests::profile_and_model_stored ... ok
[INFO] [stdout] test deep_link::tests::relative_cwd_returns_error ... ok
[INFO] [stdout] test deep_link::tests::tab_and_lf_in_prompt_are_accepted ... ok
[INFO] [stdout] test deep_link::tests::unknown_host_returns_error ... ok
[INFO] [stdout] test deep_link::tests::prompt_exactly_8192_bytes_ok ... ok
[INFO] [stdout] test fidelity::tests::as_u8_matches_from_u8 ... ok
[INFO] [stdout] test deep_link::tests::unknown_params_silently_ignored ... ok
[INFO] [stdout] test fidelity::tests::from_u8_round_trip ... ok
[INFO] [stdout] test deep_link::tests::oversized_prompt_returns_error ... ok
[INFO] [stdout] test deep_link::tests::valid_new_session_with_prompt_and_cwd ... ok
[INFO] [stdout] test fs_secure::tests::append_private_creates_0600_on_new_file ... ok
[INFO] [stdout] test hash::tests::blake3_hex_deterministic ... ok
[INFO] [stdout] test hash::tests::blake3_hex_is_64_chars ... ok
[INFO] [stdout] test fs_secure::tests::append_private_preserves_mode_on_reopen ... ok
[INFO] [stdout] test hash::tests::blake3_hex_str_matches_bytes ... ok
[INFO] [stdout] test fidelity::tests::from_u8_unknown_defaults_to_full ... ok
[INFO] [stdout] test hash::tests::fast_hash_empty ... ok
[INFO] [stdout] test hash::tests::fast_hash_different_inputs_differ ... ok
[INFO] [stdout] test hash::tests::fast_hash_deterministic ... ok
[INFO] [stdout] test hash_chain::tests::from_hex_rejects_non_hex ... ok
[INFO] [stdout] test hash_chain::tests::chain_stream_verifier_matches_whole_slice_verification ... ok
[INFO] [stdout] test hash_chain::tests::from_hex_rejects_wrong_length ... ok
[INFO] [stdout] test deep_link::tests::fuzz_parse_deep_link_no_panic ... ok
[INFO] [stdout] test hash_chain::tests::chain_stream_verifier_detects_tamper_mid_stream ... ok
[INFO] [stdout] test hash_chain::tests::genesis_differs_per_epoch ... ok
[INFO] [stdout] test hash_chain::tests::chain_key_debug_does_not_leak_key_material ... ok
[INFO] [stdout] test hash_chain::tests::genesis_differs_per_file_identity ... ok
[INFO] [stdout] test hash_chain::tests::hex_round_trip ... ok
[INFO] [stdout] test hash_chain::tests::round_trip_serialization_is_byte_identical ... ok
[INFO] [stdout] test hash_chain::tests::serde_json_value_maps_serialize_deterministically_whichever_backend_is_compiled_in ... ok
[INFO] [stdout] test hash_chain::tests::genesis_differs_per_domain ... ok
[INFO] [stdout] test hash_chain::tests::verifier_detects_in_place_edit ... ok
[INFO] [stdout] test hash_chain::tests::verify_chained_prefix_happy_path ... ok
[INFO] [stdout] test hash_chain::tests::verify_chained_prefix_mismatch_after_correct_genesis_is_definite_tamper ... ok
[INFO] [stdout] test hash_chain::tests::verifier_detects_reorder ... ok
[INFO] [stdout] test hash_chain::tests::verify_chained_prefix_resolves_previous_epoch_as_rekeyed ... ok
[INFO] [stdout] test hash_chain::tests::verify_chained_prefix_unverifiable_when_no_epoch_matches ... ok
[INFO] [stdout] test llm_response::tests::extracts_bare_array ... ok
[INFO] [stdout] test hash_chain::tests::verify_chained_prefix_with_checkpoint_captures_intermediate_head ... ok
[INFO] [stdout] test llm_response::tests::none_when_no_close_bracket_after_open ... ok
[INFO] [stdout] test llm_response::tests::none_when_no_open_bracket ... ok
[INFO] [stdout] test llm_response::tests::extracts_array_wrapped_in_prose ... ok
[INFO] [stdout] test llm_response::tests::none_when_only_close_bracket ... ok
[INFO] [stdout] test math::tests::different_lengths ... ok
[INFO] [stdout] test math::tests::embedding_vector_from_vec ... ok
[INFO] [stdout] test math::tests::embedding_vector_into_inner_roundtrip ... ok
[INFO] [stdout] test math::tests::embedding_vector_len_and_is_empty ... ok
[INFO] [stdout] test math::tests::embedding_vector_new_normalized_trust_caller ... ok
[INFO] [stdout] test math::tests::embedding_vector_normalize_produces_unit_vector ... ok
[INFO] [stdout] test math::tests::embedding_vector_normalize_zero_vector_is_safe ... ok
[INFO] [stdout] test math::tests::empty_vectors ... ok
[INFO] [stdout] test fs_secure::tests::write_private_creates_0600 ... ok
[INFO] [stdout] test math::tests::identical_vectors ... ok
[INFO] [stdout] test math::tests::normalized_vectors ... ok
[INFO] [stdout] test math::tests::opposite_vectors ... ok
[INFO] [stdout] test math::tests::orthogonal_vectors ... ok
[INFO] [stdout] test math::tests::parallel_vectors ... ok
[INFO] [stdout] test math::tests::zero_vector ... ok
[INFO] [stdout] test memory::tests::edge_type_display_respects_width ... ok
[INFO] [stdout] test memory::tests::functional_type_from_str_rejects_unknown_string ... ok
[INFO] [stdout] test memory::tests::functional_type_display_respects_width ... ok
[INFO] [stdout] test memory::tests::functional_type_serde_rejects_unknown_variant ... ok
[INFO] [stdout] test memory::tests::functional_type_serde_roundtrip ... ok
[INFO] [stdout] test memory::tests::functional_type_from_str_round_trips_every_variant ... ok
[INFO] [stdout] test memory::tests::memory_route_default_is_hybrid ... ok
[INFO] [stdout] test monotonic::tests::monotonic_millis_is_non_decreasing ... ok
[INFO] [stdout] test net::tests::broadcast ... ok
[INFO] [stdout] test net::tests::cgnat ... ok
[INFO] [stdout] test net::tests::ipv6_link_local ... ok
[INFO] [stdout] test memory::tests::memory_route_serde_roundtrip ... ok
[INFO] [stdout] test net::tests::ipv6_public ... ok
[INFO] [stdout] test net::tests::ipv6_unique_local ... ok
[INFO] [stdout] test net::tests::is_loopback_host_covers_full_127_8_range ... ok
[INFO] [stdout] test net::tests::is_loopback_host_does_not_match_ipv4_mapped_ipv6_loopback ... ok
[INFO] [stdout] test net::tests::is_loopback_host_matches_ip_literals_and_localhost ... ok
[INFO] [stdout] test net::tests::is_loopback_host_rejects_non_loopback ... ok
[INFO] [stdout] test net::tests::is_loopback_host_rejects_unspecified_address ... ok
[INFO] [stdout] test net::tests::link_local ... ok
[INFO] [stdout] test net::tests::loopback_is_private ... ok
[INFO] [stdout] test net::tests::private_ranges ... ok
[INFO] [stdout] test net::tests::public_ipv4 ... ok
[INFO] [stdout] test net::tests::unspecified ... ok
[INFO] [stdout] test net::tests::resolve_and_validate_rejects_loopback_ip_literal ... ok
[INFO] [stdout] test path_guard::tests::absolute_takes_priority_over_traversal ... ok
[INFO] [stdout] test path_guard::tests::allows_nested_relative_path ... ok
[INFO] [stdout] test path_guard::tests::allows_plain_relative_path ... ok
[INFO] [stdout] test path_guard::tests::allows_single_dot_component ... ok
[INFO] [stdout] test path_guard::tests::rejects_absolute_unix_path ... ok
[INFO] [stdout] test path_guard::tests::rejects_leading_slash_even_when_is_absolute_would_miss_it ... ok
[INFO] [stdout] test path_guard::tests::rejects_nested_parent_dir_traversal ... ok
[INFO] [stdout] test path_guard::tests::rejects_parent_dir_traversal ... ok
[INFO] [stdout] test patterns::tests::strip_format_chars_covers_lo_fillers ... ok
[INFO] [stdout] test patterns::tests::strip_format_chars_removes_soft_hyphen ... ok
[INFO] [stdout] test patterns::tests::strip_format_chars_removes_zwsp ... ok
[INFO] [stdout] test net::tests::resolve_and_validate_rejects_loopback_hostname ... ok
[INFO] [stdout] test patterns::tests::exfil_exfiltrate_matches ... ok
[INFO] [stdout] test patterns::tests::strip_format_chars_preserves_newline_and_tab ... ok
[INFO] [stdout] test sanitize::tests::bidi_overrides_removed ... ok
[INFO] [stdout] test sanitize::tests::normal_text_unchanged ... ok
[INFO] [stdout] test sanitize::tests::control_chars_removed ... ok
[INFO] [stdout] test sanitize::tests::null_bytes_empty_string ... ok
[INFO] [stdout] test patterns::tests::exfil_curl_matches_post_flag ... ok
[INFO] [stdout] test sanitize::tests::null_bytes_removed ... ok
[INFO] [stdout] test sanitize::tests::preserve_whitespace_keeps_carriage_return_unlike_strip_format_chars ... ok
[INFO] [stdout] test sanitize::tests::preserve_whitespace_removes_bypass_codepoints_keeps_newline_tab ... ok
[INFO] [stdout] test sanitize::tests::preserve_whitespace_shares_bypass_codepoints_with_strip_format_chars ... ok
[INFO] [stdout] test sanitize::tests::strip_control_chars_removes_bom ... ok
[INFO] [stdout] test fs_secure::tests::atomic_write_private_cleans_tmp_on_success ... ok
[INFO] [stdout] test sanitize::tests::strip_control_chars_removes_hangul_khmer_mongolian_fillers ... ok
[INFO] [stdout] test sanitize::tests::strip_control_chars_removes_soft_hyphen ... ok
[INFO] [stdout] test pidfile::tests::read_pid_lenient_returns_none_for_nonexistent_file ... ok
[INFO] [stdout] test sanitize::tests::strip_control_chars_removes_tags_block ... ok
[INFO] [stdout] test sanitize::tests::strip_control_chars_removes_zero_width_space ... ok
[INFO] [stdout] test pidfile::tests::read_pid_lenient_returns_none_for_invalid_content ... ok
[INFO] [stdout] test fs_secure::tests::atomic_write_private_preserves_extension_appends_tmp ... ok
[INFO] [stdout] test fs_secure::tests::atomic_write_private_overwrites_with_0600 ... ok
[INFO] [stdout] test fs_secure::tests::atomic_write_private_stale_tmp_removed_before_write ... ok
[INFO] [stdout] test pidfile::tests::second_acquire_fails_with_already_running ... ok
[INFO] [stdout] test secrets::tests::aws_secret_pattern_ignores_marker_like_identifier_suffix ... ok
[INFO] [stdout] test secrets::tests::jwt_pattern_compiles_and_matches ... ok
[INFO] [stdout] test secrets::tests::jwt_pattern_matches_alg_none_empty_signature ... ok
[INFO] [stdout] test secrets::tests::aws_secret_pattern_compiles_and_matches_marker_anchored_value ... ok
[INFO] [stdout] test secrets::tests::bearer_pattern_compiles_and_matches ... ok
[INFO] [stdout] test secrets::tests::path_prefixes_build_valid_regex_alternation ... ok
[INFO] [stdout] test secrets::tests::aws_secret_pattern_ignores_unanchored_high_entropy_string ... ok
[INFO] [stdout] test pidfile::tests::acquire_creates_file_with_pid ... ok
[INFO] [stdout] test secrets::tests::aws_secret_pattern_matches_alternate_separator_forms ... ok
[INFO] [stdout] test patterns::tests::all_response_patterns_compile ... ok
[INFO] [stdout] test secrets::tests::aws_secret_pattern_matches_camelcase_json_key_form ... ok
[INFO] [stdout] test security::tests::is_path_within_false_for_sibling_outside_root ... ok
[INFO] [stdout] test security::tests::is_path_within_true_for_exact_match ... ok
[INFO] [stdout] test security::tests::is_path_within_true_for_nested_path ... ok
[INFO] [stdout] test security::tests::validate_path_within_errors_on_nonexistent_path ... ok
[INFO] [stdout] test secrets::tests::aws_secret_pattern_redacts_full_longer_than_standard_value ... ok
[INFO] [stdout] test security::tests::validate_path_within_ok_for_existing_path_inside_root ... ok
[INFO] [stdout] test security::tests::is_path_within_true_when_any_of_multiple_roots_matches ... ok
[INFO] [stdout] test security::tests::validate_path_within_rejects_path_outside_root ... ok
[INFO] [stdout] test secrets::tests::secret_prefixes_build_valid_escaped_regex_alternation ... ok
[INFO] [stdout] test fs_secure::tests::atomic_write_private_errors_on_unwritable_dir ... FAILED
[INFO] [stdout] test task_supervisor::tests::test_blocking_panic ... ok
[INFO] [stdout] test task_supervisor::tests::test_blocking_returns_value ... ok
[INFO] [stdout] test monotonic::tests::monotonic_millis_advances_with_real_sleep ... ok
[INFO] [stdout] test task_supervisor::tests::test_cancellation_token ... ok
[INFO] [stdout] test task_supervisor::tests::test_blocking_spawner_task_appears_in_snapshot ... ok
[INFO] [stdout] test patterns::tests::all_injection_patterns_compile ... ok
[INFO] [stdout] test task_supervisor::tests::test_force_abort_marks_aborted ... ok
[INFO] [stdout] test task_supervisor::tests::test_graceful_shutdown ... ok
[INFO] [stdout] test task_supervisor::tests::test_measure_blocking_emits_metrics ... ok
[INFO] [stdout] test task_supervisor::tests::spawn_classified_restart_does_not_report_failed_for_inner_ok ... ok
[INFO] [stdout] test task_supervisor::tests::spawn_classified_restart_reports_failed_for_inner_err ... ok
[INFO] [stdout] test secrets::tests::pem_pattern_does_not_match_partial_markers ... ok
[INFO] [stdout] test secrets::tests::pem_pattern_matches_mismatched_header_footer_labels ... ok
[INFO] [stdout] test task_supervisor::tests::test_oneshot_classified_delivers_actual_value_on_success_and_failure ... ok
[INFO] [stdout] test secrets::tests::pem_pattern_matches_pgp_block_and_ssh2_rfc4716_variants ... ok
[INFO] [stdout] test task_supervisor::tests::test_oneshot_backward_compat_never_logs_inner_failure ... ok
[INFO] [stdout] test task_supervisor::tests::test_registry_snapshot ... ok
[INFO] [stdout] test secrets::tests::pem_unterminated_pattern_stops_at_first_non_pem_character ... ok
[INFO] [stdout] test secrets::tests::pem_unterminated_pattern_matches_footerless_header ... ok
[INFO] [stdout] test secrets::tests::pem_pattern_compiles_and_matches_plain_private_key ... ok
[INFO] [stdout] test task_supervisor::tests::test_shutdown_all_reaps_task_after_long_pre_invocation_gap ... ok
[INFO] [stdout] test secrets::tests::pem_unterminated_pattern_handles_repeated_begin_with_no_end ... ok
[INFO] [stdout] test task_supervisor::tests::test_shutdown_drains_post_cancel_completions ... ok
[INFO] [stdout] test task_supervisor::tests::test_shutdown_timeout_expiry ... ok
[INFO] [stdout] test secrets::tests::pem_pattern_matches_common_label_variants ... ok
[INFO] [stdout] test secrets::tests::pem_unterminated_pattern_body_is_bounded ... ok
[INFO] [stdout] test text::tests::bytes_exact_unchanged ... ok
[INFO] [stdout] test text::tests::bytes_ref_short_unchanged ... ok
[INFO] [stdout] test text::tests::bytes_ref_truncates_at_boundary ... ok
[INFO] [stdout] test text::tests::bytes_ref_unicode_boundary ... ok
[INFO] [stdout] test text::tests::bytes_short_unchanged ... ok
[INFO] [stdout] test text::tests::bytes_truncates_at_boundary ... ok
[INFO] [stdout] test text::tests::bytes_unicode_boundary ... ok
[INFO] [stdout] test text::tests::bytes_zero_returns_empty ... ok
[INFO] [stdout] test text::tests::chars_exact_unchanged ... ok
[INFO] [stdout] test text::tests::chars_short_unchanged ... ok
[INFO] [stdout] test text::tests::chars_truncates_by_char ... ok
[INFO] [stdout] test text::tests::chars_unicode_by_char ... ok
[INFO] [stdout] test text::tests::chars_zero_returns_empty ... ok
[INFO] [stdout] test text::tests::frontmatter_closing_delimiter_preceded_by_newline ... ok
[INFO] [stdout] test text::tests::frontmatter_inserts_after_name ... ok
[INFO] [stdout] test text::tests::frontmatter_missing_closing_delimiter_unchanged ... ok
[INFO] [stdout] test text::tests::frontmatter_no_delimiters_unchanged ... ok
[INFO] [stdout] test text::tests::frontmatter_no_name_line_appends_at_end ... ok
[INFO] [stdout] test text::tests::frontmatter_replaces_existing_values ... ok
[INFO] [stdout] test text::tests::to_chars_appends_ellipsis ... ok
[INFO] [stdout] test text::tests::to_chars_exact_unchanged ... ok
[INFO] [stdout] test text::tests::to_chars_short_unchanged ... ok
[INFO] [stdout] test text::tests::to_chars_unicode ... ok
[INFO] [stdout] test text::tests::to_chars_zero_returns_empty ... ok
[INFO] [stdout] test timestamp::tests::compact_format_is_correct ... ok
[INFO] [stdout] test timestamp::tests::datetime_fields_are_in_range ... ok
[INFO] [stdout] test timestamp::tests::rfc3339_format_is_correct ... ok
[INFO] [stdout] test timestamp::tests::rfc3339_from_fixed_epoch ... ok
[INFO] [stdout] test timestamp::tests::rfc3339_from_unix_epoch_saturates_for_pre_epoch_instants ... ok
[INFO] [stdout] test timestamp::tests::secs_to_ymdhms_feb29_century_leap_year ... ok
[INFO] [stdout] test timestamp::tests::secs_to_ymdhms_feb29_regular_leap_year ... ok
[INFO] [stdout] test timestamp::tests::secs_to_ymdhms_known_date ... ok
[INFO] [stdout] test timestamp::tests::secs_to_ymdhms_known_epoch ... ok
[INFO] [stdout] test timestamp::tests::secs_to_ymdhms_nontrivial_hhmmss ... ok
[INFO] [stdout] test timestamp::tests::secs_to_ymdhms_y2k_boundary ... ok
[INFO] [stdout] test timestamp::tests::secs_to_ymdhms_year_end_boundary ... ok
[INFO] [stdout] test trust_level::tests::default_is_quarantined ... ok
[INFO] [stdout] test trust_level::tests::display ... ok
[INFO] [stdout] test trust_level::tests::from_severity_out_of_range_fails_closed_to_blocked ... ok
[INFO] [stdout] test trust_level::tests::from_severity_round_trips_through_severity ... ok
[INFO] [stdout] test trust_level::tests::is_active ... ok
[INFO] [stdout] test trust_level::tests::is_hidden_from_catalog_excludes_blocked_and_quarantined_only ... ok
[INFO] [stdout] test trust_level::tests::min_trust_picks_least_trusted ... ok
[INFO] [stdout] test trust_level::tests::min_trust_same_level_returns_self ... ok
[INFO] [stdout] test trust_level::tests::serde_roundtrip ... ok
[INFO] [stdout] test trust_level::tests::severity_ordering ... ok
[INFO] [stdout] test turn_trust_floor::tests::clone_shares_the_same_underlying_cell ... ok
[INFO] [stdout] test turn_trust_floor::tests::default_starts_trusted ... ok
[INFO] [stdout] test turn_trust_floor::tests::fold_lowers_trust ... ok
[INFO] [stdout] test turn_trust_floor::tests::fold_never_raises_trust ... ok
[INFO] [stdout] test turn_trust_floor::tests::fold_to_blocked_is_sticky_until_a_fresh_set ... ok
[INFO] [stdout] test turn_trust_floor::tests::set_replaces_unconditionally_in_either_direction ... ok
[INFO] [stdout] test types::tests::provider_name_as_hashmap_key ... ok
[INFO] [stdout] test types::tests::provider_name_clone_is_cheap ... ok
[INFO] [stdout] test types::tests::provider_name_construction_and_equality ... ok
[INFO] [stdout] test types::tests::provider_name_display ... ok
[INFO] [stdout] test types::tests::provider_name_from_impls ... ok
[INFO] [stdout] test types::tests::provider_name_serde_transparent ... ok
[INFO] [stdout] test types::tests::session_id_default_is_generated ... ok
[INFO] [stdout] test types::tests::session_id_deref_slicing ... ok
[INFO] [stdout] test types::tests::session_id_from_str_parses ... ok
[INFO] [stdout] test types::tests::session_id_from_uuid ... ok
[INFO] [stdout] test types::tests::session_id_generate_is_uuid ... ok
[INFO] [stdout] test types::tests::session_id_new_roundtrip ... ok
[INFO] [stdout] test types::tests::session_id_serde_transparent ... ok
[INFO] [stdout] test types::tests::session_id_try_new_accepts_plain_string ... ok
[INFO] [stdout] test types::tests::session_id_try_new_accepts_valid_uuid ... ok
[INFO] [stdout] test types::tests::session_id_try_new_rejects_backslash ... ok
[INFO] [stdout] test types::tests::session_id_try_new_rejects_empty ... ok
[INFO] [stdout] test types::tests::session_id_try_new_rejects_forward_slash ... ok
[INFO] [stdout] test types::tests::session_id_try_new_rejects_nul_byte ... ok
[INFO] [stdout] test types::tests::session_id_try_new_rejects_path_traversal ... ok
[INFO] [stdout] test types::tests::skill_name_as_hashmap_key ... ok
[INFO] [stdout] test types::tests::skill_name_clone_is_cheap ... ok
[INFO] [stdout] test types::tests::skill_name_construction_and_equality ... ok
[INFO] [stdout] test types::tests::skill_name_default_is_empty ... ok
[INFO] [stdout] test types::tests::skill_name_display ... ok
[INFO] [stdout] test types::tests::skill_name_from_impls ... ok
[INFO] [stdout] test types::tests::skill_name_serde_transparent ... ok
[INFO] [stdout] test types::tests::tool_name_as_hashmap_key ... ok
[INFO] [stdout] test types::tests::tool_name_clone_is_cheap ... ok
[INFO] [stdout] test types::tests::tool_name_construction_and_equality ... ok
[INFO] [stdout] test types::tests::tool_name_default_is_empty ... ok
[INFO] [stdout] test types::tests::tool_name_display ... ok
[INFO] [stdout] test types::tests::tool_name_from_impls ... ok
[INFO] [stdout] test types::tests::tool_name_serde_transparent ... ok
[INFO] [stdout] test task_supervisor::tests::test_oneshot_classified_logs_failed_for_inner_err ... ok
[INFO] [stdout] test task_supervisor::tests::test_oneshot_classified_logs_normal_for_inner_ok ... ok
[INFO] [stdout] test task_supervisor::tests::test_blocking_registered_in_registry ... ok
[INFO] [stdout] test task_supervisor::tests::test_concurrent_spawns ... ok
[INFO] [stdout] test task_supervisor::tests::test_oneshot_registered_in_registry ... ok
[INFO] [stdout] test task_supervisor::tests::test_spawn_blocking_semaphore_cap ... ok
[INFO] [stdout] test task_supervisor::tests::test_spawn_and_complete ... ok
[INFO] [stdout] test task_supervisor::tests::test_panic_capture ... ok
[INFO] [stdout] test task_supervisor::tests::test_restart_max_zero ... ok
[INFO] [stdout] test task_supervisor::tests::spawn_classified_restart_after_panic_then_classifies_next_attempt ... ok
[INFO] [stdout] test task_supervisor::tests::test_shutdown_all_reaps_blocking_task_finishing_after_cancel ... ok
[INFO] [stdout] test task_supervisor::tests::test_shutdown_all_reaps_task_after_out_of_band_cancel ... ok
[INFO] [stdout] test task_supervisor::tests::test_restart_policy ... ok
[INFO] [stdout] test task_supervisor::tests::test_exponential_backoff ... ok
[INFO] [stdout] test task_supervisor::tests::test_restart_only_on_panic ... ok
[INFO] [stdout] 
[INFO] [stdout] failures:
[INFO] [stdout] 
[INFO] [stdout] ---- fs_secure::tests::atomic_write_private_errors_on_unwritable_dir stdout ----
[INFO] [stdout] 
[INFO] [stdout] thread 'fs_secure::tests::atomic_write_private_errors_on_unwritable_dir' (1968) panicked at src/fs_secure.rs:297:9:
[INFO] [stdout] write to read-only dir must fail
[INFO] [stdout] stack backtrace:
[INFO] [stdout]    0:     0x5dd4c5859431 - <<std[617be2ca0a6fd877]::sys::backtrace::BacktraceLock>::print::DisplayBacktrace as core[a373ad73a504971]::fmt::Display>::fmt
[INFO] [stdout]    1:     0x5dd4c58720ea - core[a373ad73a504971]::fmt::write
[INFO] [stdout]    2:     0x5dd4c585e1fc - <alloc[2e1b2a31b91974c5]::vec::Vec<u8> as core[a373ad73a504971]::io::write::Write>::write_fmt
[INFO] [stdout]    3:     0x5dd4c5831d96 - std[617be2ca0a6fd877]::panicking::default_hook::{closure#0}
[INFO] [stdout]    4:     0x5dd4c584ffb9 - std[617be2ca0a6fd877]::panicking::default_hook
[INFO] [stdout]    5:     0x5dd4c56d4e60 - test[aada8e7e76ba119b]::test_main_inner::{closure#0}
[INFO] [stdout]    6:     0x5dd4c58502e2 - std[617be2ca0a6fd877]::panicking::panic_with_hook
[INFO] [stdout]    7:     0x5dd4c5831e74 - std[617be2ca0a6fd877]::panicking::panic_handler::{closure#0}
[INFO] [stdout]    8:     0x5dd4c582a769 - std[617be2ca0a6fd877]::sys::backtrace::__rust_end_short_backtrace::<std[617be2ca0a6fd877]::panicking::panic_handler::{closure#0}, !>
[INFO] [stdout]    9:     0x5dd4c5832ded - __rustc[ea4f61d10b84890b]::rust_begin_unwind
[INFO] [stdout]   10:     0x5dd4c58728cc - core[a373ad73a504971]::panicking::panic_fmt
[INFO] [stdout]   11:     0x5dd4c56304aa - <zeph_common[44f5a20c5368a64b]::fs_secure::tests::atomic_write_private_errors_on_unwritable_dir::{closure#0} as core[a373ad73a504971]::ops::function::FnOnce<()>>::call_once
[INFO] [stdout]   12:     0x5dd4c56c82ab - test[aada8e7e76ba119b]::__rust_begin_short_backtrace::<core[a373ad73a504971]::result::Result<(), alloc[2e1b2a31b91974c5]::string::String>, fn() -> core[a373ad73a504971]::result::Result<(), alloc[2e1b2a31b91974c5]::string::String>>
[INFO] [stdout]   13:     0x5dd4c56d5485 - test[aada8e7e76ba119b]::run_test::{closure#0}
[INFO] [stdout]   14:     0x5dd4c56ced74 - std[617be2ca0a6fd877]::sys::backtrace::__rust_begin_short_backtrace::<test[aada8e7e76ba119b]::run_test::{closure#1}, ()>
[INFO] [stdout]   15:     0x5dd4c56d8512 - <std[617be2ca0a6fd877]::thread::lifecycle::spawn_unchecked<test[aada8e7e76ba119b]::run_test::{closure#1}, ()>::{closure#1} as core[a373ad73a504971]::ops::function::FnOnce<()>>::call_once::{shim:vtable#0}
[INFO] [stdout]   16:     0x5dd4c585808f - <std[617be2ca0a6fd877]::sys::thread::unix::Thread>::new::thread_start
[INFO] [stdout]   17:     0x7737499d7dfa - <unknown>
[INFO] [stdout]   18:     0x773749a6b3d4 - clone
[INFO] [stdout]   19:                0x0 - <unknown>
[INFO] [stdout] 
[INFO] [stdout] 
[INFO] [stdout] failures:
[INFO] [stdout]     fs_secure::tests::atomic_write_private_errors_on_unwritable_dir
[INFO] [stdout] 
[INFO] [stdout] test result: FAILED. 284 passed; 1 failed; 0 ignored; 0 measured; 0 filtered out; finished in 0.87s
[INFO] [stdout] 
[INFO] [stderr] error: test failed, to rerun pass `--lib`
[INFO] running `Command { std: "docker" "inspect" "cf482b2eafe819f9454d96c765de6338533882838e952640a70479dd28a45e20", kill_on_drop: false }`
[INFO] running `Command { std: "docker" "rm" "-f" "cf482b2eafe819f9454d96c765de6338533882838e952640a70479dd28a45e20", kill_on_drop: false }`
[INFO] [stdout] cf482b2eafe819f9454d96c765de6338533882838e952640a70479dd28a45e20
