[INFO] fetching crate zenresize 0.3.1...
[INFO] testing zenresize-0.3.1 against 1.99.0-beta.8+cargoflags=--release for beta-release-1.100-2
[INFO] extracting crate zenresize 0.3.1 into /workspace/builds/worker-4-tc1/source
[INFO] started tweaking crates.io crate zenresize 0.3.1
[INFO] removed 0 missing tests
[INFO] finished tweaking crates.io crate zenresize 0.3.1
[INFO] tweaked toml for crates.io crate zenresize 0.3.1 written to /workspace/builds/worker-4-tc1/source/Cargo.toml
[INFO] validating manifest of crates.io crate zenresize 0.3.1 on toolchain 1.99.0-beta.8
[INFO] running `Command { std: CARGO_HOME="/workspace/cargo-home" RUSTUP_HOME="/workspace/rustup-home" "/workspace/cargo-home/bin/cargo" "+1.99.0-beta.8" "metadata" "--manifest-path" "Cargo.toml" "--no-deps", kill_on_drop: false }`
[INFO] crate crates.io crate zenresize 0.3.1 already has a lockfile, it will not be regenerated
[INFO] running `Command { std: CARGO_HOME="/workspace/cargo-home" RUSTUP_HOME="/workspace/rustup-home" "/workspace/cargo-home/bin/cargo" "+1.99.0-beta.8" "fetch" "--manifest-path" "Cargo.toml", kill_on_drop: false }`
[INFO] [stderr]     Updating crates.io index
[INFO] [stderr]  Downloading crates ...
[INFO] [stderr]   Downloaded resize v0.8.9
[INFO] [stderr]   Downloaded novtb v0.1.7
[INFO] [stderr]   Downloaded glob-match v0.2.1
[INFO] [stderr]   Downloaded whereat v0.1.5
[INFO] [stderr]   Downloaded pic-scale-safe v0.1.10
[INFO] [stderr]   Downloaded tango-bench v0.7.2
[INFO] [stderr]   Downloaded safe_unaligned_simd v0.2.5
[INFO] [stderr]   Downloaded zenblend v0.1.2
[INFO] [stderr]   Downloaded zenlayout v0.2.2
[INFO] [stderr]   Downloaded archmage-macros v0.9.20
[INFO] [stderr]   Downloaded colorz v1.1.4
[INFO] [stderr]   Downloaded erydanos v0.2.18
[INFO] [stderr]   Downloaded zenpixels v0.2.10
[INFO] [stderr]   Downloaded colorutils-rs v0.7.6
[INFO] [stderr]   Downloaded linear-srgb v0.6.11
[INFO] [stderr]   Downloaded goblin v0.7.1
[INFO] [stderr]   Downloaded fast_image_resize v6.0.0
[INFO] [stderr]   Downloaded zenbench v0.1.5
[INFO] [stderr]   Downloaded pic-scale v0.7.3
[INFO] [stderr]   Downloaded sysinfo v0.36.1
[INFO] [stderr]   Downloaded archmage v0.9.20
[INFO] [stderr]   Downloaded magetypes v0.9.20
[INFO] running `Command { std: "docker" "create" "-v" "/var/lib/crater-agent-workspace/builds/worker-4-tc1/source:/opt/rustwide/workdir:ro,Z" "-v" "/var/lib/crater-agent-workspace/builds/worker-4-tc1/target:/opt/rustwide/target:rw,Z" "-v" "/var/lib/crater-agent-workspace/cargo-home:/opt/rustwide/cargo-home:ro,Z" "-v" "/var/lib/crater-agent-workspace/rustup-home:/opt/rustwide/rustup-home:ro,Z" "-m" "1610612736" "--network" "none" "ghcr.io/rust-lang/crates-build-env/linux@sha256:77db811e55d90add9212f6832c23229e3de5f1c1f9905e8cb07319ea15df73ac" "sleep" "infinity", kill_on_drop: false }`
[INFO] [stdout] 8f80dae524f47e24e1fc20726bb05ec7bea70fa7aea4066112351ec6dba6a975
[INFO] running `Command { std: "docker" "start" "8f80dae524f47e24e1fc20726bb05ec7bea70fa7aea4066112351ec6dba6a975", kill_on_drop: false }`
[INFO] running `Command { std: "docker" "inspect" "8f80dae524f47e24e1fc20726bb05ec7bea70fa7aea4066112351ec6dba6a975", kill_on_drop: false }`
[INFO] running `Command { std: "docker" "exec" "-e" "SOURCE_DIR=/opt/rustwide/workdir" "-e" "CARGO_HOME=/opt/rustwide/cargo-home" "-e" "RUSTUP_HOME=/opt/rustwide/rustup-home" "-e" "CARGO_TARGET_DIR=/opt/rustwide/target" "-w" "/opt/rustwide/workdir" "--user" "0:0" "8f80dae524f47e24e1fc20726bb05ec7bea70fa7aea4066112351ec6dba6a975" "/opt/rustwide/cargo-home/bin/cargo" "+1.99.0-beta.8" "metadata" "--no-deps" "--format-version=1", kill_on_drop: false }`
[INFO] running `Command { std: "docker" "inspect" "8f80dae524f47e24e1fc20726bb05ec7bea70fa7aea4066112351ec6dba6a975", kill_on_drop: false }`
[INFO] running `Command { std: "docker" "exec" "-e" "SOURCE_DIR=/opt/rustwide/workdir" "-e" "CARGO_HOME=/opt/rustwide/cargo-home" "-e" "RUSTUP_HOME=/opt/rustwide/rustup-home" "-e" "CARGO_TARGET_DIR=/opt/rustwide/target" "-e" "CARGO_INCREMENTAL=0" "-e" "RUST_BACKTRACE=full" "-e" "RUSTFLAGS=--cap-lints=warn" "-e" "RUSTDOCFLAGS=--cap-lints=warn" "-w" "/opt/rustwide/workdir" "--user" "0:0" "8f80dae524f47e24e1fc20726bb05ec7bea70fa7aea4066112351ec6dba6a975" "/opt/rustwide/cargo-home/bin/cargo" "+1.99.0-beta.8" "build" "--frozen" "--message-format=json" "--release", kill_on_drop: false }`
[INFO] [stderr]    Compiling safe_unaligned_simd v0.2.5
[INFO] [stderr]    Compiling whereat v0.1.5
[INFO] [stderr]    Compiling zenresize v0.3.1 (/opt/rustwide/workdir)
[INFO] [stderr]    Compiling imgref v1.12.0
[INFO] [stderr]    Compiling num-traits v0.2.19
[INFO] [stderr]    Compiling rgb v0.8.53
[INFO] [stderr]    Compiling archmage-macros v0.9.20
[INFO] [stderr]    Compiling bytemuck_derive v1.10.2
[INFO] [stderr]    Compiling bytemuck v1.25.0
[INFO] [stderr]    Compiling archmage v0.9.20
[INFO] [stderr]    Compiling zenpixels v0.2.10
[INFO] [stderr]    Compiling magetypes v0.9.20
[INFO] [stderr]    Compiling linear-srgb v0.6.11
[INFO] [stderr]    Compiling zenblend v0.1.2
[INFO] [stderr]     Finished `release` profile [optimized] target(s) in 5.04s
[INFO] running `Command { std: "docker" "inspect" "8f80dae524f47e24e1fc20726bb05ec7bea70fa7aea4066112351ec6dba6a975", kill_on_drop: false }`
[INFO] running `Command { std: "docker" "exec" "-e" "SOURCE_DIR=/opt/rustwide/workdir" "-e" "CARGO_HOME=/opt/rustwide/cargo-home" "-e" "RUSTUP_HOME=/opt/rustwide/rustup-home" "-e" "CARGO_TARGET_DIR=/opt/rustwide/target" "-e" "CARGO_INCREMENTAL=0" "-e" "RUST_BACKTRACE=full" "-e" "RUSTFLAGS=--cap-lints=warn" "-e" "RUSTDOCFLAGS=--cap-lints=warn" "-w" "/opt/rustwide/workdir" "--user" "0:0" "8f80dae524f47e24e1fc20726bb05ec7bea70fa7aea4066112351ec6dba6a975" "/opt/rustwide/cargo-home/bin/cargo" "+1.99.0-beta.8" "test" "--frozen" "--no-run" "--message-format=json" "--release", kill_on_drop: false }`
[INFO] [stderr]    Compiling libc v0.2.184
[INFO] [stderr]    Compiling num-traits v0.2.19
[INFO] [stderr]    Compiling zerocopy v0.8.48
[INFO] [stderr]    Compiling bitflags v2.11.0
[INFO] [stderr]    Compiling rustix v1.1.4
[INFO] [stderr]    Compiling syn v2.0.117
[INFO] [stderr]    Compiling linux-raw-sys v0.12.1
[INFO] [stderr]    Compiling simd-adler32 v0.3.9
[INFO] [stderr]    Compiling siphasher v1.0.2
[INFO] [stderr]    Compiling safe_unaligned_simd v0.2.5
[INFO] [stderr]    Compiling rand_core v0.6.4
[INFO] [stderr]    Compiling cc v1.2.60
[INFO] [stderr]    Compiling phf_shared v0.11.3
[INFO] [stderr]    Compiling rand v0.8.6
[INFO] [stderr]    Compiling either v1.15.0
[INFO] [stderr]    Compiling miniz_oxide v0.8.9
[INFO] [stderr]    Compiling rayon v1.11.0
[INFO] [stderr]    Compiling phf_generator v0.11.3
[INFO] [stderr]    Compiling is_ci v1.2.0
[INFO] [stderr]    Compiling pxfm v0.1.28
[INFO] [stderr]    Compiling getrandom v0.2.17
[INFO] [stderr]    Compiling num_cpus v1.17.0
[INFO] [stderr]    Compiling thiserror v2.0.18
[INFO] [stderr]    Compiling alloca v0.4.0
[INFO] [stderr]    Compiling memchr v2.8.0
[INFO] [stderr]    Compiling core_affinity v0.8.3
[INFO] [stderr]    Compiling getrandom v0.4.2
[INFO] [stderr]    Compiling supports-color v3.0.2
[INFO] [stderr]    Compiling flate2 v1.1.9
[INFO] [stderr]    Compiling erydanos v0.2.18
[INFO] [stderr]    Compiling fdeflate v0.3.7
[INFO] [stderr]    Compiling zune-core v0.5.1
[INFO] [stderr]    Compiling fastrand v2.4.1
[INFO] [stderr]    Compiling plain v0.2.3
[INFO] [stderr]    Compiling log v0.4.29
[INFO] [stderr]    Compiling palette v0.7.6
[INFO] [stderr]    Compiling tango-bench v0.7.2
[INFO] [stderr]    Compiling by_address v1.2.1
[INFO] [stderr]    Compiling serde_json v1.0.149
[INFO] [stderr]    Compiling tempfile v3.27.0
[INFO] [stderr]    Compiling zune-jpeg v0.5.15
[INFO] [stderr]    Compiling png v0.18.1
[INFO] [stderr]    Compiling terminal_size v0.4.4
[INFO] [stderr]    Compiling fs4 v0.13.1
[INFO] [stderr]    Compiling sysinfo v0.36.1
[INFO] [stderr]    Compiling moxcms v0.8.1
[INFO] [stderr]    Compiling colorz v1.1.4
[INFO] [stderr]    Compiling zerocopy-derive v0.8.48
[INFO] [stderr]    Compiling bytemuck_derive v1.10.2
[INFO] [stderr]    Compiling archmage-macros v0.9.20
[INFO] [stderr]    Compiling bytemuck v1.25.0
[INFO] [stderr]    Compiling clap_derive v4.6.0
[INFO] [stderr]    Compiling scroll_derive v0.11.1
[INFO] [stderr]    Compiling rgb v0.8.53
[INFO] [stderr]    Compiling scroll v0.11.0
[INFO] [stderr]    Compiling phf_macros v0.11.3
[INFO] [stderr]    Compiling thiserror-impl v1.0.69
[INFO] [stderr]    Compiling archmage v0.9.20
[INFO] [stderr]    Compiling magetypes v0.9.20
[INFO] [stderr]    Compiling serde_derive v1.0.228
[INFO] [stderr]    Compiling clap v4.6.0
[INFO] [stderr]    Compiling thiserror-impl v2.0.18
[INFO] [stderr]    Compiling thiserror v1.0.69
[INFO] [stderr]    Compiling phf v0.11.3
[INFO] [stderr]    Compiling goblin v0.7.1
[INFO] [stderr]    Compiling zenpixels v0.2.10
[INFO] [stderr]    Compiling palette_derive v0.7.6
[INFO] [stderr]    Compiling ppv-lite86 v0.2.21
[INFO] [stderr]    Compiling half v2.7.1
[INFO] [stderr]    Compiling novtb v0.1.7
[INFO] [stderr]    Compiling rand_chacha v0.3.1
[INFO] [stderr]    Compiling serde v1.0.228
[INFO] [stderr]    Compiling colorutils-rs v0.7.6
[INFO] [stderr]    Compiling approx v0.5.1
[INFO] [stderr]    Compiling libloading v0.8.9
[INFO] [stderr]    Compiling fast-srgb8 v1.0.0
[INFO] [stderr]    Compiling byteorder-lite v0.1.0
[INFO] [stderr]    Compiling glob-match v0.2.1
[INFO] [stderr]    Compiling image v0.25.10
[INFO] [stderr]    Compiling zenblend v0.1.2
[INFO] [stderr]    Compiling linear-srgb v0.6.11
[INFO] [stderr]    Compiling pic-scale v0.7.3
[INFO] [stderr]    Compiling zenbench v0.1.5
[INFO] [stderr]    Compiling fast_image_resize v6.0.0
[INFO] [stderr]    Compiling resize v0.8.9
[INFO] [stderr]    Compiling zenlayout v0.2.2
[INFO] [stderr]    Compiling pic-scale-safe v0.1.10
[INFO] [stderr]    Compiling zenresize v0.3.1 (/opt/rustwide/workdir)
[INFO] [stderr]     Finished `release` profile [optimized] target(s) in 33.95s
[INFO] running `Command { std: "docker" "inspect" "8f80dae524f47e24e1fc20726bb05ec7bea70fa7aea4066112351ec6dba6a975", kill_on_drop: false }`
[INFO] running `Command { std: "docker" "exec" "-e" "SOURCE_DIR=/opt/rustwide/workdir" "-e" "CARGO_HOME=/opt/rustwide/cargo-home" "-e" "RUSTUP_HOME=/opt/rustwide/rustup-home" "-e" "CARGO_TARGET_DIR=/opt/rustwide/target" "-e" "CARGO_INCREMENTAL=0" "-e" "RUST_BACKTRACE=full" "-e" "RUSTFLAGS=--cap-lints=warn" "-e" "RUSTDOCFLAGS=--cap-lints=warn" "-w" "/opt/rustwide/workdir" "--user" "0:0" "8f80dae524f47e24e1fc20726bb05ec7bea70fa7aea4066112351ec6dba6a975" "/opt/rustwide/cargo-home/bin/cargo" "+1.99.0-beta.8" "test" "--frozen" "--release", kill_on_drop: false }`
[INFO] [stderr]     Finished `release` profile [optimized] target(s) in 0.12s
[INFO] [stderr]      Running unittests src/lib.rs (/opt/rustwide/target/release/deps/zenresize-cd68fd833c6c8727)
[INFO] [stdout] 
[INFO] [stdout] running 192 tests
[INFO] [stdout] test blur::tests::blur_f32_identity_sigma_near_zero ... ok
[INFO] [stdout] test blur::tests::blur_u8_does_not_panic ... ok
[INFO] [stdout] test blur::tests::gaussian_weight_table_sums_to_one ... ok
[INFO] [stdout] test blur::tests::gaussian_weight_table_symmetric_center ... ok
[INFO] [stdout] test color::tests::test_alpha_premultiply_roundtrip ... ok
[INFO] [stdout] test color::tests::test_i12_row_conversion ... ok
[INFO] [stdout] test color::tests::test_i12_lut_roundtrip ... ok
[INFO] [stdout] test color::tests::test_srgb_u8_roundtrip ... ok
[INFO] [stdout] test color::tests::test_transparent_pixel_unpremultiply ... ok
[INFO] [stdout] test color::tests::test_srgb_space_roundtrip ... ok
[INFO] [stdout] test composite::tests::composite_dispatch_slice_background ... ok
[INFO] [stdout] test composite::tests::composite_dispatch_no_background ... ok
[INFO] [stdout] test composite::tests::composite_dispatch_solid_opaque ... ok
[INFO] [stdout] test composite::tests::non_4ch_is_noop ... ok
[INFO] [stdout] test composite::tests::opaque_fg_ignores_bg ... ok
[INFO] [stdout] test composite::tests::slice_background_fill_row ... ok
[INFO] [stdout] test composite::tests::solid_background_from_srgb ... ok
[INFO] [stdout] test composite::tests::solid_background_white ... ok
[INFO] [stdout] test composite::tests::multi_pixel_composite ... ok
[INFO] [stdout] test composite::tests::solid_background_transparent ... ok
[INFO] [stdout] test composite::tests::no_background_is_transparent ... ok
[INFO] [stdout] test composite::tests::solid_non_opaque_fast_path ... ok
[INFO] [stdout] test composite::tests::streamed_background_push_and_fill ... ok
[INFO] [stdout] test filter::tests::test_all_filters_create ... ok
[INFO] [stdout] test composite::tests::solid_opaque_fast_path ... ok
[INFO] [stdout] test filter::tests::test_box_filter ... ok
[INFO] [stdout] test filter::tests::test_filter_at_zero ... ok
[INFO] [stdout] test composite::tests::transparent_fg_passes_bg ... ok
[INFO] [stdout] test filter::tests::test_filter_outside_window ... ok
[INFO] [stdout] test filter::tests::test_filter_symmetry ... ok
[INFO] [stdout] test filter::tests::test_negative_weight_percentage ... ok
[INFO] [stdout] test composite::tests::semi_transparent_blend ... ok
[INFO] [stdout] test filter::tests::test_lanczos_known_values ... ok
[INFO] [stdout] test fit::tests::cover_returns_target_dims ... ok
[INFO] [stdout] test fit::tests::cover_source_crop_taller_source ... ok
[INFO] [stdout] test fit::tests::cover_source_crop_zero_inputs ... ok
[INFO] [stdout] test fit::tests::defaults ... ok
[INFO] [stdout] test fit::tests::fit_taller_source ... ok
[INFO] [stdout] test fit::tests::fit_snap_to_target ... ok
[INFO] [stdout] test fit::tests::fit_wider_source ... ok
[INFO] [stdout] test filter::tests::test_triangle_filter ... ok
[INFO] [stdout] test fit::tests::never_collapses_to_zero ... ok
[INFO] [stdout] test fit::tests::fit_upscales ... ok
[INFO] [stdout] test fit::tests::cover_source_crop_wider_source ... ok
[INFO] [stdout] test fit::tests::cover_source_crop_exact_aspect ... ok
[INFO] [stdout] test fit::tests::stretch_ignores_aspect ... ok
[INFO] [stdout] test plane::tests::resize_with_stride ... ok
[INFO] [stdout] test plane::tests::reuse_resizer ... ok
[INFO] [stdout] test fit::tests::within_refuses_upscale ... ok
[INFO] [stdout] test plane::tests::upscale_preserves_value ... ok
[INFO] [stdout] test plane::tests::identity_resize ... ok
[INFO] [stdout] test fit::tests::zero_inputs ... ok
[INFO] [stdout] test resize::tests::rejects_premultiplied_input ... ok
[INFO] [stdout] test plane::tests::constant_plane_preserves_value ... ok
[INFO] [stdout] test resize::tests::f32_composite_opaque_bg ... ok
[INFO] [stdout] test resize::tests::solid_opaque_bg_makes_output_opaque ... ok
[INFO] [stdout] test resize::tests::no_background_matches_new ... ok
[INFO] [stdout] test resize::tests::resizer_composite_matches_streaming ... ok
[INFO] [stdout] test resize::tests::test_resize_f32 ... ok
[INFO] [stdout] test resize::tests::test_resize_1x1 ... ok
[INFO] [stdout] test resize::tests::test_resize_constant_color ... ok
[INFO] [stdout] test resize::tests::test_resize_imgref_rgba ... ok
[INFO] [stdout] test resize::tests::test_resize_upscale ... ok
[INFO] [stdout] test resize::tests::test_resize_into_matches_resize ... ok
[INFO] [stdout] test simd::scalar::tests::test_horizontal_convolution_identity ... ok
[INFO] [stdout] test resize::tests::test_resize_with_stride ... ok
[INFO] [stdout] test resize::tests::test_resizer_reuse ... ok
[INFO] [stdout] test simd::scalar::tests::test_vertical_convolution_average ... ok
[INFO] [stdout] test simd::scalar::tests::test_vertical_convolution_single_row ... ok
[INFO] [stdout] test simd::scalar::tests::test_horizontal_downscale ... ok
[INFO] [stdout] test streaming::tests::mask_only_corner_pixels_transparent ... ok
[INFO] [stdout] test streaming::tests::mask_forces_f32_path ... ok
[INFO] [stdout] test streaming::tests::mask_plus_background_white_corners ... ok
[INFO] [stdout] test streaming::tests::no_background_matches_new ... ok
[INFO] [stdout] test streaming::tests::rejects_premultiplied_input ... ok
[INFO] [stdout] test streaming::tests::no_mask_no_background_unchanged ... ok
[INFO] [stdout] test streaming::tests::solid_opaque_bg_makes_output_opaque ... ok
[INFO] [stdout] test streaming::tests::test_background_mut_accessible ... ok
[INFO] [stdout] test streaming::tests::test_bt709_allows_f32_path ... ok
[INFO] [stdout] test streaming::tests::test_builder_defaults ... ok
[INFO] [stdout] test streaming::tests::test_bt709_resize_constant_color ... ok
[INFO] [stdout] test streaming::tests::test_f32_path_for_rgba_linear ... ok
[INFO] [stdout] test streaming::tests::test_f32_path_for_3ch ... ok
[INFO] [stdout] test resize::tests::test_resize_u16_gray ... ok
[INFO] [stdout] test resize::tests::test_resize_u16_constant_color ... ok
[INFO] [stdout] test resize::tests::test_resize_u16_rgb_3ch ... ok
[INFO] [stdout] test resize::tests::test_resize_u16_into_matches_alloc ... ok
[INFO] [stdout] test streaming::tests::test_finish_returns_remaining_count ... ok
[INFO] [stdout] test streaming::tests::test_hlg_forces_f32_path ... ok
[INFO] [stdout] test resize::tests::test_resize_u16_upscale ... ok
[INFO] [stdout] test streaming::tests::test_hlg_resize_constant_color ... ok
[INFO] [stdout] test streaming::tests::test_i16_linear_matches_fullframe ... ok
[INFO] [stdout] test streaming::tests::test_i16_linear_constant_color ... ok
[INFO] [stdout] test streaming::tests::test_i16_srgb_constant_color ... ok
[INFO] [stdout] test streaming::tests::test_i16_linear_path_selected ... ok
[INFO] [stdout] test streaming::tests::test_i16_linear_fallback_heavy_downscale ... ok
[INFO] [stdout] test streaming::tests::test_input_too_short_returns_error ... ok
[INFO] [stdout] test streaming::tests::test_i16_linear_kept_mild_downscale ... ok
[INFO] [stdout] test streaming::tests::test_next_output_row_into ... ok
[INFO] [stdout] test streaming::tests::test_next_output_row_over_matches_with_background ... ok
[INFO] [stdout] test streaming::tests::test_i16_srgb_matches_fullframe ... ok
[INFO] [stdout] test streaming::tests::test_i16_srgb_kept_moderate_downscale ... ok
[INFO] [stdout] test streaming::tests::test_input_output_row_len ... ok
[INFO] [stdout] test streaming::tests::test_orient_dimensions_reporting ... ok
[INFO] [stdout] test streaming::tests::test_orient_identity_passthrough ... ok
[INFO] [stdout] test streaming::tests::test_orient_flip_v ... ok
[INFO] [stdout] test streaming::tests::test_orient_flip_h ... ok
[INFO] [stdout] test streaming::tests::test_i16_srgb_fallback_extreme_downscale ... ok
[INFO] [stdout] test streaming::tests::test_i16_srgb_path_selected ... ok
[INFO] [stdout] test streaming::tests::test_orient_rotate90 ... ok
[INFO] [stdout] test streaming::tests::test_pq_forces_f32_path ... ok
[INFO] [stdout] test streaming::tests::test_output_rows_available_accurate ... ok
[INFO] [stdout] test streaming::tests::test_push_after_finish_returns_error ... ok
[INFO] [stdout] test streaming::tests::test_push_row_f32_with ... ok
[INFO] [stdout] test streaming::tests::test_push_row_i16_linear_matches_push_row ... ok
[INFO] [stdout] test streaming::tests::test_push_row_linear_f32_matches_push_row ... ok
[INFO] [stdout] test streaming::tests::test_pq_resize_streaming_matches_fullframe ... ok
[INFO] [stdout] test streaming::tests::test_streaming_constant_color ... ok
[INFO] [stdout] test streaming::tests::test_streaming_crop_constant_color ... ok
[INFO] [stdout] test streaming::tests::test_streaming_crop_basic ... ok
[INFO] [stdout] test streaming::tests::test_premul_linear_f32_output ... ok
[INFO] [stdout] test streaming::tests::test_push_row_i16_srgb_matches_push_row ... ok
[INFO] [stdout] test streaming::tests::test_streaming_crop_and_padding ... ok
[INFO] [stdout] test streaming::tests::test_streaming_crop_no_resize ... ok
[INFO] [stdout] test streaming::tests::test_streaming_crop_validation ... ok
[INFO] [stdout] test streaming::tests::test_streaming_padding_basic ... ok
[INFO] [stdout] test streaming::tests::test_streaming_padding_f32_output ... ok
[INFO] [stdout] test streaming::tests::test_streaming_padding_no_resize ... ok
[INFO] [stdout] test streaming::tests::test_streaming_padding_top_available_immediately ... ok
[INFO] [stdout] test streaming::tests::test_streaming_produces_correct_row_count ... ok
[INFO] [stdout] test streaming::tests::test_streaming_upscale ... ok
[INFO] [stdout] test streaming::tests::test_streaming_u16_rgb_3ch ... ok
[INFO] [stdout] test streaming::tests::test_streaming_same_size ... ok
[INFO] [stdout] test streaming::tests::test_streaming_u16_matches_fullframe ... ok
[INFO] [stdout] test streaming::tests::test_streaming_u16_constant_color ... ok
[INFO] [stdout] test streaming::tests::test_working_format_f32 ... ok
[INFO] [stdout] test streaming::tests::test_working_format_i16_linear ... ok
[INFO] [stdout] test streaming::tests::test_working_format_i16_srgb ... ok
[INFO] [stdout] test streaming::tests::transparent_background_matches_no_background ... ok
[INFO] [stdout] test transfer::tests::bt709_endpoints ... ok
[INFO] [stdout] test transfer::tests::cicp_transfer_unknown_codes ... ok
[INFO] [stdout] test transfer::tests::hlg_monotonic ... ok
[INFO] [stdout] test transfer::tests::no_alpha_3ch_roundtrip ... ok
[INFO] [stdout] test transfer::tests::no_transfer_identity ... ok
[INFO] [stdout] test transfer::tests::bt709_roundtrip_u8 ... ok
[INFO] [stdout] test transfer::tests::bt709_monotonic ... ok
[INFO] [stdout] test streaming::tests::test_push_rows_batch_matches_single ... ok
[INFO] [stdout] test transfer::tests::cicp_transfer_known_codes ... ok
[INFO] [stdout] test transfer::tests::hlg_endpoints ... ok
[INFO] [stdout] test transfer::tests::hlg_roundtrip_u8 ... ok
[INFO] [stdout] test transfer::tests::no_transfer_roundtrip_u8 ... ok
[INFO] [stdout] test transfer::tests::pq_endpoints ... ok
[INFO] [stdout] test transfer::tests::pq_monotonic ... ok
[INFO] [stdout] test transfer::tests::pq_roundtrip_u8 ... ok
[INFO] [stdout] test transfer::tests::srgb_i12_matches_existing ... ok
[INFO] [stdout] test transfer::tests::srgb_roundtrip_u16 ... ok
[INFO] [stdout] test transfer::tests::srgb_not_identity ... ok
[INFO] [stdout] test transfer::tests::srgb_scalar_matches_lut ... ok
[INFO] [stdout] test transfer::tests::srgb_roundtrip_u8 ... ok
[INFO] [stdout] test transfer::tests::srgb_u8_premul_unpremul_roundtrip ... ok
[INFO] [stdout] test transfer::tests::srgb_u8_to_f32_with_alpha ... ok
[INFO] [stdout] test weights::tests::f32_weight_table_sharpen_matches_imageflow ... ok
[INFO] [stdout] test weights::tests::f32_weight_table_matches_imageflow_within_tolerance ... ok
[INFO] [stdout] test weights::tests::lobe_ratio_flatten_zeroes_negatives ... ok
[INFO] [stdout] test weights::tests::lobe_ratio_amplifies_negative_lobes ... ok
[INFO] [stdout] test weights::tests::test_downscale_weights ... ok
[INFO] [stdout] test weights::tests::lobe_ratio_none_matches_default ... ok
[INFO] [stdout] test weights::tests::lobe_ratio_on_all_positive_filter_is_noop ... ok
[INFO] [stdout] test weights::tests::test_edge_handling ... ok
[INFO] [stdout] test weights::tests::test_f32_weight_table_basic ... ok
[INFO] [stdout] test weights::tests::test_i16_weight_table_basic ... ok
[INFO] [stdout] test weights::tests::test_imageflow_parity_downscale ... ok
[INFO] [stdout] test weights::tests::test_no_zero_weights_in_output ... ok
[INFO] [stdout] test weights::tests::test_upscale_weights ... ok
[INFO] [stdout] test working::tests::cmyk_4ch_no_alpha ... ok
[INFO] [stdout] test weights::tests::lobe_ratio_reduces_negative_lobes ... ok
[INFO] [stdout] test working::tests::from_working_f32work_to_u16_srgb ... ok
[INFO] [stdout] test working::tests::f32work_builds_f32_weights ... ok
[INFO] [stdout] test working::tests::i16work_builds_i16_weights ... ok
[INFO] [stdout] test working::tests::into_working_u16_to_f32work_srgb ... ok
[INFO] [stdout] test working::tests::into_working_u8_to_i16work_srgb ... ok
[INFO] [stdout] test working::tests::into_working_u8_to_f32work_srgb ... ok
[INFO] [stdout] test working::tests::into_working_u8_to_u8work ... ok
[INFO] [stdout] test working::tests::roundtrip_u16_f32work_srgb ... ok
[INFO] [stdout] test working::tests::roundtrip_u8_f32work_srgb ... ok
[INFO] [stdout] test working::tests::u8work_builds_i16_weights ... ok
[INFO] [stdout] test working::tests::no_alpha_rgb_3ch ... ok
[INFO] [stdout] test working::tests::from_working_u8work_to_u8 ... ok
[INFO] [stdout] test weights::tests::weights_match_imageflow_reference ... ok
[INFO] [stdout] test weights::tests::i16_weights_max_deviation_from_f64 ... ok
[INFO] [stdout] test weights::tests::i16_weights_sum_correctly_at_high_tap_counts ... ok
[INFO] [stdout] test weights::tests::weights_params_match_imageflow_reference ... ok
[INFO] [stdout] 
[INFO] [stdout] test result: ok. 192 passed; 0 failed; 0 ignored; 0 measured; 0 filtered out; finished in 0.02s
[INFO] [stdout] 
[INFO] [stderr]      Running tests/alpha_transition_zone.rs (/opt/rustwide/target/release/deps/alpha_transition_zone-f531ad8ff2c6d759)
[INFO] [stdout] 
[INFO] [stdout] running 1 test
[INFO] [stdout] test analyze_transition_zones ... ok
[INFO] [stdout] 
[INFO] [stdout] test result: ok. 1 passed; 0 failed; 0 ignored; 0 measured; 0 filtered out; finished in 0.01s
[INFO] [stdout] 
[INFO] [stderr]      Running tests/cross_format.rs (/opt/rustwide/target/release/deps/cross_format-c6bf23c38bac5bc8)
[INFO] [stdout] 
[INFO] [stdout] running 23 tests
[INFO] [stdout] test cross_f32_to_u16 ... ok
[INFO] [stdout] test cross_f32_to_u8 ... ok
[INFO] [stdout] test cross_u8_to_f32 ... ok
[INFO] [stdout] test into_matches_alloc_f32_to_u8 ... ok
[INFO] [stdout] test cross_u8_to_u16 ... ok
[INFO] [stdout] test roundtrip_u8_f32_u8 ... ok
[INFO] [stdout] test into_matches_alloc_u8_to_f32 ... ok
[INFO] [stdout] test same_format_f32_linear ... ok
[INFO] [stdout] test same_format_u8_srgb ... ok
[INFO] [stdout] test streaming_matches_fullframe_u8_to_f32 ... ok
[INFO] [stdout] test tf_linear_input_srgb_encode ... ok
[INFO] [stdout] test tf_srgb_decode_linear_output ... ok
[INFO] [stdout] test tf_none_decode_srgb_encode_shifts_brightness ... ok
[INFO] [stdout] test tf_u16_none_to_u8_none ... ok
[INFO] [stdout] test roundtrip_u8_u16_u8 ... ok
[INFO] [stdout] test cross_u16_to_f32 ... ok
[INFO] [stdout] test cross_u16_to_u8 ... ok
[INFO] [stdout] test tf_u16_srgb_to_u8_srgb ... ok
[INFO] [stdout] test same_format_u16_encoded ... ok
[INFO] [stdout] test streaming_matches_fullframe_u16_to_u8 ... ok
[INFO] [stdout] test all_9_pairs_smoke_test ... ok
[INFO] [stdout] test transfer_matrix_u16_to_u16 ... ok
[INFO] [stdout] test transfer_matrix_u8_to_u8 ... ok
[INFO] [stdout] 
[INFO] [stdout] test result: ok. 23 passed; 0 failed; 0 ignored; 0 measured; 0 filtered out; finished in 0.00s
[INFO] [stdout] 
[INFO] [stderr]      Running tests/dispatch_tiers.rs (/opt/rustwide/target/release/deps/dispatch_tiers-951cbf3e17375439)
[INFO] [stdout] 
[INFO] [stdout] running 3 tests
[INFO] [stdout] test dispatch_all_tiers_constant_color ... ok
[INFO] [stdout] test dispatch_all_tiers_gradient ... ok
[INFO] [stdout] test dispatch_all_tiers_upscale ... ok
[INFO] [stdout] 
[INFO] [stdout] test result: ok. 3 passed; 0 failed; 0 ignored; 0 measured; 0 filtered out; finished in 0.00s
[INFO] [stdout] 
[INFO] [stderr]      Running tests/golden_outputs.rs (/opt/rustwide/target/release/deps/golden_outputs-8a55057a533599c0)
[INFO] [stdout] 
[INFO] [stdout] running 21 tests
[INFO] [stdout] test golden_filters ... FAILED
[INFO] [stdout] test golden_gray_downscale ... FAILED
[INFO] [stdout] test golden_path0_srgb_i16_identity ... FAILED
[INFO] [stdout] test golden_path0_with_alpha ... FAILED
[INFO] [stdout] test golden_path0_srgb_i16_downscale ... FAILED
[INFO] [stdout] test golden_path0_srgb_i16_upscale ... FAILED
[INFO] [stdout] test golden_nonsquare ... FAILED
[INFO] [stdout] test golden_path1_linear_i16_downscale ... FAILED
[INFO] [stdout] test golden_path1_linear_i16_upscale ... FAILED
[INFO] [stdout] test golden_print_checksums ... ok
[INFO] [stdout] test golden_path2_f32_u8io_downscale ... FAILED
[INFO] [stdout] test golden_path2_with_alpha ... FAILED
[INFO] [stdout] test golden_rgb_downscale ... FAILED
[INFO] [stdout] test golden_path3_f32_native_downscale ... FAILED
[INFO] [stdout] test golden_path2_f32_u8io_upscale ... FAILED
[INFO] [stdout] test golden_streaming_matches_fullframe_path2 ... ok
[INFO] [stdout] test golden_path3_f32_native_upscale ... FAILED
[INFO] [stdout] test golden_u16_gray_downscale ... FAILED
[INFO] [stdout] test golden_u16_rgb_downscale ... FAILED
[INFO] [stdout] test golden_u16_rgba_downscale ... FAILED
[INFO] [stdout] test golden_u16_rgba_upscale ... FAILED
[INFO] [stdout] 
[INFO] [stdout] failures:
[INFO] [stdout] 
[INFO] [stdout] ---- golden_filters stdout ----
[INFO] [stdout] 
[INFO] [stdout] thread 'golden_filters' (2475) panicked at tests/golden_outputs.rs:153:34:
[INFO] [stdout] called `Result::unwrap()` on an `Err` value: Os { code: 30, kind: ReadOnlyFilesystem, message: "Read-only file system" }
[INFO] [stdout] stack backtrace:
[INFO] [stdout]    0:     0x60c98ca35eb1 - <<std[70759c8f55707aa4]::sys::backtrace::BacktraceLock>::print::DisplayBacktrace as core[df12db4294e9bfd3]::fmt::Display>::fmt
[INFO] [stdout]    1:     0x60c98ca4aa8a - core[df12db4294e9bfd3]::fmt::write
[INFO] [stdout]    2:     0x60c98ca3a61c - <alloc[2182bb758b4b3781]::vec::Vec<u8> as core[df12db4294e9bfd3]::io::write::Write>::write_fmt
[INFO] [stdout]    3:     0x60c98ca11156 - std[70759c8f55707aa4]::panicking::default_hook::{closure#0}
[INFO] [stderr] error: test failed, to rerun pass `--test golden_outputs`
[INFO] [stdout]    4:     0x60c98ca2def9 - std[70759c8f55707aa4]::panicking::default_hook
[INFO] [stdout]    5:     0x60c98c9aa360 - test[9d35eded1c95d3be]::test_main_inner::<test[9d35eded1c95d3be]::test_main_static::{closure#0}>::{closure#0}
[INFO] [stdout]    6:     0x60c98ca2e0b2 - std[70759c8f55707aa4]::panicking::panic_with_hook
[INFO] [stdout]    7:     0x60c98ca11202 - std[70759c8f55707aa4]::panicking::panic_handler::{closure#0}
[INFO] [stdout]    8:     0x60c98ca09c39 - std[70759c8f55707aa4]::sys::backtrace::__rust_end_short_backtrace::<std[70759c8f55707aa4]::panicking::panic_handler::{closure#0}, !>
[INFO] [stdout]    9:     0x60c98ca11dfd - __rustc[8fa7c3cbc660c2b3]::rust_begin_unwind
[INFO] [stdout]   10:     0x60c98ca4b1bc - core[df12db4294e9bfd3]::panicking::panic_fmt
[INFO] [stdout]   11:     0x60c98ca4af92 - core[df12db4294e9bfd3]::result::unwrap_failed
[INFO] [stdout]   12:     0x60c98c9951be - golden_outputs[9281710ea1db23fa]::check_golden
[INFO] [stdout]   13:     0x60c98c996c36 - <golden_outputs[9281710ea1db23fa]::golden_filters::{closure#0} as core[df12db4294e9bfd3]::ops::function::FnOnce<()>>::call_once
[INFO] [stdout]   14:     0x60c98c99d64b - test[9d35eded1c95d3be]::__rust_begin_short_backtrace::<core[df12db4294e9bfd3]::result::Result<(), alloc[2182bb758b4b3781]::string::String>, fn() -> core[df12db4294e9bfd3]::result::Result<(), alloc[2182bb758b4b3781]::string::String>>
[INFO] [stdout]   15:     0x60c98c9aacb5 - test[9d35eded1c95d3be]::run_test::{closure#0}
[INFO] [stdout]   16:     0x60c98c9a4574 - std[70759c8f55707aa4]::sys::backtrace::__rust_begin_short_backtrace::<test[9d35eded1c95d3be]::run_test::{closure#1}, ()>
[INFO] [stdout]   17:     0x60c98c9ade12 - <std[70759c8f55707aa4]::thread::lifecycle::spawn_unchecked<test[9d35eded1c95d3be]::run_test::{closure#1}, ()>::{closure#1} as core[df12db4294e9bfd3]::ops::function::FnOnce<()>>::call_once::{shim:vtable#0}
[INFO] [stdout]   18:     0x60c98ca35279 - <std[70759c8f55707aa4]::sys::thread::unix::Thread>::new::thread_start
[INFO] [stdout]   19:     0x71d608a0cdfa - <unknown>
[INFO] [stdout]   20:     0x71d608aa03d4 - clone
[INFO] [stdout]   21:                0x0 - <unknown>
[INFO] [stdout] 
[INFO] [stdout] ---- golden_gray_downscale stdout ----
[INFO] [stdout] 
[INFO] [stdout] thread 'golden_gray_downscale' (2476) panicked at tests/golden_outputs.rs:153:34:
[INFO] [stdout] called `Result::unwrap()` on an `Err` value: Os { code: 30, kind: ReadOnlyFilesystem, message: "Read-only file system" }
[INFO] [stdout] stack backtrace:
[INFO] [stdout]    0:     0x60c98ca35eb1 - <<std[70759c8f55707aa4]::sys::backtrace::BacktraceLock>::print::DisplayBacktrace as core[df12db4294e9bfd3]::fmt::Display>::fmt
[INFO] [stdout]    1:     0x60c98ca4aa8a - core[df12db4294e9bfd3]::fmt::write
[INFO] [stdout]    2:     0x60c98ca3a61c - <alloc[2182bb758b4b3781]::vec::Vec<u8> as core[df12db4294e9bfd3]::io::write::Write>::write_fmt
[INFO] [stdout]    3:     0x60c98ca11156 - std[70759c8f55707aa4]::panicking::default_hook::{closure#0}
[INFO] [stdout]    4:     0x60c98ca2def9 - std[70759c8f55707aa4]::panicking::default_hook
[INFO] [stdout]    5:     0x60c98c9aa360 - test[9d35eded1c95d3be]::test_main_inner::<test[9d35eded1c95d3be]::test_main_static::{closure#0}>::{closure#0}
[INFO] [stdout]    6:     0x60c98ca2e0b2 - std[70759c8f55707aa4]::panicking::panic_with_hook
[INFO] [stdout]    7:     0x60c98ca11202 - std[70759c8f55707aa4]::panicking::panic_handler::{closure#0}
[INFO] [stdout]    8:     0x60c98ca09c39 - std[70759c8f55707aa4]::sys::backtrace::__rust_end_short_backtrace::<std[70759c8f55707aa4]::panicking::panic_handler::{closure#0}, !>
[INFO] [stdout]    9:     0x60c98ca11dfd - __rustc[8fa7c3cbc660c2b3]::rust_begin_unwind
[INFO] [stdout]   10:     0x60c98ca4b1bc - core[df12db4294e9bfd3]::panicking::panic_fmt
[INFO] [stdout]   11:     0x60c98ca4af92 - core[df12db4294e9bfd3]::result::unwrap_failed
[INFO] [stdout]   12:     0x60c98c9951be - golden_outputs[9281710ea1db23fa]::check_golden
[INFO] [stdout]   13:     0x60c98c9972ae - <golden_outputs[9281710ea1db23fa]::golden_gray_downscale::{closure#0} as core[df12db4294e9bfd3]::ops::function::FnOnce<()>>::call_once
[INFO] [stdout]   14:     0x60c98c99d64b - test[9d35eded1c95d3be]::__rust_begin_short_backtrace::<core[df12db4294e9bfd3]::result::Result<(), alloc[2182bb758b4b3781]::string::String>, fn() -> core[df12db4294e9bfd3]::result::Result<(), alloc[2182bb758b4b3781]::string::String>>
[INFO] [stdout]   15:     0x60c98c9aacb5 - test[9d35eded1c95d3be]::run_test::{closure#0}
[INFO] [stdout]   16:     0x60c98c9a4574 - std[70759c8f55707aa4]::sys::backtrace::__rust_begin_short_backtrace::<test[9d35eded1c95d3be]::run_test::{closure#1}, ()>
[INFO] [stdout]   17:     0x60c98c9ade12 - <std[70759c8f55707aa4]::thread::lifecycle::spawn_unchecked<test[9d35eded1c95d3be]::run_test::{closure#1}, ()>::{closure#1} as core[df12db4294e9bfd3]::ops::function::FnOnce<()>>::call_once::{shim:vtable#0}
[INFO] [stdout]   18:     0x60c98ca35279 - <std[70759c8f55707aa4]::sys::thread::unix::Thread>::new::thread_start
[INFO] [stdout]   19:     0x71d608a0cdfa - <unknown>
[INFO] [stdout]   20:     0x71d608aa03d4 - clone
[INFO] [stdout]   21:                0x0 - <unknown>
[INFO] [stdout] 
[INFO] [stdout] ---- golden_path0_srgb_i16_identity stdout ----
[INFO] [stdout] 
[INFO] [stdout] thread 'golden_path0_srgb_i16_identity' (2479) panicked at tests/golden_outputs.rs:153:34:
[INFO] [stdout] called `Result::unwrap()` on an `Err` value: Os { code: 30, kind: ReadOnlyFilesystem, message: "Read-only file system" }
[INFO] [stdout] stack backtrace:
[INFO] [stdout]    0:     0x60c98ca35eb1 - <<std[70759c8f55707aa4]::sys::backtrace::BacktraceLock>::print::DisplayBacktrace as core[df12db4294e9bfd3]::fmt::Display>::fmt
[INFO] [stdout]    1:     0x60c98ca4aa8a - core[df12db4294e9bfd3]::fmt::write
[INFO] [stdout]    2:     0x60c98ca3a61c - <alloc[2182bb758b4b3781]::vec::Vec<u8> as core[df12db4294e9bfd3]::io::write::Write>::write_fmt
[INFO] [stdout]    3:     0x60c98ca11156 - std[70759c8f55707aa4]::panicking::default_hook::{closure#0}
[INFO] [stdout]    4:     0x60c98ca2def9 - std[70759c8f55707aa4]::panicking::default_hook
[INFO] [stdout]    5:     0x60c98c9aa360 - test[9d35eded1c95d3be]::test_main_inner::<test[9d35eded1c95d3be]::test_main_static::{closure#0}>::{closure#0}
[INFO] [stdout]    6:     0x60c98ca2e0b2 - std[70759c8f55707aa4]::panicking::panic_with_hook
[INFO] [stdout]    7:     0x60c98ca11202 - std[70759c8f55707aa4]::panicking::panic_handler::{closure#0}
[INFO] [stdout]    8:     0x60c98ca09c39 - std[70759c8f55707aa4]::sys::backtrace::__rust_end_short_backtrace::<std[70759c8f55707aa4]::panicking::panic_handler::{closure#0}, !>
[INFO] [stdout]    9:     0x60c98ca11dfd - __rustc[8fa7c3cbc660c2b3]::rust_begin_unwind
[INFO] [stdout]   10:     0x60c98ca4b1bc - core[df12db4294e9bfd3]::panicking::panic_fmt
[INFO] [stdout]   11:     0x60c98ca4af92 - core[df12db4294e9bfd3]::result::unwrap_failed
[INFO] [stdout]   12:     0x60c98c9951be - golden_outputs[9281710ea1db23fa]::check_golden
[INFO] [stdout]   13:     0x60c98c998c1c - <golden_outputs[9281710ea1db23fa]::golden_path0_srgb_i16_identity::{closure#0} as core[df12db4294e9bfd3]::ops::function::FnOnce<()>>::call_once
[INFO] [stdout]   14:     0x60c98c99d64b - test[9d35eded1c95d3be]::__rust_begin_short_backtrace::<core[df12db4294e9bfd3]::result::Result<(), alloc[2182bb758b4b3781]::string::String>, fn() -> core[df12db4294e9bfd3]::result::Result<(), alloc[2182bb758b4b3781]::string::String>>
[INFO] [stdout]   15:     0x60c98c9aacb5 - test[9d35eded1c95d3be]::run_test::{closure#0}
[INFO] [stdout]   16:     0x60c98c9a4574 - std[70759c8f55707aa4]::sys::backtrace::__rust_begin_short_backtrace::<test[9d35eded1c95d3be]::run_test::{closure#1}, ()>
[INFO] [stdout]   17:     0x60c98c9ade12 - <std[70759c8f55707aa4]::thread::lifecycle::spawn_unchecked<test[9d35eded1c95d3be]::run_test::{closure#1}, ()>::{closure#1} as core[df12db4294e9bfd3]::ops::function::FnOnce<()>>::call_once::{shim:vtable#0}
[INFO] [stdout]   18:     0x60c98ca35279 - <std[70759c8f55707aa4]::sys::thread::unix::Thread>::new::thread_start
[INFO] [stdout]   19:     0x71d608a0cdfa - <unknown>
[INFO] [stdout]   20:     0x71d608aa03d4 - clone
[INFO] [stdout]   21:                0x0 - <unknown>
[INFO] [stdout] 
[INFO] [stdout] ---- golden_path0_with_alpha stdout ----
[INFO] [stdout] 
[INFO] [stdout] thread 'golden_path0_with_alpha' (2481) panicked at tests/golden_outputs.rs:153:34:
[INFO] [stdout] called `Result::unwrap()` on an `Err` value: Os { code: 30, kind: ReadOnlyFilesystem, message: "Read-only file system" }
[INFO] [stdout] stack backtrace:
[INFO] [stdout]    0:     0x60c98ca35eb1 - <<std[70759c8f55707aa4]::sys::backtrace::BacktraceLock>::print::DisplayBacktrace as core[df12db4294e9bfd3]::fmt::Display>::fmt
[INFO] [stdout]    1:     0x60c98ca4aa8a - core[df12db4294e9bfd3]::fmt::write
[INFO] [stdout]    2:     0x60c98ca3a61c - <alloc[2182bb758b4b3781]::vec::Vec<u8> as core[df12db4294e9bfd3]::io::write::Write>::write_fmt
[INFO] [stdout]    3:     0x60c98ca11156 - std[70759c8f55707aa4]::panicking::default_hook::{closure#0}
[INFO] [stdout]    4:     0x60c98ca2def9 - std[70759c8f55707aa4]::panicking::default_hook
[INFO] [stdout]    5:     0x60c98c9aa360 - test[9d35eded1c95d3be]::test_main_inner::<test[9d35eded1c95d3be]::test_main_static::{closure#0}>::{closure#0}
[INFO] [stdout]    6:     0x60c98ca2e0b2 - std[70759c8f55707aa4]::panicking::panic_with_hook
[INFO] [stdout]    7:     0x60c98ca11202 - std[70759c8f55707aa4]::panicking::panic_handler::{closure#0}
[INFO] [stdout]    8:     0x60c98ca09c39 - std[70759c8f55707aa4]::sys::backtrace::__rust_end_short_backtrace::<std[70759c8f55707aa4]::panicking::panic_handler::{closure#0}, !>
[INFO] [stdout]    9:     0x60c98ca11dfd - __rustc[8fa7c3cbc660c2b3]::rust_begin_unwind
[INFO] [stdout]   10:     0x60c98ca4b1bc - core[df12db4294e9bfd3]::panicking::panic_fmt
[INFO] [stdout]   11:     0x60c98ca4af92 - core[df12db4294e9bfd3]::result::unwrap_failed
[INFO] [stdout]   12:     0x60c98c9951be - golden_outputs[9281710ea1db23fa]::check_golden
[INFO] [stdout]   13:     0x60c98c997aad - <golden_outputs[9281710ea1db23fa]::golden_path0_with_alpha::{closure#0} as core[df12db4294e9bfd3]::ops::function::FnOnce<()>>::call_once
[INFO] [stdout]   14:     0x60c98c99d64b - test[9d35eded1c95d3be]::__rust_begin_short_backtrace::<core[df12db4294e9bfd3]::result::Result<(), alloc[2182bb758b4b3781]::string::String>, fn() -> core[df12db4294e9bfd3]::result::Result<(), alloc[2182bb758b4b3781]::string::String>>
[INFO] [stdout]   15:     0x60c98c9aacb5 - test[9d35eded1c95d3be]::run_test::{closure#0}
[INFO] [stdout]   16:     0x60c98c9a4574 - std[70759c8f55707aa4]::sys::backtrace::__rust_begin_short_backtrace::<test[9d35eded1c95d3be]::run_test::{closure#1}, ()>
[INFO] [stdout]   17:     0x60c98c9ade12 - <std[70759c8f55707aa4]::thread::lifecycle::spawn_unchecked<test[9d35eded1c95d3be]::run_test::{closure#1}, ()>::{closure#1} as core[df12db4294e9bfd3]::ops::function::FnOnce<()>>::call_once::{shim:vtable#0}
[INFO] [stdout]   18:     0x60c98ca35279 - <std[70759c8f55707aa4]::sys::thread::unix::Thread>::new::thread_start
[INFO] [stdout]   19:     0x71d608a0cdfa - <unknown>
[INFO] [stdout]   20:     0x71d608aa03d4 - clone
[INFO] [stdout]   21:                0x0 - <unknown>
[INFO] [stdout] 
[INFO] [stdout] ---- golden_path0_srgb_i16_downscale stdout ----
[INFO] [stdout] 
[INFO] [stdout] thread 'golden_path0_srgb_i16_downscale' (2478) panicked at tests/golden_outputs.rs:153:34:
[INFO] [stdout] called `Result::unwrap()` on an `Err` value: Os { code: 30, kind: ReadOnlyFilesystem, message: "Read-only file system" }
[INFO] [stdout] stack backtrace:
[INFO] [stdout]    0:     0x60c98ca35eb1 - <<std[70759c8f55707aa4]::sys::backtrace::BacktraceLock>::print::DisplayBacktrace as core[df12db4294e9bfd3]::fmt::Display>::fmt
[INFO] [stdout]    1:     0x60c98ca4aa8a - core[df12db4294e9bfd3]::fmt::write
[INFO] [stdout]    2:     0x60c98ca3a61c - <alloc[2182bb758b4b3781]::vec::Vec<u8> as core[df12db4294e9bfd3]::io::write::Write>::write_fmt
[INFO] [stdout]    3:     0x60c98ca11156 - std[70759c8f55707aa4]::panicking::default_hook::{closure#0}
[INFO] [stdout]    4:     0x60c98ca2def9 - std[70759c8f55707aa4]::panicking::default_hook
[INFO] [stdout]    5:     0x60c98c9aa360 - test[9d35eded1c95d3be]::test_main_inner::<test[9d35eded1c95d3be]::test_main_static::{closure#0}>::{closure#0}
[INFO] [stdout]    6:     0x60c98ca2e0b2 - std[70759c8f55707aa4]::panicking::panic_with_hook
[INFO] [stdout]    7:     0x60c98ca11202 - std[70759c8f55707aa4]::panicking::panic_handler::{closure#0}
[INFO] [stdout]    8:     0x60c98ca09c39 - std[70759c8f55707aa4]::sys::backtrace::__rust_end_short_backtrace::<std[70759c8f55707aa4]::panicking::panic_handler::{closure#0}, !>
[INFO] [stdout]    9:     0x60c98ca11dfd - __rustc[8fa7c3cbc660c2b3]::rust_begin_unwind
[INFO] [stdout]   10:     0x60c98ca4b1bc - core[df12db4294e9bfd3]::panicking::panic_fmt
[INFO] [stdout]   11:     0x60c98ca4af92 - core[df12db4294e9bfd3]::result::unwrap_failed
[INFO] [stdout]   12:     0x60c98c9951be - golden_outputs[9281710ea1db23fa]::check_golden
[INFO] [stdout]   13:     0x60c98c998dbc - <golden_outputs[9281710ea1db23fa]::golden_path0_srgb_i16_downscale::{closure#0} as core[df12db4294e9bfd3]::ops::function::FnOnce<()>>::call_once
[INFO] [stdout]   14:     0x60c98c99d64b - test[9d35eded1c95d3be]::__rust_begin_short_backtrace::<core[df12db4294e9bfd3]::result::Result<(), alloc[2182bb758b4b3781]::string::String>, fn() -> core[df12db4294e9bfd3]::result::Result<(), alloc[2182bb758b4b3781]::string::String>>
[INFO] [stdout]   15:     0x60c98c9aacb5 - test[9d35eded1c95d3be]::run_test::{closure#0}
[INFO] [stdout]   16:     0x60c98c9a4574 - std[70759c8f55707aa4]::sys::backtrace::__rust_begin_short_backtrace::<test[9d35eded1c95d3be]::run_test::{closure#1}, ()>
[INFO] [stdout]   17:     0x60c98c9ade12 - <std[70759c8f55707aa4]::thread::lifecycle::spawn_unchecked<test[9d35eded1c95d3be]::run_test::{closure#1}, ()>::{closure#1} as core[df12db4294e9bfd3]::ops::function::FnOnce<()>>::call_once::{shim:vtable#0}
[INFO] [stdout]   18:     0x60c98ca35279 - <std[70759c8f55707aa4]::sys::thread::unix::Thread>::new::thread_start
[INFO] [stdout]   19:     0x71d608a0cdfa - <unknown>
[INFO] [stdout]   20:     0x71d608aa03d4 - clone
[INFO] [stdout]   21:                0x0 - <unknown>
[INFO] [stdout] 
[INFO] [stdout] ---- golden_path0_srgb_i16_upscale stdout ----
[INFO] [stdout] 
[INFO] [stdout] thread 'golden_path0_srgb_i16_upscale' (2480) panicked at tests/golden_outputs.rs:153:34:
[INFO] [stdout] called `Result::unwrap()` on an `Err` value: Os { code: 30, kind: ReadOnlyFilesystem, message: "Read-only file system" }
[INFO] [stdout] stack backtrace:
[INFO] [stdout]    0:     0x60c98ca35eb1 - <<std[70759c8f55707aa4]::sys::backtrace::BacktraceLock>::print::DisplayBacktrace as core[df12db4294e9bfd3]::fmt::Display>::fmt
[INFO] [stdout]    1:     0x60c98ca4aa8a - core[df12db4294e9bfd3]::fmt::write
[INFO] [stdout]    2:     0x60c98ca3a61c - <alloc[2182bb758b4b3781]::vec::Vec<u8> as core[df12db4294e9bfd3]::io::write::Write>::write_fmt
[INFO] [stdout]    3:     0x60c98ca11156 - std[70759c8f55707aa4]::panicking::default_hook::{closure#0}
[INFO] [stdout]    4:     0x60c98ca2def9 - std[70759c8f55707aa4]::panicking::default_hook
[INFO] [stdout]    5:     0x60c98c9aa360 - test[9d35eded1c95d3be]::test_main_inner::<test[9d35eded1c95d3be]::test_main_static::{closure#0}>::{closure#0}
[INFO] [stdout]    6:     0x60c98ca2e0b2 - std[70759c8f55707aa4]::panicking::panic_with_hook
[INFO] [stdout]    7:     0x60c98ca11202 - std[70759c8f55707aa4]::panicking::panic_handler::{closure#0}
[INFO] [stdout]    8:     0x60c98ca09c39 - std[70759c8f55707aa4]::sys::backtrace::__rust_end_short_backtrace::<std[70759c8f55707aa4]::panicking::panic_handler::{closure#0}, !>
[INFO] [stdout]    9:     0x60c98ca11dfd - __rustc[8fa7c3cbc660c2b3]::rust_begin_unwind
[INFO] [stdout]   10:     0x60c98ca4b1bc - core[df12db4294e9bfd3]::panicking::panic_fmt
[INFO] [stdout]   11:     0x60c98ca4af92 - core[df12db4294e9bfd3]::result::unwrap_failed
[INFO] [stdout]   12:     0x60c98c9951be - golden_outputs[9281710ea1db23fa]::check_golden
[INFO] [stdout]   13:     0x60c98c9988dc - <golden_outputs[9281710ea1db23fa]::golden_path0_srgb_i16_upscale::{closure#0} as core[df12db4294e9bfd3]::ops::function::FnOnce<()>>::call_once
[INFO] [stdout]   14:     0x60c98c99d64b - test[9d35eded1c95d3be]::__rust_begin_short_backtrace::<core[df12db4294e9bfd3]::result::Result<(), alloc[2182bb758b4b3781]::string::String>, fn() -> core[df12db4294e9bfd3]::result::Result<(), alloc[2182bb758b4b3781]::string::String>>
[INFO] [stdout]   15:     0x60c98c9aacb5 - test[9d35eded1c95d3be]::run_test::{closure#0}
[INFO] [stdout]   16:     0x60c98c9a4574 - std[70759c8f55707aa4]::sys::backtrace::__rust_begin_short_backtrace::<test[9d35eded1c95d3be]::run_test::{closure#1}, ()>
[INFO] [stdout]   17:     0x60c98c9ade12 - <std[70759c8f55707aa4]::thread::lifecycle::spawn_unchecked<test[9d35eded1c95d3be]::run_test::{closure#1}, ()>::{closure#1} as core[df12db4294e9bfd3]::ops::function::FnOnce<()>>::call_once::{shim:vtable#0}
[INFO] [stdout]   18:     0x60c98ca35279 - <std[70759c8f55707aa4]::sys::thread::unix::Thread>::new::thread_start
[INFO] [stdout]   19:     0x71d608a0cdfa - <unknown>
[INFO] [stdout]   20:     0x71d608aa03d4 - clone
[INFO] [stdout]   21:                0x0 - <unknown>
[INFO] [stdout] 
[INFO] [stdout] ---- golden_nonsquare stdout ----
[INFO] [stdout] 
[INFO] [stdout] thread 'golden_nonsquare' (2477) panicked at tests/golden_outputs.rs:153:34:
[INFO] [stdout] called `Result::unwrap()` on an `Err` value: Os { code: 30, kind: ReadOnlyFilesystem, message: "Read-only file system" }
[INFO] [stdout] stack backtrace:
[INFO] [stdout]    0:     0x60c98ca35eb1 - <<std[70759c8f55707aa4]::sys::backtrace::BacktraceLock>::print::DisplayBacktrace as core[df12db4294e9bfd3]::fmt::Display>::fmt
[INFO] [stdout]    1:     0x60c98ca4aa8a - core[df12db4294e9bfd3]::fmt::write
[INFO] [stdout]    2:     0x60c98ca3a61c - <alloc[2182bb758b4b3781]::vec::Vec<u8> as core[df12db4294e9bfd3]::io::write::Write>::write_fmt
[INFO] [stdout]    3:     0x60c98ca11156 - std[70759c8f55707aa4]::panicking::default_hook::{closure#0}
[INFO] [stdout]    4:     0x60c98ca2def9 - std[70759c8f55707aa4]::panicking::default_hook
[INFO] [stdout]    5:     0x60c98c9aa360 - test[9d35eded1c95d3be]::test_main_inner::<test[9d35eded1c95d3be]::test_main_static::{closure#0}>::{closure#0}
[INFO] [stdout]    6:     0x60c98ca2e0b2 - std[70759c8f55707aa4]::panicking::panic_with_hook
[INFO] [stdout]    7:     0x60c98ca11202 - std[70759c8f55707aa4]::panicking::panic_handler::{closure#0}
[INFO] [stdout]    8:     0x60c98ca09c39 - std[70759c8f55707aa4]::sys::backtrace::__rust_end_short_backtrace::<std[70759c8f55707aa4]::panicking::panic_handler::{closure#0}, !>
[INFO] [stdout]    9:     0x60c98ca11dfd - __rustc[8fa7c3cbc660c2b3]::rust_begin_unwind
[INFO] [stdout]   10:     0x60c98ca4b1bc - core[df12db4294e9bfd3]::panicking::panic_fmt
[INFO] [stdout]   11:     0x60c98ca4af92 - core[df12db4294e9bfd3]::result::unwrap_failed
[INFO] [stdout]   12:     0x60c98c9951be - golden_outputs[9281710ea1db23fa]::check_golden
[INFO] [stdout]   13:     0x60c98c996e1c - <golden_outputs[9281710ea1db23fa]::golden_nonsquare::{closure#0} as core[df12db4294e9bfd3]::ops::function::FnOnce<()>>::call_once
[INFO] [stdout]   14:     0x60c98c99d64b - test[9d35eded1c95d3be]::__rust_begin_short_backtrace::<core[df12db4294e9bfd3]::result::Result<(), alloc[2182bb758b4b3781]::string::String>, fn() -> core[df12db4294e9bfd3]::result::Result<(), alloc[2182bb758b4b3781]::string::String>>
[INFO] [stdout]   15:     0x60c98c9aacb5 - test[9d35eded1c95d3be]::run_test::{closure#0}
[INFO] [stdout]   16:     0x60c98c9a4574 - std[70759c8f55707aa4]::sys::backtrace::__rust_begin_short_backtrace::<test[9d35eded1c95d3be]::run_test::{closure#1}, ()>
[INFO] [stdout]   17:     0x60c98c9ade12 - <std[70759c8f55707aa4]::thread::lifecycle::spawn_unchecked<test[9d35eded1c95d3be]::run_test::{closure#1}, ()>::{closure#1} as core[df12db4294e9bfd3]::ops::function::FnOnce<()>>::call_once::{shim:vtable#0}
[INFO] [stdout]   18:     0x60c98ca35279 - <std[70759c8f55707aa4]::sys::thread::unix::Thread>::new::thread_start
[INFO] [stdout]   19:     0x71d608a0cdfa - <unknown>
[INFO] [stdout]   20:     0x71d608aa03d4 - clone
[INFO] [stdout]   21:                0x0 - <unknown>
[INFO] [stdout] 
[INFO] [stdout] ---- golden_path1_linear_i16_downscale stdout ----
[INFO] [stdout] 
[INFO] [stdout] thread 'golden_path1_linear_i16_downscale' (2482) panicked at tests/golden_outputs.rs:153:34:
[INFO] [stdout] called `Result::unwrap()` on an `Err` value: Os { code: 30, kind: ReadOnlyFilesystem, message: "Read-only file system" }
[INFO] [stdout] stack backtrace:
[INFO] [stdout]    0:     0x60c98ca35eb1 - <<std[70759c8f55707aa4]::sys::backtrace::BacktraceLock>::print::DisplayBacktrace as core[df12db4294e9bfd3]::fmt::Display>::fmt
[INFO] [stdout]    1:     0x60c98ca4aa8a - core[df12db4294e9bfd3]::fmt::write
[INFO] [stdout]    2:     0x60c98ca3a61c - <alloc[2182bb758b4b3781]::vec::Vec<u8> as core[df12db4294e9bfd3]::io::write::Write>::write_fmt
[INFO] [stdout]    3:     0x60c98ca11156 - std[70759c8f55707aa4]::panicking::default_hook::{closure#0}
[INFO] [stdout]    4:     0x60c98ca2def9 - std[70759c8f55707aa4]::panicking::default_hook
[INFO] [stdout]    5:     0x60c98c9aa360 - test[9d35eded1c95d3be]::test_main_inner::<test[9d35eded1c95d3be]::test_main_static::{closure#0}>::{closure#0}
[INFO] [stdout]    6:     0x60c98ca2e0b2 - std[70759c8f55707aa4]::panicking::panic_with_hook
[INFO] [stdout]    7:     0x60c98ca11202 - std[70759c8f55707aa4]::panicking::panic_handler::{closure#0}
[INFO] [stdout]    8:     0x60c98ca09c39 - std[70759c8f55707aa4]::sys::backtrace::__rust_end_short_backtrace::<std[70759c8f55707aa4]::panicking::panic_handler::{closure#0}, !>
[INFO] [stdout]    9:     0x60c98ca11dfd - __rustc[8fa7c3cbc660c2b3]::rust_begin_unwind
[INFO] [stdout]   10:     0x60c98ca4b1bc - core[df12db4294e9bfd3]::panicking::panic_fmt
[INFO] [stdout]   11:     0x60c98ca4af92 - core[df12db4294e9bfd3]::result::unwrap_failed
[INFO] [stdout]   12:     0x60c98c9951be - golden_outputs[9281710ea1db23fa]::check_golden
[INFO] [stdout]   13:     0x60c98c99944c - <golden_outputs[9281710ea1db23fa]::golden_path1_linear_i16_downscale::{closure#0} as core[df12db4294e9bfd3]::ops::function::FnOnce<()>>::call_once
[INFO] [stdout]   14:     0x60c98c99d64b - test[9d35eded1c95d3be]::__rust_begin_short_backtrace::<core[df12db4294e9bfd3]::result::Result<(), alloc[2182bb758b4b3781]::string::String>, fn() -> core[df12db4294e9bfd3]::result::Result<(), alloc[2182bb758b4b3781]::string::String>>
[INFO] [stdout]   15:     0x60c98c9aacb5 - test[9d35eded1c95d3be]::run_test::{closure#0}
[INFO] [stdout]   16:     0x60c98c9a4574 - std[70759c8f55707aa4]::sys::backtrace::__rust_begin_short_backtrace::<test[9d35eded1c95d3be]::run_test::{closure#1}, ()>
[INFO] [stdout]   17:     0x60c98c9ade12 - <std[70759c8f55707aa4]::thread::lifecycle::spawn_unchecked<test[9d35eded1c95d3be]::run_test::{closure#1}, ()>::{closure#1} as core[df12db4294e9bfd3]::ops::function::FnOnce<()>>::call_once::{shim:vtable#0}
[INFO] [stdout]   18:     0x60c98ca35279 - <std[70759c8f55707aa4]::sys::thread::unix::Thread>::new::thread_start
[INFO] [stdout]   19:     0x71d608a0cdfa - <unknown>
[INFO] [stdout]   20:     0x71d608aa03d4 - clone
[INFO] [stdout]   21:                0x0 - <unknown>
[INFO] [stdout] 
[INFO] [stdout] ---- golden_path1_linear_i16_upscale stdout ----
[INFO] [stdout] 
[INFO] [stdout] thread 'golden_path1_linear_i16_upscale' (2483) panicked at tests/golden_outputs.rs:153:34:
[INFO] [stdout] called `Result::unwrap()` on an `Err` value: Os { code: 30, kind: ReadOnlyFilesystem, message: "Read-only file system" }
[INFO] [stdout] stack backtrace:
[INFO] [stdout]    0:     0x60c98ca35eb1 - <<std[70759c8f55707aa4]::sys::backtrace::BacktraceLock>::print::DisplayBacktrace as core[df12db4294e9bfd3]::fmt::Display>::fmt
[INFO] [stdout]    1:     0x60c98ca4aa8a - core[df12db4294e9bfd3]::fmt::write
[INFO] [stdout]    2:     0x60c98ca3a61c - <alloc[2182bb758b4b3781]::vec::Vec<u8> as core[df12db4294e9bfd3]::io::write::Write>::write_fmt
[INFO] [stdout]    3:     0x60c98ca11156 - std[70759c8f55707aa4]::panicking::default_hook::{closure#0}
[INFO] [stdout]    4:     0x60c98ca2def9 - std[70759c8f55707aa4]::panicking::default_hook
[INFO] [stdout]    5:     0x60c98c9aa360 - test[9d35eded1c95d3be]::test_main_inner::<test[9d35eded1c95d3be]::test_main_static::{closure#0}>::{closure#0}
[INFO] [stdout]    6:     0x60c98ca2e0b2 - std[70759c8f55707aa4]::panicking::panic_with_hook
[INFO] [stdout]    7:     0x60c98ca11202 - std[70759c8f55707aa4]::panicking::panic_handler::{closure#0}
[INFO] [stdout]    8:     0x60c98ca09c39 - std[70759c8f55707aa4]::sys::backtrace::__rust_end_short_backtrace::<std[70759c8f55707aa4]::panicking::panic_handler::{closure#0}, !>
[INFO] [stdout]    9:     0x60c98ca11dfd - __rustc[8fa7c3cbc660c2b3]::rust_begin_unwind
[INFO] [stdout]   10:     0x60c98ca4b1bc - core[df12db4294e9bfd3]::panicking::panic_fmt
[INFO] [stdout]   11:     0x60c98ca4af92 - core[df12db4294e9bfd3]::result::unwrap_failed
[INFO] [stdout]   12:     0x60c98c9951be - golden_outputs[9281710ea1db23fa]::check_golden
[INFO] [stdout]   13:     0x60c98c998f5c - <golden_outputs[9281710ea1db23fa]::golden_path1_linear_i16_upscale::{closure#0} as core[df12db4294e9bfd3]::ops::function::FnOnce<()>>::call_once
[INFO] [stdout]   14:     0x60c98c99d64b - test[9d35eded1c95d3be]::__rust_begin_short_backtrace::<core[df12db4294e9bfd3]::result::Result<(), alloc[2182bb758b4b3781]::string::String>, fn() -> core[df12db4294e9bfd3]::result::Result<(), alloc[2182bb758b4b3781]::string::String>>
[INFO] [stdout]   15:     0x60c98c9aacb5 - test[9d35eded1c95d3be]::run_test::{closure#0}
[INFO] [stdout]   16:     0x60c98c9a4574 - std[70759c8f55707aa4]::sys::backtrace::__rust_begin_short_backtrace::<test[9d35eded1c95d3be]::run_test::{closure#1}, ()>
[INFO] [stdout]   17:     0x60c98c9ade12 - <std[70759c8f55707aa4]::thread::lifecycle::spawn_unchecked<test[9d35eded1c95d3be]::run_test::{closure#1}, ()>::{closure#1} as core[df12db4294e9bfd3]::ops::function::FnOnce<()>>::call_once::{shim:vtable#0}
[INFO] [stdout]   18:     0x60c98ca35279 - <std[70759c8f55707aa4]::sys::thread::unix::Thread>::new::thread_start
[INFO] [stdout]   19:     0x71d608a0cdfa - <unknown>
[INFO] [stdout]   20:     0x71d608aa03d4 - clone
[INFO] [stdout]   21:                0x0 - <unknown>
[INFO] [stdout] 
[INFO] [stdout] ---- golden_path2_f32_u8io_downscale stdout ----
[INFO] [stdout] 
[INFO] [stdout] thread 'golden_path2_f32_u8io_downscale' (2484) panicked at tests/golden_outputs.rs:153:34:
[INFO] [stdout] called `Result::unwrap()` on an `Err` value: Os { code: 30, kind: ReadOnlyFilesystem, message: "Read-only file system" }
[INFO] [stdout] stack backtrace:
[INFO] [stdout]    0:     0x60c98ca35eb1 - <<std[70759c8f55707aa4]::sys::backtrace::BacktraceLock>::print::DisplayBacktrace as core[df12db4294e9bfd3]::fmt::Display>::fmt
[INFO] [stdout]    1:     0x60c98ca4aa8a - core[df12db4294e9bfd3]::fmt::write
[INFO] [stdout]    2:     0x60c98ca3a61c - <alloc[2182bb758b4b3781]::vec::Vec<u8> as core[df12db4294e9bfd3]::io::write::Write>::write_fmt
[INFO] [stdout]    3:     0x60c98ca11156 - std[70759c8f55707aa4]::panicking::default_hook::{closure#0}
[INFO] [stdout]    4:     0x60c98ca2def9 - std[70759c8f55707aa4]::panicking::default_hook
[INFO] [stdout]    5:     0x60c98c9aa360 - test[9d35eded1c95d3be]::test_main_inner::<test[9d35eded1c95d3be]::test_main_static::{closure#0}>::{closure#0}
[INFO] [stdout]    6:     0x60c98ca2e0b2 - std[70759c8f55707aa4]::panicking::panic_with_hook
[INFO] [stdout]    7:     0x60c98ca11202 - std[70759c8f55707aa4]::panicking::panic_handler::{closure#0}
[INFO] [stdout]    8:     0x60c98ca09c39 - std[70759c8f55707aa4]::sys::backtrace::__rust_end_short_backtrace::<std[70759c8f55707aa4]::panicking::panic_handler::{closure#0}, !>
[INFO] [stdout]    9:     0x60c98ca11dfd - __rustc[8fa7c3cbc660c2b3]::rust_begin_unwind
[INFO] [stdout]   10:     0x60c98ca4b1bc - core[df12db4294e9bfd3]::panicking::panic_fmt
[INFO] [stdout]   11:     0x60c98ca4af92 - core[df12db4294e9bfd3]::result::unwrap_failed
[INFO] [stdout]   12:     0x60c98c9951be - golden_outputs[9281710ea1db23fa]::check_golden
[INFO] [stdout]   13:     0x60c98c9990fc - <golden_outputs[9281710ea1db23fa]::golden_path2_f32_u8io_downscale::{closure#0} as core[df12db4294e9bfd3]::ops::function::FnOnce<()>>::call_once
[INFO] [stdout]   14:     0x60c98c99d64b - test[9d35eded1c95d3be]::__rust_begin_short_backtrace::<core[df12db4294e9bfd3]::result::Result<(), alloc[2182bb758b4b3781]::string::String>, fn() -> core[df12db4294e9bfd3]::result::Result<(), alloc[2182bb758b4b3781]::string::String>>
[INFO] [stdout]   15:     0x60c98c9aacb5 - test[9d35eded1c95d3be]::run_test::{closure#0}
[INFO] [stdout]   16:     0x60c98c9a4574 - std[70759c8f55707aa4]::sys::backtrace::__rust_begin_short_backtrace::<test[9d35eded1c95d3be]::run_test::{closure#1}, ()>
[INFO] [stdout]   17:     0x60c98c9ade12 - <std[70759c8f55707aa4]::thread::lifecycle::spawn_unchecked<test[9d35eded1c95d3be]::run_test::{closure#1}, ()>::{closure#1} as core[df12db4294e9bfd3]::ops::function::FnOnce<()>>::call_once::{shim:vtable#0}
[INFO] [stdout]   18:     0x60c98ca35279 - <std[70759c8f55707aa4]::sys::thread::unix::Thread>::new::thread_start
[INFO] [stdout]   19:     0x71d608a0cdfa - <unknown>
[INFO] [stdout]   20:     0x71d608aa03d4 - clone
[INFO] [stdout]   21:                0x0 - <unknown>
[INFO] [stdout] 
[INFO] [stdout] ---- golden_path2_with_alpha stdout ----
[INFO] [stdout] 
[INFO] [stdout] thread 'golden_path2_with_alpha' (2486) panicked at tests/golden_outputs.rs:153:34:
[INFO] [stdout] called `Result::unwrap()` on an `Err` value: Os { code: 30, kind: ReadOnlyFilesystem, message: "Read-only file system" }
[INFO] [stdout] stack backtrace:
[INFO] [stdout]    0:     0x60c98ca35eb1 - <<std[70759c8f55707aa4]::sys::backtrace::BacktraceLock>::print::DisplayBacktrace as core[df12db4294e9bfd3]::fmt::Display>::fmt
[INFO] [stdout]    1:     0x60c98ca4aa8a - core[df12db4294e9bfd3]::fmt::write
[INFO] [stdout]    2:     0x60c98ca3a61c - <alloc[2182bb758b4b3781]::vec::Vec<u8> as core[df12db4294e9bfd3]::io::write::Write>::write_fmt
[INFO] [stdout]    3:     0x60c98ca11156 - std[70759c8f55707aa4]::panicking::default_hook::{closure#0}
[INFO] [stdout]    4:     0x60c98ca2def9 - std[70759c8f55707aa4]::panicking::default_hook
[INFO] [stdout]    5:     0x60c98c9aa360 - test[9d35eded1c95d3be]::test_main_inner::<test[9d35eded1c95d3be]::test_main_static::{closure#0}>::{closure#0}
[INFO] [stdout]    6:     0x60c98ca2e0b2 - std[70759c8f55707aa4]::panicking::panic_with_hook
[INFO] [stdout]    7:     0x60c98ca11202 - std[70759c8f55707aa4]::panicking::panic_handler::{closure#0}
[INFO] [stdout]    8:     0x60c98ca09c39 - std[70759c8f55707aa4]::sys::backtrace::__rust_end_short_backtrace::<std[70759c8f55707aa4]::panicking::panic_handler::{closure#0}, !>
[INFO] [stdout]    9:     0x60c98ca11dfd - __rustc[8fa7c3cbc660c2b3]::rust_begin_unwind
[INFO] [stdout]   10:     0x60c98ca4b1bc - core[df12db4294e9bfd3]::panicking::panic_fmt
[INFO] [stdout]   11:     0x60c98ca4af92 - core[df12db4294e9bfd3]::result::unwrap_failed
[INFO] [stdout]   12:     0x60c98c9951be - golden_outputs[9281710ea1db23fa]::check_golden
[INFO] [stdout]   13:     0x60c98c997ced - <golden_outputs[9281710ea1db23fa]::golden_path2_with_alpha::{closure#0} as core[df12db4294e9bfd3]::ops::function::FnOnce<()>>::call_once
[INFO] [stdout]   14:     0x60c98c99d64b - test[9d35eded1c95d3be]::__rust_begin_short_backtrace::<core[df12db4294e9bfd3]::result::Result<(), alloc[2182bb758b4b3781]::string::String>, fn() -> core[df12db4294e9bfd3]::result::Result<(), alloc[2182bb758b4b3781]::string::String>>
[INFO] [stdout]   15:     0x60c98c9aacb5 - test[9d35eded1c95d3be]::run_test::{closure#0}
[INFO] [stdout]   16:     0x60c98c9a4574 - std[70759c8f55707aa4]::sys::backtrace::__rust_begin_short_backtrace::<test[9d35eded1c95d3be]::run_test::{closure#1}, ()>
[INFO] [stdout]   17:     0x60c98c9ade12 - <std[70759c8f55707aa4]::thread::lifecycle::spawn_unchecked<test[9d35eded1c95d3be]::run_test::{closure#1}, ()>::{closure#1} as core[df12db4294e9bfd3]::ops::function::FnOnce<()>>::call_once::{shim:vtable#0}
[INFO] [stdout]   18:     0x60c98ca35279 - <std[70759c8f55707aa4]::sys::thread::unix::Thread>::new::thread_start
[INFO] [stdout]   19:     0x71d608a0cdfa - <unknown>
[INFO] [stdout]   20:     0x71d608aa03d4 - clone
[INFO] [stdout]   21:                0x0 - <unknown>
[INFO] [stdout] 
[INFO] [stdout] ---- golden_rgb_downscale stdout ----
[INFO] [stdout] 
[INFO] [stdout] thread 'golden_rgb_downscale' (2490) panicked at tests/golden_outputs.rs:153:34:
[INFO] [stdout] called `Result::unwrap()` on an `Err` value: Os { code: 30, kind: ReadOnlyFilesystem, message: "Read-only file system" }
[INFO] [stdout] stack backtrace:
[INFO] [stdout]    0:     0x60c98ca35eb1 - <<std[70759c8f55707aa4]::sys::backtrace::BacktraceLock>::print::DisplayBacktrace as core[df12db4294e9bfd3]::fmt::Display>::fmt
[INFO] [stdout]    1:     0x60c98ca4aa8a - core[df12db4294e9bfd3]::fmt::write
[INFO] [stdout]    2:     0x60c98ca3a61c - <alloc[2182bb758b4b3781]::vec::Vec<u8> as core[df12db4294e9bfd3]::io::write::Write>::write_fmt
[INFO] [stdout]    3:     0x60c98ca11156 - std[70759c8f55707aa4]::panicking::default_hook::{closure#0}
[INFO] [stdout]    4:     0x60c98ca2def9 - std[70759c8f55707aa4]::panicking::default_hook
[INFO] [stdout]    5:     0x60c98c9aa360 - test[9d35eded1c95d3be]::test_main_inner::<test[9d35eded1c95d3be]::test_main_static::{closure#0}>::{closure#0}
[INFO] [stdout]    6:     0x60c98ca2e0b2 - std[70759c8f55707aa4]::panicking::panic_with_hook
[INFO] [stdout]    7:     0x60c98ca11202 - std[70759c8f55707aa4]::panicking::panic_handler::{closure#0}
[INFO] [stdout]    8:     0x60c98ca09c39 - std[70759c8f55707aa4]::sys::backtrace::__rust_end_short_backtrace::<std[70759c8f55707aa4]::panicking::panic_handler::{closure#0}, !>
[INFO] [stdout]    9:     0x60c98ca11dfd - __rustc[8fa7c3cbc660c2b3]::rust_begin_unwind
[INFO] [stdout]   10:     0x60c98ca4b1bc - core[df12db4294e9bfd3]::panicking::panic_fmt
[INFO] [stdout]   11:     0x60c98ca4af92 - core[df12db4294e9bfd3]::result::unwrap_failed
[INFO] [stdout]   12:     0x60c98c9951be - golden_outputs[9281710ea1db23fa]::check_golden
[INFO] [stdout]   13:     0x60c98c99705f - <golden_outputs[9281710ea1db23fa]::golden_rgb_downscale::{closure#0} as core[df12db4294e9bfd3]::ops::function::FnOnce<()>>::call_once
[INFO] [stdout]   14:     0x60c98c99d64b - test[9d35eded1c95d3be]::__rust_begin_short_backtrace::<core[df12db4294e9bfd3]::result::Result<(), alloc[2182bb758b4b3781]::string::String>, fn() -> core[df12db4294e9bfd3]::result::Result<(), alloc[2182bb758b4b3781]::string::String>>
[INFO] [stdout]   15:     0x60c98c9aacb5 - test[9d35eded1c95d3be]::run_test::{closure#0}
[INFO] [stdout]   16:     0x60c98c9a4574 - std[70759c8f55707aa4]::sys::backtrace::__rust_begin_short_backtrace::<test[9d35eded1c95d3be]::run_test::{closure#1}, ()>
[INFO] [stdout]   17:     0x60c98c9ade12 - <std[70759c8f55707aa4]::thread::lifecycle::spawn_unchecked<test[9d35eded1c95d3be]::run_test::{closure#1}, ()>::{closure#1} as core[df12db4294e9bfd3]::ops::function::FnOnce<()>>::call_once::{shim:vtable#0}
[INFO] [stdout]   18:     0x60c98ca35279 - <std[70759c8f55707aa4]::sys::thread::unix::Thread>::new::thread_start
[INFO] [stdout]   19:     0x71d608a0cdfa - <unknown>
[INFO] [stdout]   20:     0x71d608aa03d4 - clone
[INFO] [stdout]   21:                0x0 - <unknown>
[INFO] [stdout] 
[INFO] [stdout] ---- golden_path3_f32_native_downscale stdout ----
[INFO] [stdout] 
[INFO] [stdout] thread 'golden_path3_f32_native_downscale' (2487) panicked at tests/golden_outputs.rs:160:34:
[INFO] [stdout] called `Result::unwrap()` on an `Err` value: Os { code: 30, kind: ReadOnlyFilesystem, message: "Read-only file system" }
[INFO] [stdout] stack backtrace:
[INFO] [stdout]    0:     0x60c98ca35eb1 - <<std[70759c8f55707aa4]::sys::backtrace::BacktraceLock>::print::DisplayBacktrace as core[df12db4294e9bfd3]::fmt::Display>::fmt
[INFO] [stdout]    1:     0x60c98ca4aa8a - core[df12db4294e9bfd3]::fmt::write
[INFO] [stdout]    2:     0x60c98ca3a61c - <alloc[2182bb758b4b3781]::vec::Vec<u8> as core[df12db4294e9bfd3]::io::write::Write>::write_fmt
[INFO] [stdout]    3:     0x60c98ca11156 - std[70759c8f55707aa4]::panicking::default_hook::{closure#0}
[INFO] [stdout]    4:     0x60c98ca2def9 - std[70759c8f55707aa4]::panicking::default_hook
[INFO] [stdout]    5:     0x60c98c9aa360 - test[9d35eded1c95d3be]::test_main_inner::<test[9d35eded1c95d3be]::test_main_static::{closure#0}>::{closure#0}
[INFO] [stdout]    6:     0x60c98ca2e0b2 - std[70759c8f55707aa4]::panicking::panic_with_hook
[INFO] [stdout]    7:     0x60c98ca11202 - std[70759c8f55707aa4]::panicking::panic_handler::{closure#0}
[INFO] [stdout]    8:     0x60c98ca09c39 - std[70759c8f55707aa4]::sys::backtrace::__rust_end_short_backtrace::<std[70759c8f55707aa4]::panicking::panic_handler::{closure#0}, !>
[INFO] [stdout]    9:     0x60c98ca11dfd - __rustc[8fa7c3cbc660c2b3]::rust_begin_unwind
[INFO] [stdout]   10:     0x60c98ca4b1bc - core[df12db4294e9bfd3]::panicking::panic_fmt
[INFO] [stdout]   11:     0x60c98ca4af92 - core[df12db4294e9bfd3]::result::unwrap_failed
[INFO] [stdout]   12:     0x60c98c9956f6 - golden_outputs[9281710ea1db23fa]::check_golden_f32
[INFO] [stdout]   13:     0x60c98c9995ec - <golden_outputs[9281710ea1db23fa]::golden_path3_f32_native_downscale::{closure#0} as core[df12db4294e9bfd3]::ops::function::FnOnce<()>>::call_once
[INFO] [stdout]   14:     0x60c98c99d64b - test[9d35eded1c95d3be]::__rust_begin_short_backtrace::<core[df12db4294e9bfd3]::result::Result<(), alloc[2182bb758b4b3781]::string::String>, fn() -> core[df12db4294e9bfd3]::result::Result<(), alloc[2182bb758b4b3781]::string::String>>
[INFO] [stdout]   15:     0x60c98c9aacb5 - test[9d35eded1c95d3be]::run_test::{closure#0}
[INFO] [stdout]   16:     0x60c98c9a4574 - std[70759c8f55707aa4]::sys::backtrace::__rust_begin_short_backtrace::<test[9d35eded1c95d3be]::run_test::{closure#1}, ()>
[INFO] [stdout]   17:     0x60c98c9ade12 - <std[70759c8f55707aa4]::thread::lifecycle::spawn_unchecked<test[9d35eded1c95d3be]::run_test::{closure#1}, ()>::{closure#1} as core[df12db4294e9bfd3]::ops::function::FnOnce<()>>::call_once::{shim:vtable#0}
[INFO] [stdout]   18:     0x60c98ca35279 - <std[70759c8f55707aa4]::sys::thread::unix::Thread>::new::thread_start
[INFO] [stdout]   19:     0x71d608a0cdfa - <unknown>
[INFO] [stdout]   20:     0x71d608aa03d4 - clone
[INFO] [stdout]   21:                0x0 - <unknown>
[INFO] [stdout] 
[INFO] [stdout] ---- golden_path2_f32_u8io_upscale stdout ----
[INFO] [stdout] 
[INFO] [stdout] thread 'golden_path2_f32_u8io_upscale' (2485) panicked at tests/golden_outputs.rs:153:34:
[INFO] [stdout] called `Result::unwrap()` on an `Err` value: Os { code: 30, kind: ReadOnlyFilesystem, message: "Read-only file system" }
[INFO] [stdout] stack backtrace:
[INFO] [stdout]    0:     0x60c98ca35eb1 - <<std[70759c8f55707aa4]::sys::backtrace::BacktraceLock>::print::DisplayBacktrace as core[df12db4294e9bfd3]::fmt::Display>::fmt
[INFO] [stdout]    1:     0x60c98ca4aa8a - core[df12db4294e9bfd3]::fmt::write
[INFO] [stdout]    2:     0x60c98ca3a61c - <alloc[2182bb758b4b3781]::vec::Vec<u8> as core[df12db4294e9bfd3]::io::write::Write>::write_fmt
[INFO] [stdout]    3:     0x60c98ca11156 - std[70759c8f55707aa4]::panicking::default_hook::{closure#0}
[INFO] [stdout]    4:     0x60c98ca2def9 - std[70759c8f55707aa4]::panicking::default_hook
[INFO] [stdout]    5:     0x60c98c9aa360 - test[9d35eded1c95d3be]::test_main_inner::<test[9d35eded1c95d3be]::test_main_static::{closure#0}>::{closure#0}
[INFO] [stdout]    6:     0x60c98ca2e0b2 - std[70759c8f55707aa4]::panicking::panic_with_hook
[INFO] [stdout]    7:     0x60c98ca11202 - std[70759c8f55707aa4]::panicking::panic_handler::{closure#0}
[INFO] [stdout]    8:     0x60c98ca09c39 - std[70759c8f55707aa4]::sys::backtrace::__rust_end_short_backtrace::<std[70759c8f55707aa4]::panicking::panic_handler::{closure#0}, !>
[INFO] [stdout]    9:     0x60c98ca11dfd - __rustc[8fa7c3cbc660c2b3]::rust_begin_unwind
[INFO] [stdout]   10:     0x60c98ca4b1bc - core[df12db4294e9bfd3]::panicking::panic_fmt
[INFO] [stdout]   11:     0x60c98ca4af92 - core[df12db4294e9bfd3]::result::unwrap_failed
[INFO] [stdout]   12:     0x60c98c9951be - golden_outputs[9281710ea1db23fa]::check_golden
[INFO] [stdout]   13:     0x60c98c998a7c - <golden_outputs[9281710ea1db23fa]::golden_path2_f32_u8io_upscale::{closure#0} as core[df12db4294e9bfd3]::ops::function::FnOnce<()>>::call_once
[INFO] [stdout]   14:     0x60c98c99d64b - test[9d35eded1c95d3be]::__rust_begin_short_backtrace::<core[df12db4294e9bfd3]::result::Result<(), alloc[2182bb758b4b3781]::string::String>, fn() -> core[df12db4294e9bfd3]::result::Result<(), alloc[2182bb758b4b3781]::string::String>>
[INFO] [stdout]   15:     0x60c98c9aacb5 - test[9d35eded1c95d3be]::run_test::{closure#0}
[INFO] [stdout]   16:     0x60c98c9a4574 - std[70759c8f55707aa4]::sys::backtrace::__rust_begin_short_backtrace::<test[9d35eded1c95d3be]::run_test::{closure#1}, ()>
[INFO] [stdout]   17:     0x60c98c9ade12 - <std[70759c8f55707aa4]::thread::lifecycle::spawn_unchecked<test[9d35eded1c95d3be]::run_test::{closure#1}, ()>::{closure#1} as core[df12db4294e9bfd3]::ops::function::FnOnce<()>>::call_once::{shim:vtable#0}
[INFO] [stdout]   18:     0x60c98ca35279 - <std[70759c8f55707aa4]::sys::thread::unix::Thread>::new::thread_start
[INFO] [stdout]   19:     0x71d608a0cdfa - <unknown>
[INFO] [stdout]   20:     0x71d608aa03d4 - clone
[INFO] [stdout]   21:                0x0 - <unknown>
[INFO] [stdout] 
[INFO] [stdout] ---- golden_path3_f32_native_upscale stdout ----
[INFO] [stdout] 
[INFO] [stdout] thread 'golden_path3_f32_native_upscale' (2488) panicked at tests/golden_outputs.rs:160:34:
[INFO] [stdout] called `Result::unwrap()` on an `Err` value: Os { code: 30, kind: ReadOnlyFilesystem, message: "Read-only file system" }
[INFO] [stdout] stack backtrace:
[INFO] [stdout]    0:     0x60c98ca35eb1 - <<std[70759c8f55707aa4]::sys::backtrace::BacktraceLock>::print::DisplayBacktrace as core[df12db4294e9bfd3]::fmt::Display>::fmt
[INFO] [stdout]    1:     0x60c98ca4aa8a - core[df12db4294e9bfd3]::fmt::write
[INFO] [stdout]    2:     0x60c98ca3a61c - <alloc[2182bb758b4b3781]::vec::Vec<u8> as core[df12db4294e9bfd3]::io::write::Write>::write_fmt
[INFO] [stdout]    3:     0x60c98ca11156 - std[70759c8f55707aa4]::panicking::default_hook::{closure#0}
[INFO] [stdout]    4:     0x60c98ca2def9 - std[70759c8f55707aa4]::panicking::default_hook
[INFO] [stdout]    5:     0x60c98c9aa360 - test[9d35eded1c95d3be]::test_main_inner::<test[9d35eded1c95d3be]::test_main_static::{closure#0}>::{closure#0}
[INFO] [stdout]    6:     0x60c98ca2e0b2 - std[70759c8f55707aa4]::panicking::panic_with_hook
[INFO] [stdout]    7:     0x60c98ca11202 - std[70759c8f55707aa4]::panicking::panic_handler::{closure#0}
[INFO] [stdout]    8:     0x60c98ca09c39 - std[70759c8f55707aa4]::sys::backtrace::__rust_end_short_backtrace::<std[70759c8f55707aa4]::panicking::panic_handler::{closure#0}, !>
[INFO] [stdout]    9:     0x60c98ca11dfd - __rustc[8fa7c3cbc660c2b3]::rust_begin_unwind
[INFO] [stdout]   10:     0x60c98ca4b1bc - core[df12db4294e9bfd3]::panicking::panic_fmt
[INFO] [stdout]   11:     0x60c98ca4af92 - core[df12db4294e9bfd3]::result::unwrap_failed
[INFO] [stdout]   12:     0x60c98c9956f6 - golden_outputs[9281710ea1db23fa]::check_golden_f32
[INFO] [stdout]   13:     0x60c98c99929c - <golden_outputs[9281710ea1db23fa]::golden_path3_f32_native_upscale::{closure#0} as core[df12db4294e9bfd3]::ops::function::FnOnce<()>>::call_once
[INFO] [stdout]   14:     0x60c98c99d64b - test[9d35eded1c95d3be]::__rust_begin_short_backtrace::<core[df12db4294e9bfd3]::result::Result<(), alloc[2182bb758b4b3781]::string::String>, fn() -> core[df12db4294e9bfd3]::result::Result<(), alloc[2182bb758b4b3781]::string::String>>
[INFO] [stdout]   15:     0x60c98c9aacb5 - test[9d35eded1c95d3be]::run_test::{closure#0}
[INFO] [stdout]   16:     0x60c98c9a4574 - std[70759c8f55707aa4]::sys::backtrace::__rust_begin_short_backtrace::<test[9d35eded1c95d3be]::run_test::{closure#1}, ()>
[INFO] [stdout]   17:     0x60c98c9ade12 - <std[70759c8f55707aa4]::thread::lifecycle::spawn_unchecked<test[9d35eded1c95d3be]::run_test::{closure#1}, ()>::{closure#1} as core[df12db4294e9bfd3]::ops::function::FnOnce<()>>::call_once::{shim:vtable#0}
[INFO] [stdout]   18:     0x60c98ca35279 - <std[70759c8f55707aa4]::sys::thread::unix::Thread>::new::thread_start
[INFO] [stdout]   19:     0x71d608a0cdfa - <unknown>
[INFO] [stdout]   20:     0x71d608aa03d4 - clone
[INFO] [stdout]   21:                0x0 - <unknown>
[INFO] [stdout] 
[INFO] [stdout] ---- golden_u16_gray_downscale stdout ----
[INFO] [stdout] 
[INFO] [stdout] thread 'golden_u16_gray_downscale' (2492) panicked at tests/golden_outputs.rs:153:34:
[INFO] [stdout] called `Result::unwrap()` on an `Err` value: Os { code: 30, kind: ReadOnlyFilesystem, message: "Read-only file system" }
[INFO] [stdout] stack backtrace:
[INFO] [stdout]    0:     0x60c98ca35eb1 - <<std[70759c8f55707aa4]::sys::backtrace::BacktraceLock>::print::DisplayBacktrace as core[df12db4294e9bfd3]::fmt::Display>::fmt
[INFO] [stdout]    1:     0x60c98ca4aa8a - core[df12db4294e9bfd3]::fmt::write
[INFO] [stdout]    2:     0x60c98ca3a61c - <alloc[2182bb758b4b3781]::vec::Vec<u8> as core[df12db4294e9bfd3]::io::write::Write>::write_fmt
[INFO] [stdout]    3:     0x60c98ca11156 - std[70759c8f55707aa4]::panicking::default_hook::{closure#0}
[INFO] [stdout]    4:     0x60c98ca2def9 - std[70759c8f55707aa4]::panicking::default_hook
[INFO] [stdout]    5:     0x60c98c9aa360 - test[9d35eded1c95d3be]::test_main_inner::<test[9d35eded1c95d3be]::test_main_static::{closure#0}>::{closure#0}
[INFO] [stdout]    6:     0x60c98ca2e0b2 - std[70759c8f55707aa4]::panicking::panic_with_hook
[INFO] [stdout]    7:     0x60c98ca11202 - std[70759c8f55707aa4]::panicking::panic_handler::{closure#0}
[INFO] [stdout]    8:     0x60c98ca09c39 - std[70759c8f55707aa4]::sys::backtrace::__rust_end_short_backtrace::<std[70759c8f55707aa4]::panicking::panic_handler::{closure#0}, !>
[INFO] [stdout]    9:     0x60c98ca11dfd - __rustc[8fa7c3cbc660c2b3]::rust_begin_unwind
[INFO] [stdout]   10:     0x60c98ca4b1bc - core[df12db4294e9bfd3]::panicking::panic_fmt
[INFO] [stdout]   11:     0x60c98ca4af92 - core[df12db4294e9bfd3]::result::unwrap_failed
[INFO] [stdout]   12:     0x60c98c9951be - golden_outputs[9281710ea1db23fa]::check_golden
[INFO] [stdout]   13:     0x60c98c9984c0 - <golden_outputs[9281710ea1db23fa]::golden_u16_gray_downscale::{closure#0} as core[df12db4294e9bfd3]::ops::function::FnOnce<()>>::call_once
[INFO] [stdout]   14:     0x60c98c99d64b - test[9d35eded1c95d3be]::__rust_begin_short_backtrace::<core[df12db4294e9bfd3]::result::Result<(), alloc[2182bb758b4b3781]::string::String>, fn() -> core[df12db4294e9bfd3]::result::Result<(), alloc[2182bb758b4b3781]::string::String>>
[INFO] [stdout]   15:     0x60c98c9aacb5 - test[9d35eded1c95d3be]::run_test::{closure#0}
[INFO] [stdout]   16:     0x60c98c9a4574 - std[70759c8f55707aa4]::sys::backtrace::__rust_begin_short_backtrace::<test[9d35eded1c95d3be]::run_test::{closure#1}, ()>
[INFO] [stdout]   17:     0x60c98c9ade12 - <std[70759c8f55707aa4]::thread::lifecycle::spawn_unchecked<test[9d35eded1c95d3be]::run_test::{closure#1}, ()>::{closure#1} as core[df12db4294e9bfd3]::ops::function::FnOnce<()>>::call_once::{shim:vtable#0}
[INFO] [stdout]   18:     0x60c98ca35279 - <std[70759c8f55707aa4]::sys::thread::unix::Thread>::new::thread_start
[INFO] [stdout]   19:     0x71d608a0cdfa - <unknown>
[INFO] [stdout]   20:     0x71d608aa03d4 - clone
[INFO] [stdout]   21:                0x0 - <unknown>
[INFO] [stdout] 
[INFO] [stdout] ---- golden_u16_rgb_downscale stdout ----
[INFO] [stdout] 
[INFO] [stdout] thread 'golden_u16_rgb_downscale' (2493) panicked at tests/golden_outputs.rs:153:34:
[INFO] [stdout] called `Result::unwrap()` on an `Err` value: Os { code: 30, kind: ReadOnlyFilesystem, message: "Read-only file system" }
[INFO] [stdout] stack backtrace:
[INFO] [stdout]    0:     0x60c98ca35eb1 - <<std[70759c8f55707aa4]::sys::backtrace::BacktraceLock>::print::DisplayBacktrace as core[df12db4294e9bfd3]::fmt::Display>::fmt
[INFO] [stdout]    1:     0x60c98ca4aa8a - core[df12db4294e9bfd3]::fmt::write
[INFO] [stdout]    2:     0x60c98ca3a61c - <alloc[2182bb758b4b3781]::vec::Vec<u8> as core[df12db4294e9bfd3]::io::write::Write>::write_fmt
[INFO] [stdout]    3:     0x60c98ca11156 - std[70759c8f55707aa4]::panicking::default_hook::{closure#0}
[INFO] [stdout]    4:     0x60c98ca2def9 - std[70759c8f55707aa4]::panicking::default_hook
[INFO] [stdout]    5:     0x60c98c9aa360 - test[9d35eded1c95d3be]::test_main_inner::<test[9d35eded1c95d3be]::test_main_static::{closure#0}>::{closure#0}
[INFO] [stdout]    6:     0x60c98ca2e0b2 - std[70759c8f55707aa4]::panicking::panic_with_hook
[INFO] [stdout]    7:     0x60c98ca11202 - std[70759c8f55707aa4]::panicking::panic_handler::{closure#0}
[INFO] [stdout]    8:     0x60c98ca09c39 - std[70759c8f55707aa4]::sys::backtrace::__rust_end_short_backtrace::<std[70759c8f55707aa4]::panicking::panic_handler::{closure#0}, !>
[INFO] [stdout]    9:     0x60c98ca11dfd - __rustc[8fa7c3cbc660c2b3]::rust_begin_unwind
[INFO] [stdout]   10:     0x60c98ca4b1bc - core[df12db4294e9bfd3]::panicking::panic_fmt
[INFO] [stdout]   11:     0x60c98ca4af92 - core[df12db4294e9bfd3]::result::unwrap_failed
[INFO] [stdout]   12:     0x60c98c9951be - golden_outputs[9281710ea1db23fa]::check_golden
[INFO] [stdout]   13:     0x60c98c9981be - <golden_outputs[9281710ea1db23fa]::golden_u16_rgb_downscale::{closure#0} as core[df12db4294e9bfd3]::ops::function::FnOnce<()>>::call_once
[INFO] [stdout]   14:     0x60c98c99d64b - test[9d35eded1c95d3be]::__rust_begin_short_backtrace::<core[df12db4294e9bfd3]::result::Result<(), alloc[2182bb758b4b3781]::string::String>, fn() -> core[df12db4294e9bfd3]::result::Result<(), alloc[2182bb758b4b3781]::string::String>>
[INFO] [stdout]   15:     0x60c98c9aacb5 - test[9d35eded1c95d3be]::run_test::{closure#0}
[INFO] [stdout]   16:     0x60c98c9a4574 - std[70759c8f55707aa4]::sys::backtrace::__rust_begin_short_backtrace::<test[9d35eded1c95d3be]::run_test::{closure#1}, ()>
[INFO] [stdout]   17:     0x60c98c9ade12 - <std[70759c8f55707aa4]::thread::lifecycle::spawn_unchecked<test[9d35eded1c95d3be]::run_test::{closure#1}, ()>::{closure#1} as core[df12db4294e9bfd3]::ops::function::FnOnce<()>>::call_once::{shim:vtable#0}
[INFO] [stdout]   18:     0x60c98ca35279 - <std[70759c8f55707aa4]::sys::thread::unix::Thread>::new::thread_start
[INFO] [stdout]   19:     0x71d608a0cdfa - <unknown>
[INFO] [stdout]   20:     0x71d608aa03d4 - clone
[INFO] [stdout]   21:                0x0 - <unknown>
[INFO] [stdout] 
[INFO] [stdout] ---- golden_u16_rgba_downscale stdout ----
[INFO] [stdout] 
[INFO] [stdout] thread 'golden_u16_rgba_downscale' (2494) panicked at tests/golden_outputs.rs:153:34:
[INFO] [stdout] called `Result::unwrap()` on an `Err` value: Os { code: 30, kind: ReadOnlyFilesystem, message: "Read-only file system" }
[INFO] [stdout] stack backtrace:
[INFO] [stdout]    0:     0x60c98ca35eb1 - <<std[70759c8f55707aa4]::sys::backtrace::BacktraceLock>::print::DisplayBacktrace as core[df12db4294e9bfd3]::fmt::Display>::fmt
[INFO] [stdout]    1:     0x60c98ca4aa8a - core[df12db4294e9bfd3]::fmt::write
[INFO] [stdout]    2:     0x60c98ca3a61c - <alloc[2182bb758b4b3781]::vec::Vec<u8> as core[df12db4294e9bfd3]::io::write::Write>::write_fmt
[INFO] [stdout]    3:     0x60c98ca11156 - std[70759c8f55707aa4]::panicking::default_hook::{closure#0}
[INFO] [stdout]    4:     0x60c98ca2def9 - std[70759c8f55707aa4]::panicking::default_hook
[INFO] [stdout]    5:     0x60c98c9aa360 - test[9d35eded1c95d3be]::test_main_inner::<test[9d35eded1c95d3be]::test_main_static::{closure#0}>::{closure#0}
[INFO] [stdout]    6:     0x60c98ca2e0b2 - std[70759c8f55707aa4]::panicking::panic_with_hook
[INFO] [stdout]    7:     0x60c98ca11202 - std[70759c8f55707aa4]::panicking::panic_handler::{closure#0}
[INFO] [stdout]    8:     0x60c98ca09c39 - std[70759c8f55707aa4]::sys::backtrace::__rust_end_short_backtrace::<std[70759c8f55707aa4]::panicking::panic_handler::{closure#0}, !>
[INFO] [stdout]    9:     0x60c98ca11dfd - __rustc[8fa7c3cbc660c2b3]::rust_begin_unwind
[INFO] [stdout]   10:     0x60c98ca4b1bc - core[df12db4294e9bfd3]::panicking::panic_fmt
[INFO] [stdout]   11:     0x60c98ca4af92 - core[df12db4294e9bfd3]::result::unwrap_failed
[INFO] [stdout]   12:     0x60c98c9951be - golden_outputs[9281710ea1db23fa]::check_golden
[INFO] [stdout]   13:     0x60c98c9986f9 - <golden_outputs[9281710ea1db23fa]::golden_u16_rgba_downscale::{closure#0} as core[df12db4294e9bfd3]::ops::function::FnOnce<()>>::call_once
[INFO] [stdout]   14:     0x60c98c99d64b - test[9d35eded1c95d3be]::__rust_begin_short_backtrace::<core[df12db4294e9bfd3]::result::Result<(), alloc[2182bb758b4b3781]::string::String>, fn() -> core[df12db4294e9bfd3]::result::Result<(), alloc[2182bb758b4b3781]::string::String>>
[INFO] [stdout]   15:     0x60c98c9aacb5 - test[9d35eded1c95d3be]::run_test::{closure#0}
[INFO] [stdout]   16:     0x60c98c9a4574 - std[70759c8f55707aa4]::sys::backtrace::__rust_begin_short_backtrace::<test[9d35eded1c95d3be]::run_test::{closure#1}, ()>
[INFO] [stdout]   17:     0x60c98c9ade12 - <std[70759c8f55707aa4]::thread::lifecycle::spawn_unchecked<test[9d35eded1c95d3be]::run_test::{closure#1}, ()>::{closure#1} as core[df12db4294e9bfd3]::ops::function::FnOnce<()>>::call_once::{shim:vtable#0}
[INFO] [stdout]   18:     0x60c98ca35279 - <std[70759c8f55707aa4]::sys::thread::unix::Thread>::new::thread_start
[INFO] [stdout]   19:     0x71d608a0cdfa - <unknown>
[INFO] [stdout]   20:     0x71d608aa03d4 - clone
[INFO] [stdout]   21:                0x0 - <unknown>
[INFO] [stdout] 
[INFO] [stdout] ---- golden_u16_rgba_upscale stdout ----
[INFO] [stdout] 
[INFO] [stdout] thread 'golden_u16_rgba_upscale' (2495) panicked at tests/golden_outputs.rs:153:34:
[INFO] [stdout] called `Result::unwrap()` on an `Err` value: Os { code: 30, kind: ReadOnlyFilesystem, message: "Read-only file system" }
[INFO] [stdout] stack backtrace:
[INFO] [stdout]    0:     0x60c98ca35eb1 - <<std[70759c8f55707aa4]::sys::backtrace::BacktraceLock>::print::DisplayBacktrace as core[df12db4294e9bfd3]::fmt::Display>::fmt
[INFO] [stdout]    1:     0x60c98ca4aa8a - core[df12db4294e9bfd3]::fmt::write
[INFO] [stdout]    2:     0x60c98ca3a61c - <alloc[2182bb758b4b3781]::vec::Vec<u8> as core[df12db4294e9bfd3]::io::write::Write>::write_fmt
[INFO] [stdout]    3:     0x60c98ca11156 - std[70759c8f55707aa4]::panicking::default_hook::{closure#0}
[INFO] [stdout]    4:     0x60c98ca2def9 - std[70759c8f55707aa4]::panicking::default_hook
[INFO] [stdout]    5:     0x60c98c9aa360 - test[9d35eded1c95d3be]::test_main_inner::<test[9d35eded1c95d3be]::test_main_static::{closure#0}>::{closure#0}
[INFO] [stdout]    6:     0x60c98ca2e0b2 - std[70759c8f55707aa4]::panicking::panic_with_hook
[INFO] [stdout]    7:     0x60c98ca11202 - std[70759c8f55707aa4]::panicking::panic_handler::{closure#0}
[INFO] [stdout]    8:     0x60c98ca09c39 - std[70759c8f55707aa4]::sys::backtrace::__rust_end_short_backtrace::<std[70759c8f55707aa4]::panicking::panic_handler::{closure#0}, !>
[INFO] [stdout]    9:     0x60c98ca11dfd - __rustc[8fa7c3cbc660c2b3]::rust_begin_unwind
[INFO] [stdout]   10:     0x60c98ca4b1bc - core[df12db4294e9bfd3]::panicking::panic_fmt
[INFO] [stdout]   11:     0x60c98ca4af92 - core[df12db4294e9bfd3]::result::unwrap_failed
[INFO] [stdout]   12:     0x60c98c9951be - golden_outputs[9281710ea1db23fa]::check_golden
[INFO] [stdout]   13:     0x60c98c997ee9 - <golden_outputs[9281710ea1db23fa]::golden_u16_rgba_upscale::{closure#0} as core[df12db4294e9bfd3]::ops::function::FnOnce<()>>::call_once
[INFO] [stdout]   14:     0x60c98c99d64b - test[9d35eded1c95d3be]::__rust_begin_short_backtrace::<core[df12db4294e9bfd3]::result::Result<(), alloc[2182bb758b4b3781]::string::String>, fn() -> core[df12db4294e9bfd3]::result::Result<(), alloc[2182bb758b4b3781]::string::String>>
[INFO] [stdout]   15:     0x60c98c9aacb5 - test[9d35eded1c95d3be]::run_test::{closure#0}
[INFO] [stdout]   16:     0x60c98c9a4574 - std[70759c8f55707aa4]::sys::backtrace::__rust_begin_short_backtrace::<test[9d35eded1c95d3be]::run_test::{closure#1}, ()>
[INFO] [stdout]   17:     0x60c98c9ade12 - <std[70759c8f55707aa4]::thread::lifecycle::spawn_unchecked<test[9d35eded1c95d3be]::run_test::{closure#1}, ()>::{closure#1} as core[df12db4294e9bfd3]::ops::function::FnOnce<()>>::call_once::{shim:vtable#0}
[INFO] [stdout]   18:     0x60c98ca35279 - <std[70759c8f55707aa4]::sys::thread::unix::Thread>::new::thread_start
[INFO] [stdout]   19:     0x71d608a0cdfa - <unknown>
[INFO] [stdout]   20:     0x71d608aa03d4 - clone
[INFO] [stdout]   21:                0x0 - <unknown>
[INFO] [stdout] 
[INFO] [stdout] 
[INFO] [stdout] failures:
[INFO] [stdout]     golden_filters
[INFO] [stdout]     golden_gray_downscale
[INFO] [stdout]     golden_nonsquare
[INFO] [stdout]     golden_path0_srgb_i16_downscale
[INFO] [stdout]     golden_path0_srgb_i16_identity
[INFO] [stdout]     golden_path0_srgb_i16_upscale
[INFO] [stdout]     golden_path0_with_alpha
[INFO] [stdout]     golden_path1_linear_i16_downscale
[INFO] [stdout]     golden_path1_linear_i16_upscale
[INFO] [stdout]     golden_path2_f32_u8io_downscale
[INFO] [stdout]     golden_path2_f32_u8io_upscale
[INFO] [stdout]     golden_path2_with_alpha
[INFO] [stdout]     golden_path3_f32_native_downscale
[INFO] [stdout]     golden_path3_f32_native_upscale
[INFO] [stdout]     golden_rgb_downscale
[INFO] [stdout]     golden_u16_gray_downscale
[INFO] [stdout]     golden_u16_rgb_downscale
[INFO] [stdout]     golden_u16_rgba_downscale
[INFO] [stdout]     golden_u16_rgba_upscale
[INFO] [stdout] 
[INFO] [stdout] test result: FAILED. 2 passed; 19 failed; 0 ignored; 0 measured; 0 filtered out; finished in 0.00s
[INFO] [stdout] 
[INFO] running `Command { std: "docker" "inspect" "8f80dae524f47e24e1fc20726bb05ec7bea70fa7aea4066112351ec6dba6a975", kill_on_drop: false }`
[INFO] running `Command { std: "docker" "rm" "-f" "8f80dae524f47e24e1fc20726bb05ec7bea70fa7aea4066112351ec6dba6a975", kill_on_drop: false }`
[INFO] [stdout] 8f80dae524f47e24e1fc20726bb05ec7bea70fa7aea4066112351ec6dba6a975
