[INFO] fetching crate zenraw 0.2.0...
[INFO] testing zenraw-0.2.0 against 1.100.0-beta.1+cargoflags=--release for beta-release-1.100-2
[INFO] extracting crate zenraw 0.2.0 into /workspace/builds/worker-6-tc2/source
[INFO] started tweaking crates.io crate zenraw 0.2.0
[INFO] removed 0 missing examples
[INFO] removed 0 missing tests
[INFO] finished tweaking crates.io crate zenraw 0.2.0
[INFO] tweaked toml for crates.io crate zenraw 0.2.0 written to /workspace/builds/worker-6-tc2/source/Cargo.toml
[INFO] validating manifest of crates.io crate zenraw 0.2.0 on toolchain 1.100.0-beta.1
[INFO] running `Command { std: CARGO_HOME="/workspace/cargo-home" RUSTUP_HOME="/workspace/rustup-home" "/workspace/cargo-home/bin/cargo" "+1.100.0-beta.1" "metadata" "--manifest-path" "Cargo.toml" "--no-deps", kill_on_drop: false }`
[INFO] crate crates.io crate zenraw 0.2.0 already has a lockfile, it will not be regenerated
[INFO] running `Command { std: CARGO_HOME="/workspace/cargo-home" RUSTUP_HOME="/workspace/rustup-home" "/workspace/cargo-home/bin/cargo" "+1.100.0-beta.1" "fetch" "--manifest-path" "Cargo.toml", kill_on_drop: false }`
[INFO] running `Command { std: "docker" "create" "-v" "/var/lib/crater-agent-workspace/builds/worker-6-tc2/source:/opt/rustwide/workdir:ro,Z" "-v" "/var/lib/crater-agent-workspace/builds/worker-6-tc2/target:/opt/rustwide/target:rw,Z" "-v" "/var/lib/crater-agent-workspace/cargo-home:/opt/rustwide/cargo-home:ro,Z" "-v" "/var/lib/crater-agent-workspace/rustup-home:/opt/rustwide/rustup-home:ro,Z" "-m" "1610612736" "--network" "none" "ghcr.io/rust-lang/crates-build-env/linux@sha256:77db811e55d90add9212f6832c23229e3de5f1c1f9905e8cb07319ea15df73ac" "sleep" "infinity", kill_on_drop: false }`
[INFO] [stdout] d8cc8120f59e105193d1063ec7cc628d9d37d2967780e61b9a38f90571480509
[INFO] running `Command { std: "docker" "start" "d8cc8120f59e105193d1063ec7cc628d9d37d2967780e61b9a38f90571480509", kill_on_drop: false }`
[INFO] running `Command { std: "docker" "inspect" "d8cc8120f59e105193d1063ec7cc628d9d37d2967780e61b9a38f90571480509", kill_on_drop: false }`
[INFO] running `Command { std: "docker" "exec" "-e" "SOURCE_DIR=/opt/rustwide/workdir" "-e" "CARGO_HOME=/opt/rustwide/cargo-home" "-e" "RUSTUP_HOME=/opt/rustwide/rustup-home" "-e" "CARGO_TARGET_DIR=/opt/rustwide/target" "-w" "/opt/rustwide/workdir" "--user" "0:0" "d8cc8120f59e105193d1063ec7cc628d9d37d2967780e61b9a38f90571480509" "/opt/rustwide/cargo-home/bin/cargo" "+1.100.0-beta.1" "metadata" "--no-deps" "--format-version=1", kill_on_drop: false }`
[INFO] running `Command { std: "docker" "inspect" "d8cc8120f59e105193d1063ec7cc628d9d37d2967780e61b9a38f90571480509", kill_on_drop: false }`
[INFO] running `Command { std: "docker" "exec" "-e" "SOURCE_DIR=/opt/rustwide/workdir" "-e" "CARGO_HOME=/opt/rustwide/cargo-home" "-e" "RUSTUP_HOME=/opt/rustwide/rustup-home" "-e" "CARGO_TARGET_DIR=/opt/rustwide/target" "-e" "CARGO_INCREMENTAL=0" "-e" "RUST_BACKTRACE=full" "-e" "RUSTFLAGS=--cap-lints=warn" "-e" "RUSTDOCFLAGS=--cap-lints=warn" "-w" "/opt/rustwide/workdir" "--user" "0:0" "d8cc8120f59e105193d1063ec7cc628d9d37d2967780e61b9a38f90571480509" "/opt/rustwide/cargo-home/bin/cargo" "+1.100.0-beta.1" "build" "--frozen" "--message-format=json" "--release", kill_on_drop: false }`
[INFO] [stderr]    Compiling serde v1.0.228
[INFO] [stderr]    Compiling safe_unaligned_simd v0.2.5
[INFO] [stderr]    Compiling bytemuck_derive v1.10.2
[INFO] [stderr]    Compiling num-traits v0.2.19
[INFO] [stderr]    Compiling archmage-macros v0.9.16
[INFO] [stderr]    Compiling glob v0.3.3
[INFO] [stderr]    Compiling half v2.7.1
[INFO] [stderr]    Compiling enumn v0.1.14
[INFO] [stderr]    Compiling enough v0.4.3
[INFO] [stderr]    Compiling whereat v0.1.5
[INFO] [stderr]    Compiling toml v0.5.11
[INFO] [stderr]    Compiling memchr v2.8.0
[INFO] [stderr]    Compiling bytemuck v1.25.0
[INFO] [stderr]    Compiling archmage v0.9.16
[INFO] [stderr]    Compiling safe_arch v1.0.0
[INFO] [stderr]    Compiling zenpixels v0.2.2
[INFO] [stderr]    Compiling magetypes v0.9.16
[INFO] [stderr]    Compiling rawloader v0.37.1
[INFO] [stderr]    Compiling wide v1.2.0
[INFO] [stderr]    Compiling linear-srgb v0.6.7
[INFO] [stderr]    Compiling ultrahdr-core v0.3.4
[INFO] [stderr]    Compiling zenraw v0.2.0 (/opt/rustwide/workdir)
[INFO] [stderr] warning: unused dependency `ultrahdr-core`
[INFO] [stderr]   --> Cargo.toml:42:15
[INFO] [stderr]    |
[INFO] [stderr] 42 | [dependencies.ultrahdr-core]
[INFO] [stderr]    |               ^^^^^^^^^^^^^^
[INFO] [stderr]    |
[INFO] [stderr]    = note: `cargo::unused_dependencies` is set to `warn` by default
[INFO] [stderr] help: consider removing the dependency on `ultrahdr-core`
[INFO] [stderr] warning: `zenraw` (manifest) generated 1 warning
[INFO] [stderr]     Finished `release` profile [optimized] target(s) in 34.21s
[INFO] running `Command { std: "docker" "inspect" "d8cc8120f59e105193d1063ec7cc628d9d37d2967780e61b9a38f90571480509", kill_on_drop: false }`
[INFO] running `Command { std: "docker" "exec" "-e" "SOURCE_DIR=/opt/rustwide/workdir" "-e" "CARGO_HOME=/opt/rustwide/cargo-home" "-e" "RUSTUP_HOME=/opt/rustwide/rustup-home" "-e" "CARGO_TARGET_DIR=/opt/rustwide/target" "-e" "CARGO_INCREMENTAL=0" "-e" "RUST_BACKTRACE=full" "-e" "RUSTFLAGS=--cap-lints=warn" "-e" "RUSTDOCFLAGS=--cap-lints=warn" "-w" "/opt/rustwide/workdir" "--user" "0:0" "d8cc8120f59e105193d1063ec7cc628d9d37d2967780e61b9a38f90571480509" "/opt/rustwide/cargo-home/bin/cargo" "+1.100.0-beta.1" "test" "--frozen" "--no-run" "--message-format=json" "--release", kill_on_drop: false }`
[INFO] [stderr]    Compiling archmage v0.9.16
[INFO] [stderr]    Compiling rustix v1.1.4
[INFO] [stderr]    Compiling serde v1.0.228
[INFO] [stderr]    Compiling clap_derive v4.6.0
[INFO] [stderr]    Compiling pxfm v0.1.28
[INFO] [stderr]    Compiling png v0.18.1
[INFO] [stderr]    Compiling sysinfo v0.36.1
[INFO] [stderr]    Compiling rgb v0.8.53
[INFO] [stderr]    Compiling magetypes v0.9.16
[INFO] [stderr]    Compiling imgref v1.12.0
[INFO] [stderr]    Compiling toml v0.5.11
[INFO] [stderr]    Compiling clap v4.6.0
[INFO] [stderr]    Compiling rawloader v0.37.1
[INFO] [stderr]    Compiling fs4 v0.13.1
[INFO] [stderr]    Compiling terminal_size v0.4.4
[INFO] [stderr]    Compiling moxcms v0.8.1
[INFO] [stderr]    Compiling zenbench v0.1.4
[INFO] [stderr]    Compiling linear-srgb v0.6.7
[INFO] [stderr]    Compiling ultrahdr-core v0.3.4
[INFO] [stderr]    Compiling zensim v0.2.4
[INFO] [stderr]    Compiling zenraw v0.2.0 (/opt/rustwide/workdir)
[INFO] [stderr]    Compiling image v0.25.10
[INFO] [stderr] warning: unused dependency `ultrahdr-core`
[INFO] [stderr]   --> Cargo.toml:42:15
[INFO] [stderr]    |
[INFO] [stderr] 42 | [dependencies.ultrahdr-core]
[INFO] [stderr]    |               ^^^^^^^^^^^^^^
[INFO] [stderr]    |
[INFO] [stderr]    = note: `cargo::unused_dependencies` is set to `warn` by default
[INFO] [stderr] help: consider removing the dependency on `ultrahdr-core`
[INFO] [stderr] warning: `zenraw` (manifest) generated 1 warning
[INFO] [stderr]     Finished `release` profile [optimized] target(s) in 1m 17s
[INFO] running `Command { std: "docker" "inspect" "d8cc8120f59e105193d1063ec7cc628d9d37d2967780e61b9a38f90571480509", kill_on_drop: false }`
[INFO] running `Command { std: "docker" "exec" "-e" "SOURCE_DIR=/opt/rustwide/workdir" "-e" "CARGO_HOME=/opt/rustwide/cargo-home" "-e" "RUSTUP_HOME=/opt/rustwide/rustup-home" "-e" "CARGO_TARGET_DIR=/opt/rustwide/target" "-e" "CARGO_INCREMENTAL=0" "-e" "RUST_BACKTRACE=full" "-e" "RUSTFLAGS=--cap-lints=warn" "-e" "RUSTDOCFLAGS=--cap-lints=warn" "-w" "/opt/rustwide/workdir" "--user" "0:0" "d8cc8120f59e105193d1063ec7cc628d9d37d2967780e61b9a38f90571480509" "/opt/rustwide/cargo-home/bin/cargo" "+1.100.0-beta.1" "test" "--frozen" "--release", kill_on_drop: false }`
[INFO] [stderr] warning: unused dependency `ultrahdr-core`
[INFO] [stderr]   --> Cargo.toml:42:15
[INFO] [stderr]    |
[INFO] [stderr] 42 | [dependencies.ultrahdr-core]
[INFO] [stderr]    |               ^^^^^^^^^^^^^^
[INFO] [stderr]    |
[INFO] [stderr]    = note: `cargo::unused_dependencies` is set to `warn` by default
[INFO] [stderr] help: consider removing the dependency on `ultrahdr-core`
[INFO] [stderr] warning: `zenraw` (manifest) generated 1 warning
[INFO] [stderr]     Finished `release` profile [optimized] target(s) in 0.14s
[INFO] [stderr]      Running unittests src/lib.rs (/opt/rustwide/target/release/build/zenraw/f27d4f8301e52f48/out/zenraw-f27d4f8301e52f48)
[INFO] [stdout] 
[INFO] [stdout] running 52 tests
[INFO] [stdout] test classify::tests::classify_android_dng ... ok
[INFO] [stdout] test classify::tests::classify_jpeg ... ok
[INFO] [stdout] test color::tests::f32_to_u8_clamps ... ok
[INFO] [stdout] test color::tests::identity_matrix_inversion ... ok
[INFO] [stdout] test classify::tests::classify_appledng ... ok
[INFO] [stdout] test classify::tests::classify_unknown ... ok
[INFO] [stdout] test classify::tests::classify_standard_dng ... ok
[INFO] [stdout] test classify::tests::format_display ... ok
[INFO] [stdout] test color::tests::color_pipeline_does_not_crash ... ok
[INFO] [stdout] test classify::tests::classify_ampf ... ok
[INFO] [stdout] test color::tests::normalize_rows_sums_to_one ... ok
[INFO] [stdout] test color::tests::srgb_gamma_boundaries ... ok
[INFO] [stdout] test color::tests::srgb_gamma_monotonic ... ok
[INFO] [stdout] test color::tests::matrix_mul_identity ... ok
[INFO] [stdout] test demosaic::tests::bilinear_known_channel_preserved ... ok
[INFO] [stdout] test color::tests::invert_and_multiply_is_identity ... ok
[INFO] [stdout] test demosaic::tests::xtrans_bilinear_dimensions ... ok
[INFO] [stdout] test demosaic::tests::bilinear_output_non_negative ... ok
[INFO] [stdout] test demosaic::tests::bilinear_produces_correct_dimensions ... ok
[INFO] [stdout] test demosaic::tests::different_cfa_patterns ... ok
[INFO] [stdout] test demosaic::tests::malvar_known_channel_preserved ... ok
[INFO] [stdout] test demosaic::tests::malvar_produces_correct_dimensions ... ok
[INFO] [stdout] test demosaic::tests::malvar_output_non_negative ... ok
[INFO] [stdout] test demosaic::tests::uniform_input_produces_uniform_output ... ok
[INFO] [stdout] test demosaic::tests::xtrans_bilinear_non_negative ... ok
[INFO] [stdout] test demosaic::tests::xtrans_bilinear_uniform_input ... ok
[INFO] [stdout] test error::tests::error_display_variants ... ok
[INFO] [stdout] test demosaic::tests::xtrans_bilinear_known_channel_preserved ... ok
[INFO] [stdout] test orient::tests::orient_2_flip_horizontal ... ok
[INFO] [stdout] test error::tests::from_buffer_error ... ok
[INFO] [stdout] test error::tests::from_stop_reason ... ok
[INFO] [stdout] test orient::tests::orient_3_rotate_180 ... ok
[INFO] [stdout] test error::tests::into_buffer_error_at ... ok
[INFO] [stdout] test orient::tests::orient_1_identity ... ok
[INFO] [stdout] test orient::tests::orient_4_flip_vertical ... ok
[INFO] [stdout] test error::tests::into_buffer_error_bare ... ok
[INFO] [stdout] test orient::tests::orient_6_rotate_90_cw ... ok
[INFO] [stdout] test orient::tests::orient_7_transverse ... ok
[INFO] [stdout] test orient::tests::orient_8_rotate_270_cw ... ok
[INFO] [stdout] test orient::tests::orient_roundtrips ... ok
[INFO] [stdout] test orient::tests::orient_5_transpose ... ok
[INFO] [stdout] test simd::tests::extract_rgb_cpp3 ... ok
[INFO] [stdout] test simd::tests::extract_rgb_cpp4_drops_alpha ... ok
[INFO] [stdout] test simd::tests::extract_rgb_cpp6 ... ok
[INFO] [stdout] test simd::tests::extract_rgb_short_data_pads_zeros ... ok
[INFO] [stdout] test tiff_ifd::tests::parse_appledng_structure ... ok
[INFO] [stdout] test tiff_ifd::tests::parse_fivek_dng_structure ... ok
[INFO] [stdout] test simd::tests::normalize_uniform_basic ... ok
[INFO] [stdout] test simd::tests::normalize_uniform_clamps ... ok
[INFO] [stdout] test simd::tests::normalize_uniform_empty ... ok
[INFO] [stdout] test simd::tests::normalize_uniform_many_elements ... ok
[INFO] [stdout] test tiff_ifd::tests::parse_android_dng_structure ... ok
[INFO] [stdout] 
[INFO] [stdout] test result: ok. 52 passed; 0 failed; 0 ignored; 0 measured; 0 filtered out; finished in 0.01s
[INFO] [stdout] 
[INFO] [stderr]      Running tests/formats.rs (/opt/rustwide/target/release/build/zenraw/30e55f1ebd3bcccb/out/formats-30e55f1ebd3bcccb)
[INFO] [stdout] 
[INFO] [stdout] running 13 tests
[INFO] [stdout] test format_apple_proraw_batch ... ok
[INFO] [stdout] test format_canon_cr2 ... ok
[INFO] [stdout] test format_canon_cr3 ... ok
[INFO] [stderr]      Running tests/integration.rs (/opt/rustwide/target/release/build/zenraw/56c2343ed5d27508/out/integration-56c2343ed5d27508)
[INFO] [stdout] test format_nikon_nef ... ok
[INFO] [stdout] test format_fuji_raf_xtrans ... ok
[INFO] [stdout] test format_olympus_orf ... ok
[INFO] [stdout] test format_android_dng ... ok
[INFO] [stdout] test all_formats_probe_consistency ... ok
[INFO] [stdout] test format_dng_iphone ... ok
[INFO] [stdout] test all_formats_bilinear_vs_malvar ... ok
[INFO] [stdout] test format_fivek_dng ... ok
[INFO] [stdout] test format_panasonic_rw2 ... ok
[INFO] [stdout] test format_sony_arw ... ok
[INFO] [stdout] 
[INFO] [stdout] test result: ok. 13 passed; 0 failed; 0 ignored; 0 measured; 0 filtered out; finished in 0.00s
[INFO] [stdout] 
[INFO] [stdout] 
[INFO] [stdout] running 13 tests
[INFO] [stdout] test config_defaults ... ok
[INFO] [stdout] test full_pipeline_synthetic_data ... ok
[INFO] [stdout] test decode_empty_input_fails ... ok
[INFO] [stdout] test is_raw_file_detection ... ok
[INFO] [stdout] test decode_garbage_input_fails ... ok
[INFO] [stdout] test pixel_limit_with_real_file ... ok
[INFO] [stdout] test color_pipeline_public_api ... ok
[INFO] [stdout] test decode_real_raw_file ... ok
[INFO] [stdout] test demosaic_public_api ... ok
[INFO] [stdout] test decode_jpeg_input_fails ... ok
[INFO] [stdout] test config_builder ... ok
[INFO] [stdout] test srgb_gamma_public_api ... ok
[INFO] [stdout] test probe_empty_input_fails ... ok
[INFO] [stdout] 
[INFO] [stdout] test result: ok. 13 passed; 0 failed; 0 ignored; 0 measured; 0 filtered out; finished in 0.10s
[INFO] [stdout] 
[INFO] [stderr]      Running tests/probe_parity.rs (/opt/rustwide/target/release/build/zenraw/dbd0a44b1fd2d15c/out/probe_parity-dbd0a44b1fd2d15c)
[INFO] [stdout] 
[INFO] [stdout] running 3 tests
[INFO] [stdout] test non_dng_raw_classify_agrees_with_probe_and_decode ... FAILED
[INFO] [stdout] test dng_classify_agrees_with_probe_and_decode ... ok
[INFO] [stdout] test non_raw_correctly_rejected ... ok
[INFO] [stdout] 
[INFO] [stdout] failures:
[INFO] [stdout] 
[INFO] [stdout] ---- non_dng_raw_classify_agrees_with_probe_and_decode stdout ----
[INFO] [stdout] nikon_d40.nef: skipping (file not found)
[INFO] [stdout] canon_350d.cr2: skipping (file not found)
[INFO] [stdout] sony_nex3.arw: skipping (file not found)
[INFO] [stdout] olympus_c5050z.orf: skipping (file not found)
[INFO] [stdout] panasonic_gf1.rw2: skipping (file not found)
[INFO] [stdout] fuji_xt1.raf: skipping (file not found)
[INFO] [stdout] 
[INFO] [stdout] thread 'non_dng_raw_classify_agrees_with_probe_and_decode' (1342) panicked at tests/probe_parity.rs:199:5:
[INFO] [stdout] no non-DNG RAW samples were available
[INFO] [stdout] stack backtrace:
[INFO] [stdout]    0:     0x5b53329662a1 - <<std[617be2ca0a6fd877]::sys::backtrace::BacktraceLock>::print::DisplayBacktrace as core[a373ad73a504971]::fmt::Display>::fmt
[INFO] [stdout]    1:     0x5b533297b6ea - core[a373ad73a504971]::fmt::write
[INFO] [stdout]    2:     0x5b533296a88c - <alloc[2e1b2a31b91974c5]::vec::Vec<u8> as core[a373ad73a504971]::io::write::Write>::write_fmt
[INFO] [stdout]    3:     0x5b5332941bb6 - std[617be2ca0a6fd877]::panicking::default_hook::{closure#0}
[INFO] [stdout]    4:     0x5b533295e299 - std[617be2ca0a6fd877]::panicking::default_hook
[INFO] [stdout]    5:     0x5b533283fa00 - test[aada8e7e76ba119b]::test_main_inner::{closure#0}
[INFO] [stdout]    6:     0x5b533295e5c2 - std[617be2ca0a6fd877]::panicking::panic_with_hook
[INFO] [stdout]    7:     0x5b5332941c94 - std[617be2ca0a6fd877]::panicking::panic_handler::{closure#0}
[INFO] [stdout]    8:     0x5b533293a719 - std[617be2ca0a6fd877]::sys::backtrace::__rust_end_short_backtrace::<std[617be2ca0a6fd877]::panicking::panic_handler::{closure#0}, !>
[INFO] [stdout]    9:     0x5b533294286d - __rustc[ea4f61d10b84890b]::rust_begin_unwind
[INFO] [stdout]   10:     0x5b533297be1c - core[a373ad73a504971]::panicking::panic_fmt
[INFO] [stdout]   11:     0x5b5332832d31 - <probe_parity[25773f340b94ddc]::non_dng_raw_classify_agrees_with_probe_and_decode::{closure#0} as core[a373ad73a504971]::ops::function::FnOnce<()>>::call_once
[INFO] [stdout]   12:     0x5b5332832e4b - test[aada8e7e76ba119b]::__rust_begin_short_backtrace::<core[a373ad73a504971]::result::Result<(), alloc[2e1b2a31b91974c5]::string::String>, fn() -> core[a373ad73a504971]::result::Result<(), alloc[2e1b2a31b91974c5]::string::String>>
[INFO] [stdout]   13:     0x5b5332840025 - test[aada8e7e76ba119b]::run_test::{closure#0}
[INFO] [stdout]   14:     0x5b5332839914 - std[617be2ca0a6fd877]::sys::backtrace::__rust_begin_short_backtrace::<test[aada8e7e76ba119b]::run_test::{closure#1}, ()>
[INFO] [stdout]   15:     0x5b53328430b2 - <std[617be2ca0a6fd877]::thread::lifecycle::spawn_unchecked<test[aada8e7e76ba119b]::run_test::{closure#1}, ()>::{closure#1} as core[a373ad73a504971]::ops::function::FnOnce<()>>::call_once::{shim:vtable#0}
[INFO] [stdout]   16:     0x5b53329657df - <std[617be2ca0a6fd877]::sys::thread::unix::Thread>::new::thread_start
[INFO] [stdout]   17:     0x7f4457994dfa - <unknown>
[INFO] [stdout]   18:     0x7f4457a283d4 - clone
[INFO] [stdout]   19:                0x0 - <unknown>
[INFO] [stdout] 
[INFO] [stdout] 
[INFO] [stdout] failures:
[INFO] [stdout]     non_dng_raw_classify_agrees_with_probe_and_decode
[INFO] [stdout] 
[INFO] [stdout] test result: FAILED. 2 passed; 1 failed; 0 ignored; 0 measured; 0 filtered out; finished in 0.09s
[INFO] [stdout] 
[INFO] [stderr] error: test failed, to rerun pass `--test probe_parity`
[INFO] running `Command { std: "docker" "inspect" "d8cc8120f59e105193d1063ec7cc628d9d37d2967780e61b9a38f90571480509", kill_on_drop: false }`
[INFO] running `Command { std: "docker" "rm" "-f" "d8cc8120f59e105193d1063ec7cc628d9d37d2967780e61b9a38f90571480509", kill_on_drop: false }`
[INFO] [stdout] d8cc8120f59e105193d1063ec7cc628d9d37d2967780e61b9a38f90571480509
