[INFO] fetching crate zenoh_raft_macros 0.1.6...
[INFO] testing zenoh_raft_macros-0.1.6 against 1.100.0-beta.1+cargoflags=--release for beta-release-1.100-2
[INFO] extracting crate zenoh_raft_macros 0.1.6 into /workspace/builds/worker-4-tc2/source
[INFO] started tweaking crates.io crate zenoh_raft_macros 0.1.6
[INFO] finished tweaking crates.io crate zenoh_raft_macros 0.1.6
[INFO] tweaked toml for crates.io crate zenoh_raft_macros 0.1.6 written to /workspace/builds/worker-4-tc2/source/Cargo.toml
[INFO] validating manifest of crates.io crate zenoh_raft_macros 0.1.6 on toolchain 1.100.0-beta.1
[INFO] running `Command { std: CARGO_HOME="/workspace/cargo-home" RUSTUP_HOME="/workspace/rustup-home" "/workspace/cargo-home/bin/cargo" "+1.100.0-beta.1" "metadata" "--manifest-path" "Cargo.toml" "--no-deps", kill_on_drop: false }`
[INFO] crate crates.io crate zenoh_raft_macros 0.1.6 already has a lockfile, it will not be regenerated
[INFO] running `Command { std: CARGO_HOME="/workspace/cargo-home" RUSTUP_HOME="/workspace/rustup-home" "/workspace/cargo-home/bin/cargo" "+1.100.0-beta.1" "fetch" "--manifest-path" "Cargo.toml", kill_on_drop: false }`
[INFO] running `Command { std: "docker" "create" "-v" "/var/lib/crater-agent-workspace/builds/worker-4-tc2/source:/opt/rustwide/workdir:ro,Z" "-v" "/var/lib/crater-agent-workspace/builds/worker-4-tc2/target:/opt/rustwide/target:rw,Z" "-v" "/var/lib/crater-agent-workspace/cargo-home:/opt/rustwide/cargo-home:ro,Z" "-v" "/var/lib/crater-agent-workspace/rustup-home:/opt/rustwide/rustup-home:ro,Z" "-m" "1610612736" "--network" "none" "ghcr.io/rust-lang/crates-build-env/linux@sha256:77db811e55d90add9212f6832c23229e3de5f1c1f9905e8cb07319ea15df73ac" "sleep" "infinity", kill_on_drop: false }`
[INFO] [stdout] 44910aee714148c2c5d498c9bf63f08b5707a5c7894dad25f0f8f161e82c3080
[INFO] running `Command { std: "docker" "start" "44910aee714148c2c5d498c9bf63f08b5707a5c7894dad25f0f8f161e82c3080", kill_on_drop: false }`
[INFO] running `Command { std: "docker" "inspect" "44910aee714148c2c5d498c9bf63f08b5707a5c7894dad25f0f8f161e82c3080", kill_on_drop: false }`
[INFO] running `Command { std: "docker" "exec" "-e" "SOURCE_DIR=/opt/rustwide/workdir" "-e" "CARGO_HOME=/opt/rustwide/cargo-home" "-e" "RUSTUP_HOME=/opt/rustwide/rustup-home" "-e" "CARGO_TARGET_DIR=/opt/rustwide/target" "-w" "/opt/rustwide/workdir" "--user" "0:0" "44910aee714148c2c5d498c9bf63f08b5707a5c7894dad25f0f8f161e82c3080" "/opt/rustwide/cargo-home/bin/cargo" "+1.100.0-beta.1" "metadata" "--no-deps" "--format-version=1", kill_on_drop: false }`
[INFO] running `Command { std: "docker" "inspect" "44910aee714148c2c5d498c9bf63f08b5707a5c7894dad25f0f8f161e82c3080", kill_on_drop: false }`
[INFO] running `Command { std: "docker" "exec" "-e" "SOURCE_DIR=/opt/rustwide/workdir" "-e" "CARGO_HOME=/opt/rustwide/cargo-home" "-e" "RUSTUP_HOME=/opt/rustwide/rustup-home" "-e" "CARGO_TARGET_DIR=/opt/rustwide/target" "-e" "CARGO_INCREMENTAL=0" "-e" "RUST_BACKTRACE=full" "-e" "RUSTFLAGS=--cap-lints=warn" "-e" "RUSTDOCFLAGS=--cap-lints=warn" "-w" "/opt/rustwide/workdir" "--user" "0:0" "44910aee714148c2c5d498c9bf63f08b5707a5c7894dad25f0f8f161e82c3080" "/opt/rustwide/cargo-home/bin/cargo" "+1.100.0-beta.1" "build" "--frozen" "--message-format=json" "--release", kill_on_drop: false }`
[INFO] [stderr]    Compiling syn v3.0.4
[INFO] [stderr]    Compiling zenoh_raft_macros v0.1.6 (/opt/rustwide/workdir)
[INFO] [stderr]     Finished `release` profile [optimized] target(s) in 3.47s
[INFO] running `Command { std: "docker" "inspect" "44910aee714148c2c5d498c9bf63f08b5707a5c7894dad25f0f8f161e82c3080", kill_on_drop: false }`
[INFO] running `Command { std: "docker" "exec" "-e" "SOURCE_DIR=/opt/rustwide/workdir" "-e" "CARGO_HOME=/opt/rustwide/cargo-home" "-e" "RUSTUP_HOME=/opt/rustwide/rustup-home" "-e" "CARGO_TARGET_DIR=/opt/rustwide/target" "-e" "CARGO_INCREMENTAL=0" "-e" "RUST_BACKTRACE=full" "-e" "RUSTFLAGS=--cap-lints=warn" "-e" "RUSTDOCFLAGS=--cap-lints=warn" "-w" "/opt/rustwide/workdir" "--user" "0:0" "44910aee714148c2c5d498c9bf63f08b5707a5c7894dad25f0f8f161e82c3080" "/opt/rustwide/cargo-home/bin/cargo" "+1.100.0-beta.1" "test" "--frozen" "--no-run" "--message-format=json" "--release", kill_on_drop: false }`
[INFO] [stderr]    Compiling zenoh_raft_macros v0.1.6 (/opt/rustwide/workdir)
[INFO] [stderr]     Finished `release` profile [optimized] target(s) in 0.20s
[INFO] running `Command { std: "docker" "inspect" "44910aee714148c2c5d498c9bf63f08b5707a5c7894dad25f0f8f161e82c3080", kill_on_drop: false }`
[INFO] running `Command { std: "docker" "exec" "-e" "SOURCE_DIR=/opt/rustwide/workdir" "-e" "CARGO_HOME=/opt/rustwide/cargo-home" "-e" "RUSTUP_HOME=/opt/rustwide/rustup-home" "-e" "CARGO_TARGET_DIR=/opt/rustwide/target" "-e" "CARGO_INCREMENTAL=0" "-e" "RUST_BACKTRACE=full" "-e" "RUSTFLAGS=--cap-lints=warn" "-e" "RUSTDOCFLAGS=--cap-lints=warn" "-w" "/opt/rustwide/workdir" "--user" "0:0" "44910aee714148c2c5d498c9bf63f08b5707a5c7894dad25f0f8f161e82c3080" "/opt/rustwide/cargo-home/bin/cargo" "+1.100.0-beta.1" "test" "--frozen" "--release", kill_on_drop: false }`
[INFO] [stderr]     Finished `release` profile [optimized] target(s) in 0.01s
[INFO] [stderr]      Running unittests src/lib.rs (/opt/rustwide/target/release/build/zenoh_raft_macros/7b665e4b7dffbd8e/out/zenoh_raft_macros-7b665e4b7dffbd8e)
[INFO] [stdout] 
[INFO] [stdout] running 0 tests
[INFO] [stdout] 
[INFO] [stdout] test result: ok. 0 passed; 0 failed; 0 ignored; 0 measured; 0 filtered out; finished in 0.00s
[INFO] [stdout] 
[INFO] [stderr]    Doc-tests zenoh_raft_macros
[INFO] [stdout] 
[INFO] [stdout] running 5 tests
[INFO] [stdout] test src/lib.rs - expand (line 97) ... FAILED
[INFO] [stdout] test src/lib.rs - expand (line 69) ... FAILED
[INFO] [stdout] test src/lib.rs - expand (line 109) ... ok
[INFO] [stdout] test src/lib.rs - expand (line 87) ... ok
[INFO] [stdout] test src/lib.rs - variant_name (line 136) ... FAILED
[INFO] [stdout] 
[INFO] [stdout] failures:
[INFO] [stdout] 
[INFO] [stdout] ---- src/lib.rs - expand (line 97) stdout ----
[INFO] [stdout] error[E0432]: unresolved import `openraft_macros`
[INFO] [stdout]   --> src/lib.rs:98:5
[INFO] [stdout]    |
[INFO] [stdout] 98 | use openraft_macros::expand;
[INFO] [stdout]    |     ^^^^^^^^^^^^^^^ use of unresolved module or unlinked crate `openraft_macros`
[INFO] [stdout]    |
[INFO] [stdout] help: there is a crate or module with a similar name
[INFO] [stdout]    |
[INFO] [stdout] 98 - use openraft_macros::expand;
[INFO] [stdout] 98 + use zenoh_raft_macros::expand;
[INFO] [stdout]    |
[INFO] [stdout] 
[INFO] [stdout] error: aborting due to 1 previous error
[INFO] [stdout] 
[INFO] [stdout] For more information about this error, try `rustc --explain E0432`.
[INFO] [stdout] Couldn't compile the test.
[INFO] [stdout] ---- src/lib.rs - expand (line 69) stdout ----
[INFO] [stdout] error[E0432]: unresolved import `openraft_macros`
[INFO] [stdout]   --> src/lib.rs:70:5
[INFO] [stdout]    |
[INFO] [stdout] 70 | use openraft_macros::expand;
[INFO] [stdout]    |     ^^^^^^^^^^^^^^^ use of unresolved module or unlinked crate `openraft_macros`
[INFO] [stdout]    |
[INFO] [stdout] help: there is a crate or module with a similar name
[INFO] [stdout]    |
[INFO] [stdout] 70 - use openraft_macros::expand;
[INFO] [stdout] 70 + use zenoh_raft_macros::expand;
[INFO] [stdout]    |
[INFO] [stdout] 
[INFO] [stdout] error: aborting due to 1 previous error
[INFO] [stdout] 
[INFO] [stdout] For more information about this error, try `rustc --explain E0432`.
[INFO] [stdout] Couldn't compile the test.
[INFO] [stdout] ---- src/lib.rs - variant_name (line 136) stdout ----
[INFO] [stdout] error[E0432]: unresolved import `openraft_macros`
[INFO] [stdout]    --> src/lib.rs:137:5
[INFO] [stdout]     |
[INFO] [stdout] 137 | use openraft_macros::VariantName;
[INFO] [stdout]     |     ^^^^^^^^^^^^^^^ use of unresolved module or unlinked crate `openraft_macros`
[INFO] [stdout]     |
[INFO] [stdout] help: there is a crate or module with a similar name
[INFO] [stdout]     |
[INFO] [stdout] 137 - use openraft_macros::VariantName;
[INFO] [stdout] 137 + use zenoh_raft_macros::VariantName;
[INFO] [stdout]     |
[INFO] [stdout] 
[INFO] [stdout] error: cannot find attribute `variant_name` in this scope
[INFO] [stdout]    --> src/lib.rs:140:3
[INFO] [stdout]     |
[INFO] [stdout] 140 | #[variant_name(prefix = "SM::")]
[INFO] [stdout]     |   ^^^^^^^^^^^^
[INFO] [stdout]     |
[INFO] [stdout]     = note: `variant_name` is an attribute that can be used by the derive macro `VariantName`, you might be missing a `derive` attribute
[INFO] [stdout] 
[INFO] [stdout] error[E0599]: no variant, associated function, or constant named `COUNT` found for enum `Name` in the current scope
[INFO] [stdout]    --> src/lib.rs:153:18
[INFO] [stdout]     |
[INFO] [stdout] 147 | enum Name {
[INFO] [stdout]     | --------- variant, associated function, or constant `COUNT` not found for this enum
[INFO] [stdout] ...
[INFO] [stdout] 153 | assert_eq!(Name::COUNT, 4);
[INFO] [stdout]     |                  ^^^^^ variant, associated function, or constant not found in `Name`
[INFO] [stdout] 
[INFO] [stdout] error[E0599]: no method named `index` found for enum `Name` in the current scope
[INFO] [stdout]    --> src/lib.rs:154:46
[INFO] [stdout]     |
[INFO] [stdout] 147 | enum Name {
[INFO] [stdout]     | --------- method `index` not found for this enum
[INFO] [stdout] ...
[INFO] [stdout] 154 | assert_eq!(Name::StateMachine(SmName::Apply).index(), 2);
[INFO] [stdout]     |                                              ^^^^^ method not found in `Name`
[INFO] [stdout]     |
[INFO] [stdout]     = help: items from traits can only be used if the trait is implemented and in scope
[INFO] [stdout]     = note: the following traits define an item `index`, perhaps you need to implement one of them:
[INFO] [stdout]             candidate #1: `Index`
[INFO] [stdout]             candidate #2: `SliceIndex`
[INFO] [stdout] 
[INFO] [stdout] error[E0599]: no method named `index` found for enum `Name` in the current scope
[INFO] [stdout]    --> src/lib.rs:155:26
[INFO] [stdout]     |
[INFO] [stdout] 147 | enum Name {
[INFO] [stdout]     | --------- method `index` not found for this enum
[INFO] [stdout] ...
[INFO] [stdout] 155 | assert_eq!(Name::Respond.index(), 3);
[INFO] [stdout]     |                          ^^^^^ method not found in `Name`
[INFO] [stdout]     |
[INFO] [stdout]     = help: items from traits can only be used if the trait is implemented and in scope
[INFO] [stdout]     = note: the following traits define an item `index`, perhaps you need to implement one of them:
[INFO] [stdout]             candidate #1: `Index`
[INFO] [stdout]             candidate #2: `SliceIndex`
[INFO] [stdout] 
[INFO] [stdout] error[E0599]: no method named `as_str` found for enum `Name` in the current scope
[INFO] [stdout]    --> src/lib.rs:156:46
[INFO] [stdout]     |
[INFO] [stdout] 147 | enum Name {
[INFO] [stdout]     | --------- method `as_str` not found for this enum
[INFO] [stdout] ...
[INFO] [stdout] 156 | assert_eq!(Name::StateMachine(SmName::Apply).as_str(), "SM::Apply");
[INFO] [stdout]     |                                              ^^^^^^ method not found in `Name`
[INFO] [stdout] 
[INFO] [stdout] error[E0599]: no method named `as_str` found for enum `Name` in the current scope
[INFO] [stdout]    --> src/lib.rs:157:23
[INFO] [stdout]     |
[INFO] [stdout] 147 | enum Name {
[INFO] [stdout]     | --------- method `as_str` not found for this enum
[INFO] [stdout] ...
[INFO] [stdout] 157 | assert_eq!(Name::Vote.as_str(), "Vote");
[INFO] [stdout]     |                       ^^^^^^ method not found in `Name`
[INFO] [stdout] 
[INFO] [stdout] error: aborting due to 7 previous errors
[INFO] [stdout] 
[INFO] [stdout] Some errors have detailed explanations: E0432, E0599.
[INFO] [stdout] For more information about an error, try `rustc --explain E0432`.
[INFO] [stdout] Couldn't compile the test.
[INFO] [stdout] 
[INFO] [stdout] failures:
[INFO] [stdout]     src/lib.rs - expand (line 69)
[INFO] [stdout]     src/lib.rs - expand (line 97)
[INFO] [stdout]     src/lib.rs - variant_name (line 136)
[INFO] [stdout] 
[INFO] [stdout] test result: FAILED. 2 passed; 3 failed; 0 ignored; 0 measured; 0 filtered out; finished in 0.06s
[INFO] [stdout] 
[INFO] [stdout] all doctests ran in 0.12s; merged doctests compilation took 0.06s
[INFO] [stderr] error: doctest failed, to rerun pass `--doc`
[INFO] running `Command { std: "docker" "inspect" "44910aee714148c2c5d498c9bf63f08b5707a5c7894dad25f0f8f161e82c3080", kill_on_drop: false }`
[INFO] running `Command { std: "docker" "rm" "-f" "44910aee714148c2c5d498c9bf63f08b5707a5c7894dad25f0f8f161e82c3080", kill_on_drop: false }`
[INFO] [stdout] 44910aee714148c2c5d498c9bf63f08b5707a5c7894dad25f0f8f161e82c3080
