[INFO] fetching crate zenoh-web-webrtc 0.21.0-zw.5...
[INFO] testing zenoh-web-webrtc-0.21.0-zw.5 against 1.100.0-beta.1+cargoflags=--release for beta-release-1.100-2
[INFO] extracting crate zenoh-web-webrtc 0.21.0-zw.5 into /workspace/builds/worker-1-tc2/source
[INFO] started tweaking crates.io crate zenoh-web-webrtc 0.21.0-zw.5
[INFO] finished tweaking crates.io crate zenoh-web-webrtc 0.21.0-zw.5
[INFO] tweaked toml for crates.io crate zenoh-web-webrtc 0.21.0-zw.5 written to /workspace/builds/worker-1-tc2/source/Cargo.toml
[INFO] validating manifest of crates.io crate zenoh-web-webrtc 0.21.0-zw.5 on toolchain 1.100.0-beta.1
[INFO] running `Command { std: CARGO_HOME="/workspace/cargo-home" RUSTUP_HOME="/workspace/rustup-home" "/workspace/cargo-home/bin/cargo" "+1.100.0-beta.1" "metadata" "--manifest-path" "Cargo.toml" "--no-deps", kill_on_drop: false }`
[INFO] crate crates.io crate zenoh-web-webrtc 0.21.0-zw.5 already has a lockfile, it will not be regenerated
[INFO] running `Command { std: CARGO_HOME="/workspace/cargo-home" RUSTUP_HOME="/workspace/rustup-home" "/workspace/cargo-home/bin/cargo" "+1.100.0-beta.1" "fetch" "--manifest-path" "Cargo.toml", kill_on_drop: false }`
[INFO] running `Command { std: "docker" "create" "-v" "/var/lib/crater-agent-workspace/builds/worker-1-tc2/source:/opt/rustwide/workdir:ro,Z" "-v" "/var/lib/crater-agent-workspace/builds/worker-1-tc2/target:/opt/rustwide/target:rw,Z" "-v" "/var/lib/crater-agent-workspace/cargo-home:/opt/rustwide/cargo-home:ro,Z" "-v" "/var/lib/crater-agent-workspace/rustup-home:/opt/rustwide/rustup-home:ro,Z" "-m" "1610612736" "--network" "none" "ghcr.io/rust-lang/crates-build-env/linux@sha256:77db811e55d90add9212f6832c23229e3de5f1c1f9905e8cb07319ea15df73ac" "sleep" "infinity", kill_on_drop: false }`
[INFO] [stdout] 1d99d8238830738760dd0d330c79952f6d7f9b67b6557d0f3b7ee6cfe21af61f
[INFO] running `Command { std: "docker" "start" "1d99d8238830738760dd0d330c79952f6d7f9b67b6557d0f3b7ee6cfe21af61f", kill_on_drop: false }`
[INFO] running `Command { std: "docker" "inspect" "1d99d8238830738760dd0d330c79952f6d7f9b67b6557d0f3b7ee6cfe21af61f", kill_on_drop: false }`
[INFO] running `Command { std: "docker" "exec" "-e" "SOURCE_DIR=/opt/rustwide/workdir" "-e" "CARGO_HOME=/opt/rustwide/cargo-home" "-e" "RUSTUP_HOME=/opt/rustwide/rustup-home" "-e" "CARGO_TARGET_DIR=/opt/rustwide/target" "-w" "/opt/rustwide/workdir" "--user" "0:0" "1d99d8238830738760dd0d330c79952f6d7f9b67b6557d0f3b7ee6cfe21af61f" "/opt/rustwide/cargo-home/bin/cargo" "+1.100.0-beta.1" "metadata" "--no-deps" "--format-version=1", kill_on_drop: false }`
[INFO] running `Command { std: "docker" "inspect" "1d99d8238830738760dd0d330c79952f6d7f9b67b6557d0f3b7ee6cfe21af61f", kill_on_drop: false }`
[INFO] running `Command { std: "docker" "exec" "-e" "SOURCE_DIR=/opt/rustwide/workdir" "-e" "CARGO_HOME=/opt/rustwide/cargo-home" "-e" "RUSTUP_HOME=/opt/rustwide/rustup-home" "-e" "CARGO_TARGET_DIR=/opt/rustwide/target" "-e" "CARGO_INCREMENTAL=0" "-e" "RUST_BACKTRACE=full" "-e" "RUSTFLAGS=--cap-lints=warn" "-e" "RUSTDOCFLAGS=--cap-lints=warn" "-w" "/opt/rustwide/workdir" "--user" "0:0" "1d99d8238830738760dd0d330c79952f6d7f9b67b6557d0f3b7ee6cfe21af61f" "/opt/rustwide/cargo-home/bin/cargo" "+1.100.0-beta.1" "build" "--frozen" "--message-format=json" "--release", kill_on_drop: false }`
[INFO] [stderr]    Compiling libc v0.2.189
[INFO] [stderr]    Compiling cfg_aliases v0.2.2
[INFO] [stderr]    Compiling smallvec v1.16.2
[INFO] [stderr]    Compiling memoffset v0.9.1
[INFO] [stderr]    Compiling substring v1.4.5
[INFO] [stderr]    Compiling percent-encoding v2.3.2
[INFO] [stderr]    Compiling chacha20 v0.10.2
[INFO] [stderr]    Compiling generic-array v0.14.7
[INFO] [stderr]    Compiling bitflags v2.13.2
[INFO] [stderr]    Compiling syn v2.0.119
[INFO] [stderr]    Compiling subtle v2.6.1
[INFO] [stderr]    Compiling displaydoc v0.2.7
[INFO] [stderr]    Compiling nix v0.31.3
[INFO] [stderr]    Compiling serde v1.0.229
[INFO] [stderr]    Compiling cc v1.5.1
[INFO] [stderr]    Compiling time-macros v0.2.32
[INFO] [stderr]    Compiling deranged v0.5.8
[INFO] [stderr]    Compiling form_urlencoded v1.2.2
[INFO] [stderr]    Compiling minimal-lexical v0.2.1
[INFO] [stderr]    Compiling ptr_meta_derive v0.3.2
[INFO] [stderr]    Compiling sansio v1.0.1
[INFO] [stderr]    Compiling lazy_static v1.5.1
[INFO] [stderr]    Compiling crc32c v0.6.8
[INFO] [stderr]    Compiling bytecheck_derive v0.8.3
[INFO] [stderr]    Compiling oid-registry v0.7.1
[INFO] [stderr]    Compiling simdutf8 v0.1.5
[INFO] [stderr]    Compiling crc-catalog v2.5.0
[INFO] [stderr]    Compiling num-bigint v0.4.8
[INFO] [stderr]    Compiling nom v7.1.3
[INFO] [stderr]    Compiling crc v3.4.0
[INFO] [stderr]    Compiling futures-sink v0.3.34
[INFO] [stderr]    Compiling crossbeam-utils v0.8.23
[INFO] [stderr]    Compiling ptr_meta v0.3.2
[INFO] [stderr]    Compiling rustls v0.23.45
[INFO] [stderr]    Compiling base64 v0.23.1
[INFO] [stderr]    Compiling rancor v0.1.3
[INFO] [stderr]    Compiling event-listener v5.4.2
[INFO] [stderr]    Compiling futures-channel v0.3.34
[INFO] [stderr]    Compiling block-buffer v0.10.4
[INFO] [stderr]    Compiling inout v0.1.4
[INFO] [stderr]    Compiling tinystr v0.8.4
[INFO] [stderr]    Compiling zerotrie v0.2.5
[INFO] [stderr]    Compiling icu_collections v2.3.0
[INFO] [stderr]    Compiling rkyv_derive v0.8.18
[INFO] [stderr]    Compiling bytecheck v0.8.3
[INFO] [stderr]    Compiling pem v4.0.0
[INFO] [stderr]    Compiling icu_locale_core v2.3.0
[INFO] [stderr]    Compiling rustc-hash v2.1.3
[INFO] [stderr]    Compiling data-encoding v2.11.1
[INFO] [stderr]    Compiling once_cell v1.21.4
[INFO] [stderr]    Compiling rend v0.5.4
[INFO] [stderr]    Compiling futures-util v0.3.34
[INFO] [stderr]    Compiling event-listener-strategy v0.5.4
[INFO] [stderr]    Compiling pem v3.0.6
[INFO] [stderr]    Compiling time v0.3.55
[INFO] [stderr]    Compiling quinn-udp v0.6.3
[INFO] [stderr]    Compiling serde_json v1.0.151
[INFO] [stderr]    Compiling concurrent-queue v2.5.0
[INFO] [stderr]    Compiling unicase v2.9.0
[INFO] [stderr]    Compiling async-broadcast v0.7.2
[INFO] [stderr]    Compiling ring v0.17.14
[INFO] [stderr]    Compiling async-channel v2.5.0
[INFO] [stderr]    Compiling icu_provider v2.3.1
[INFO] [stderr]    Compiling getrandom v0.2.17
[INFO] [stderr]    Compiling getrandom v0.4.3
[INFO] [stderr]    Compiling rand_core v0.6.4
[INFO] [stderr]    Compiling rand v0.10.3
[INFO] [stderr]    Compiling icu_normalizer v2.3.0
[INFO] [stderr]    Compiling icu_properties v2.3.0
[INFO] [stderr]    Compiling crypto-common v0.1.7
[INFO] [stderr]    Compiling digest v0.10.7
[INFO] [stderr]    Compiling cipher v0.4.4
[INFO] [stderr]    Compiling aead v0.5.2
[INFO] [stderr]    Compiling rusticata-macros v4.1.0
[INFO] [stderr]    Compiling md-5 v0.10.6
[INFO] [stderr]    Compiling ctr v0.9.2
[INFO] [stderr]    Compiling aes v0.8.4
[INFO] [stderr]    Compiling sha1 v0.10.7
[INFO] [stderr]    Compiling ccm v0.5.0
[INFO] [stderr]    Compiling hmac v0.12.1
[INFO] [stderr]    Compiling socket2 v0.6.5
[INFO] [stderr]    Compiling uuid v1.26.1
[INFO] [stderr]    Compiling synstructure v0.13.2
[INFO] [stderr]    Compiling mio v1.2.3
[INFO] [stderr]    Compiling idna_adapter v1.2.2
[INFO] [stderr]    Compiling idna v1.1.0
[INFO] [stderr]    Compiling yasna v0.6.0
[INFO] [stderr]    Compiling futures-executor v0.3.34
[INFO] [stderr]    Compiling tokio v1.53.1
[INFO] [stderr]    Compiling url v2.5.8
[INFO] [stderr]    Compiling futures v0.3.34
[INFO] [stderr]    Compiling thiserror-impl v1.0.69
[INFO] [stderr]    Compiling asn1-rs-impl v0.2.0
[INFO] [stderr]    Compiling asn1-rs-derive v0.5.1
[INFO] [stderr]    Compiling munge_macro v0.4.7
[INFO] [stderr]    Compiling rtc-shared v0.21.0
[INFO] [stderr]    Compiling munge v0.4.7
[INFO] [stderr]    Compiling rkyv v0.8.18
[INFO] [stderr]    Compiling thiserror v1.0.69
[INFO] [stderr]    Compiling asn1-rs v0.6.2
[INFO] [stderr]    Compiling rtc-rtp v0.21.0
[INFO] [stderr]    Compiling rtc-rtcp v0.21.0
[INFO] [stderr]    Compiling zenoh-web-rtc-sctp v0.21.0-zw.5
[INFO] [stderr]    Compiling rtc-mdns v0.21.0
[INFO] [stderr]    Compiling rtc-sdp v0.21.0
[INFO] [stderr]    Compiling rtc-media v0.21.0
[INFO] [stderr]    Compiling rtc-interceptor v0.21.0
[INFO] [stderr]    Compiling der-parser v9.0.0
[INFO] [stderr]    Compiling zenoh-web-rtc-datachannel v0.21.0-zw.5
[INFO] [stderr]    Compiling x509-parser v0.16.0
[INFO] [stderr]    Compiling rtc-crypto v0.21.0
[INFO] [stderr]    Compiling rustls-webpki v0.103.15
[INFO] [stderr]    Compiling rcgen v0.14.10
[INFO] [stderr]    Compiling rtc-stun v0.21.0
[INFO] [stderr]    Compiling zenoh-web-rtc-srtp v0.21.0-zw.5
[INFO] [stderr]    Compiling rtc-turn v0.21.0
[INFO] [stderr]    Compiling rtc-ice v0.21.0
[INFO] [stderr]    Compiling rtc-dtls v0.21.0
[INFO] [stderr]    Compiling zenoh-web-rtc v0.21.0-zw.5
[INFO] [stderr]    Compiling zenoh-web-webrtc v0.21.0-zw.5 (/opt/rustwide/workdir)
[INFO] [stderr]     Finished `release` profile [optimized] target(s) in 24.89s
[INFO] running `Command { std: "docker" "inspect" "1d99d8238830738760dd0d330c79952f6d7f9b67b6557d0f3b7ee6cfe21af61f", kill_on_drop: false }`
[INFO] running `Command { std: "docker" "exec" "-e" "SOURCE_DIR=/opt/rustwide/workdir" "-e" "CARGO_HOME=/opt/rustwide/cargo-home" "-e" "RUSTUP_HOME=/opt/rustwide/rustup-home" "-e" "CARGO_TARGET_DIR=/opt/rustwide/target" "-e" "CARGO_INCREMENTAL=0" "-e" "RUST_BACKTRACE=full" "-e" "RUSTFLAGS=--cap-lints=warn" "-e" "RUSTDOCFLAGS=--cap-lints=warn" "-w" "/opt/rustwide/workdir" "--user" "0:0" "1d99d8238830738760dd0d330c79952f6d7f9b67b6557d0f3b7ee6cfe21af61f" "/opt/rustwide/cargo-home/bin/cargo" "+1.100.0-beta.1" "test" "--frozen" "--no-run" "--message-format=json" "--release", kill_on_drop: false }`
[INFO] [stderr]    Compiling tokio v1.53.1
[INFO] [stderr]    Compiling zenoh-web-webrtc v0.21.0-zw.5 (/opt/rustwide/workdir)
[INFO] [stderr]     Finished `release` profile [optimized] target(s) in 9.88s
[INFO] running `Command { std: "docker" "inspect" "1d99d8238830738760dd0d330c79952f6d7f9b67b6557d0f3b7ee6cfe21af61f", kill_on_drop: false }`
[INFO] running `Command { std: "docker" "exec" "-e" "SOURCE_DIR=/opt/rustwide/workdir" "-e" "CARGO_HOME=/opt/rustwide/cargo-home" "-e" "RUSTUP_HOME=/opt/rustwide/rustup-home" "-e" "CARGO_TARGET_DIR=/opt/rustwide/target" "-e" "CARGO_INCREMENTAL=0" "-e" "RUST_BACKTRACE=full" "-e" "RUSTFLAGS=--cap-lints=warn" "-e" "RUSTDOCFLAGS=--cap-lints=warn" "-w" "/opt/rustwide/workdir" "--user" "0:0" "1d99d8238830738760dd0d330c79952f6d7f9b67b6557d0f3b7ee6cfe21af61f" "/opt/rustwide/cargo-home/bin/cargo" "+1.100.0-beta.1" "test" "--frozen" "--release", kill_on_drop: false }`
[INFO] [stderr]     Finished `release` profile [optimized] target(s) in 0.11s
[INFO] [stderr]      Running unittests src/lib.rs (/opt/rustwide/target/release/build/zenoh-web-webrtc/07eaf8cb6004d993/out/webrtc-07eaf8cb6004d993)
[INFO] [stdout] 
[INFO] [stdout] running 39 tests
[INFO] [stdout] test data_channel::tests::try_send_text_trait_default_delegates_to_send_text ... ok
[INFO] [stdout] test data_channel::tests::outstanding_bytes_trait_default_is_zero ... ok
[INFO] [stdout] test data_channel::tests::writable_trait_default_is_ok ... ok
[INFO] [stdout] test peer_connection::driver::tests::resolve_bind_addrs_reports_an_unresolvable_address ... ok
[INFO] [stdout] test peer_connection::driver::tests::expand_wildcard_does_not_fall_back_when_deduplicated_away ... ok
[INFO] [stdout] test peer_connection::transport::gro_buf_tests::gro_recv_buf_len_sizes_for_capacity_and_falls_back_without_gro ... ok
[INFO] [stdout] test peer_connection::transport::turn_relayer::tests::binding_response_from_turn_server_addr_is_not_turn_traffic ... ok
[INFO] [stdout] test peer_connection::driver::tests::insert_data_channel_event_sender_skips_live_sender ... ok
[INFO] [stdout] test data_channel::tests::try_send_trait_default_delegates_to_send ... ok
[INFO] [stdout] test peer_connection::driver::tests::link_local_addresses_are_recognised ... ok
[INFO] [stdout] test peer_connection::driver::tests::insert_data_channel_event_sender_replaces_closed_sender ... ok
[INFO] [stdout] test peer_connection::driver::tests::resolve_bind_addrs_expands_a_wildcard_into_interface_addresses ... ok
[INFO] [stdout] test peer_connection::transport::turn_relayer::tests::binding_response_matching_an_outstanding_turn_transaction_routes_to_turn ... ok
[INFO] [stdout] test peer_connection::driver::tests::resolve_bind_addrs_keeps_concrete_addresses_and_deduplicates ... ok
[INFO] [stdout] test peer_connection::transport::turn_relayer::tests::allocate_response_on_exact_four_tuple_still_routes_to_turn ... ok
[INFO] [stdout] test peer_connection::transport::turn_relayer::tests::routes_turn_allocate_response_by_local_addr_and_port ... ok
[INFO] [stdout] test runtime::default_impl_tests::default_send_to_forwards_one_datagram ... ok
[INFO] [stdout] test runtime::default_impl_tests::poll_once_probes_without_blocking_or_allocating ... ok
[INFO] [stdout] test peer_connection::transport::turn_relayer::tests::channel_data_on_exact_four_tuple_still_routes_to_turn ... ok
[INFO] [stdout] test runtime::primitives::tests::broadcast_reaches_every_subscriber ... ok
[INFO] [stdout] test runtime::primitives::tests::broadcast_send_never_blocks_without_subscribers ... ok
[INFO] [stdout] test runtime::primitives::tests::broadcast_survives_losing_all_subscribers ... ok
[INFO] [stdout] test runtime::default_impl_tests::default_caps_are_one ... ok
[INFO] [stdout] test runtime::primitives::tests::channel_capacity_zero_is_clamped_not_panic ... ok
[INFO] [stdout] test runtime::primitives::tests::channel_roundtrip_and_try_variants ... ok
[INFO] [stdout] test runtime::primitives::tests::mutex_shares_state_across_clones ... ok
[INFO] [stdout] test runtime::default_impl_tests::default_recv_from_derives_from_poll_recv ... ok
[INFO] [stdout] test runtime::primitives::tests::mutex_try_lock_fails_while_held ... ok
[INFO] [stdout] test runtime::primitives::tests::notify_waiters_wakes_a_parked_task ... ok
[INFO] [stdout] test runtime::primitives::tests::sender_reports_closed_when_receiver_dropped ... ok
[INFO] [stdout] test runtime::primitives::tests::notify_with_no_waiters_stores_no_permit ... ok
[INFO] [stdout] test peer_connection::driver::tests::expand_wildcard_deduplicates_against_configured_addresses ... FAILED
[INFO] [stdout] test runtime::primitives::tests::recv_returns_none_after_senders_dropped ... ok
[INFO] [stdout] test peer_connection::tests::build_reports_a_bind_failure_instead_of_returning_a_dead_connection ... ok
[INFO] [stdout] test peer_connection::tests::mark_ice_restart_rebind_pending_is_gated_on_the_setting ... ok
[INFO] [stdout] test peer_connection::tests::create_data_channel_wakes_driver ... ok
[INFO] [stdout] test data_channel::tests::drop_removes_event_sender_while_the_map_is_locked ... ok
[INFO] [stdout] test data_channel::tests::drop_removes_event_sender ... ok
[INFO] [stdout] test data_channel::tests::drop_leaves_a_newer_channel_with_the_same_id_alone ... ok
[INFO] [stdout] 
[INFO] [stdout] failures:
[INFO] [stdout] 
[INFO] [stdout] ---- peer_connection::driver::tests::expand_wildcard_deduplicates_against_configured_addresses stdout ----
[INFO] [stdout] 
[INFO] [stdout] thread 'peer_connection::driver::tests::expand_wildcard_deduplicates_against_configured_addresses' (2507) panicked at src/peer_connection/driver.rs:2110:9:
[INFO] [stdout] assertion `left == right` failed: duplicate bind addresses: [BindAddr { addr: 0.0.0.0:0, enumerated: false }, BindAddr { addr: 0.0.0.0:0, enumerated: false }]
[INFO] [stdout]   left: 1
[INFO] [stdout]  right: 2
[INFO] [stdout] stack backtrace:
[INFO] [stdout]    0:     0x5fe3b2f7b011 - <<std[617be2ca0a6fd877]::sys::backtrace::BacktraceLock>::print::DisplayBacktrace as core[a373ad73a504971]::fmt::Display>::fmt
[INFO] [stdout]    1:     0x5fe3b2f9381a - core[a373ad73a504971]::fmt::write
[INFO] [stdout]    2:     0x5fe3b2f7fcdc - <alloc[2e1b2a31b91974c5]::vec::Vec<u8> as core[a373ad73a504971]::io::write::Write>::write_fmt
[INFO] [stdout]    3:     0x5fe3b2f55f46 - std[617be2ca0a6fd877]::panicking::default_hook::{closure#0}
[INFO] [stdout]    4:     0x5fe3b2f72c69 - std[617be2ca0a6fd877]::panicking::default_hook
[INFO] [stdout]    5:     0x5fe3b2ce36b0 - test[aada8e7e76ba119b]::test_main_inner::{closure#0}
[INFO] [stdout]    6:     0x5fe3b2f72f92 - std[617be2ca0a6fd877]::panicking::panic_with_hook
[INFO] [stdout]    7:     0x5fe3b2f55ff2 - std[617be2ca0a6fd877]::panicking::panic_handler::{closure#0}
[INFO] [stdout]    8:     0x5fe3b2f4ec29 - std[617be2ca0a6fd877]::sys::backtrace::__rust_end_short_backtrace::<std[617be2ca0a6fd877]::panicking::panic_handler::{closure#0}, !>
[INFO] [stdout]    9:     0x5fe3b2f56ded - __rustc[ea4f61d10b84890b]::rust_begin_unwind
[INFO] [stdout]   10:     0x5fe3b2f93f7c - core[a373ad73a504971]::panicking::panic_fmt
[INFO] [stdout]   11:     0x5fe3b2f93ef3 - core[a373ad73a504971]::panicking::assert_failed_inner
[INFO] [stdout]   12:     0x5fe3b2f8e598 - core[a373ad73a504971]::panicking::assert_failed::<usize, usize>
[INFO] [stdout]   13:     0x5fe3b2c59bef - <webrtc[29288cae0fc37256]::peer_connection::driver::tests::expand_wildcard_deduplicates_against_configured_addresses::{closure#0} as core[a373ad73a504971]::ops::function::FnOnce<()>>::call_once
[INFO] [stdout]   14:     0x5fe3b2cd6afb - test[aada8e7e76ba119b]::__rust_begin_short_backtrace::<core[a373ad73a504971]::result::Result<(), alloc[2e1b2a31b91974c5]::string::String>, fn() -> core[a373ad73a504971]::result::Result<(), alloc[2e1b2a31b91974c5]::string::String>>
[INFO] [stdout]   15:     0x5fe3b2ce3cd5 - test[aada8e7e76ba119b]::run_test::{closure#0}
[INFO] [stdout]   16:     0x5fe3b2cdd5c4 - std[617be2ca0a6fd877]::sys::backtrace::__rust_begin_short_backtrace::<test[aada8e7e76ba119b]::run_test::{closure#1}, ()>
[INFO] [stdout]   17:     0x5fe3b2ce6d62 - <std[617be2ca0a6fd877]::thread::lifecycle::spawn_unchecked<test[aada8e7e76ba119b]::run_test::{closure#1}, ()>::{closure#1} as core[a373ad73a504971]::ops::function::FnOnce<()>>::call_once::{shim:vtable#0}
[INFO] [stdout]   18:     0x5fe3b2f7a0ff - <std[617be2ca0a6fd877]::sys::thread::unix::Thread>::new::thread_start
[INFO] [stdout]   19:     0x7bd8244dedfa - <unknown>
[INFO] [stdout]   20:     0x7bd8245723d4 - clone
[INFO] [stdout]   21:                0x0 - <unknown>
[INFO] [stdout] 
[INFO] [stdout] 
[INFO] [stdout] failures:
[INFO] [stdout]     peer_connection::driver::tests::expand_wildcard_deduplicates_against_configured_addresses
[INFO] [stdout] 
[INFO] [stdout] test result: FAILED. 38 passed; 1 failed; 0 ignored; 0 measured; 0 filtered out; finished in 0.11s
[INFO] [stdout] 
[INFO] [stderr] error: test failed, to rerun pass `--lib`
[INFO] running `Command { std: "docker" "inspect" "1d99d8238830738760dd0d330c79952f6d7f9b67b6557d0f3b7ee6cfe21af61f", kill_on_drop: false }`
[INFO] running `Command { std: "docker" "rm" "-f" "1d99d8238830738760dd0d330c79952f6d7f9b67b6557d0f3b7ee6cfe21af61f", kill_on_drop: false }`
[INFO] [stdout] 1d99d8238830738760dd0d330c79952f6d7f9b67b6557d0f3b7ee6cfe21af61f
