[INFO] fetching crate zenoh-uring 1.10.1...
[INFO] testing zenoh-uring-1.10.1 against 1.99.0-beta.8+cargoflags=--release for beta-release-1.100-2
[INFO] extracting crate zenoh-uring 1.10.1 into /workspace/builds/worker-5-tc1/source
[INFO] started tweaking crates.io crate zenoh-uring 1.10.1
[INFO] removed 0 missing tests
[INFO] finished tweaking crates.io crate zenoh-uring 1.10.1
[INFO] tweaked toml for crates.io crate zenoh-uring 1.10.1 written to /workspace/builds/worker-5-tc1/source/Cargo.toml
[INFO] validating manifest of crates.io crate zenoh-uring 1.10.1 on toolchain 1.99.0-beta.8
[INFO] running `Command { std: CARGO_HOME="/workspace/cargo-home" RUSTUP_HOME="/workspace/rustup-home" "/workspace/cargo-home/bin/cargo" "+1.99.0-beta.8" "metadata" "--manifest-path" "Cargo.toml" "--no-deps", kill_on_drop: false }`
[INFO] crate crates.io crate zenoh-uring 1.10.1 already has a lockfile, it will not be regenerated
[INFO] running `Command { std: CARGO_HOME="/workspace/cargo-home" RUSTUP_HOME="/workspace/rustup-home" "/workspace/cargo-home/bin/cargo" "+1.99.0-beta.8" "fetch" "--manifest-path" "Cargo.toml", kill_on_drop: false }`
[INFO] [stderr]     Blocking waiting for file lock on package cache
[INFO] [stderr]     Updating crates.io index
[INFO] [stderr]     Blocking waiting for file lock on package cache
[INFO] [stderr]  Downloading crates ...
[INFO] [stderr]   Downloaded io-uring v0.7.14
[INFO] [stderr]   Downloaded atomic-queue v2.2.0
[INFO] running `Command { std: "docker" "create" "-v" "/var/lib/crater-agent-workspace/builds/worker-5-tc1/source:/opt/rustwide/workdir:ro,Z" "-v" "/var/lib/crater-agent-workspace/builds/worker-5-tc1/target:/opt/rustwide/target:rw,Z" "-v" "/var/lib/crater-agent-workspace/cargo-home:/opt/rustwide/cargo-home:ro,Z" "-v" "/var/lib/crater-agent-workspace/rustup-home:/opt/rustwide/rustup-home:ro,Z" "-m" "1610612736" "--network" "none" "ghcr.io/rust-lang/crates-build-env/linux@sha256:77db811e55d90add9212f6832c23229e3de5f1c1f9905e8cb07319ea15df73ac" "sleep" "infinity", kill_on_drop: false }`
[INFO] [stdout] 7e952f9c4da231a9bddc2b9e1b34f164e25aa79c84b2b8852b59eced277db058
[INFO] running `Command { std: "docker" "start" "7e952f9c4da231a9bddc2b9e1b34f164e25aa79c84b2b8852b59eced277db058", kill_on_drop: false }`
[INFO] running `Command { std: "docker" "inspect" "7e952f9c4da231a9bddc2b9e1b34f164e25aa79c84b2b8852b59eced277db058", kill_on_drop: false }`
[INFO] running `Command { std: "docker" "exec" "-e" "SOURCE_DIR=/opt/rustwide/workdir" "-e" "CARGO_HOME=/opt/rustwide/cargo-home" "-e" "RUSTUP_HOME=/opt/rustwide/rustup-home" "-e" "CARGO_TARGET_DIR=/opt/rustwide/target" "-w" "/opt/rustwide/workdir" "--user" "0:0" "7e952f9c4da231a9bddc2b9e1b34f164e25aa79c84b2b8852b59eced277db058" "/opt/rustwide/cargo-home/bin/cargo" "+1.99.0-beta.8" "metadata" "--no-deps" "--format-version=1", kill_on_drop: false }`
[INFO] running `Command { std: "docker" "inspect" "7e952f9c4da231a9bddc2b9e1b34f164e25aa79c84b2b8852b59eced277db058", kill_on_drop: false }`
[INFO] running `Command { std: "docker" "exec" "-e" "SOURCE_DIR=/opt/rustwide/workdir" "-e" "CARGO_HOME=/opt/rustwide/cargo-home" "-e" "RUSTUP_HOME=/opt/rustwide/rustup-home" "-e" "CARGO_TARGET_DIR=/opt/rustwide/target" "-e" "CARGO_INCREMENTAL=0" "-e" "RUST_BACKTRACE=full" "-e" "RUSTFLAGS=--cap-lints=warn" "-e" "RUSTDOCFLAGS=--cap-lints=warn" "-w" "/opt/rustwide/workdir" "--user" "0:0" "7e952f9c4da231a9bddc2b9e1b34f164e25aa79c84b2b8852b59eced277db058" "/opt/rustwide/cargo-home/bin/cargo" "+1.99.0-beta.8" "build" "--frozen" "--message-format=json" "--release", kill_on_drop: false }`
[INFO] [stderr]    Compiling libc v0.2.189
[INFO] [stderr]    Compiling anyhow v1.0.104
[INFO] [stderr]    Compiling serde_core v1.0.229
[INFO] [stderr]    Compiling serde v1.0.229
[INFO] [stderr]    Compiling zerocopy v0.8.56
[INFO] [stderr]    Compiling allocator-api2 v0.2.21
[INFO] [stderr]    Compiling portable-atomic v1.15.0
[INFO] [stderr]    Compiling ahash v0.8.12
[INFO] [stderr]    Compiling once_cell v1.21.4
[INFO] [stderr]    Compiling ref-cast v1.0.27
[INFO] [stderr]    Compiling syn v3.0.4
[INFO] [stderr]    Compiling getrandom v0.2.17
[INFO] [stderr]    Compiling serde_json v1.0.151
[INFO] [stderr]    Compiling memchr v2.8.3
[INFO] [stderr]    Compiling syn v2.0.119
[INFO] [stderr]    Compiling bitflags v2.13.1
[INFO] [stderr]    Compiling dyn-clone v1.0.20
[INFO] [stderr]    Compiling foldhash v0.2.0
[INFO] [stderr]    Compiling rand_core v0.6.4
[INFO] [stderr]    Compiling zenoh-macros v1.10.1
[INFO] [stderr]    Compiling typeid v1.0.3
[INFO] [stderr]    Compiling rand v0.8.7
[INFO] [stderr]    Compiling hashbrown v0.16.1
[INFO] [stderr]    Compiling cfg_aliases v0.2.2
[INFO] [stderr]    Compiling unicode-ident v1.0.24
[INFO] [stderr]    Compiling io-uring v0.7.14
[INFO] [stderr]    Compiling nix v0.29.0
[INFO] [stderr]    Compiling futures-sink v0.3.34
[INFO] [stderr]    Compiling zenoh-result v1.10.1
[INFO] [stderr]    Compiling futures-core v0.3.34
[INFO] [stderr]    Compiling atomic-queue v2.2.0
[INFO] [stderr]    Compiling token-cell v2.1.1
[INFO] [stderr]    Compiling socket2 v0.6.5
[INFO] [stderr]    Compiling mio v1.2.2
[INFO] [stderr]    Compiling nanorand v0.7.0
[INFO] [stderr]    Compiling serde_derive_internals v0.30.0
[INFO] [stderr]    Compiling flume v0.11.1
[INFO] [stderr]    Compiling serde_derive v1.0.229
[INFO] [stderr]    Compiling ref-cast-impl v1.0.27
[INFO] [stderr]    Compiling tokio-macros v2.7.2
[INFO] [stderr]    Compiling schemars_derive v1.2.2
[INFO] [stderr]    Compiling tokio v1.53.1
[INFO] [stderr]    Compiling tracing-attributes v0.1.31
[INFO] [stderr]    Compiling tracing v0.1.44
[INFO] [stderr]    Compiling hashbrown v0.14.5
[INFO] [stderr]    Compiling ppv-lite86 v0.2.21
[INFO] [stderr]    Compiling keyed-set v1.1.0
[INFO] [stderr]    Compiling zenoh-collections v1.10.1
[INFO] [stderr]    Compiling zenoh-buffers v1.10.1
[INFO] [stderr]    Compiling rand_chacha v0.3.1
[INFO] [stderr]    Compiling schemars v1.2.2
[INFO] [stderr]    Compiling ron v0.12.2
[INFO] [stderr]    Compiling zenoh-keyexpr v1.10.1
[INFO] [stderr]    Compiling zenoh-runtime v1.10.1
[INFO] [stderr]    Compiling zenoh-core v1.10.1
[INFO] [stderr]    Compiling zenoh-uring v1.10.1 (/opt/rustwide/workdir)
[INFO] [stderr]     Finished `release` profile [optimized] target(s) in 39.64s
[INFO] running `Command { std: "docker" "inspect" "7e952f9c4da231a9bddc2b9e1b34f164e25aa79c84b2b8852b59eced277db058", kill_on_drop: false }`
[INFO] running `Command { std: "docker" "exec" "-e" "SOURCE_DIR=/opt/rustwide/workdir" "-e" "CARGO_HOME=/opt/rustwide/cargo-home" "-e" "RUSTUP_HOME=/opt/rustwide/rustup-home" "-e" "CARGO_TARGET_DIR=/opt/rustwide/target" "-e" "CARGO_INCREMENTAL=0" "-e" "RUST_BACKTRACE=full" "-e" "RUSTFLAGS=--cap-lints=warn" "-e" "RUSTDOCFLAGS=--cap-lints=warn" "-w" "/opt/rustwide/workdir" "--user" "0:0" "7e952f9c4da231a9bddc2b9e1b34f164e25aa79c84b2b8852b59eced277db058" "/opt/rustwide/cargo-home/bin/cargo" "+1.99.0-beta.8" "test" "--frozen" "--no-run" "--message-format=json" "--release", kill_on_drop: false }`
[INFO] [stderr]    Compiling syn v3.0.4
[INFO] [stderr]    Compiling tracing v0.1.44
[INFO] [stderr]    Compiling zenoh-result v1.10.1
[INFO] [stderr]    Compiling ref-cast v1.0.27
[INFO] [stderr]    Compiling regex-automata v0.4.18
[INFO] [stderr]    Compiling dirs-sys v0.5.0
[INFO] [stderr]    Compiling serde_json v1.0.151
[INFO] [stderr]    Compiling no-std-net v0.6.0
[INFO] [stderr]    Compiling konst_macro_rules v0.2.19
[INFO] [stderr]    Compiling const_format_proc_macros v0.2.34
[INFO] [stderr]    Compiling tracing-log v0.2.0
[INFO] [stderr]    Compiling test-case-core v3.3.1
[INFO] [stderr]    Compiling pnet_sys v0.35.0
[INFO] [stderr]    Compiling thread_local v1.1.10
[INFO] [stderr]    Compiling either v1.18.0
[INFO] [stderr]    Compiling dyn-clone v1.0.20
[INFO] [stderr]    Compiling smallvec v1.15.2
[INFO] [stderr]    Compiling pnet_base v0.35.0
[INFO] [stderr]    Compiling konst v0.2.20
[INFO] [stderr]    Compiling dirs v6.0.0
[INFO] [stderr]    Compiling humantime v2.4.0
[INFO] [stderr]    Compiling shellexpand v3.1.2
[INFO] [stderr]    Compiling const_format v0.2.36
[INFO] [stderr]    Compiling test-case-macros v3.3.1
[INFO] [stderr]    Compiling test-case v3.3.1
[INFO] [stderr]    Compiling serde_derive_internals v0.30.0
[INFO] [stderr]    Compiling matchers v0.2.0
[INFO] [stderr]    Compiling serde_derive v1.0.229
[INFO] [stderr]    Compiling ref-cast-impl v1.0.27
[INFO] [stderr]    Compiling tokio-macros v2.7.2
[INFO] [stderr]    Compiling async-trait v0.1.92
[INFO] [stderr]    Compiling schemars_derive v1.2.2
[INFO] [stderr]    Compiling tokio v1.53.1
[INFO] [stderr]    Compiling serde v1.0.229
[INFO] [stderr]    Compiling ron v0.12.2
[INFO] [stderr]    Compiling ipnetwork v0.20.0
[INFO] [stderr]    Compiling tracing-serde v0.2.0
[INFO] [stderr]    Compiling schemars v1.2.2
[INFO] [stderr]    Compiling tracing-subscriber v0.3.23
[INFO] [stderr]    Compiling pnet_datalink v0.35.0
[INFO] [stderr]    Compiling zenoh-keyexpr v1.10.1
[INFO] [stderr]    Compiling zenoh-macros v1.10.1
[INFO] [stderr]    Compiling zenoh-runtime v1.10.1
[INFO] [stderr]    Compiling zenoh-core v1.10.1
[INFO] [stderr]    Compiling zenoh-util v1.10.1
[INFO] [stderr]    Compiling zenoh-uring v1.10.1 (/opt/rustwide/workdir)
[INFO] [stderr]     Finished `release` profile [optimized] target(s) in 49.27s
[INFO] running `Command { std: "docker" "inspect" "7e952f9c4da231a9bddc2b9e1b34f164e25aa79c84b2b8852b59eced277db058", kill_on_drop: false }`
[INFO] running `Command { std: "docker" "exec" "-e" "SOURCE_DIR=/opt/rustwide/workdir" "-e" "CARGO_HOME=/opt/rustwide/cargo-home" "-e" "RUSTUP_HOME=/opt/rustwide/rustup-home" "-e" "CARGO_TARGET_DIR=/opt/rustwide/target" "-e" "CARGO_INCREMENTAL=0" "-e" "RUST_BACKTRACE=full" "-e" "RUSTFLAGS=--cap-lints=warn" "-e" "RUSTDOCFLAGS=--cap-lints=warn" "-w" "/opt/rustwide/workdir" "--user" "0:0" "7e952f9c4da231a9bddc2b9e1b34f164e25aa79c84b2b8852b59eced277db058" "/opt/rustwide/cargo-home/bin/cargo" "+1.99.0-beta.8" "test" "--frozen" "--release", kill_on_drop: false }`
[INFO] [stderr]     Finished `release` profile [optimized] target(s) in 0.21s
[INFO] [stderr]      Running unittests src/lib.rs (/opt/rustwide/target/release/deps/zenoh_uring-73af4735c8cd4e80)
[INFO] [stdout] 
[INFO] [stdout] running 0 tests
[INFO] [stdout] 
[INFO] [stdout] test result: ok. 0 passed; 0 failed; 0 ignored; 0 measured; 0 filtered out; finished in 0.00s
[INFO] [stdout] 
[INFO] [stderr]      Running tests/index_generation.rs (/opt/rustwide/target/release/deps/index_generation-1061ad657864751e)
[INFO] [stdout] 
[INFO] [stdout] running 0 tests
[INFO] [stdout] 
[INFO] [stdout] test result: ok. 0 passed; 0 failed; 0 ignored; 0 measured; 0 filtered out; finished in 0.00s
[INFO] [stdout] 
[INFO] [stderr]      Running tests/reader.rs (/opt/rustwide/target/release/deps/reader-f54ecac7aa3bfd09)
[INFO] [stdout] 
[INFO] [stdout] running 18 tests
[INFO] [stdout] test linux_tests::rw_single_pause_after_interrupt::udp ... FAILED
[INFO] [stdout] Running rw_add_batches for buffer_count: 8
[INFO] [stderr] 
[INFO] [stdout] 
[INFO] [stderr] thread 'linux_tests::rw_add_batches::many_udp' (2223) panicked at /rustc/dfb0accb7f508ae8be965d8629557221c889dd98/library/core/src/panicking.rs:233:5:
[INFO] [stdout] thread 'linux_tests::rw_add_batches::many_udp' (2223) panicked at tests/reader.rs:614:36:
[INFO] [stderr] panic in a destructor during cleanup
[INFO] [stdout] called `Result::unwrap()` on an `Err` value: "sending on a closed channel"
[INFO] [stderr] thread caused non-unwinding panic. aborting.
[INFO] [stdout] stack backtrace:
[INFO] [stdout]    0:     0x5f6f12ec5211 - <<std[70759c8f55707aa4]::sys::backtrace::BacktraceLock>::print::DisplayBacktrace as core[df12db4294e9bfd3]::fmt::Display>::fmt
[INFO] [stdout]    1:     0x5f6f12edd72a - core[df12db4294e9bfd3]::fmt::write
[INFO] [stdout]    2:     0x5f6f12eca20c - <alloc[2182bb758b4b3781]::vec::Vec<u8> as core[df12db4294e9bfd3]::io::write::Write>::write_fmt
[INFO] [stdout]    3:     0x5f6f12e9fa26 - std[70759c8f55707aa4]::panicking::default_hook::{closure#0}
[INFO] [stdout]    4:     0x5f6f12ebcb09 - std[70759c8f55707aa4]::panicking::default_hook
[INFO] [stdout]    5:     0x5f6f12e09010 - test[9d35eded1c95d3be]::test_main_inner::<test[9d35eded1c95d3be]::test_main_static::{closure#0}>::{closure#0}
[INFO] [stdout]    6:     0x5f6f12ebce32 - std[70759c8f55707aa4]::panicking::panic_with_hook
[INFO] [stdout]    7:     0x5f6f12e9fad2 - std[70759c8f55707aa4]::panicking::panic_handler::{closure#0}
[INFO] [stdout]    8:     0x5f6f12e98219 - std[70759c8f55707aa4]::sys::backtrace::__rust_end_short_backtrace::<std[70759c8f55707aa4]::panicking::panic_handler::{closure#0}, !>
[INFO] [stdout]    9:     0x5f6f12ea09cd - __rustc[8fa7c3cbc660c2b3]::rust_begin_unwind
[INFO] [stdout]   10:     0x5f6f12eddf0c - core[df12db4294e9bfd3]::panicking::panic_fmt
[INFO] [stdout]   11:     0x5f6f12eddce2 - core[df12db4294e9bfd3]::result::unwrap_failed
[INFO] [stdout]   12:     0x5f6f12d6ad82 - reader[65024e35b05e7c10]::linux_tests::rw_add_batches
[INFO] [stdout]   13:     0x5f6f12d6f170 - <reader[65024e35b05e7c10]::linux_tests::rw_add_batches::many_udp::{closure#0} as core[df12db4294e9bfd3]::ops::function::FnOnce<()>>::call_once
[INFO] [stdout]   14:     0x5f6f12dfc2fb - test[9d35eded1c95d3be]::__rust_begin_short_backtrace::<core[df12db4294e9bfd3]::result::Result<(), alloc[2182bb758b4b3781]::string::String>, fn() -> core[df12db4294e9bfd3]::result::Result<(), alloc[2182bb758b4b3781]::string::String>>
[INFO] [stdout]   15:     0x5f6f12e09965 - test[9d35eded1c95d3be]::run_test::{closure#0}
[INFO] [stdout]   16:     0x5f6f12e03224 - std[70759c8f55707aa4]::sys::backtrace::__rust_begin_short_backtrace::<test[9d35eded1c95d3be]::run_test::{closure#1}, ()>
[INFO] [stdout]   17:     0x5f6f12e0cac2 - <std[70759c8f55707aa4]::thread::lifecycle::spawn_unchecked<test[9d35eded1c95d3be]::run_test::{closure#1}, ()>::{closure#1} as core[df12db4294e9bfd3]::ops::function::FnOnce<()>>::call_once::{shim:vtable#0}
[INFO] [stdout]   18:     0x5f6f12ec40b9 - <std[70759c8f55707aa4]::sys::thread::unix::Thread>::new::thread_start
[INFO] [stdout]   19:     0x7b43a5538dfa - <unknown>
[INFO] [stdout]   20:     0x7b43a55cc3d4 - clone
[INFO] [stdout]   21:                0x0 - <unknown>
[INFO] [stdout] 
[INFO] [stdout] thread 'linux_tests::rw_add_batches::many_udp' (2223) panicked at tests/reader.rs:74:40:
[INFO] [stdout] called `Result::unwrap()` on an `Err` value: "sending on a closed channel"
[INFO] [stdout] stack backtrace:
[INFO] [stdout]    0:     0x5f6f12ec5211 - <<std[70759c8f55707aa4]::sys::backtrace::BacktraceLock>::print::DisplayBacktrace as core[df12db4294e9bfd3]::fmt::Display>::fmt
[INFO] [stdout]    1:     0x5f6f12edd72a - core[df12db4294e9bfd3]::fmt::write
[INFO] [stdout]    2:     0x5f6f12eca20c - <alloc[2182bb758b4b3781]::vec::Vec<u8> as core[df12db4294e9bfd3]::io::write::Write>::write_fmt
[INFO] [stdout]    3:     0x5f6f12e9fa26 - std[70759c8f55707aa4]::panicking::default_hook::{closure#0}
[INFO] [stdout]    4:     0x5f6f12ebcb09 - std[70759c8f55707aa4]::panicking::default_hook
[INFO] [stdout]    5:     0x5f6f12e09010 - test[9d35eded1c95d3be]::test_main_inner::<test[9d35eded1c95d3be]::test_main_static::{closure#0}>::{closure#0}
[INFO] [stdout]    6:     0x5f6f12ebce32 - std[70759c8f55707aa4]::panicking::panic_with_hook
[INFO] [stdout]    7:     0x5f6f12e9fad2 - std[70759c8f55707aa4]::panicking::panic_handler::{closure#0}
[INFO] [stdout]    8:     0x5f6f12e98219 - std[70759c8f55707aa4]::sys::backtrace::__rust_end_short_backtrace::<std[70759c8f55707aa4]::panicking::panic_handler::{closure#0}, !>
[INFO] [stdout]    9:     0x5f6f12ea09cd - __rustc[8fa7c3cbc660c2b3]::rust_begin_unwind
[INFO] [stdout]   10:     0x5f6f12eddf0c - core[df12db4294e9bfd3]::panicking::panic_fmt
[INFO] [stdout]   11:     0x5f6f12eddce2 - core[df12db4294e9bfd3]::result::unwrap_failed
[INFO] [stdout]   12:     0x5f6f12d6be06 - <reader[65024e35b05e7c10]::linux_tests::ManagedTask as core[df12db4294e9bfd3]::ops::drop::Drop>::drop
[INFO] [stdout]   13:     0x5f6f12d6d429 - <alloc[2182bb758b4b3781]::vec::into_iter::IntoIter<reader[65024e35b05e7c10]::linux_tests::ManagedTask> as core[df12db4294e9bfd3]::ops::drop::Drop>::drop
[INFO] [stdout]   14:     0x5f6f12d6ae29 - reader[65024e35b05e7c10]::linux_tests::rw_add_batches
[INFO] [stdout]   15:     0x5f6f12d6f170 - <reader[65024e35b05e7c10]::linux_tests::rw_add_batches::many_udp::{closure#0} as core[df12db4294e9bfd3]::ops::function::FnOnce<()>>::call_once
[INFO] [stdout]   16:     0x5f6f12dfc2fb - test[9d35eded1c95d3be]::__rust_begin_short_backtrace::<core[df12db4294e9bfd3]::result::Result<(), alloc[2182bb758b4b3781]::string::String>, fn() -> core[df12db4294e9bfd3]::result::Result<(), alloc[2182bb758b4b3781]::string::String>>
[INFO] [stdout]   17:     0x5f6f12e09965 - test[9d35eded1c95d3be]::run_test::{closure#0}
[INFO] [stdout]   18:     0x5f6f12e03224 - std[70759c8f55707aa4]::sys::backtrace::__rust_begin_short_backtrace::<test[9d35eded1c95d3be]::run_test::{closure#1}, ()>
[INFO] [stdout]   19:     0x5f6f12e0cac2 - <std[70759c8f55707aa4]::thread::lifecycle::spawn_unchecked<test[9d35eded1c95d3be]::run_test::{closure#1}, ()>::{closure#1} as core[df12db4294e9bfd3]::ops::function::FnOnce<()>>::call_once::{shim:vtable#0}
[INFO] [stdout]   20:     0x5f6f12ec40b9 - <std[70759c8f55707aa4]::sys::thread::unix::Thread>::new::thread_start
[INFO] [stdout]   21:     0x7b43a5538dfa - <unknown>
[INFO] [stdout]   22:     0x7b43a55cc3d4 - clone
[INFO] [stdout]   23:                0x0 - <unknown>
[INFO] [stdout] 
[INFO] [stdout] thread 'linux_tests::rw_add_batches::many_udp' (2223) panicked at tests/reader.rs:74:40:
[INFO] [stdout] called `Result::unwrap()` on an `Err` value: "sending on a closed channel"
[INFO] [stdout] stack backtrace:
[INFO] [stdout]    0:     0x5f6f12ec5211 - <<std[70759c8f55707aa4]::sys::backtrace::BacktraceLock>::print::DisplayBacktrace as core[df12db4294e9bfd3]::fmt::Display>::fmt
[INFO] [stdout]    1:     0x5f6f12edd72a - core[df12db4294e9bfd3]::fmt::write
[INFO] [stdout]    2:     0x5f6f12eca20c - <alloc[2182bb758b4b3781]::vec::Vec<u8> as core[df12db4294e9bfd3]::io::write::Write>::write_fmt
[INFO] [stdout]    3:     0x5f6f12e9fa26 - std[70759c8f55707aa4]::panicking::default_hook::{closure#0}
[INFO] [stdout]    4:     0x5f6f12ebcb09 - std[70759c8f55707aa4]::panicking::default_hook
[INFO] [stdout]    5:     0x5f6f12e09010 - test[9d35eded1c95d3be]::test_main_inner::<test[9d35eded1c95d3be]::test_main_static::{closure#0}>::{closure#0}
[INFO] [stdout]    6:     0x5f6f12ebce32 - std[70759c8f55707aa4]::panicking::panic_with_hook
[INFO] [stdout]    7:     0x5f6f12e9fad2 - std[70759c8f55707aa4]::panicking::panic_handler::{closure#0}
[INFO] [stdout]    8:     0x5f6f12e98219 - std[70759c8f55707aa4]::sys::backtrace::__rust_end_short_backtrace::<std[70759c8f55707aa4]::panicking::panic_handler::{closure#0}, !>
[INFO] [stdout]    9:     0x5f6f12ea09cd - __rustc[8fa7c3cbc660c2b3]::rust_begin_unwind
[INFO] [stdout]   10:     0x5f6f12eddf0c - core[df12db4294e9bfd3]::panicking::panic_fmt
[INFO] [stdout]   11:     0x5f6f12eddce2 - core[df12db4294e9bfd3]::result::unwrap_failed
[INFO] [stdout]   12:     0x5f6f12d6be06 - <reader[65024e35b05e7c10]::linux_tests::ManagedTask as core[df12db4294e9bfd3]::ops::drop::Drop>::drop
[INFO] [stdout]   13:     0x5f6f12d6c9bc - core[df12db4294e9bfd3]::ptr::drop_glue::<reader[65024e35b05e7c10]::linux_tests::ManagedTask>
[INFO] [stdout]   14:     0x5f6f12d6d4b8 - <alloc[2182bb758b4b3781]::vec::into_iter::IntoIter<reader[65024e35b05e7c10]::linux_tests::ManagedTask> as core[df12db4294e9bfd3]::ops::drop::Drop>::drop
[INFO] [stdout]   15:     0x5f6f12d6ae29 - reader[65024e35b05e7c10]::linux_tests::rw_add_batches
[INFO] [stdout]   16:     0x5f6f12d6f170 - <reader[65024e35b05e7c10]::linux_tests::rw_add_batches::many_udp::{closure#0} as core[df12db4294e9bfd3]::ops::function::FnOnce<()>>::call_once
[INFO] [stdout]   17:     0x5f6f12dfc2fb - test[9d35eded1c95d3be]::__rust_begin_short_backtrace::<core[df12db4294e9bfd3]::result::Result<(), alloc[2182bb758b4b3781]::string::String>, fn() -> core[df12db4294e9bfd3]::result::Result<(), alloc[2182bb758b4b3781]::string::String>>
[INFO] [stdout]   18:     0x5f6f12e09965 - test[9d35eded1c95d3be]::run_test::{closure#0}
[INFO] [stdout]   19:     0x5f6f12e03224 - std[70759c8f55707aa4]::sys::backtrace::__rust_begin_short_backtrace::<test[9d35eded1c95d3be]::run_test::{closure#1}, ()>
[INFO] [stdout]   20:     0x5f6f12e0cac2 - <std[70759c8f55707aa4]::thread::lifecycle::spawn_unchecked<test[9d35eded1c95d3be]::run_test::{closure#1}, ()>::{closure#1} as core[df12db4294e9bfd3]::ops::function::FnOnce<()>>::call_once::{shim:vtable#0}
[INFO] [stdout]   21:     0x5f6f12ec40b9 - <std[70759c8f55707aa4]::sys::thread::unix::Thread>::new::thread_start
[INFO] [stdout]   22:     0x7b43a5538dfa - <unknown>
[INFO] [stdout]   23:     0x7b43a55cc3d4 - clone
[INFO] [stdout]   24:                0x0 - <unknown>
[INFO] [stderr] error: test failed, to rerun pass `--test reader`
[INFO] [stderr] 
[INFO] [stderr] Caused by:
[INFO] [stderr]   process didn't exit successfully: `/opt/rustwide/target/release/deps/reader-f54ecac7aa3bfd09` (signal: 6, SIGABRT: process abort signal)
[INFO] running `Command { std: "docker" "inspect" "7e952f9c4da231a9bddc2b9e1b34f164e25aa79c84b2b8852b59eced277db058", kill_on_drop: false }`
[INFO] running `Command { std: "docker" "rm" "-f" "7e952f9c4da231a9bddc2b9e1b34f164e25aa79c84b2b8852b59eced277db058", kill_on_drop: false }`
[INFO] [stdout] 7e952f9c4da231a9bddc2b9e1b34f164e25aa79c84b2b8852b59eced277db058
