[INFO] fetching crate zenoh-flow-derive 0.6.0-alpha...
[INFO] testing zenoh-flow-derive-0.6.0-alpha against 1.100.0-beta.1+cargoflags=--release for beta-release-1.100-2
[INFO] extracting crate zenoh-flow-derive 0.6.0-alpha into /workspace/builds/worker-7-tc2/source
[INFO] started tweaking crates.io crate zenoh-flow-derive 0.6.0-alpha
[INFO] finished tweaking crates.io crate zenoh-flow-derive 0.6.0-alpha
[INFO] tweaked toml for crates.io crate zenoh-flow-derive 0.6.0-alpha written to /workspace/builds/worker-7-tc2/source/Cargo.toml
[INFO] validating manifest of crates.io crate zenoh-flow-derive 0.6.0-alpha on toolchain 1.100.0-beta.1
[INFO] running `Command { std: CARGO_HOME="/workspace/cargo-home" RUSTUP_HOME="/workspace/rustup-home" "/workspace/cargo-home/bin/cargo" "+1.100.0-beta.1" "metadata" "--manifest-path" "Cargo.toml" "--no-deps", kill_on_drop: false }`
[INFO] running `Command { std: CARGO_HOME="/workspace/cargo-home" RUSTUP_HOME="/workspace/rustup-home" "/workspace/cargo-home/bin/cargo" "+1.100.0-beta.1" "generate-lockfile" "--manifest-path" "Cargo.toml", kill_on_drop: false }`
[INFO] [stderr]     Updating crates.io index
[INFO] [stderr]      Locking 4 packages to highest compatible versions
[INFO] [stderr]       Adding syn v2.0.119 (available: v3.0.9)
[INFO] running `Command { std: CARGO_HOME="/workspace/cargo-home" RUSTUP_HOME="/workspace/rustup-home" "/workspace/cargo-home/bin/cargo" "+1.100.0-beta.1" "fetch" "--manifest-path" "Cargo.toml", kill_on_drop: false }`
[INFO] [stderr] warning: `package.homepage` is redundant with `package.repository`
[INFO] [stderr]   --> Cargo.toml:19:12
[INFO] [stderr]    |
[INFO] [stderr] 19 | homepage = "https://github.com/eclipse-zenoh/zenoh-flow"
[INFO] [stderr]    |            ^^^^^^^^^^^^^^^^^^^^^^^^^^^^^^^^^^^^^^^^^^^^^
[INFO] [stderr] ...
[INFO] [stderr] 23 | repository = "https://github.com/eclipse-zenoh/zenoh-flow"
[INFO] [stderr]    |              ---------------------------------------------
[INFO] [stderr]    |
[INFO] [stderr]    = note: `cargo::redundant_homepage` is set to `warn` by default
[INFO] [stderr] help: consider removing `package.homepage`
[INFO] [stderr] warning: `zenoh-flow-derive` (manifest) generated 1 warning
[INFO] running `Command { std: "docker" "create" "-v" "/var/lib/crater-agent-workspace/builds/worker-7-tc2/source:/opt/rustwide/workdir:ro,Z" "-v" "/var/lib/crater-agent-workspace/builds/worker-7-tc2/target:/opt/rustwide/target:rw,Z" "-v" "/var/lib/crater-agent-workspace/cargo-home:/opt/rustwide/cargo-home:ro,Z" "-v" "/var/lib/crater-agent-workspace/rustup-home:/opt/rustwide/rustup-home:ro,Z" "-m" "1610612736" "--network" "none" "ghcr.io/rust-lang/crates-build-env/linux@sha256:77db811e55d90add9212f6832c23229e3de5f1c1f9905e8cb07319ea15df73ac" "sleep" "infinity", kill_on_drop: false }`
[INFO] [stdout] c2f910566cf413b76b39f6e51b04f24fea880dd9df017b359bad2808ab1b6534
[INFO] running `Command { std: "docker" "start" "c2f910566cf413b76b39f6e51b04f24fea880dd9df017b359bad2808ab1b6534", kill_on_drop: false }`
[INFO] running `Command { std: "docker" "inspect" "c2f910566cf413b76b39f6e51b04f24fea880dd9df017b359bad2808ab1b6534", kill_on_drop: false }`
[INFO] running `Command { std: "docker" "exec" "-e" "SOURCE_DIR=/opt/rustwide/workdir" "-e" "CARGO_HOME=/opt/rustwide/cargo-home" "-e" "RUSTUP_HOME=/opt/rustwide/rustup-home" "-e" "CARGO_TARGET_DIR=/opt/rustwide/target" "-w" "/opt/rustwide/workdir" "--user" "0:0" "c2f910566cf413b76b39f6e51b04f24fea880dd9df017b359bad2808ab1b6534" "/opt/rustwide/cargo-home/bin/cargo" "+1.100.0-beta.1" "metadata" "--no-deps" "--format-version=1", kill_on_drop: false }`
[INFO] running `Command { std: "docker" "inspect" "c2f910566cf413b76b39f6e51b04f24fea880dd9df017b359bad2808ab1b6534", kill_on_drop: false }`
[INFO] running `Command { std: "docker" "exec" "-e" "SOURCE_DIR=/opt/rustwide/workdir" "-e" "CARGO_HOME=/opt/rustwide/cargo-home" "-e" "RUSTUP_HOME=/opt/rustwide/rustup-home" "-e" "CARGO_TARGET_DIR=/opt/rustwide/target" "-e" "CARGO_INCREMENTAL=0" "-e" "RUST_BACKTRACE=full" "-e" "RUSTFLAGS=--cap-lints=warn" "-e" "RUSTDOCFLAGS=--cap-lints=warn" "-w" "/opt/rustwide/workdir" "--user" "0:0" "c2f910566cf413b76b39f6e51b04f24fea880dd9df017b359bad2808ab1b6534" "/opt/rustwide/cargo-home/bin/cargo" "+1.100.0-beta.1" "build" "--frozen" "--message-format=json" "--release", kill_on_drop: false }`
[INFO] [stderr] warning: `package.homepage` is redundant with `package.repository`
[INFO] [stderr]   --> Cargo.toml:19:12
[INFO] [stderr]    |
[INFO] [stderr] 19 | homepage = "https://github.com/eclipse-zenoh/zenoh-flow"
[INFO] [stderr]    |            ^^^^^^^^^^^^^^^^^^^^^^^^^^^^^^^^^^^^^^^^^^^^^
[INFO] [stderr] ...
[INFO] [stderr] 23 | repository = "https://github.com/eclipse-zenoh/zenoh-flow"
[INFO] [stderr]    |              ---------------------------------------------
[INFO] [stderr]    |
[INFO] [stderr]    = note: `cargo::redundant_homepage` is set to `warn` by default
[INFO] [stderr] help: consider removing `package.homepage`
[INFO] [stderr] warning: `zenoh-flow-derive` (manifest) generated 1 warning
[INFO] [stderr]    Compiling zenoh-flow-derive v0.6.0-alpha (/opt/rustwide/workdir)
[INFO] [stderr]     Finished `release` profile [optimized] target(s) in 1.35s
[INFO] running `Command { std: "docker" "inspect" "c2f910566cf413b76b39f6e51b04f24fea880dd9df017b359bad2808ab1b6534", kill_on_drop: false }`
[INFO] running `Command { std: "docker" "exec" "-e" "SOURCE_DIR=/opt/rustwide/workdir" "-e" "CARGO_HOME=/opt/rustwide/cargo-home" "-e" "RUSTUP_HOME=/opt/rustwide/rustup-home" "-e" "CARGO_TARGET_DIR=/opt/rustwide/target" "-e" "CARGO_INCREMENTAL=0" "-e" "RUST_BACKTRACE=full" "-e" "RUSTFLAGS=--cap-lints=warn" "-e" "RUSTDOCFLAGS=--cap-lints=warn" "-w" "/opt/rustwide/workdir" "--user" "0:0" "c2f910566cf413b76b39f6e51b04f24fea880dd9df017b359bad2808ab1b6534" "/opt/rustwide/cargo-home/bin/cargo" "+1.100.0-beta.1" "test" "--frozen" "--no-run" "--message-format=json" "--release", kill_on_drop: false }`
[INFO] [stderr] warning: `package.homepage` is redundant with `package.repository`
[INFO] [stderr]   --> Cargo.toml:19:12
[INFO] [stderr]    |
[INFO] [stderr] 19 | homepage = "https://github.com/eclipse-zenoh/zenoh-flow"
[INFO] [stderr]    |            ^^^^^^^^^^^^^^^^^^^^^^^^^^^^^^^^^^^^^^^^^^^^^
[INFO] [stderr] ...
[INFO] [stderr] 23 | repository = "https://github.com/eclipse-zenoh/zenoh-flow"
[INFO] [stderr]    |              ---------------------------------------------
[INFO] [stderr]    |
[INFO] [stderr]    = note: `cargo::redundant_homepage` is set to `warn` by default
[INFO] [stderr] help: consider removing `package.homepage`
[INFO] [stderr] warning: `zenoh-flow-derive` (manifest) generated 1 warning
[INFO] [stderr]    Compiling zenoh-flow-derive v0.6.0-alpha (/opt/rustwide/workdir)
[INFO] [stderr]     Finished `release` profile [optimized] target(s) in 0.15s
[INFO] running `Command { std: "docker" "inspect" "c2f910566cf413b76b39f6e51b04f24fea880dd9df017b359bad2808ab1b6534", kill_on_drop: false }`
[INFO] running `Command { std: "docker" "exec" "-e" "SOURCE_DIR=/opt/rustwide/workdir" "-e" "CARGO_HOME=/opt/rustwide/cargo-home" "-e" "RUSTUP_HOME=/opt/rustwide/rustup-home" "-e" "CARGO_TARGET_DIR=/opt/rustwide/target" "-e" "CARGO_INCREMENTAL=0" "-e" "RUST_BACKTRACE=full" "-e" "RUSTFLAGS=--cap-lints=warn" "-e" "RUSTDOCFLAGS=--cap-lints=warn" "-w" "/opt/rustwide/workdir" "--user" "0:0" "c2f910566cf413b76b39f6e51b04f24fea880dd9df017b359bad2808ab1b6534" "/opt/rustwide/cargo-home/bin/cargo" "+1.100.0-beta.1" "test" "--frozen" "--release", kill_on_drop: false }`
[INFO] [stderr] warning: `package.homepage` is redundant with `package.repository`
[INFO] [stderr]   --> Cargo.toml:19:12
[INFO] [stderr]    |
[INFO] [stderr] 19 | homepage = "https://github.com/eclipse-zenoh/zenoh-flow"
[INFO] [stderr]    |            ^^^^^^^^^^^^^^^^^^^^^^^^^^^^^^^^^^^^^^^^^^^^^
[INFO] [stderr] ...
[INFO] [stderr] 23 | repository = "https://github.com/eclipse-zenoh/zenoh-flow"
[INFO] [stderr]    |              ---------------------------------------------
[INFO] [stderr]    |
[INFO] [stderr]    = note: `cargo::redundant_homepage` is set to `warn` by default
[INFO] [stderr] help: consider removing `package.homepage`
[INFO] [stderr] warning: `zenoh-flow-derive` (manifest) generated 1 warning
[INFO] [stderr]     Finished `release` profile [optimized] target(s) in 0.01s
[INFO] [stderr]      Running unittests src/lib.rs (/opt/rustwide/target/release/build/zenoh-flow-derive/f34f352e13c47fa5/out/zenoh_flow_derive-f34f352e13c47fa5)
[INFO] [stdout] 
[INFO] [stdout] running 0 tests
[INFO] [stdout] 
[INFO] [stdout] test result: ok. 0 passed; 0 failed; 0 ignored; 0 measured; 0 filtered out; finished in 0.00s
[INFO] [stdout] 
[INFO] [stderr]    Doc-tests zenoh_flow_derive
[INFO] [stdout] 
[INFO] [stdout] running 3 tests
[INFO] [stdout] test src/lib.rs - export_sink (line 94) ... FAILED
[INFO] [stdout] test src/lib.rs - export_source (line 30) ... FAILED
[INFO] [stdout] test src/lib.rs - export_operator (line 164) ... FAILED
[INFO] [stdout] 
[INFO] [stdout] failures:
[INFO] [stdout] 
[INFO] [stdout] ---- src/lib.rs - export_sink (line 94) stdout ----
[INFO] [stdout] error[E0433]: cannot find module or crate `zenoh_flow_nodes` in this scope
[INFO] [stdout]   --> src/lib.rs:96:5
[INFO] [stdout]    |
[INFO] [stdout] 96 | use zenoh_flow_nodes::prelude::*;
[INFO] [stdout]    |     ^^^^^^^^^^^^^^^^ use of unresolved module or unlinked crate `zenoh_flow_nodes`
[INFO] [stdout]    |
[INFO] [stdout]    = help: if you wanted to use a crate named `zenoh_flow_nodes`, use `cargo add zenoh_flow_nodes` to add it to your `Cargo.toml`
[INFO] [stdout] 
[INFO] [stdout] error[E0432]: unresolved import `async_trait`
[INFO] [stdout]   --> src/lib.rs:95:5
[INFO] [stdout]    |
[INFO] [stdout] 95 | use async_trait::async_trait;
[INFO] [stdout]    |     ^^^^^^^^^^^ use of unresolved module or unlinked crate `async_trait`
[INFO] [stdout]    |
[INFO] [stdout]    = help: if you wanted to use a crate named `async_trait`, use `cargo add async_trait` to add it to your `Cargo.toml`
[INFO] [stdout] 
[INFO] [stdout] error: cannot find attribute `export_sink` in this scope
[INFO] [stdout]   --> src/lib.rs:97:3
[INFO] [stdout]    |
[INFO] [stdout] 97 | #[export_sink]
[INFO] [stdout]    |   ^^^^^^^^^^^
[INFO] [stdout] 
[INFO] [stdout] error[E0405]: cannot find trait `Sink` in this scope
[INFO] [stdout]    --> src/lib.rs:102:6
[INFO] [stdout]     |
[INFO] [stdout] 102 | impl Sink for MySink {
[INFO] [stdout]     |      ^^^^ not found in this scope
[INFO] [stdout] 
[INFO] [stdout] error[E0425]: cannot find type `Context` in this scope
[INFO] [stdout]    --> src/lib.rs:104:16
[INFO] [stdout]     |
[INFO] [stdout] 104 |       context: Context,
[INFO] [stdout]     |                ^^^^^^^ not found in this scope
[INFO] [stdout]     |
[INFO] [stdout] help: consider importing this struct
[INFO] [stdout]     |
[INFO] [stdout]  94 + use std::task::Context;
[INFO] [stdout]     |
[INFO] [stdout] 
[INFO] [stdout] error[E0425]: cannot find type `Configuration` in this scope
[INFO] [stdout]    --> src/lib.rs:105:22
[INFO] [stdout]     |
[INFO] [stdout] 105 |       configuration: Configuration,
[INFO] [stdout]     |                      ^^^^^^^^^^^^^ not found in this scope
[INFO] [stdout] 
[INFO] [stdout] error[E0425]: cannot find type `Inputs` in this scope
[INFO] [stdout]    --> src/lib.rs:106:15
[INFO] [stdout]     |
[INFO] [stdout] 106 |       inputs: Inputs,
[INFO] [stdout]     |               ^^^^^^ not found in this scope
[INFO] [stdout] 
[INFO] [stdout] error[E0405]: cannot find trait `Node` in this scope
[INFO] [stdout]    --> src/lib.rs:113:6
[INFO] [stdout]     |
[INFO] [stdout] 113 | impl Node for MySink {
[INFO] [stdout]     |      ^^^^ not found in this scope
[INFO] [stdout] 
[INFO] [stdout] error: aborting due to 8 previous errors
[INFO] [stdout] 
[INFO] [stdout] Some errors have detailed explanations: E0405, E0425, E0432, E0433.
[INFO] [stdout] For more information about an error, try `rustc --explain E0405`.
[INFO] [stdout] Couldn't compile the test.
[INFO] [stdout] ---- src/lib.rs - export_source (line 30) stdout ----
[INFO] [stdout] error[E0433]: cannot find module or crate `zenoh_flow_nodes` in this scope
[INFO] [stdout]   --> src/lib.rs:32:5
[INFO] [stdout]    |
[INFO] [stdout] 32 | use zenoh_flow_nodes::prelude::*;
[INFO] [stdout]    |     ^^^^^^^^^^^^^^^^ use of unresolved module or unlinked crate `zenoh_flow_nodes`
[INFO] [stdout]    |
[INFO] [stdout]    = help: if you wanted to use a crate named `zenoh_flow_nodes`, use `cargo add zenoh_flow_nodes` to add it to your `Cargo.toml`
[INFO] [stdout] 
[INFO] [stdout] error[E0432]: unresolved import `async_trait`
[INFO] [stdout]   --> src/lib.rs:31:5
[INFO] [stdout]    |
[INFO] [stdout] 31 | use async_trait::async_trait;
[INFO] [stdout]    |     ^^^^^^^^^^^ use of unresolved module or unlinked crate `async_trait`
[INFO] [stdout]    |
[INFO] [stdout]    = help: if you wanted to use a crate named `async_trait`, use `cargo add async_trait` to add it to your `Cargo.toml`
[INFO] [stdout] 
[INFO] [stdout] error: cannot find attribute `export_source` in this scope
[INFO] [stdout]   --> src/lib.rs:33:3
[INFO] [stdout]    |
[INFO] [stdout] 33 | #[export_source]
[INFO] [stdout]    |   ^^^^^^^^^^^^^
[INFO] [stdout]    |
[INFO] [stdout] help: a built-in attribute with a similar name exists
[INFO] [stdout]    |
[INFO] [stdout] 33 - #[export_source]
[INFO] [stdout] 33 + #[export_stable]
[INFO] [stdout]    |
[INFO] [stdout] 
[INFO] [stdout] error[E0405]: cannot find trait `Source` in this scope
[INFO] [stdout]   --> src/lib.rs:38:6
[INFO] [stdout]    |
[INFO] [stdout] 38 | impl Source for MySource{
[INFO] [stdout]    |      ^^^^^^ not found in this scope
[INFO] [stdout] 
[INFO] [stdout] error[E0425]: cannot find type `Context` in this scope
[INFO] [stdout]   --> src/lib.rs:40:16
[INFO] [stdout]    |
[INFO] [stdout] 40 |       context: Context,
[INFO] [stdout]    |                ^^^^^^^ not found in this scope
[INFO] [stdout]    |
[INFO] [stdout] help: consider importing this struct
[INFO] [stdout]    |
[INFO] [stdout] 30 + use std::task::Context;
[INFO] [stdout]    |
[INFO] [stdout] 
[INFO] [stdout] error[E0425]: cannot find type `Configuration` in this scope
[INFO] [stdout]   --> src/lib.rs:41:22
[INFO] [stdout]    |
[INFO] [stdout] 41 |       configuration: Configuration,
[INFO] [stdout]    |                      ^^^^^^^^^^^^^ not found in this scope
[INFO] [stdout] 
[INFO] [stdout] error[E0425]: cannot find type `Outputs` in this scope
[INFO] [stdout]   --> src/lib.rs:42:16
[INFO] [stdout]    |
[INFO] [stdout] 42 |       outputs: Outputs,
[INFO] [stdout]    |                ^^^^^^^ not found in this scope
[INFO] [stdout] 
[INFO] [stdout] error[E0405]: cannot find trait `Node` in this scope
[INFO] [stdout]   --> src/lib.rs:49:6
[INFO] [stdout]    |
[INFO] [stdout] 49 | impl Node for MySource {
[INFO] [stdout]    |      ^^^^ not found in this scope
[INFO] [stdout] 
[INFO] [stdout] error: aborting due to 8 previous errors
[INFO] [stdout] 
[INFO] [stdout] Some errors have detailed explanations: E0405, E0425, E0432, E0433.
[INFO] [stdout] For more information about an error, try `rustc --explain E0405`.
[INFO] [stdout] Couldn't compile the test.
[INFO] [stdout] ---- src/lib.rs - export_operator (line 164) stdout ----
[INFO] [stdout] error[E0433]: cannot find module or crate `zenoh_flow_nodes` in this scope
[INFO] [stdout]    --> src/lib.rs:166:5
[INFO] [stdout]     |
[INFO] [stdout] 166 | use zenoh_flow_nodes::prelude::*;
[INFO] [stdout]     |     ^^^^^^^^^^^^^^^^ use of unresolved module or unlinked crate `zenoh_flow_nodes`
[INFO] [stdout]     |
[INFO] [stdout]     = help: if you wanted to use a crate named `zenoh_flow_nodes`, use `cargo add zenoh_flow_nodes` to add it to your `Cargo.toml`
[INFO] [stdout] 
[INFO] [stdout] error[E0432]: unresolved import `async_trait`
[INFO] [stdout]    --> src/lib.rs:165:5
[INFO] [stdout]     |
[INFO] [stdout] 165 | use async_trait::async_trait;
[INFO] [stdout]     |     ^^^^^^^^^^^ use of unresolved module or unlinked crate `async_trait`
[INFO] [stdout]     |
[INFO] [stdout]     = help: if you wanted to use a crate named `async_trait`, use `cargo add async_trait` to add it to your `Cargo.toml`
[INFO] [stdout] 
[INFO] [stdout] error: cannot find attribute `export_operator` in this scope
[INFO] [stdout]    --> src/lib.rs:167:3
[INFO] [stdout]     |
[INFO] [stdout] 167 | #[export_operator]
[INFO] [stdout]     |   ^^^^^^^^^^^^^^^
[INFO] [stdout] 
[INFO] [stdout] error[E0405]: cannot find trait `Operator` in this scope
[INFO] [stdout]    --> src/lib.rs:172:6
[INFO] [stdout]     |
[INFO] [stdout] 172 | impl Operator for MyOperator {
[INFO] [stdout]     |      ^^^^^^^^ not found in this scope
[INFO] [stdout]     |
[INFO] [stdout] note: similarly named trait `Iterator` defined here
[INFO] [stdout]    --> /rustc/e3feeb59cd1bdd011a2bfcc0747b55125d9b8527/library/core/src/iter/traits/iterator.rs:42:0
[INFO] [stdout] help: a trait with a similar name exists
[INFO] [stdout]     |
[INFO] [stdout] 172 - impl Operator for MyOperator {
[INFO] [stdout] 172 + impl Iterator for MyOperator {
[INFO] [stdout]     |
[INFO] [stdout] 
[INFO] [stdout] error[E0425]: cannot find type `Context` in this scope
[INFO] [stdout]    --> src/lib.rs:174:18
[INFO] [stdout]     |
[INFO] [stdout] 174 |         context: Context,
[INFO] [stdout]     |                  ^^^^^^^ not found in this scope
[INFO] [stdout]     |
[INFO] [stdout] help: consider importing this struct
[INFO] [stdout]     |
[INFO] [stdout] 164 + use std::task::Context;
[INFO] [stdout]     |
[INFO] [stdout] 
[INFO] [stdout] error[E0425]: cannot find type `Configuration` in this scope
[INFO] [stdout]    --> src/lib.rs:175:24
[INFO] [stdout]     |
[INFO] [stdout] 175 |         configuration: Configuration,
[INFO] [stdout]     |                        ^^^^^^^^^^^^^ not found in this scope
[INFO] [stdout] 
[INFO] [stdout] error[E0425]: cannot find type `Inputs` in this scope
[INFO] [stdout]    --> src/lib.rs:176:17
[INFO] [stdout]     |
[INFO] [stdout] 176 |         inputs: Inputs,
[INFO] [stdout]     |                 ^^^^^^ not found in this scope
[INFO] [stdout] 
[INFO] [stdout] error[E0425]: cannot find type `Outputs` in this scope
[INFO] [stdout]    --> src/lib.rs:177:18
[INFO] [stdout]     |
[INFO] [stdout] 177 |         outputs: Outputs,
[INFO] [stdout]     |                  ^^^^^^^ not found in this scope
[INFO] [stdout] 
[INFO] [stdout] error[E0405]: cannot find trait `Node` in this scope
[INFO] [stdout]    --> src/lib.rs:186:6
[INFO] [stdout]     |
[INFO] [stdout] 186 | impl Node for MyOperator {
[INFO] [stdout]     |      ^^^^ not found in this scope
[INFO] [stdout] 
[INFO] [stdout] error: aborting due to 9 previous errors
[INFO] [stdout] 
[INFO] [stdout] Some errors have detailed explanations: E0405, E0425, E0432, E0433.
[INFO] [stdout] For more information about an error, try `rustc --explain E0405`.
[INFO] [stdout] Couldn't compile the test.
[INFO] [stdout] 
[INFO] [stdout] failures:
[INFO] [stdout]     src/lib.rs - export_operator (line 164)
[INFO] [stdout]     src/lib.rs - export_sink (line 94)
[INFO] [stdout]     src/lib.rs - export_source (line 30)
[INFO] [stdout] 
[INFO] [stdout] test result: FAILED. 0 passed; 3 failed; 0 ignored; 0 measured; 0 filtered out; finished in 0.07s
[INFO] [stdout] 
[INFO] [stderr] error: doctest failed, to rerun pass `--doc`
[INFO] running `Command { std: "docker" "inspect" "c2f910566cf413b76b39f6e51b04f24fea880dd9df017b359bad2808ab1b6534", kill_on_drop: false }`
[INFO] running `Command { std: "docker" "rm" "-f" "c2f910566cf413b76b39f6e51b04f24fea880dd9df017b359bad2808ab1b6534", kill_on_drop: false }`
[INFO] [stdout] c2f910566cf413b76b39f6e51b04f24fea880dd9df017b359bad2808ab1b6534
