[INFO] fetching crate zenocore 0.2.3...
[INFO] testing zenocore-0.2.3 against 1.100.0-beta.1+cargoflags=--release for beta-release-1.100-2
[INFO] extracting crate zenocore 0.2.3 into /workspace/builds/worker-0-tc2/source
[INFO] started tweaking crates.io crate zenocore 0.2.3
[INFO] finished tweaking crates.io crate zenocore 0.2.3
[INFO] tweaked toml for crates.io crate zenocore 0.2.3 written to /workspace/builds/worker-0-tc2/source/Cargo.toml
[INFO] validating manifest of crates.io crate zenocore 0.2.3 on toolchain 1.100.0-beta.1
[INFO] running `Command { std: CARGO_HOME="/workspace/cargo-home" RUSTUP_HOME="/workspace/rustup-home" "/workspace/cargo-home/bin/cargo" "+1.100.0-beta.1" "metadata" "--manifest-path" "Cargo.toml" "--no-deps", kill_on_drop: false }`
[INFO] crate crates.io crate zenocore 0.2.3 already has a lockfile, it will not be regenerated
[INFO] running `Command { std: CARGO_HOME="/workspace/cargo-home" RUSTUP_HOME="/workspace/rustup-home" "/workspace/cargo-home/bin/cargo" "+1.100.0-beta.1" "fetch" "--manifest-path" "Cargo.toml", kill_on_drop: false }`
[INFO] [stderr] warning: `package.homepage` is redundant with `package.repository`
[INFO] [stderr]   --> Cargo.toml:25:12
[INFO] [stderr]    |
[INFO] [stderr] 25 | homepage = "https://github.com/nextcore/zeno-rs"
[INFO] [stderr]    |            ^^^^^^^^^^^^^^^^^^^^^^^^^^^^^^^^^^^^^
[INFO] [stderr] ...
[INFO] [stderr] 30 | repository = "https://github.com/nextcore/zeno-rs"
[INFO] [stderr]    |              -------------------------------------
[INFO] [stderr]    |
[INFO] [stderr]    = note: `cargo::redundant_homepage` is set to `warn` by default
[INFO] [stderr] help: consider removing `package.homepage`
[INFO] [stderr] warning: `zenocore` (manifest) generated 1 warning
[INFO] running `Command { std: "docker" "create" "-v" "/var/lib/crater-agent-workspace/builds/worker-0-tc2/source:/opt/rustwide/workdir:ro,Z" "-v" "/var/lib/crater-agent-workspace/builds/worker-0-tc2/target:/opt/rustwide/target:rw,Z" "-v" "/var/lib/crater-agent-workspace/cargo-home:/opt/rustwide/cargo-home:ro,Z" "-v" "/var/lib/crater-agent-workspace/rustup-home:/opt/rustwide/rustup-home:ro,Z" "-m" "1610612736" "--network" "none" "ghcr.io/rust-lang/crates-build-env/linux@sha256:77db811e55d90add9212f6832c23229e3de5f1c1f9905e8cb07319ea15df73ac" "sleep" "infinity", kill_on_drop: false }`
[INFO] [stdout] 704b0d6d46420e7affc6b5c03330842dc5bd44587e185a7297479eb008395b56
[INFO] running `Command { std: "docker" "start" "704b0d6d46420e7affc6b5c03330842dc5bd44587e185a7297479eb008395b56", kill_on_drop: false }`
[INFO] running `Command { std: "docker" "inspect" "704b0d6d46420e7affc6b5c03330842dc5bd44587e185a7297479eb008395b56", kill_on_drop: false }`
[INFO] running `Command { std: "docker" "exec" "-e" "SOURCE_DIR=/opt/rustwide/workdir" "-e" "CARGO_HOME=/opt/rustwide/cargo-home" "-e" "RUSTUP_HOME=/opt/rustwide/rustup-home" "-e" "CARGO_TARGET_DIR=/opt/rustwide/target" "-w" "/opt/rustwide/workdir" "--user" "0:0" "704b0d6d46420e7affc6b5c03330842dc5bd44587e185a7297479eb008395b56" "/opt/rustwide/cargo-home/bin/cargo" "+1.100.0-beta.1" "metadata" "--no-deps" "--format-version=1", kill_on_drop: false }`
[INFO] running `Command { std: "docker" "inspect" "704b0d6d46420e7affc6b5c03330842dc5bd44587e185a7297479eb008395b56", kill_on_drop: false }`
[INFO] running `Command { std: "docker" "exec" "-e" "SOURCE_DIR=/opt/rustwide/workdir" "-e" "CARGO_HOME=/opt/rustwide/cargo-home" "-e" "RUSTUP_HOME=/opt/rustwide/rustup-home" "-e" "CARGO_TARGET_DIR=/opt/rustwide/target" "-e" "CARGO_INCREMENTAL=0" "-e" "RUST_BACKTRACE=full" "-e" "RUSTFLAGS=--cap-lints=warn" "-e" "RUSTDOCFLAGS=--cap-lints=warn" "-w" "/opt/rustwide/workdir" "--user" "0:0" "704b0d6d46420e7affc6b5c03330842dc5bd44587e185a7297479eb008395b56" "/opt/rustwide/cargo-home/bin/cargo" "+1.100.0-beta.1" "build" "--frozen" "--message-format=json" "--release", kill_on_drop: false }`
[INFO] [stderr] warning: `package.homepage` is redundant with `package.repository`
[INFO] [stderr]   --> Cargo.toml:25:12
[INFO] [stderr]    |
[INFO] [stderr] 25 | homepage = "https://github.com/nextcore/zeno-rs"
[INFO] [stderr]    |            ^^^^^^^^^^^^^^^^^^^^^^^^^^^^^^^^^^^^^
[INFO] [stderr] ...
[INFO] [stderr] 30 | repository = "https://github.com/nextcore/zeno-rs"
[INFO] [stderr]    |              -------------------------------------
[INFO] [stderr]    |
[INFO] [stderr]    = note: `cargo::redundant_homepage` is set to `warn` by default
[INFO] [stderr] help: consider removing `package.homepage`
[INFO] [stderr] warning: `zenocore` (manifest) generated 1 warning
[INFO] [stderr]    Compiling libloading v0.8.9
[INFO] [stderr]    Compiling zenocore v0.2.3 (/opt/rustwide/workdir)
[INFO] [stderr]     Finished `release` profile [optimized] target(s) in 7.53s
[INFO] running `Command { std: "docker" "inspect" "704b0d6d46420e7affc6b5c03330842dc5bd44587e185a7297479eb008395b56", kill_on_drop: false }`
[INFO] running `Command { std: "docker" "exec" "-e" "SOURCE_DIR=/opt/rustwide/workdir" "-e" "CARGO_HOME=/opt/rustwide/cargo-home" "-e" "RUSTUP_HOME=/opt/rustwide/rustup-home" "-e" "CARGO_TARGET_DIR=/opt/rustwide/target" "-e" "CARGO_INCREMENTAL=0" "-e" "RUST_BACKTRACE=full" "-e" "RUSTFLAGS=--cap-lints=warn" "-e" "RUSTDOCFLAGS=--cap-lints=warn" "-w" "/opt/rustwide/workdir" "--user" "0:0" "704b0d6d46420e7affc6b5c03330842dc5bd44587e185a7297479eb008395b56" "/opt/rustwide/cargo-home/bin/cargo" "+1.100.0-beta.1" "test" "--frozen" "--no-run" "--message-format=json" "--release", kill_on_drop: false }`
[INFO] [stderr] warning: `package.homepage` is redundant with `package.repository`
[INFO] [stderr]   --> Cargo.toml:25:12
[INFO] [stderr]    |
[INFO] [stderr] 25 | homepage = "https://github.com/nextcore/zeno-rs"
[INFO] [stderr]    |            ^^^^^^^^^^^^^^^^^^^^^^^^^^^^^^^^^^^^^
[INFO] [stderr] ...
[INFO] [stderr] 30 | repository = "https://github.com/nextcore/zeno-rs"
[INFO] [stderr]    |              -------------------------------------
[INFO] [stderr]    |
[INFO] [stderr]    = note: `cargo::redundant_homepage` is set to `warn` by default
[INFO] [stderr] help: consider removing `package.homepage`
[INFO] [stderr] warning: `zenocore` (manifest) generated 1 warning
[INFO] [stderr]    Compiling zenocore v0.2.3 (/opt/rustwide/workdir)
[INFO] [stderr]     Finished `release` profile [optimized] target(s) in 9.50s
[INFO] running `Command { std: "docker" "inspect" "704b0d6d46420e7affc6b5c03330842dc5bd44587e185a7297479eb008395b56", kill_on_drop: false }`
[INFO] running `Command { std: "docker" "exec" "-e" "SOURCE_DIR=/opt/rustwide/workdir" "-e" "CARGO_HOME=/opt/rustwide/cargo-home" "-e" "RUSTUP_HOME=/opt/rustwide/rustup-home" "-e" "CARGO_TARGET_DIR=/opt/rustwide/target" "-e" "CARGO_INCREMENTAL=0" "-e" "RUST_BACKTRACE=full" "-e" "RUSTFLAGS=--cap-lints=warn" "-e" "RUSTDOCFLAGS=--cap-lints=warn" "-w" "/opt/rustwide/workdir" "--user" "0:0" "704b0d6d46420e7affc6b5c03330842dc5bd44587e185a7297479eb008395b56" "/opt/rustwide/cargo-home/bin/cargo" "+1.100.0-beta.1" "test" "--frozen" "--release", kill_on_drop: false }`
[INFO] [stderr] warning: `package.homepage` is redundant with `package.repository`
[INFO] [stderr]   --> Cargo.toml:25:12
[INFO] [stderr]    |
[INFO] [stderr] 25 | homepage = "https://github.com/nextcore/zeno-rs"
[INFO] [stderr]    |            ^^^^^^^^^^^^^^^^^^^^^^^^^^^^^^^^^^^^^
[INFO] [stderr] ...
[INFO] [stderr] 30 | repository = "https://github.com/nextcore/zeno-rs"
[INFO] [stderr]    |              -------------------------------------
[INFO] [stderr]    |
[INFO] [stderr]    = note: `cargo::redundant_homepage` is set to `warn` by default
[INFO] [stderr] help: consider removing `package.homepage`
[INFO] [stderr] warning: `zenocore` (manifest) generated 1 warning
[INFO] [stderr]     Finished `release` profile [optimized] target(s) in 0.02s
[INFO] [stderr]      Running unittests src/lib.rs (/opt/rustwide/target/release/build/zenocore/3bb507be3a3726d3/out/zenocore-3bb507be3a3726d3)
[INFO] [stdout] 
[INFO] [stdout] running 21 tests
[INFO] [stdout] test parser::tests::test_parse_simple ... ok
[INFO] [stdout] test lexer::tests::test_tokens ... ok
[INFO] [stdout] test scope::tests::test_scope_nested ... ok
[INFO] [stdout] test scope::tests::test_scope_parent ... ok
[INFO] [stdout] test executor::tests::test_executor_shorthand_and_flow ... ok
[INFO] [stdout] test scope::tests::test_scope_basic ... ok
[INFO] [stdout] test slots::tests::test_try_catch_error_variable ... ok
[INFO] [stdout] test slots::tests::test_collection_slots ... ok
[INFO] [stdout] test slots::tests::test_try_catch_no_error ... ok
[INFO] [stdout] test analysis::tests::test_analyzer_unknown_slot ... ok
[INFO] [stdout] test slots::tests::test_forelse_empty ... ok
[INFO] [stdout] test slots::tests::test_function_slots ... ok
[INFO] [stdout] test slots::tests::test_json_slots ... ok
[INFO] [stdout] test slots::tests::test_try_catch_with_error ... ok
[INFO] [stdout] test slots::tests::test_logic_slots_loop_and_variables ... ok
[INFO] [stdout] test analysis::tests::test_analyzer_cyclic_includes ... FAILED
[INFO] [stdout] test slots::tests::test_plugin_loading_and_execution ... ok
[INFO] [stdout] test executor::tests::test_executor_trailing_comma ... ok
[INFO] [stdout] test slots::tests::test_map_slots ... ok
[INFO] [stdout] test executor::tests::test_executor_panic_recovery ... ok
[INFO] [stdout] test slots::tests::test_sleep_slot ... ok
[INFO] [stdout] 
[INFO] [stdout] failures:
[INFO] [stdout] 
[INFO] [stdout] ---- analysis::tests::test_analyzer_cyclic_includes stdout ----
[INFO] [stdout] 
[INFO] [stdout] thread 'analysis::tests::test_analyzer_cyclic_includes' (214) panicked at src/analysis.rs:250:57:
[INFO] [stdout] called `Result::unwrap()` on an `Err` value: Os { code: 30, kind: ReadOnlyFilesystem, message: "Read-only file system" }
[INFO] [stdout] stack backtrace:
[INFO] [stdout]    0:     0x5f451b984c31 - <<std[617be2ca0a6fd877]::sys::backtrace::BacktraceLock>::print::DisplayBacktrace as core[a373ad73a504971]::fmt::Display>::fmt
[INFO] [stdout]    1:     0x5f451b99affa - core[a373ad73a504971]::fmt::write
[INFO] [stdout]    2:     0x5f451b988e4c - <alloc[2e1b2a31b91974c5]::vec::Vec<u8> as core[a373ad73a504971]::io::write::Write>::write_fmt
[INFO] [stdout]    3:     0x5f451b9607a6 - std[617be2ca0a6fd877]::panicking::default_hook::{closure#0}
[INFO] [stdout]    4:     0x5f451b97cbe9 - std[617be2ca0a6fd877]::panicking::default_hook
[INFO] [stdout]    5:     0x5f451b918a80 - test[aada8e7e76ba119b]::test_main_inner::{closure#0}
[INFO] [stdout]    6:     0x5f451b97cda2 - std[617be2ca0a6fd877]::panicking::panic_with_hook
[INFO] [stdout]    7:     0x5f451b960852 - std[617be2ca0a6fd877]::panicking::panic_handler::{closure#0}
[INFO] [stdout]    8:     0x5f451b959329 - std[617be2ca0a6fd877]::sys::backtrace::__rust_end_short_backtrace::<std[617be2ca0a6fd877]::panicking::panic_handler::{closure#0}, !>
[INFO] [stdout]    9:     0x5f451b96145d - __rustc[ea4f61d10b84890b]::rust_begin_unwind
[INFO] [stdout]   10:     0x5f451b99b72c - core[a373ad73a504971]::panicking::panic_fmt
[INFO] [stdout]   11:     0x5f451b99b502 - core[a373ad73a504971]::result::unwrap_failed
[INFO] [stdout]   12:     0x5f451b90a4af - <zenocore[5f20e38c537c2818]::analysis::tests::test_analyzer_cyclic_includes::{closure#0} as core[a373ad73a504971]::ops::function::FnOnce<()>>::call_once
[INFO] [stdout]   13:     0x5f451b90becb - test[aada8e7e76ba119b]::__rust_begin_short_backtrace::<core[a373ad73a504971]::result::Result<(), alloc[2e1b2a31b91974c5]::string::String>, fn() -> core[a373ad73a504971]::result::Result<(), alloc[2e1b2a31b91974c5]::string::String>>
[INFO] [stdout]   14:     0x5f451b9190a5 - test[aada8e7e76ba119b]::run_test::{closure#0}
[INFO] [stdout]   15:     0x5f451b912994 - std[617be2ca0a6fd877]::sys::backtrace::__rust_begin_short_backtrace::<test[aada8e7e76ba119b]::run_test::{closure#1}, ()>
[INFO] [stdout]   16:     0x5f451b91c132 - <std[617be2ca0a6fd877]::thread::lifecycle::spawn_unchecked<test[aada8e7e76ba119b]::run_test::{closure#1}, ()>::{closure#1} as core[a373ad73a504971]::ops::function::FnOnce<()>>::call_once::{shim:vtable#0}
[INFO] [stdout]   17:     0x5f451b983f4f - <std[617be2ca0a6fd877]::sys::thread::unix::Thread>::new::thread_start
[INFO] [stdout]   18:     0x78826b0a7dfa - <unknown>
[INFO] [stdout]   19:     0x78826b13b3d4 - clone
[INFO] [stdout]   20:                0x0 - <unknown>
[INFO] [stderr] error: test failed, to rerun pass `--lib`
[INFO] [stdout] 
[INFO] [stdout] 
[INFO] [stdout] failures:
[INFO] [stdout]     analysis::tests::test_analyzer_cyclic_includes
[INFO] [stdout] 
[INFO] [stdout] test result: FAILED. 20 passed; 1 failed; 0 ignored; 0 measured; 0 filtered out; finished in 0.04s
[INFO] [stdout] 
[INFO] running `Command { std: "docker" "inspect" "704b0d6d46420e7affc6b5c03330842dc5bd44587e185a7297479eb008395b56", kill_on_drop: false }`
[INFO] running `Command { std: "docker" "rm" "-f" "704b0d6d46420e7affc6b5c03330842dc5bd44587e185a7297479eb008395b56", kill_on_drop: false }`
[INFO] [stdout] 704b0d6d46420e7affc6b5c03330842dc5bd44587e185a7297479eb008395b56
