[INFO] fetching crate zeno-fcis-formal-tools 1.1.0...
[INFO] testing zeno-fcis-formal-tools-1.1.0 against 1.99.0-beta.8+cargoflags=--release for beta-release-1.100-2
[INFO] extracting crate zeno-fcis-formal-tools 1.1.0 into /workspace/builds/worker-3-tc1/source
[INFO] started tweaking crates.io crate zeno-fcis-formal-tools 1.1.0
[INFO] finished tweaking crates.io crate zeno-fcis-formal-tools 1.1.0
[INFO] tweaked toml for crates.io crate zeno-fcis-formal-tools 1.1.0 written to /workspace/builds/worker-3-tc1/source/Cargo.toml
[INFO] validating manifest of crates.io crate zeno-fcis-formal-tools 1.1.0 on toolchain 1.99.0-beta.8
[INFO] running `Command { std: CARGO_HOME="/workspace/cargo-home" RUSTUP_HOME="/workspace/rustup-home" "/workspace/cargo-home/bin/cargo" "+1.99.0-beta.8" "metadata" "--manifest-path" "Cargo.toml" "--no-deps", kill_on_drop: false }`
[INFO] crate crates.io crate zeno-fcis-formal-tools 1.1.0 already has a lockfile, it will not be regenerated
[INFO] running `Command { std: CARGO_HOME="/workspace/cargo-home" RUSTUP_HOME="/workspace/rustup-home" "/workspace/cargo-home/bin/cargo" "+1.99.0-beta.8" "fetch" "--manifest-path" "Cargo.toml", kill_on_drop: false }`
[INFO] [stderr]     Updating crates.io index
[INFO] [stderr]  Downloading crates ...
[INFO] [stderr]   Downloaded zeno-fcis-value v1.1.0
[INFO] [stderr]   Downloaded zeno-fcis-codec v1.1.0
[INFO] [stderr]   Downloaded zeno-fcis-crypto v1.1.0
[INFO] [stderr]   Downloaded zeno-fcis-synthesis v1.1.0
[INFO] [stderr]   Downloaded zeno-fcis-core v1.1.0
[INFO] [stderr]   Downloaded zeno-fcis-backend v1.1.0
[INFO] [stderr]   Downloaded zeno-fcis-spec v1.1.0
[INFO] [stderr]   Downloaded zeno-fcis-project v1.1.0
[INFO] running `Command { std: "docker" "create" "-v" "/var/lib/crater-agent-workspace/builds/worker-3-tc1/source:/opt/rustwide/workdir:ro,Z" "-v" "/var/lib/crater-agent-workspace/builds/worker-3-tc1/target:/opt/rustwide/target:rw,Z" "-v" "/var/lib/crater-agent-workspace/cargo-home:/opt/rustwide/cargo-home:ro,Z" "-v" "/var/lib/crater-agent-workspace/rustup-home:/opt/rustwide/rustup-home:ro,Z" "-m" "1610612736" "--network" "none" "ghcr.io/rust-lang/crates-build-env/linux@sha256:77db811e55d90add9212f6832c23229e3de5f1c1f9905e8cb07319ea15df73ac" "sleep" "infinity", kill_on_drop: false }`
[INFO] [stdout] 1d355c389611077c78834f7b9b91e9f1fd8197227c8539fb8b4885340e27e980
[INFO] running `Command { std: "docker" "start" "1d355c389611077c78834f7b9b91e9f1fd8197227c8539fb8b4885340e27e980", kill_on_drop: false }`
[INFO] running `Command { std: "docker" "inspect" "1d355c389611077c78834f7b9b91e9f1fd8197227c8539fb8b4885340e27e980", kill_on_drop: false }`
[INFO] running `Command { std: "docker" "exec" "-e" "SOURCE_DIR=/opt/rustwide/workdir" "-e" "CARGO_HOME=/opt/rustwide/cargo-home" "-e" "RUSTUP_HOME=/opt/rustwide/rustup-home" "-e" "CARGO_TARGET_DIR=/opt/rustwide/target" "-w" "/opt/rustwide/workdir" "--user" "0:0" "1d355c389611077c78834f7b9b91e9f1fd8197227c8539fb8b4885340e27e980" "/opt/rustwide/cargo-home/bin/cargo" "+1.99.0-beta.8" "metadata" "--no-deps" "--format-version=1", kill_on_drop: false }`
[INFO] running `Command { std: "docker" "inspect" "1d355c389611077c78834f7b9b91e9f1fd8197227c8539fb8b4885340e27e980", kill_on_drop: false }`
[INFO] running `Command { std: "docker" "exec" "-e" "SOURCE_DIR=/opt/rustwide/workdir" "-e" "CARGO_HOME=/opt/rustwide/cargo-home" "-e" "RUSTUP_HOME=/opt/rustwide/rustup-home" "-e" "CARGO_TARGET_DIR=/opt/rustwide/target" "-e" "CARGO_INCREMENTAL=0" "-e" "RUST_BACKTRACE=full" "-e" "RUSTFLAGS=--cap-lints=warn" "-e" "RUSTDOCFLAGS=--cap-lints=warn" "-w" "/opt/rustwide/workdir" "--user" "0:0" "1d355c389611077c78834f7b9b91e9f1fd8197227c8539fb8b4885340e27e980" "/opt/rustwide/cargo-home/bin/cargo" "+1.99.0-beta.8" "build" "--frozen" "--message-format=json" "--release", kill_on_drop: false }`
[INFO] [stderr]    Compiling hybrid-array v0.4.13
[INFO] [stderr]    Compiling zeno-fcis-value v1.1.0
[INFO] [stderr]    Compiling zeno-fcis-core v1.1.0
[INFO] [stderr]    Compiling quote v1.0.47
[INFO] [stderr]    Compiling nix v0.30.1
[INFO] [stderr]    Compiling bitflags v2.13.1
[INFO] [stderr]    Compiling proc-macro2 v1.0.107
[INFO] [stderr]    Compiling zeno-fcis-codec v1.1.0
[INFO] [stderr]    Compiling zeno-fcis-project v1.1.0
[INFO] [stderr]    Compiling zeno-fcis-spec v1.1.0
[INFO] [stderr]    Compiling syn v3.0.3
[INFO] [stderr]    Compiling crypto-common v0.2.2
[INFO] [stderr]    Compiling block-buffer v0.12.1
[INFO] [stderr]    Compiling digest v0.11.3
[INFO] [stderr]    Compiling sha2 v0.11.0
[INFO] [stderr]    Compiling serde_derive v1.0.229
[INFO] [stderr]    Compiling zeno-fcis-crypto v1.1.0
[INFO] [stderr]    Compiling zeno-fcis-synthesis v1.1.0
[INFO] [stderr]    Compiling zeno-fcis-backend v1.1.0
[INFO] [stderr]    Compiling serde v1.0.229
[INFO] [stderr]    Compiling zeno-fcis-formal-tools v1.1.0 (/opt/rustwide/workdir)
[INFO] [stderr]     Finished `release` profile [optimized] target(s) in 22.98s
[INFO] running `Command { std: "docker" "inspect" "1d355c389611077c78834f7b9b91e9f1fd8197227c8539fb8b4885340e27e980", kill_on_drop: false }`
[INFO] running `Command { std: "docker" "exec" "-e" "SOURCE_DIR=/opt/rustwide/workdir" "-e" "CARGO_HOME=/opt/rustwide/cargo-home" "-e" "RUSTUP_HOME=/opt/rustwide/rustup-home" "-e" "CARGO_TARGET_DIR=/opt/rustwide/target" "-e" "CARGO_INCREMENTAL=0" "-e" "RUST_BACKTRACE=full" "-e" "RUSTFLAGS=--cap-lints=warn" "-e" "RUSTDOCFLAGS=--cap-lints=warn" "-w" "/opt/rustwide/workdir" "--user" "0:0" "1d355c389611077c78834f7b9b91e9f1fd8197227c8539fb8b4885340e27e980" "/opt/rustwide/cargo-home/bin/cargo" "+1.99.0-beta.8" "test" "--frozen" "--no-run" "--message-format=json" "--release", kill_on_drop: false }`
[INFO] [stderr]    Compiling zeno-fcis-formal-tools v1.1.0 (/opt/rustwide/workdir)
[INFO] [stderr]     Finished `release` profile [optimized] target(s) in 6.74s
[INFO] running `Command { std: "docker" "inspect" "1d355c389611077c78834f7b9b91e9f1fd8197227c8539fb8b4885340e27e980", kill_on_drop: false }`
[INFO] running `Command { std: "docker" "exec" "-e" "SOURCE_DIR=/opt/rustwide/workdir" "-e" "CARGO_HOME=/opt/rustwide/cargo-home" "-e" "RUSTUP_HOME=/opt/rustwide/rustup-home" "-e" "CARGO_TARGET_DIR=/opt/rustwide/target" "-e" "CARGO_INCREMENTAL=0" "-e" "RUST_BACKTRACE=full" "-e" "RUSTFLAGS=--cap-lints=warn" "-e" "RUSTDOCFLAGS=--cap-lints=warn" "-w" "/opt/rustwide/workdir" "--user" "0:0" "1d355c389611077c78834f7b9b91e9f1fd8197227c8539fb8b4885340e27e980" "/opt/rustwide/cargo-home/bin/cargo" "+1.99.0-beta.8" "test" "--frozen" "--release", kill_on_drop: false }`
[INFO] [stderr]     Finished `release` profile [optimized] target(s) in 0.05s
[INFO] [stderr]      Running unittests src/lib.rs (/opt/rustwide/target/release/deps/zeno_fcis_formal_tools-f022f1494e6cb737)
[INFO] [stdout] 
[INFO] [stdout] running 40 tests
[INFO] [stdout] test tests::pinned_lean_translation_kernel_checks ... ignored, requires the workflow-pinned Lean distribution
[INFO] [stdout] test tests::pinned_smt_translation_differential_check ... ignored, requires the workflow-pinned CVC5 and Z3 executables
[INFO] [stdout] test tests::process_helper_checked_copy ... ignored, spawned by the checked-executable regression test
[INFO] [stdout] test tests::process_helper_crash ... ignored, spawned by the fail-closed process-adapter test
[INFO] [stdout] test tests::process_helper_holds_inherited_pipes ... ignored, spawned by the process-tree containment regression test
[INFO] [stdout] test tests::process_helper_output_limit ... ignored, spawned by the fail-closed process-adapter test
[INFO] [stdout] test tests::process_helper_sleeps_without_solver_pipes ... ignored, spawned by the successful process-tree containment regression test
[INFO] [stdout] test tests::process_helper_spawns_detached_pipe_child ... ignored, spawned by the successful process-tree containment regression test
[INFO] [stdout] test tests::process_helper_spawns_pipe_holder ... ignored, spawned by the process-tree containment regression test
[INFO] [stdout] test tests::process_helper_timeout ... ignored, spawned by the fail-closed process-adapter test
[INFO] [stdout] test tests::rc3_export_preflight_has_exact_mode_and_resource_boundaries ... ok
[INFO] [stdout] test tests::rc3_formal_tools_bind_exact_claim_and_strong_next ... ok
[INFO] [stdout] test tests::rc3_formal_tools_translation_parity ... ok
[INFO] [stdout] test tests::rc3_custom_lean_identity_cannot_receive_kernel_checked ... ok
[INFO] [stdout] test tests::rc3_run_record_encoding_is_injective_and_complete ... ok
[INFO] [stdout] test tests::rc3_lean_render_budget_is_live ... ok
[INFO] [stdout] test tests::rc3_formal_export_limits_fail_closed_before_rendering ... ok
[INFO] [stdout] test tests::finite_smt_checks_every_nonempty_trace_length_and_replays_the_selected_one ... ok
[INFO] [stdout] test tests::rc3_smt_predicate_symbols_are_injective ... ok
[INFO] [stdout] test tests::rc3_untrusted_special_files_and_post_enumeration_swaps_are_blocked ... ok
[INFO] [stdout] test tests::lean_export_preserves_the_exact_relational_atom_and_claim_identity ... ok
[INFO] [stdout] test translation_tests::nested_until_has_distinct_witness_and_prefix_times ... ok
[INFO] [stdout] test translation_tests::operator_corpus_checks_with_existing_lean ... ignored, requires an explicitly supplied existing Lean executable; installs and copies no runtime
[INFO] [stdout] test translation_tests::relational_operator_corpus_matches_independent_expected_outcomes ... ok
[INFO] [stdout] test tests::unknown_and_z3_unsat_remain_blocked ... ok
[INFO] [stdout] test translation_tests::nested_temporal_quantifiers_retain_the_outer_time_bound ... ok
[INFO] [stdout] test tests::smt_checked_arithmetic_makes_overflow_a_counterexample_condition ... ok
[INFO] [stdout] test translation_tests::temporal_next_keeps_its_offset_inside_a_nested_quantifier ... ok
[INFO] [stdout] test tests::rc3_lean_runtime_mutation_during_version_probe_is_blocked ... ok
[INFO] [stdout] test tests::rc3_tools_manifest_requires_only_lean_to_bind_a_runtime_closure ... ok
[INFO] [stdout] test tests::rc3_process_timeout_includes_blocked_stdin_delivery ... ok
[INFO] [stdout] test tests::rc3_process_output_accepts_the_exact_byte_limit ... ok
[INFO] [stdout] test tests::rc3_tool_admission_checks_exact_size_hash_status_and_version ... ok
[INFO] [stdout] test tests::rc3_smt_followup_cannot_contradict_the_decision ... ok
[INFO] [stdout] test tests::rc3_private_executable_preserves_the_admitted_bytes ... ok
[INFO] [stdout] test tests::rc3_lean_runtime_closure_is_portable_private_and_fail_closed ... ok
[INFO] [stdout] test tests::rc3_retention_publishes_only_complete_bundles ... ok
[INFO] [stdout] test tests::rc3_formal_fail_closed_and_model_replay ... ok
[INFO] [stdout] test tests::rc3_process_success_kills_descendants_after_collecting_output ... FAILED
[INFO] [stderr] error: test failed, to rerun pass `--lib`
[INFO] [stdout] test tests::rc3_process_timeout_kills_descendant_holding_solver_pipes ... FAILED
[INFO] [stdout] 
[INFO] [stdout] failures:
[INFO] [stdout] 
[INFO] [stdout] ---- tests::rc3_process_success_kills_descendants_after_collecting_output stdout ----
[INFO] [stdout] 
[INFO] [stdout] thread 'tests::rc3_process_success_kills_descendants_after_collecting_output' (558) panicked at src/lib.rs:5227:9:
[INFO] [stdout] descendant process survived successful tool run
[INFO] [stdout] stack backtrace:
[INFO] [stdout]    0:     0x5d0b52aa9691 - <<std[70759c8f55707aa4]::sys::backtrace::BacktraceLock>::print::DisplayBacktrace as core[df12db4294e9bfd3]::fmt::Display>::fmt
[INFO] [stdout]    1:     0x5d0b52abf8fa - core[df12db4294e9bfd3]::fmt::write
[INFO] [stdout]    2:     0x5d0b52aae2fc - <alloc[2182bb758b4b3781]::vec::Vec<u8> as core[df12db4294e9bfd3]::io::write::Write>::write_fmt
[INFO] [stdout]    3:     0x5d0b52a82516 - std[70759c8f55707aa4]::panicking::default_hook::{closure#0}
[INFO] [stdout]    4:     0x5d0b52aa03b9 - std[70759c8f55707aa4]::panicking::default_hook
[INFO] [stdout]    5:     0x5d0b52a2b300 - test[9d35eded1c95d3be]::test_main_inner::<test[9d35eded1c95d3be]::test_main_static::{closure#0}>::{closure#0}
[INFO] [stdout]    6:     0x5d0b52aa0572 - std[70759c8f55707aa4]::panicking::panic_with_hook
[INFO] [stdout]    7:     0x5d0b52a825f4 - std[70759c8f55707aa4]::panicking::panic_handler::{closure#0}
[INFO] [stdout]    8:     0x5d0b52a7ad29 - std[70759c8f55707aa4]::sys::backtrace::__rust_end_short_backtrace::<std[70759c8f55707aa4]::panicking::panic_handler::{closure#0}, !>
[INFO] [stdout]    9:     0x5d0b52a834dd - __rustc[8fa7c3cbc660c2b3]::rust_begin_unwind
[INFO] [stdout]   10:     0x5d0b52ac002c - core[df12db4294e9bfd3]::panicking::panic_fmt
[INFO] [stdout]   11:     0x5d0b529da9c4 - zeno_fcis_formal_tools[ccfde90fa214ba28]::tests::rc3_process_success_kills_descendants_after_collecting_output
[INFO] [stdout]   12:     0x5d0b529c20d9 - <zeno_fcis_formal_tools[ccfde90fa214ba28]::tests::rc3_process_success_kills_descendants_after_collecting_output::{closure#0} as core[df12db4294e9bfd3]::ops::function::FnOnce<()>>::call_once
[INFO] [stdout]   13:     0x5d0b52a1e5eb - test[9d35eded1c95d3be]::__rust_begin_short_backtrace::<core[df12db4294e9bfd3]::result::Result<(), alloc[2182bb758b4b3781]::string::String>, fn() -> core[df12db4294e9bfd3]::result::Result<(), alloc[2182bb758b4b3781]::string::String>>
[INFO] [stdout]   14:     0x5d0b52a2bc55 - test[9d35eded1c95d3be]::run_test::{closure#0}
[INFO] [stdout]   15:     0x5d0b52a25514 - std[70759c8f55707aa4]::sys::backtrace::__rust_begin_short_backtrace::<test[9d35eded1c95d3be]::run_test::{closure#1}, ()>
[INFO] [stdout]   16:     0x5d0b52a2edb2 - <std[70759c8f55707aa4]::thread::lifecycle::spawn_unchecked<test[9d35eded1c95d3be]::run_test::{closure#1}, ()>::{closure#1} as core[df12db4294e9bfd3]::ops::function::FnOnce<()>>::call_once::{shim:vtable#0}
[INFO] [stdout]   17:     0x5d0b52aa86e9 - <std[70759c8f55707aa4]::sys::thread::unix::Thread>::new::thread_start
[INFO] [stdout]   18:     0x7ba556e7fdfa - <unknown>
[INFO] [stdout]   19:     0x7ba556f133d4 - clone
[INFO] [stdout]   20:                0x0 - <unknown>
[INFO] [stdout] 
[INFO] [stdout] ---- tests::rc3_process_timeout_kills_descendant_holding_solver_pipes stdout ----
[INFO] [stdout] 
[INFO] [stdout] thread 'tests::rc3_process_timeout_kills_descendant_holding_solver_pipes' (560) panicked at src/lib.rs:5173:9:
[INFO] [stdout] descendant process survived process-group timeout
[INFO] [stdout] stack backtrace:
[INFO] [stdout]    0:     0x5d0b52aa9691 - <<std[70759c8f55707aa4]::sys::backtrace::BacktraceLock>::print::DisplayBacktrace as core[df12db4294e9bfd3]::fmt::Display>::fmt
[INFO] [stdout]    1:     0x5d0b52abf8fa - core[df12db4294e9bfd3]::fmt::write
[INFO] [stdout]    2:     0x5d0b52aae2fc - <alloc[2182bb758b4b3781]::vec::Vec<u8> as core[df12db4294e9bfd3]::io::write::Write>::write_fmt
[INFO] [stdout]    3:     0x5d0b52a82516 - std[70759c8f55707aa4]::panicking::default_hook::{closure#0}
[INFO] [stdout]    4:     0x5d0b52aa03b9 - std[70759c8f55707aa4]::panicking::default_hook
[INFO] [stdout]    5:     0x5d0b52a2b300 - test[9d35eded1c95d3be]::test_main_inner::<test[9d35eded1c95d3be]::test_main_static::{closure#0}>::{closure#0}
[INFO] [stdout]    6:     0x5d0b52aa0572 - std[70759c8f55707aa4]::panicking::panic_with_hook
[INFO] [stdout]    7:     0x5d0b52a825f4 - std[70759c8f55707aa4]::panicking::panic_handler::{closure#0}
[INFO] [stdout]    8:     0x5d0b52a7ad29 - std[70759c8f55707aa4]::sys::backtrace::__rust_end_short_backtrace::<std[70759c8f55707aa4]::panicking::panic_handler::{closure#0}, !>
[INFO] [stdout]    9:     0x5d0b52a834dd - __rustc[8fa7c3cbc660c2b3]::rust_begin_unwind
[INFO] [stdout]   10:     0x5d0b52ac002c - core[df12db4294e9bfd3]::panicking::panic_fmt
[INFO] [stdout]   11:     0x5d0b529d6af1 - zeno_fcis_formal_tools[ccfde90fa214ba28]::tests::rc3_process_timeout_kills_descendant_holding_solver_pipes
[INFO] [stdout]   12:     0x5d0b529c2059 - <zeno_fcis_formal_tools[ccfde90fa214ba28]::tests::rc3_process_timeout_kills_descendant_holding_solver_pipes::{closure#0} as core[df12db4294e9bfd3]::ops::function::FnOnce<()>>::call_once
[INFO] [stdout]   13:     0x5d0b52a1e5eb - test[9d35eded1c95d3be]::__rust_begin_short_backtrace::<core[df12db4294e9bfd3]::result::Result<(), alloc[2182bb758b4b3781]::string::String>, fn() -> core[df12db4294e9bfd3]::result::Result<(), alloc[2182bb758b4b3781]::string::String>>
[INFO] [stdout]   14:     0x5d0b52a2bc55 - test[9d35eded1c95d3be]::run_test::{closure#0}
[INFO] [stdout]   15:     0x5d0b52a25514 - std[70759c8f55707aa4]::sys::backtrace::__rust_begin_short_backtrace::<test[9d35eded1c95d3be]::run_test::{closure#1}, ()>
[INFO] [stdout]   16:     0x5d0b52a2edb2 - <std[70759c8f55707aa4]::thread::lifecycle::spawn_unchecked<test[9d35eded1c95d3be]::run_test::{closure#1}, ()>::{closure#1} as core[df12db4294e9bfd3]::ops::function::FnOnce<()>>::call_once::{shim:vtable#0}
[INFO] [stdout]   17:     0x5d0b52aa86e9 - <std[70759c8f55707aa4]::sys::thread::unix::Thread>::new::thread_start
[INFO] [stdout]   18:     0x7ba556e7fdfa - <unknown>
[INFO] [stdout]   19:     0x7ba556f133d4 - clone
[INFO] [stdout]   20:                0x0 - <unknown>
[INFO] [stdout] 
[INFO] [stdout] 
[INFO] [stdout] failures:
[INFO] [stdout]     tests::rc3_process_success_kills_descendants_after_collecting_output
[INFO] [stdout]     tests::rc3_process_timeout_kills_descendant_holding_solver_pipes
[INFO] [stdout] 
[INFO] [stdout] test result: FAILED. 27 passed; 2 failed; 11 ignored; 0 measured; 0 filtered out; finished in 4.08s
[INFO] [stdout] 
[INFO] running `Command { std: "docker" "inspect" "1d355c389611077c78834f7b9b91e9f1fd8197227c8539fb8b4885340e27e980", kill_on_drop: false }`
[INFO] running `Command { std: "docker" "rm" "-f" "1d355c389611077c78834f7b9b91e9f1fd8197227c8539fb8b4885340e27e980", kill_on_drop: false }`
[INFO] [stdout] 1d355c389611077c78834f7b9b91e9f1fd8197227c8539fb8b4885340e27e980
