[INFO] fetching crate zeno-blade 0.2.4...
[INFO] testing zeno-blade-0.2.4 against 1.100.0-beta.1+cargoflags=--release for beta-release-1.100-2
[INFO] extracting crate zeno-blade 0.2.4 into /workspace/builds/worker-3-tc2/source
[INFO] started tweaking crates.io crate zeno-blade 0.2.4
[INFO] finished tweaking crates.io crate zeno-blade 0.2.4
[INFO] tweaked toml for crates.io crate zeno-blade 0.2.4 written to /workspace/builds/worker-3-tc2/source/Cargo.toml
[INFO] validating manifest of crates.io crate zeno-blade 0.2.4 on toolchain 1.100.0-beta.1
[INFO] running `Command { std: CARGO_HOME="/workspace/cargo-home" RUSTUP_HOME="/workspace/rustup-home" "/workspace/cargo-home/bin/cargo" "+1.100.0-beta.1" "metadata" "--manifest-path" "Cargo.toml" "--no-deps", kill_on_drop: false }`
[INFO] crate crates.io crate zeno-blade 0.2.4 already has a lockfile, it will not be regenerated
[INFO] running `Command { std: CARGO_HOME="/workspace/cargo-home" RUSTUP_HOME="/workspace/rustup-home" "/workspace/cargo-home/bin/cargo" "+1.100.0-beta.1" "fetch" "--manifest-path" "Cargo.toml", kill_on_drop: false }`
[INFO] [stderr] warning: `package.homepage` is redundant with `package.repository`
[INFO] [stderr]   --> Cargo.toml:20:12
[INFO] [stderr]    |
[INFO] [stderr] 20 | homepage = "https://github.com/nextcore/zeno-rs"
[INFO] [stderr]    |            ^^^^^^^^^^^^^^^^^^^^^^^^^^^^^^^^^^^^^
[INFO] [stderr] ...
[INFO] [stderr] 25 | repository = "https://github.com/nextcore/zeno-rs"
[INFO] [stderr]    |              -------------------------------------
[INFO] [stderr]    |
[INFO] [stderr]    = note: `cargo::redundant_homepage` is set to `warn` by default
[INFO] [stderr] help: consider removing `package.homepage`
[INFO] [stderr] warning: `zeno-blade` (manifest) generated 1 warning
[INFO] running `Command { std: "docker" "create" "-v" "/var/lib/crater-agent-workspace/builds/worker-3-tc2/source:/opt/rustwide/workdir:ro,Z" "-v" "/var/lib/crater-agent-workspace/builds/worker-3-tc2/target:/opt/rustwide/target:rw,Z" "-v" "/var/lib/crater-agent-workspace/cargo-home:/opt/rustwide/cargo-home:ro,Z" "-v" "/var/lib/crater-agent-workspace/rustup-home:/opt/rustwide/rustup-home:ro,Z" "-m" "1610612736" "--network" "none" "ghcr.io/rust-lang/crates-build-env/linux@sha256:77db811e55d90add9212f6832c23229e3de5f1c1f9905e8cb07319ea15df73ac" "sleep" "infinity", kill_on_drop: false }`
[INFO] [stdout] af7f70a7ced544ef11dc8b4f3665c4b2e3fb66cbdf16d7f3afefb60e6e433315
[INFO] running `Command { std: "docker" "start" "af7f70a7ced544ef11dc8b4f3665c4b2e3fb66cbdf16d7f3afefb60e6e433315", kill_on_drop: false }`
[INFO] running `Command { std: "docker" "inspect" "af7f70a7ced544ef11dc8b4f3665c4b2e3fb66cbdf16d7f3afefb60e6e433315", kill_on_drop: false }`
[INFO] running `Command { std: "docker" "exec" "-e" "SOURCE_DIR=/opt/rustwide/workdir" "-e" "CARGO_HOME=/opt/rustwide/cargo-home" "-e" "RUSTUP_HOME=/opt/rustwide/rustup-home" "-e" "CARGO_TARGET_DIR=/opt/rustwide/target" "-w" "/opt/rustwide/workdir" "--user" "0:0" "af7f70a7ced544ef11dc8b4f3665c4b2e3fb66cbdf16d7f3afefb60e6e433315" "/opt/rustwide/cargo-home/bin/cargo" "+1.100.0-beta.1" "metadata" "--no-deps" "--format-version=1", kill_on_drop: false }`
[INFO] running `Command { std: "docker" "inspect" "af7f70a7ced544ef11dc8b4f3665c4b2e3fb66cbdf16d7f3afefb60e6e433315", kill_on_drop: false }`
[INFO] running `Command { std: "docker" "exec" "-e" "SOURCE_DIR=/opt/rustwide/workdir" "-e" "CARGO_HOME=/opt/rustwide/cargo-home" "-e" "RUSTUP_HOME=/opt/rustwide/rustup-home" "-e" "CARGO_TARGET_DIR=/opt/rustwide/target" "-e" "CARGO_INCREMENTAL=0" "-e" "RUST_BACKTRACE=full" "-e" "RUSTFLAGS=--cap-lints=warn" "-e" "RUSTDOCFLAGS=--cap-lints=warn" "-w" "/opt/rustwide/workdir" "--user" "0:0" "af7f70a7ced544ef11dc8b4f3665c4b2e3fb66cbdf16d7f3afefb60e6e433315" "/opt/rustwide/cargo-home/bin/cargo" "+1.100.0-beta.1" "build" "--frozen" "--message-format=json" "--release", kill_on_drop: false }`
[INFO] [stderr] warning: `package.homepage` is redundant with `package.repository`
[INFO] [stderr]   --> Cargo.toml:20:12
[INFO] [stderr]    |
[INFO] [stderr] 20 | homepage = "https://github.com/nextcore/zeno-rs"
[INFO] [stderr]    |            ^^^^^^^^^^^^^^^^^^^^^^^^^^^^^^^^^^^^^
[INFO] [stderr] ...
[INFO] [stderr] 25 | repository = "https://github.com/nextcore/zeno-rs"
[INFO] [stderr]    |              -------------------------------------
[INFO] [stderr]    |
[INFO] [stderr]    = note: `cargo::redundant_homepage` is set to `warn` by default
[INFO] [stderr] help: consider removing `package.homepage`
[INFO] [stderr] warning: `zeno-blade` (manifest) generated 1 warning
[INFO] [stderr]    Compiling zenocore v0.2.3
[INFO] [stderr]    Compiling zeno-blade v0.2.4 (/opt/rustwide/workdir)
[INFO] [stderr]     Finished `release` profile [optimized] target(s) in 2.25s
[INFO] running `Command { std: "docker" "inspect" "af7f70a7ced544ef11dc8b4f3665c4b2e3fb66cbdf16d7f3afefb60e6e433315", kill_on_drop: false }`
[INFO] running `Command { std: "docker" "exec" "-e" "SOURCE_DIR=/opt/rustwide/workdir" "-e" "CARGO_HOME=/opt/rustwide/cargo-home" "-e" "RUSTUP_HOME=/opt/rustwide/rustup-home" "-e" "CARGO_TARGET_DIR=/opt/rustwide/target" "-e" "CARGO_INCREMENTAL=0" "-e" "RUST_BACKTRACE=full" "-e" "RUSTFLAGS=--cap-lints=warn" "-e" "RUSTDOCFLAGS=--cap-lints=warn" "-w" "/opt/rustwide/workdir" "--user" "0:0" "af7f70a7ced544ef11dc8b4f3665c4b2e3fb66cbdf16d7f3afefb60e6e433315" "/opt/rustwide/cargo-home/bin/cargo" "+1.100.0-beta.1" "test" "--frozen" "--no-run" "--message-format=json" "--release", kill_on_drop: false }`
[INFO] [stderr] warning: `package.homepage` is redundant with `package.repository`
[INFO] [stderr]   --> Cargo.toml:20:12
[INFO] [stderr]    |
[INFO] [stderr] 20 | homepage = "https://github.com/nextcore/zeno-rs"
[INFO] [stderr]    |            ^^^^^^^^^^^^^^^^^^^^^^^^^^^^^^^^^^^^^
[INFO] [stderr] ...
[INFO] [stderr] 25 | repository = "https://github.com/nextcore/zeno-rs"
[INFO] [stderr]    |              -------------------------------------
[INFO] [stderr]    |
[INFO] [stderr]    = note: `cargo::redundant_homepage` is set to `warn` by default
[INFO] [stderr] help: consider removing `package.homepage`
[INFO] [stderr] warning: `zeno-blade` (manifest) generated 1 warning
[INFO] [stderr]    Compiling zeno-blade v0.2.4 (/opt/rustwide/workdir)
[INFO] [stderr]     Finished `release` profile [optimized] target(s) in 1.23s
[INFO] running `Command { std: "docker" "inspect" "af7f70a7ced544ef11dc8b4f3665c4b2e3fb66cbdf16d7f3afefb60e6e433315", kill_on_drop: false }`
[INFO] running `Command { std: "docker" "exec" "-e" "SOURCE_DIR=/opt/rustwide/workdir" "-e" "CARGO_HOME=/opt/rustwide/cargo-home" "-e" "RUSTUP_HOME=/opt/rustwide/rustup-home" "-e" "CARGO_TARGET_DIR=/opt/rustwide/target" "-e" "CARGO_INCREMENTAL=0" "-e" "RUST_BACKTRACE=full" "-e" "RUSTFLAGS=--cap-lints=warn" "-e" "RUSTDOCFLAGS=--cap-lints=warn" "-w" "/opt/rustwide/workdir" "--user" "0:0" "af7f70a7ced544ef11dc8b4f3665c4b2e3fb66cbdf16d7f3afefb60e6e433315" "/opt/rustwide/cargo-home/bin/cargo" "+1.100.0-beta.1" "test" "--frozen" "--release", kill_on_drop: false }`
[INFO] [stderr] warning: `package.homepage` is redundant with `package.repository`
[INFO] [stderr]   --> Cargo.toml:20:12
[INFO] [stderr]    |
[INFO] [stderr] 20 | homepage = "https://github.com/nextcore/zeno-rs"
[INFO] [stderr]    |            ^^^^^^^^^^^^^^^^^^^^^^^^^^^^^^^^^^^^^
[INFO] [stderr] ...
[INFO] [stderr] 25 | repository = "https://github.com/nextcore/zeno-rs"
[INFO] [stderr]    |              -------------------------------------
[INFO] [stderr]    |
[INFO] [stderr]    = note: `cargo::redundant_homepage` is set to `warn` by default
[INFO] [stderr] help: consider removing `package.homepage`
[INFO] [stderr] warning: `zeno-blade` (manifest) generated 1 warning
[INFO] [stderr]     Finished `release` profile [optimized] target(s) in 0.01s
[INFO] [stderr]      Running unittests src/lib.rs (/opt/rustwide/target/release/build/zeno-blade/679681b5503bcda0/out/zeno_blade-679681b5503bcda0)
[INFO] [stdout] 
[INFO] [stdout] running 5 tests
[INFO] [stdout] test transpiler::tests::test_transpile_forelse ... ok
[INFO] [stdout] test transpiler::tests::test_transpile_if ... ok
[INFO] [stdout] test transpiler::tests::test_transpile_simple ... ok
[INFO] [stdout] test slots::tests::test_new_blade_features ... FAILED
[INFO] [stdout] test slots::tests::test_slots_blade_flow ... FAILED
[INFO] [stdout] 
[INFO] [stdout] failures:
[INFO] [stdout] 
[INFO] [stdout] ---- slots::tests::test_new_blade_features stdout ----
[INFO] [stdout] 
[INFO] [stdout] thread 'slots::tests::test_new_blade_features' (216) panicked at src/slots.rs:719:11:
[INFO] [stdout] called `Result::unwrap()` on an `Err` value: Os { code: 2, kind: NotFound, message: "No such file or directory" }
[INFO] [stdout] stack backtrace:
[INFO] [stdout]    0:     0x6083382cf101 - <<std[617be2ca0a6fd877]::sys::backtrace::BacktraceLock>::print::DisplayBacktrace as core[a373ad73a504971]::fmt::Display>::fmt
[INFO] [stdout]    1:     0x6083382e56ca - core[a373ad73a504971]::fmt::write
[INFO] [stdout]    2:     0x6083382d357c - <alloc[2e1b2a31b91974c5]::vec::Vec<u8> as core[a373ad73a504971]::io::write::Write>::write_fmt
[INFO] [stdout]    3:     0x6083382a9e76 - std[617be2ca0a6fd877]::panicking::default_hook::{closure#0}
[INFO] [stdout]    4:     0x6083382c6ab9 - std[617be2ca0a6fd877]::panicking::default_hook
[INFO] [stdout]    5:     0x6083381ef590 - test[aada8e7e76ba119b]::test_main_inner::{closure#0}
[INFO] [stdout]    6:     0x6083382c6c72 - std[617be2ca0a6fd877]::panicking::panic_with_hook
[INFO] [stdout]    7:     0x6083382a9f22 - std[617be2ca0a6fd877]::panicking::panic_handler::{closure#0}
[INFO] [stdout]    8:     0x6083382a2989 - std[617be2ca0a6fd877]::sys::backtrace::__rust_end_short_backtrace::<std[617be2ca0a6fd877]::panicking::panic_handler::{closure#0}, !>
[INFO] [stdout]    9:     0x6083382aab2d - __rustc[ea4f61d10b84890b]::rust_begin_unwind
[INFO] [stdout]   10:     0x6083382e5dfc - core[a373ad73a504971]::panicking::panic_fmt
[INFO] [stdout]   11:     0x6083382e5bd2 - core[a373ad73a504971]::result::unwrap_failed
[INFO] [stdout]   12:     0x6083381dd2be - <zeno_blade[b7922dfb1e81320b]::slots::tests::test_new_blade_features::{closure#0} as core[a373ad73a504971]::ops::function::FnOnce<()>>::call_once
[INFO] [stdout]   13:     0x6083381e29db - test[aada8e7e76ba119b]::__rust_begin_short_backtrace::<core[a373ad73a504971]::result::Result<(), alloc[2e1b2a31b91974c5]::string::String>, fn() -> core[a373ad73a504971]::result::Result<(), alloc[2e1b2a31b91974c5]::string::String>>
[INFO] [stdout]   14:     0x6083381efbb5 - test[aada8e7e76ba119b]::run_test::{closure#0}
[INFO] [stdout]   15:     0x6083381e94a4 - std[617be2ca0a6fd877]::sys::backtrace::__rust_begin_short_backtrace::<test[aada8e7e76ba119b]::run_test::{closure#1}, ()>
[INFO] [stdout]   16:     0x6083381f2c42 - <std[617be2ca0a6fd877]::thread::lifecycle::spawn_unchecked<test[aada8e7e76ba119b]::run_test::{closure#1}, ()>::{closure#1} as core[a373ad73a504971]::ops::function::FnOnce<()>>::call_once::{shim:vtable#0}
[INFO] [stdout]   17:     0x6083382ce41f - <std[617be2ca0a6fd877]::sys::thread::unix::Thread>::new::thread_start
[INFO] [stdout]   18:     0x71a8b2e6cdfa - <unknown>
[INFO] [stdout]   19:     0x71a8b2f003d4 - clone
[INFO] [stdout]   20:                0x0 - <unknown>
[INFO] [stdout] 
[INFO] [stdout] ---- slots::tests::test_slots_blade_flow stdout ----
[INFO] [stdout] 
[INFO] [stdout] thread 'slots::tests::test_slots_blade_flow' (217) panicked at src/slots.rs:675:96:
[INFO] [stdout] called `Result::unwrap()` on an `Err` value: Os { code: 2, kind: NotFound, message: "No such file or directory" }
[INFO] [stdout] stack backtrace:
[INFO] [stdout]    0:     0x6083382cf101 - <<std[617be2ca0a6fd877]::sys::backtrace::BacktraceLock>::print::DisplayBacktrace as core[a373ad73a504971]::fmt::Display>::fmt
[INFO] [stdout]    1:     0x6083382e56ca - core[a373ad73a504971]::fmt::write
[INFO] [stdout]    2:     0x6083382d357c - <alloc[2e1b2a31b91974c5]::vec::Vec<u8> as core[a373ad73a504971]::io::write::Write>::write_fmt
[INFO] [stdout]    3:     0x6083382a9e76 - std[617be2ca0a6fd877]::panicking::default_hook::{closure#0}
[INFO] [stdout]    4:     0x6083382c6ab9 - std[617be2ca0a6fd877]::panicking::default_hook
[INFO] [stdout]    5:     0x6083381ef590 - test[aada8e7e76ba119b]::test_main_inner::{closure#0}
[INFO] [stdout]    6:     0x6083382c6c72 - std[617be2ca0a6fd877]::panicking::panic_with_hook
[INFO] [stdout]    7:     0x6083382a9f22 - std[617be2ca0a6fd877]::panicking::panic_handler::{closure#0}
[INFO] [stdout]    8:     0x6083382a2989 - std[617be2ca0a6fd877]::sys::backtrace::__rust_end_short_backtrace::<std[617be2ca0a6fd877]::panicking::panic_handler::{closure#0}, !>
[INFO] [stdout]    9:     0x6083382aab2d - __rustc[ea4f61d10b84890b]::rust_begin_unwind
[INFO] [stdout]   10:     0x6083382e5dfc - core[a373ad73a504971]::panicking::panic_fmt
[INFO] [stdout]   11:     0x6083382e5bd2 - core[a373ad73a504971]::result::unwrap_failed
[INFO] [stdout]   12:     0x6083381dc5e5 - <zeno_blade[b7922dfb1e81320b]::slots::tests::test_slots_blade_flow::{closure#0} as core[a373ad73a504971]::ops::function::FnOnce<()>>::call_once
[INFO] [stdout]   13:     0x6083381e29db - test[aada8e7e76ba119b]::__rust_begin_short_backtrace::<core[a373ad73a504971]::result::Result<(), alloc[2e1b2a31b91974c5]::string::String>, fn() -> core[a373ad73a504971]::result::Result<(), alloc[2e1b2a31b91974c5]::string::String>>
[INFO] [stdout]   14:     0x6083381efbb5 - test[aada8e7e76ba119b]::run_test::{closure#0}
[INFO] [stdout]   15:     0x6083381e94a4 - std[617be2ca0a6fd877]::sys::backtrace::__rust_begin_short_backtrace::<test[aada8e7e76ba119b]::run_test::{closure#1}, ()>
[INFO] [stdout]   16:     0x6083381f2c42 - <std[617be2ca0a6fd877]::thread::lifecycle::spawn_unchecked<test[aada8e7e76ba119b]::run_test::{closure#1}, ()>::{closure#1} as core[a373ad73a504971]::ops::function::FnOnce<()>>::call_once::{shim:vtable#0}
[INFO] [stdout]   17:     0x6083382ce41f - <std[617be2ca0a6fd877]::sys::thread::unix::Thread>::new::thread_start
[INFO] [stdout]   18:     0x71a8b2e6cdfa - <unknown>
[INFO] [stdout]   19:     0x71a8b2f003d4 - clone
[INFO] [stdout]   20:                0x0 - <unknown>
[INFO] [stdout] 
[INFO] [stdout] 
[INFO] [stdout] failures:
[INFO] [stdout]     slots::tests::test_new_blade_features
[INFO] [stdout]     slots::tests::test_slots_blade_flow
[INFO] [stdout] 
[INFO] [stdout] test result: FAILED. 3 passed; 2 failed; 0 ignored; 0 measured; 0 filtered out; finished in 0.00s
[INFO] [stdout] 
[INFO] [stderr] error: test failed, to rerun pass `--lib`
[INFO] running `Command { std: "docker" "inspect" "af7f70a7ced544ef11dc8b4f3665c4b2e3fb66cbdf16d7f3afefb60e6e433315", kill_on_drop: false }`
[INFO] running `Command { std: "docker" "rm" "-f" "af7f70a7ced544ef11dc8b4f3665c4b2e3fb66cbdf16d7f3afefb60e6e433315", kill_on_drop: false }`
[INFO] [stdout] af7f70a7ced544ef11dc8b4f3665c4b2e3fb66cbdf16d7f3afefb60e6e433315
