[INFO] fetching crate zenith-tx 0.0.14...
[INFO] testing zenith-tx-0.0.14 against 1.100.0-beta.1+cargoflags=--release for beta-release-1.100-2
[INFO] extracting crate zenith-tx 0.0.14 into /workspace/builds/worker-1-tc2/source
[INFO] started tweaking crates.io crate zenith-tx 0.0.14
[INFO] removed 0 missing tests
[INFO] finished tweaking crates.io crate zenith-tx 0.0.14
[INFO] tweaked toml for crates.io crate zenith-tx 0.0.14 written to /workspace/builds/worker-1-tc2/source/Cargo.toml
[INFO] validating manifest of crates.io crate zenith-tx 0.0.14 on toolchain 1.100.0-beta.1
[INFO] running `Command { std: CARGO_HOME="/workspace/cargo-home" RUSTUP_HOME="/workspace/rustup-home" "/workspace/cargo-home/bin/cargo" "+1.100.0-beta.1" "metadata" "--manifest-path" "Cargo.toml" "--no-deps", kill_on_drop: false }`
[INFO] crate crates.io crate zenith-tx 0.0.14 already has a lockfile, it will not be regenerated
[INFO] running `Command { std: CARGO_HOME="/workspace/cargo-home" RUSTUP_HOME="/workspace/rustup-home" "/workspace/cargo-home/bin/cargo" "+1.100.0-beta.1" "fetch" "--manifest-path" "Cargo.toml", kill_on_drop: false }`
[INFO] [stderr] warning: `package.homepage` is redundant with `package.repository`
[INFO] [stderr]   --> Cargo.toml:44:12
[INFO] [stderr]    |
[INFO] [stderr] 44 | homepage = "https://github.com/zenitheditor/zenith"
[INFO] [stderr]    |            ^^^^^^^^^^^^^^^^^^^^^^^^^^^^^^^^^^^^^^^^
[INFO] [stderr] ...
[INFO] [stderr] 50 | repository = "https://github.com/zenitheditor/zenith"
[INFO] [stderr]    |              ----------------------------------------
[INFO] [stderr]    |
[INFO] [stderr]    = note: `cargo::redundant_homepage` is set to `warn` by default
[INFO] [stderr] help: consider removing `package.homepage`
[INFO] [stderr] warning: `zenith-tx` (manifest) generated 1 warning
[INFO] running `Command { std: "docker" "create" "-v" "/var/lib/crater-agent-workspace/builds/worker-1-tc2/source:/opt/rustwide/workdir:ro,Z" "-v" "/var/lib/crater-agent-workspace/builds/worker-1-tc2/target:/opt/rustwide/target:rw,Z" "-v" "/var/lib/crater-agent-workspace/cargo-home:/opt/rustwide/cargo-home:ro,Z" "-v" "/var/lib/crater-agent-workspace/rustup-home:/opt/rustwide/rustup-home:ro,Z" "-m" "1610612736" "--network" "none" "ghcr.io/rust-lang/crates-build-env/linux@sha256:77db811e55d90add9212f6832c23229e3de5f1c1f9905e8cb07319ea15df73ac" "sleep" "infinity", kill_on_drop: false }`
[INFO] [stdout] 579ef8bf4ebac12d400ad70924479e006051968b83866cd7dc49660d9e69929f
[INFO] running `Command { std: "docker" "start" "579ef8bf4ebac12d400ad70924479e006051968b83866cd7dc49660d9e69929f", kill_on_drop: false }`
[INFO] running `Command { std: "docker" "inspect" "579ef8bf4ebac12d400ad70924479e006051968b83866cd7dc49660d9e69929f", kill_on_drop: false }`
[INFO] running `Command { std: "docker" "exec" "-e" "SOURCE_DIR=/opt/rustwide/workdir" "-e" "CARGO_HOME=/opt/rustwide/cargo-home" "-e" "RUSTUP_HOME=/opt/rustwide/rustup-home" "-e" "CARGO_TARGET_DIR=/opt/rustwide/target" "-w" "/opt/rustwide/workdir" "--user" "0:0" "579ef8bf4ebac12d400ad70924479e006051968b83866cd7dc49660d9e69929f" "/opt/rustwide/cargo-home/bin/cargo" "+1.100.0-beta.1" "metadata" "--no-deps" "--format-version=1", kill_on_drop: false }`
[INFO] running `Command { std: "docker" "inspect" "579ef8bf4ebac12d400ad70924479e006051968b83866cd7dc49660d9e69929f", kill_on_drop: false }`
[INFO] running `Command { std: "docker" "exec" "-e" "SOURCE_DIR=/opt/rustwide/workdir" "-e" "CARGO_HOME=/opt/rustwide/cargo-home" "-e" "RUSTUP_HOME=/opt/rustwide/rustup-home" "-e" "CARGO_TARGET_DIR=/opt/rustwide/target" "-e" "CARGO_INCREMENTAL=0" "-e" "RUST_BACKTRACE=full" "-e" "RUSTFLAGS=--cap-lints=warn" "-e" "RUSTDOCFLAGS=--cap-lints=warn" "-w" "/opt/rustwide/workdir" "--user" "0:0" "579ef8bf4ebac12d400ad70924479e006051968b83866cd7dc49660d9e69929f" "/opt/rustwide/cargo-home/bin/cargo" "+1.100.0-beta.1" "build" "--frozen" "--message-format=json" "--release", kill_on_drop: false }`
[INFO] [stderr] warning: `package.homepage` is redundant with `package.repository`
[INFO] [stderr]   --> Cargo.toml:44:12
[INFO] [stderr]    |
[INFO] [stderr] 44 | homepage = "https://github.com/zenitheditor/zenith"
[INFO] [stderr]    |            ^^^^^^^^^^^^^^^^^^^^^^^^^^^^^^^^^^^^^^^^
[INFO] [stderr] ...
[INFO] [stderr] 50 | repository = "https://github.com/zenitheditor/zenith"
[INFO] [stderr]    |              ----------------------------------------
[INFO] [stderr]    |
[INFO] [stderr]    = note: `cargo::redundant_homepage` is set to `warn` by default
[INFO] [stderr] help: consider removing `package.homepage`
[INFO] [stderr] warning: `zenith-tx` (manifest) generated 1 warning
[INFO] [stderr]    Compiling quote v1.0.46
[INFO] [stderr]    Compiling winnow v0.7.15
[INFO] [stderr]    Compiling memchr v2.8.2
[INFO] [stderr]    Compiling oxidoc-highlight v0.1.1
[INFO] [stderr]    Compiling ttf-parser v0.25.1
[INFO] [stderr]    Compiling miette v7.6.0
[INFO] [stderr]    Compiling zenith-geometry v0.0.14
[INFO] [stderr]    Compiling syn v2.0.118
[INFO] [stderr]    Compiling serde_json v1.0.150
[INFO] [stderr]    Compiling serde_derive v1.0.228
[INFO] [stderr]    Compiling serde v1.0.228
[INFO] [stderr]    Compiling kdl v6.7.1
[INFO] [stderr]    Compiling zenith-core v0.0.14
[INFO] [stderr]    Compiling zenith-tx v0.0.14 (/opt/rustwide/workdir)
[INFO] [stderr]     Finished `release` profile [optimized] target(s) in 26.74s
[INFO] running `Command { std: "docker" "inspect" "579ef8bf4ebac12d400ad70924479e006051968b83866cd7dc49660d9e69929f", kill_on_drop: false }`
[INFO] running `Command { std: "docker" "exec" "-e" "SOURCE_DIR=/opt/rustwide/workdir" "-e" "CARGO_HOME=/opt/rustwide/cargo-home" "-e" "RUSTUP_HOME=/opt/rustwide/rustup-home" "-e" "CARGO_TARGET_DIR=/opt/rustwide/target" "-e" "CARGO_INCREMENTAL=0" "-e" "RUST_BACKTRACE=full" "-e" "RUSTFLAGS=--cap-lints=warn" "-e" "RUSTDOCFLAGS=--cap-lints=warn" "-w" "/opt/rustwide/workdir" "--user" "0:0" "579ef8bf4ebac12d400ad70924479e006051968b83866cd7dc49660d9e69929f" "/opt/rustwide/cargo-home/bin/cargo" "+1.100.0-beta.1" "test" "--frozen" "--no-run" "--message-format=json" "--release", kill_on_drop: false }`
[INFO] [stderr] warning: `package.homepage` is redundant with `package.repository`
[INFO] [stderr]   --> Cargo.toml:44:12
[INFO] [stderr]    |
[INFO] [stderr] 44 | homepage = "https://github.com/zenitheditor/zenith"
[INFO] [stderr]    |            ^^^^^^^^^^^^^^^^^^^^^^^^^^^^^^^^^^^^^^^^
[INFO] [stderr] ...
[INFO] [stderr] 50 | repository = "https://github.com/zenitheditor/zenith"
[INFO] [stderr]    |              ----------------------------------------
[INFO] [stderr]    |
[INFO] [stderr]    = note: `cargo::redundant_homepage` is set to `warn` by default
[INFO] [stderr] help: consider removing `package.homepage`
[INFO] [stderr] warning: `zenith-tx` (manifest) generated 1 warning
[INFO] [stderr]    Compiling fst v0.4.7
[INFO] [stderr]    Compiling pocket-resources v0.3.2
[INFO] [stderr]    Compiling log v0.4.33
[INFO] [stderr]    Compiling smallvec v1.15.2
[INFO] [stderr]    Compiling bitflags v2.13.0
[INFO] [stderr]    Compiling serde v1.0.228
[INFO] [stderr]    Compiling bincode v1.3.3
[INFO] [stderr]    Compiling zenith-core v0.0.14
[INFO] [stderr]    Compiling rustybuzz v0.20.1
[INFO] [stderr]    Compiling hyphenation_commons v0.8.4
[INFO] [stderr]    Compiling hyphenation v0.8.4
[INFO] [stderr]    Compiling zenith-layout v0.0.14
[INFO] [stderr]    Compiling zenith-tx v0.0.14 (/opt/rustwide/workdir)
[INFO] [stderr]    Compiling zenith-scene v0.0.14
[INFO] [stderr]     Finished `release` profile [optimized] target(s) in 56.06s
[INFO] running `Command { std: "docker" "inspect" "579ef8bf4ebac12d400ad70924479e006051968b83866cd7dc49660d9e69929f", kill_on_drop: false }`
[INFO] running `Command { std: "docker" "exec" "-e" "SOURCE_DIR=/opt/rustwide/workdir" "-e" "CARGO_HOME=/opt/rustwide/cargo-home" "-e" "RUSTUP_HOME=/opt/rustwide/rustup-home" "-e" "CARGO_TARGET_DIR=/opt/rustwide/target" "-e" "CARGO_INCREMENTAL=0" "-e" "RUST_BACKTRACE=full" "-e" "RUSTFLAGS=--cap-lints=warn" "-e" "RUSTDOCFLAGS=--cap-lints=warn" "-w" "/opt/rustwide/workdir" "--user" "0:0" "579ef8bf4ebac12d400ad70924479e006051968b83866cd7dc49660d9e69929f" "/opt/rustwide/cargo-home/bin/cargo" "+1.100.0-beta.1" "test" "--frozen" "--release", kill_on_drop: false }`
[INFO] [stderr] warning: `package.homepage` is redundant with `package.repository`
[INFO] [stderr]   --> Cargo.toml:44:12
[INFO] [stderr]    |
[INFO] [stderr] 44 | homepage = "https://github.com/zenitheditor/zenith"
[INFO] [stderr]    |            ^^^^^^^^^^^^^^^^^^^^^^^^^^^^^^^^^^^^^^^^
[INFO] [stderr] ...
[INFO] [stderr] 50 | repository = "https://github.com/zenitheditor/zenith"
[INFO] [stderr]    |              ----------------------------------------
[INFO] [stderr]    |
[INFO] [stderr]    = note: `cargo::redundant_homepage` is set to `warn` by default
[INFO] [stderr] help: consider removing `package.homepage`
[INFO] [stderr] warning: `zenith-tx` (manifest) generated 1 warning
[INFO] [stderr]     Finished `release` profile [optimized] target(s) in 0.12s
[INFO] [stderr]      Running unittests src/lib.rs (/opt/rustwide/target/release/build/zenith-tx/c8bc1a60cdde2e5a/out/zenith_tx-c8bc1a60cdde2e5a)
[INFO] [stdout] 
[INFO] [stdout] running 38 tests
[INFO] [stdout] test engine::node_props::tests::canonical_accepts_underscores_and_rejects_others ... ok
[INFO] [stdout] test engine::range::tests::the_range_is_finite_and_exact ... ok
[INFO] [stdout] test merge::tests::reconcile_empty_candidate_leaves_target_unchanged ... ok
[INFO] [stdout] test merge::tests::reconcile_preserves_deliverable_order ... ok
[INFO] [stdout] test engine::geometry::axis::tests::shown_prints_source_forms ... ok
[INFO] [stdout] test engine::geometry::axis::tests::pct_deg_and_unknown_units_do_not_offset ... ok
[INFO] [stdout] test engine::query::tests::origin_sums_container_offsets ... ok
[INFO] [stdout] test engine::space::chain::tests::shift_below_a_shared_unresolved_container_resolves ... ok
[INFO] [stdout] test merge::tests::reconcile_shared_id_replaced_in_place ... ok
[INFO] [stdout] test engine::geometry::axis::tests::px_and_pt_keep_their_unit ... ok
[INFO] [stdout] test merge::tests::empty_source_replaces_target_children ... ok
[INFO] [stdout] test merge::tests::reconcile_empty_target_appends_all_candidate_tokens ... ok
[INFO] [stdout] test op::anchor::tests::absent_null_and_value_are_distinct ... ok
[INFO] [stdout] test merge::tests::children_copied_with_suffixed_ids ... ok
[INFO] [stdout] test engine::structure::reparent::tests::into_flow_frame_is_flow ... ok
[INFO] [stdout] test op::anchor::tests::clear_only_edit_writes_no_value ... ok
[INFO] [stdout] test op::layout::tests::absent_null_and_value_are_distinct ... ok
[INFO] [stdout] test engine::structure::suffix::tests::copy_references_follow_the_suffix ... ok
[INFO] [stdout] test op::layout::tests::size_input_reads_number_or_keyword ... ok
[INFO] [stdout] test schema::tests::coverage::add_asset_schema_lists_optional_provenance_fields ... ok
[INFO] [stdout] test engine::space::chain::tests::origins_sum_every_translating_ancestor ... ok
[INFO] [stdout] test schema::tests::coverage::op_example_covers_every_op ... ok
[INFO] [stdout] test schema::tests::coverage::op_summary_covers_every_op ... ok
[INFO] [stdout] test op::subjects::tests::missing_node_gives_empty_list ... ok
[INFO] [stdout] test schema::tests::coverage::op_fields_covers_every_op ... ok
[INFO] [stdout] test op::subjects::tests::edited_node_ids_are_the_lock_targets ... ok
[INFO] [stdout] test op::subjects::tests::reparent_lists_node_and_subtree ... ok
[INFO] [stdout] test schema::tests::coverage::op_tag_strings_match_exhaustive_set ... ok
[INFO] [stdout] test op::subjects::tests::group_lists_grouped_ids ... ok
[INFO] [stdout] test op::subjects::tests::other_ops_give_none ... ok
[INFO] [stdout] test schema::tests::serde_keys::op_fields_names_match_serde_keys ... ok
[INFO] [stdout] test schema::tests::serde_keys::path_anchor_optional_fields_are_omitted_when_absent ... ok
[INFO] [stdout] test schema::tests::serde_keys::path_transform_scale_round_trips ... ok
[INFO] [stdout] test engine::query::tests::flow_reports_the_managing_frame ... ok
[INFO] [stdout] test op::subjects::tests::ungroup_lists_former_children ... ok
[INFO] [stdout] test merge::tests::source_unchanged_after_merge ... ok
[INFO] [stdout] test engine::structure::reparent::tests::absolute_node_or_frame_is_not_flow ... ok
[INFO] [stdout] test engine::space::chain::tests::in_flow_and_rotated_containers_do_not_resolve ... ok
[INFO] [stdout] 
[INFO] [stdout] test result: ok. 38 passed; 0 failed; 0 ignored; 0 measured; 0 filtered out; finished in 0.01s
[INFO] [stdout] 
[INFO] [stderr]      Running tests/add_remove.rs (/opt/rustwide/target/release/build/zenith-tx/36f867a518731c34/out/add_remove-36f867a518731c34)
[INFO] [stdout] 
[INFO] [stdout] running 32 tests
[INFO] [stdout] test addnode::add_node_index_clamped ... ok
[INFO] [stdout] test addnode::add_node_unknown_parent_rejected ... ok
[INFO] [stdout] test addnode::add_node_into_group_first ... ok
[INFO] [stdout] test addnode::add_node_malformed_fragment_rejected ... ok
[INFO] [stdout] test addnode::add_node_before_and_after_sibling ... ok
[INFO] [stdout] test addnode::add_path_compound_into_group_first ... ok
[INFO] [stdout] test addnode::add_path_rejects_direct_and_compound_payload ... ok
[INFO] [stdout] test addnode::add_path_json_defaults_position_and_subpaths ... ok
[INFO] [stdout] test addnode::add_node_parent_is_leaf_rejected ... ok
[INFO] [stdout] test addnode::add_code_node_into_page_accepted ... ok
[INFO] [stdout] test addnode::add_node_into_page_last ... ok
[INFO] [stdout] test addnode::add_path_rejects_empty_payload ... ok
[INFO] [stdout] test addnode::add_node_duplicate_id_rejected ... ok
[INFO] [stdout] test addnode::add_path_direct_into_page ... ok
[INFO] [stdout] test addnode::add_node_before_missing_sibling_rejected ... ok
[INFO] [stdout] test opacity::set_opacity_clamped_below_zero ... ok
[INFO] [stdout] test opacity::set_opacity_clamped_above_one ... ok
[INFO] [stdout] test duplicatenode::duplicate_node_container_group_accepted ... ok
[INFO] [stdout] test duplicatepage::duplicate_page_empty_suffix_rejected ... ok
[INFO] [stdout] test removenode::remove_node_unknown_rejected ... ok
[INFO] [stdout] test opacity::set_opacity_on_rect ... ok
[INFO] [stdout] test replacetext::replace_text_updates_spans ... ok
[INFO] [stdout] test duplicatepage::duplicate_page_unknown_page_rejected ... ok
[INFO] [stdout] test replacetext::replace_text_on_rect_unsupported ... ok
[INFO] [stdout] test duplicatenode::duplicate_node_leaf_rect_accepted ... ok
[INFO] [stdout] test duplicatenode::duplicate_node_colliding_new_id_rejected ... ok
[INFO] [stdout] test removenode::remove_node_nested_in_group ... ok
[INFO] [stdout] test duplicatenode::duplicate_node_unknown_id_rejected ... ok
[INFO] [stdout] test duplicatepage::duplicate_page_accepted ... ok
[INFO] [stderr]      Running tests/align_distribute.rs (/opt/rustwide/target/release/build/zenith-tx/a3c5622307aa4434/out/align_distribute-a3c5622307aa4434)
[INFO] [stdout] test removenode::remove_node_top_level ... ok
[INFO] [stdout] test replacetext::replace_text_span_with_fill_token ... ok
[INFO] [stdout] test opacity::set_opacity_unknown_node_rejected ... ok
[INFO] [stdout] 
[INFO] [stdout] test result: ok. 32 passed; 0 failed; 0 ignored; 0 measured; 0 filtered out; finished in 0.01s
[INFO] [stdout] 
[INFO] [stdout] 
[INFO] [stdout] running 18 tests
[INFO] [stdout] test distribute_too_few_nodes_is_noop ... ok
[INFO] [stdout] test align_hcenter_page ... ok
[INFO] [stdout] test distribute_orders_by_position_first ... ok
[INFO] [stdout] test align_right_selection ... ok
[INFO] [stdout] test align_left_selection_moves_instances ... ok
[INFO] [stdout] test align_skips_non_geometry_node ... ok
[INFO] [stdout] test align_right_dimension_anchor ... ok
[INFO] [stdout] test align_top_dimension_anchor_sets_y ... ok
[INFO] [stdout] test distribute_horizontal_equal_gaps ... ok
[INFO] [stdout] test align_nodes_unknown_align_rejected ... ok
[INFO] [stdout] test align_left_selection ... ok
[INFO] [stdout] test align_invalid_dimension_anchor_rejected ... ok
[INFO] [stdout] test align_page_anchor_still_works ... ok
[INFO] [stdout] test distribute_unknown_axis_rejected ... ok
[INFO] [stdout] test align_selection_anchor_still_works ... ok
[INFO] [stderr]      Running tests/asset_ops.rs (/opt/rustwide/target/release/build/zenith-tx/166ecd62724d8566/out/asset_ops-166ecd62724d8566)
[INFO] [stdout] test distribute_missing_node_rejected ... ok
[INFO] [stdout] test align_left_dimension_anchor ... ok
[INFO] [stdout] test distribute_vertical_equal_gaps ... ok
[INFO] [stdout] 
[INFO] [stdout] test result: ok. 18 passed; 0 failed; 0 ignored; 0 measured; 0 filtered out; finished in 0.02s
[INFO] [stdout] 
[INFO] [stdout] 
[INFO] [stdout] running 10 tests
[INFO] [stdout] test add_asset_accepted ... ok
[INFO] [stdout] test add_asset_duplicate_id_rejected ... ok
[INFO] [stdout] test set_asset_font_kind_rejected ... ok
[INFO] [stdout] test set_asset_changes_image_node ... ok
[INFO] [stdout] test set_asset_unknown_asset_id_rejected ... ok
[INFO] [stdout] test add_asset_accepted_from_legacy_json ... ok
[INFO] [stderr]      Running tests/auto_layout_ops.rs (/opt/rustwide/target/release/build/zenith-tx/30a2b593a9df176a/out/auto_layout_ops-30a2b593a9df176a)
[INFO] [stdout] test add_asset_with_provenance_formats_asset_declaration ... ok
[INFO] [stdout] test set_asset_on_rect_rejected ... ok
[INFO] [stdout] test add_asset_invalid_src_rejected ... ok
[INFO] [stdout] test add_asset_with_producer_provenance_formats_asset_declaration ... ok
[INFO] [stdout] 
[INFO] [stdout] test result: ok. 10 passed; 0 failed; 0 ignored; 0 measured; 0 filtered out; finished in 0.01s
[INFO] [stdout] 
[INFO] [stdout] 
[INFO] [stdout] running 27 tests
[INFO] [stdout] test set_geometry_keyword_from_json ... ok
[INFO] [stdout] test set_layout_absent_fields_stay_unchanged ... ok
[INFO] [stdout] test guard_allows_a_child_made_absolute_in_the_same_transaction ... ok
[INFO] [stdout] test guard_allows_set_geometry_size_on_an_in_flow_child ... ok
[INFO] [stdout] test guard_rejects_distribute_nodes_on_in_flow_children ... ok
[INFO] [stdout] test guard_rejects_align_nodes_on_in_flow_children ... ok
[INFO] [stdout] test guard_rejects_set_geometry_xy_on_an_in_flow_child ... ok
[INFO] [stdout] test guard_rejects_align_to_edge_on_an_in_flow_child ... ok
[INFO] [stdout] test guard_covers_grid_children ... ok
[INFO] [stdout] test set_geometry_rejects_an_unknown_keyword ... ok
[INFO] [stdout] test guard_leaves_nodes_outside_layout_frames_alone ... ok
[INFO] [stdout] test set_geometry_px_clears_the_keyword ... ok
[INFO] [stdout] test guard_allows_an_absolute_child ... ok
[INFO] [stdout] test set_layout_clearing_layout_is_rejected_when_children_lose_placement ... ok
[INFO] [stdout] test set_geometry_keyword_on_a_line_is_unsupported ... ok
[INFO] [stdout] test set_layout_item_field_on_a_line_is_unsupported ... ok
[INFO] [stdout] test set_layout_container_field_on_a_rect_is_wrong_node_type ... ok
[INFO] [stdout] test set_layout_null_clears_fields ... ok
[INFO] [stdout] test set_layout_sets_container_fields_and_shows_the_diff ... ok
[INFO] [stdout] test set_layout_sets_item_fields_on_a_box_node ... ok
[INFO] [stdout] test set_layout_unknown_node_is_rejected ... ok
[INFO] [stdout] test set_layout_without_fields_is_a_noop ... ok
[INFO] [stdout] test set_layout_unknown_token_is_rejected_by_validation ... ok
[INFO] [stdout] test set_layout_rejects_bad_dimensions ... ok
[INFO] [stdout] test set_layout_rejects_unknown_enum_values ... ok
[INFO] [stdout] test set_layout_result_lays_out_as_a_column ... ok
[INFO] [stdout] test set_geometry_keyword_writes_the_layout_item ... ok
[INFO] [stdout] 
[INFO] [stdout] test result: ok. 27 passed; 0 failed; 0 ignored; 0 measured; 0 filtered out; finished in 0.05s
[INFO] [stdout] 
[INFO] [stderr]      Running tests/defaults_ops.rs (/opt/rustwide/target/release/build/zenith-tx/6a5963fefa675d42/out/defaults_ops-6a5963fefa675d42)
[INFO] [stdout] 
[INFO] [stdout] running 18 tests
[INFO] [stdout] test text_style_on_wrong_kind_is_rejected ... ok
[INFO] [stdout] test unknown_style_without_near_match_lists_styles ... ok
[INFO] [stdout] test dry_run_input_document_is_not_mutated ... ok
[INFO] [stdout] test null_text_style_clears_it ... ok
[INFO] [stdout] test unknown_kind_without_near_match_lists_kinds ... ok
[INFO] [stdout] test unsupported_kind_is_rejected ... ok
[INFO] [stdout] test overwrite_replaces_style_and_keeps_text_style_when_absent ... ok
[INFO] [stdout] test upsert_page_scope_leaves_document_block_untouched ... ok
[INFO] [stdout] test unknown_style_suggests_nearest ... ok
[INFO] [stdout] test op_serde_names_and_tri_state ... ok
[INFO] [stdout] test remove_missing_entry_is_rejected ... ok
[INFO] [stdout] test unknown_text_style_is_rejected ... ok
[INFO] [stdout] test upsert_document_scope ... ok
[INFO] [stdout] test unknown_kind_suggests_nearest ... ok
[INFO] [stdout] test unknown_page_is_rejected ... ok
[INFO] [stdout] test remove_from_page_scope ... ok
[INFO] [stdout] test entries_are_written_sorted_by_kind_and_fmt_is_idempotent ... ok
[INFO] [stderr]      Running tests/duplicate_container.rs (/opt/rustwide/target/release/build/zenith-tx/03c2a8167822aac8/out/duplicate_container-03c2a8167822aac8)
[INFO] [stdout] test remove_entry ... ok
[INFO] [stdout] 
[INFO] [stdout] test result: ok. 18 passed; 0 failed; 0 ignored; 0 measured; 0 filtered out; finished in 0.01s
[INFO] [stdout] 
[INFO] [stdout] 
[INFO] [stdout] running 13 tests
[INFO] [stdout] test group_copy ... ok
[INFO] [stdout] test nested_container_copy ... ok
[INFO] [stdout] test instance_copy ... ok
[INFO] [stdout] test table_copy_re_ids_cell_children ... ok
[INFO] [stdout] test page_port_follows_the_copied_node ... ok
[INFO] [stdout] test locked_container_can_be_duplicated ... ok
[INFO] [stdout] test frame_copy_has_fresh_ids_and_inside_references ... ok
[INFO] [stdout] test new_id_without_source_prefix ... ok
[INFO] [stdout] test duplicate_twice_gives_distinct_ids ... ok
[INFO] [stdout] test colliding_new_id_is_rejected ... ok
[INFO] [stdout] test duplicate_a_copy_and_clashing_suffix ... ok
[INFO] [stdout] test page_duplicate_keeps_ports_in_step ... ok
[INFO] [stdout] test removing_an_anchor_target_still_reports_unresolved_sibling ... ok
[INFO] [stdout] 
[INFO] [stdout] test result: ok. 13 passed; 0 failed; 0 ignored; 0 measured; 0 filtered out; finished in 0.04s
[INFO] [stdout] 
[INFO] [stderr]      Running tests/fill_rule_ops.rs (/opt/rustwide/target/release/build/zenith-tx/2ce60a8172798c8f/out/fill_rule_ops-2ce60a8172798c8f)
[INFO] [stdout] 
[INFO] [stdout] running 7 tests
[INFO] [stdout] test set_fill_rule_updates_path ... ok
[INFO] [stdout] test set_fill_rule_allows_locked_path_with_permission ... ok
[INFO] [stdout] test set_fill_rule_updates_polygon_and_polyline ... ok
[INFO] [stderr]      Running tests/flow_placed.rs (/opt/rustwide/target/release/build/zenith-tx/94cf93948f4ad601/out/flow_placed-94cf93948f4ad601)
[INFO] [stdout] test set_fill_rule_unsupported_on_rect ... ok
[INFO] [stdout] test set_fill_rule_rejects_locked_path ... ok
[INFO] [stdout] test set_fill_rule_invalid_value_rejected_at_tx_boundary ... ok
[INFO] [stdout] test set_fill_rule_unknown_node_rejected ... ok
[INFO] [stdout] 
[INFO] [stdout] test result: ok. 7 passed; 0 failed; 0 ignored; 0 measured; 0 filtered out; finished in 0.02s
[INFO] [stdout] 
[INFO] [stdout] 
[INFO] [stdout] running 7 tests
[INFO] [stdout] test reparent_into_row_frame_fires ... ok
[INFO] [stdout] test group_outside_flow_is_silent ... ok
[INFO] [stdout] test reparent_into_absolute_frame_is_silent ... ok
[INFO] [stdout] test reparent_absolute_node_into_row_frame_is_silent ... ok
[INFO] [stdout] test group_in_row_frame_fires_per_grouped_id ... ok
[INFO] [stdout] test ungroup_into_row_frame_fires_per_flow_child ... ok
[INFO] [stdout] test ungroup_outside_flow_is_silent ... ok
[INFO] [stdout] 
[INFO] [stdout] test result: ok. 7 passed; 0 failed; 0 ignored; 0 measured; 0 filtered out; finished in 0.02s
[INFO] [stdout] 
[INFO] [stderr]      Running tests/frame_space.rs (/opt/rustwide/target/release/build/zenith-tx/9ba1982e3da101f5/out/frame_space-9ba1982e3da101f5)
[INFO] [stdout] 
[INFO] [stdout] running 21 tests
[INFO] [stdout] test align_inside_shared_unresolved_container_works ... ok
[INFO] [stdout] test path_boolean_across_frames ... ok
[INFO] [stdout] test path_snap_with_unresolved_container_is_rejected ... ok
[INFO] [stdout] test align_skips_node_in_unresolved_container ... ok
[INFO] [stdout] test reparent_inside_master_converts ... ok
[INFO] [stdout] test reparent_into_layout_flow_slot_keeps_values ... ok
[INFO] [stdout] test reparent_into_unresolved_origin_emits_advisory ... ok
[INFO] [stdout] test ungroup_inside_master_shifts_children ... ok
[INFO] [stdout] test snap_path_anchors_across_frames ... ok
[INFO] [stdout] test reparent_into_hugging_anchored_frame_emits_advisory ... ok
[INFO] [stdout] test ungroup_rotated_group_emits_advisory ... ok
[INFO] [stdout] test align_left_across_frames_uses_page_space ... ok
[INFO] [stdout] test anchored_group_translates_by_authored_origin ... ok
[INFO] [stdout] test align_to_page_dimension_anchor_is_page_space ... ok
[INFO] [stdout] test align_to_edge_in_frame_uses_page_bounds ... ok
[INFO] [stdout] test ungroup_in_frame_keeps_page_box ... ok
[INFO] [stdout] test reparent_below_shared_unresolved_container_converts ... ok
[INFO] [stdout] test distribute_across_frames_uses_page_space ... ok
[INFO] [stdout] test reparent_into_frame_anchored_to_anchored_layout_frame_keeps_page_box ... ok
[INFO] [stdout] test reparent_round_trip_keeps_page_box ... ok
[INFO] [stdout] test reparent_into_anchored_layout_frames_keeps_page_box ... ok
[INFO] [stdout] 
[INFO] [stdout] test result: ok. 21 passed; 0 failed; 0 ignored; 0 measured; 0 filtered out; finished in 0.04s
[INFO] [stdout] 
[INFO] [stderr]      Running tests/frame_style_ops.rs (/opt/rustwide/target/release/build/zenith-tx/ed7f86e8add132d0/out/frame_style_ops-ed7f86e8add132d0)
[INFO] [stdout] 
[INFO] [stdout] running 3 tests
[INFO] [stdout] test set_fill_recolors_a_frame ... ok
[INFO] [stdout] test a_group_still_has_no_fill ... ok
[INFO] [stdout] test set_stroke_and_width_apply_to_a_frame ... ok
[INFO] [stdout] 
[INFO] [stdout] test result: ok. 3 passed; 0 failed; 0 ignored; 0 measured; 0 filtered out; finished in 0.02s
[INFO] [stdout] 
[INFO] [stderr]      Running tests/geometry_null.rs (/opt/rustwide/target/release/build/zenith-tx/7dd78e026fe760c3/out/geometry_null-7dd78e026fe760c3)
[INFO] [stdout] 
[INFO] [stdout] running 13 tests
[INFO] [stdout] test null_x_on_a_free_node_is_rejected ... ok
[INFO] [stdout] test null_xy_on_an_anchored_node_is_accepted ... ok
[INFO] [stdout] test null_box_on_a_group_is_accepted ... ok
[INFO] [stdout] test null_xy_on_an_absolute_child_is_rejected ... ok
[INFO] [stdout] test null_rotate_removes_rotate ... ok
[INFO] [stdout] test null_y_on_a_free_node_is_rejected ... ok
[INFO] [stdout] test null_size_on_a_plain_frame_is_rejected ... ok
[INFO] [stdout] test null_and_absent_round_trip_through_json ... ok
[INFO] [stdout] test null_w_and_h_remove_px_size_and_keyword_in_flow ... ok
[INFO] [stdout] test null_w_and_h_on_a_free_node_are_rejected ... ok
[INFO] [stdout] test null_x_and_y_remove_stale_position_from_an_in_flow_child ... ok
[INFO] [stdout] test null_size_on_a_hugging_layout_frame_is_accepted ... ok
[INFO] [stdout] test absent_fields_leave_attributes_unchanged ... ok
[INFO] [stdout] 
[INFO] [stdout] test result: ok. 13 passed; 0 failed; 0 ignored; 0 measured; 0 filtered out; finished in 0.02s
[INFO] [stdout] 
[INFO] [stderr]      Running tests/gestures.rs (/opt/rustwide/target/release/build/zenith-tx/865f31065acd1229/out/gestures-865f31065acd1229)
[INFO] [stdout] 
[INFO] [stdout] running 45 tests
[INFO] [stdout] test line::json_round_trips ... ok
[INFO] [stdout] test line::locked_line_is_rejected ... ok
[INFO] [stdout] test anchor::set_anchor_null_removes_and_numbers_are_px ... ok
[INFO] [stdout] test anchor::detach_anchor_without_anchor_is_a_noop ... ok
[INFO] [stdout] test anchor::anchor_ops_respect_locks ... ok
[INFO] [stdout] test line::connector_is_derived ... ok
[INFO] [stdout] test anchor::nudge_anchor_gap_keeps_the_gap_unit_and_signs_by_edge ... ok
[INFO] [stdout] test line::moves_one_endpoint_and_keeps_units ... ok
[INFO] [stdout] test nudge_geometry::absent_size_is_computed ... ok
[INFO] [stdout] test line::moves_the_whole_line ... ok
[INFO] [stdout] test nudge_geometry::detach_replaces_a_token_with_px_of_the_resolved_value ... ok
[INFO] [stdout] test anchor::set_anchor_clearing_a_placing_anchor_without_xy_is_rejected ... ok
[INFO] [stdout] test anchor::detach_anchor_promises_the_page_box ... ok
[INFO] [stdout] test anchor::set_anchor_on_an_in_flow_child_is_layout_managed ... ok
[INFO] [stdout] test nudge_geometry::dry_run_diff_touches_only_the_nudged_line ... ok
[INFO] [stdout] test nudge_geometry::anchored_axis_is_rejected_and_points_at_the_anchor_ops ... ok
[INFO] [stdout] test nudge_geometry::hug_and_fill_sizes_are_computed ... ok
[INFO] [stdout] test nudge_geometry::json_round_trips_and_omits_absent_deltas ... ok
[INFO] [stdout] test line::other_kinds_and_bad_input_are_rejected ... ok
[INFO] [stdout] test nudge_geometry::absent_group_position_counts_as_zero ... ok
[INFO] [stdout] test nudge_geometry::omitted_deltas_leave_attributes_untouched ... ok
[INFO] [stdout] test nudge_geometry::locked_node_is_rejected_unless_permitted ... ok
[INFO] [stdout] test nudge_geometry::kinds_without_a_box_name_the_right_op ... ok
[INFO] [stdout] test nudge_geometry::pt_values_stay_pt ... ok
[INFO] [stdout] test nudge_geometry::negative_and_non_finite_sizes_are_rejected ... ok
[INFO] [stdout] test anchor::detach_anchor_on_page_anchor_and_after_edge ... ok
[INFO] [stdout] test nudge_geometry::px_move_and_resize_add_the_delta ... ok
[INFO] [stdout] test anchor::detach_anchor_keeps_every_box_in_place ... ok
[INFO] [stdout] test range::an_authored_out_of_range_value_does_not_block_other_edits ... ok
[INFO] [stdout] test nudge_geometry::no_deltas_is_a_noop_and_unknown_node_is_rejected ... ok
[INFO] [stdout] test path_scale::locked_and_unknown_paths_are_rejected ... ok
[INFO] [stdout] test anchor::set_anchor_replaces_the_reference_and_gap ... ok
[INFO] [stdout] test path_scale::scales_anchors_and_handles_about_the_origin ... ok
[INFO] [stdout] test nudge_geometry::token_bound_axis_is_rejected_with_token_and_axis ... ok
[INFO] [stdout] test anchor::nudge_anchor_gap_rejects_cross_axis_and_non_edge_anchors ... ok
[INFO] [stdout] test range::a_path_scale_past_the_range_is_rejected ... ok
[INFO] [stdout] test nudge_geometry::values_without_px_are_unresolved ... ok
[INFO] [stdout] test anchor::set_anchor_checks_values_and_target ... ok
[INFO] [stdout] test anchor::detach_then_nudge_moves_by_the_drag_delta ... ok
[INFO] [stdout] test range::values_inside_the_range_write_exactly ... ok
[INFO] [stdout] test path_scale::negative_factor_mirrors_and_zero_is_rejected ... ok
[INFO] [stdout] test nudge_geometry::rotated_node_nudges_in_its_unrotated_space ... ok
[INFO] [stdout] test range::nudges_past_the_range_are_rejected ... ok
[INFO] [stdout] test anchor::nudge_anchor_gap_moves_along_the_edge_axis_and_the_cascade_follows ... ok
[INFO] [stdout] test range::non_finite_and_huge_set_values_are_rejected ... ok
[INFO] [stdout] 
[INFO] [stdout] test result: ok. 45 passed; 0 failed; 0 ignored; 0 measured; 0 filtered out; finished in 0.05s
[INFO] [stdout] 
[INFO] [stderr]      Running tests/group_order.rs (/opt/rustwide/target/release/build/zenith-tx/4e7255551deef517/out/group_order-4e7255551deef517)
[INFO] [stdout] 
[INFO] [stdout] running 4 tests
[INFO] [stdout] test group_keeps_document_order_when_ids_are_listed_in_reverse ... ok
[INFO] [stdout] test group_and_ungroup_in_one_transaction_round_trip ... ok
[INFO] [stderr]      Running tests/layout_margin_ops.rs (/opt/rustwide/target/release/build/zenith-tx/d9bf7eaaf31fc5e8/out/layout_margin_ops-d9bf7eaaf31fc5e8)
[INFO] [stdout] test group_then_ungroup_round_trips_order_and_source ... ok
[INFO] [stdout] test listed_order_never_overrides_paint_order ... ok
[INFO] [stdout] 
[INFO] [stdout] test result: ok. 4 passed; 0 failed; 0 ignored; 0 measured; 0 filtered out; finished in 0.02s
[INFO] [stdout] 
[INFO] [stdout] 
[INFO] [stdout] running 7 tests
[INFO] [stdout] test layout_managed_names_the_margin_route_in_a_stack ... ok
[INFO] [stdout] test null_clears_a_margin ... ok
[INFO] [stdout] test layout_managed_omits_the_margin_route_in_a_grid ... ok
[INFO] [stdout] test negative_margin_is_rejected ... ok
[INFO] [stdout] test margin_on_a_line_is_unsupported ... ok
[INFO] [stdout] test every_margin_field_writes_its_attribute ... ok
[INFO] [stdout] test margin_top_moves_one_child_and_the_siblings_after_it ... ok
[INFO] [stdout] 
[INFO] [stdout] test result: ok. 7 passed; 0 failed; 0 ignored; 0 measured; 0 filtered out; finished in 0.01s
[INFO] [stdout] 
[INFO] [stderr]      Running tests/layout_ops.rs (/opt/rustwide/target/release/build/zenith-tx/bdaba8ee47acfbba/out/layout_ops-bdaba8ee47acfbba)
[INFO] [stdout] 
[INFO] [stdout] running 13 tests
[INFO] [stdout] test align_to_edge_hcenter ... ok
[INFO] [stdout] test align_to_edge_no_geometry_rejected ... ok
[INFO] [stdout] test align_to_edge_right_and_bottom_corner ... ok
[INFO] [stdout] test align_to_edge_bottom_margin ... ok
[INFO] [stdout] test align_to_edge_right_margin ... ok
[INFO] [stdout] test set_page_size_zero_h_rejected ... ok
[INFO] [stdout] test set_page_size_negative_w_rejected ... ok
[INFO] [stdout] test set_page_size_accepted_updates_dimensions ... ok
[INFO] [stdout] test align_to_edge_invalid_edge_rejected ... ok
[INFO] [stdout] test set_page_size_shrink_child_falls_off_canvas ... ok
[INFO] [stdout] test set_page_size_bad_w_rejected ... ok
[INFO] [stdout] test align_to_edge_unknown_node_rejected ... ok
[INFO] [stdout] test set_page_size_unknown_page_rejected ... ok
[INFO] [stdout] 
[INFO] [stdout] test result: ok. 13 passed; 0 failed; 0 ignored; 0 measured; 0 filtered out; finished in 0.01s
[INFO] [stdout] 
[INFO] [stderr]      Running tests/master_ops.rs (/opt/rustwide/target/release/build/zenith-tx/cfd3b9558e00f52d/out/master_ops-cfd3b9558e00f52d)
[INFO] [stdout] 
[INFO] [stdout] running 5 tests
[INFO] [stdout] test delete_master_and_clear_page_master ... ok
[INFO] [stderr]      Running tests/node_token_ops.rs (/opt/rustwide/target/release/build/zenith-tx/5682c65a80fa491a/out/node_token_ops-5682c65a80fa491a)
[INFO] [stdout] test reorder_master_child_succeeds ... ok
[INFO] [stdout] test create_master_add_chrome_and_assign_pages ... ok
[INFO] [stdout] test create_master_duplicate_id_rejected ... ok
[INFO] [stdout] test set_page_master_unknown_master_rejected ... ok
[INFO] [stdout] 
[INFO] [stdout] test result: ok. 5 passed; 0 failed; 0 ignored; 0 measured; 0 filtered out; finished in 0.02s
[INFO] [stdout] 
[INFO] [stdout] 
[INFO] [stdout] running 4 tests
[INFO] [stdout] test binds_and_removes_radius_and_font_tokens ... ok
[INFO] [stdout] test span_text_keeps_the_span_attributes ... ok
[INFO] [stdout] test rejects_unknown_properties_kinds_and_token_types ... ok
[INFO] [stdout] test both_ops_patch_in_place_and_keep_comments ... ok
[INFO] [stdout] 
[INFO] [stdout] test result: ok. 4 passed; 0 failed; 0 ignored; 0 measured; 0 filtered out; finished in 0.03s
[INFO] [stdout] 
[INFO] [stderr]      Running tests/patch_examples.rs (/opt/rustwide/target/release/build/zenith-tx/6ff8537e0fc66259/out/patch_examples-6ff8537e0fc66259)
[INFO] [stdout] 
[INFO] [stdout] running 6 tests
[INFO] [stdout] test connector_routing_example_ops ... FAILED
[INFO] [stdout] test pattern_example_ops ... FAILED
[INFO] [stdout] test stack_example_ops ... FAILED
[INFO] [stdout] test container_duplicate_copies_page_ports_in_place ... ok
[INFO] [stdout] test container_duplicate_ops ... ok
[INFO] [stderr] error: test failed, to rerun pass `--test patch_examples`
[INFO] [stdout] test rich_fixture_ops ... ok
[INFO] [stdout] 
[INFO] [stdout] failures:
[INFO] [stdout] 
[INFO] [stdout] ---- connector_routing_example_ops stdout ----
[INFO] [stdout] 
[INFO] [stdout] thread 'connector_routing_example_ops' (2458) panicked at tests/patch_examples.rs:92:55:
[INFO] [stdout] read /opt/rustwide/workdir/../examples/connector-routing.zen: No such file or directory (os error 2)
[INFO] [stdout] stack backtrace:
[INFO] [stdout]    0:     0x58f9f9cdaef1 - <<std[617be2ca0a6fd877]::sys::backtrace::BacktraceLock>::print::DisplayBacktrace as core[a373ad73a504971]::fmt::Display>::fmt
[INFO] [stdout]    1:     0x58f9f9cf1bea - core[a373ad73a504971]::fmt::write
[INFO] [stdout]    2:     0x58f9f9cdf10c - <alloc[2e1b2a31b91974c5]::vec::Vec<u8> as core[a373ad73a504971]::io::write::Write>::write_fmt
[INFO] [stdout]    3:     0x58f9f9cb6ff6 - std[617be2ca0a6fd877]::panicking::default_hook::{closure#0}
[INFO] [stdout]    4:     0x58f9f9cd3229 - std[617be2ca0a6fd877]::panicking::default_hook
[INFO] [stdout]    5:     0x58f9f97e1aa0 - test[aada8e7e76ba119b]::test_main_inner::{closure#0}
[INFO] [stdout]    6:     0x58f9f9cd33e2 - std[617be2ca0a6fd877]::panicking::panic_with_hook
[INFO] [stdout]    7:     0x58f9f9cb70a2 - std[617be2ca0a6fd877]::panicking::panic_handler::{closure#0}
[INFO] [stdout]    8:     0x58f9f9cafc29 - std[617be2ca0a6fd877]::sys::backtrace::__rust_end_short_backtrace::<std[617be2ca0a6fd877]::panicking::panic_handler::{closure#0}, !>
[INFO] [stdout]    9:     0x58f9f9cb7cad - __rustc[ea4f61d10b84890b]::rust_begin_unwind
[INFO] [stdout]   10:     0x58f9f9cf235c - core[a373ad73a504971]::panicking::panic_fmt
[INFO] [stdout]   11:     0x58f9f97a465a - patch_examples[b718964439c9c0d0]::example::{closure#0}
[INFO] [stdout]   12:     0x58f9f97a7502 - patch_examples[b718964439c9c0d0]::check_all
[INFO] [stdout]   13:     0x58f9f97ac7d8 - <patch_examples[b718964439c9c0d0]::connector_routing_example_ops::{closure#0} as core[a373ad73a504971]::ops::function::FnOnce<()>>::call_once
[INFO] [stdout]   14:     0x58f9f97d4eeb - test[aada8e7e76ba119b]::__rust_begin_short_backtrace::<core[a373ad73a504971]::result::Result<(), alloc[2e1b2a31b91974c5]::string::String>, fn() -> core[a373ad73a504971]::result::Result<(), alloc[2e1b2a31b91974c5]::string::String>>
[INFO] [stdout]   15:     0x58f9f97e20c5 - test[aada8e7e76ba119b]::run_test::{closure#0}
[INFO] [stdout]   16:     0x58f9f97db9b4 - std[617be2ca0a6fd877]::sys::backtrace::__rust_begin_short_backtrace::<test[aada8e7e76ba119b]::run_test::{closure#1}, ()>
[INFO] [stdout]   17:     0x58f9f97e5152 - <std[617be2ca0a6fd877]::thread::lifecycle::spawn_unchecked<test[aada8e7e76ba119b]::run_test::{closure#1}, ()>::{closure#1} as core[a373ad73a504971]::ops::function::FnOnce<()>>::call_once::{shim:vtable#0}
[INFO] [stdout]   18:     0x58f9f9cda3ef - <std[617be2ca0a6fd877]::sys::thread::unix::Thread>::new::thread_start
[INFO] [stdout]   19:     0x7edfde6f7dfa - <unknown>
[INFO] [stdout]   20:     0x7edfde78b3d4 - clone
[INFO] [stdout]   21:                0x0 - <unknown>
[INFO] [stdout] 
[INFO] [stdout] ---- pattern_example_ops stdout ----
[INFO] [stdout] 
[INFO] [stdout] thread 'pattern_example_ops' (2461) panicked at tests/patch_examples.rs:92:55:
[INFO] [stdout] read /opt/rustwide/workdir/../examples/pattern.zen: No such file or directory (os error 2)
[INFO] [stdout] stack backtrace:
[INFO] [stdout]    0:     0x58f9f9cdaef1 - <<std[617be2ca0a6fd877]::sys::backtrace::BacktraceLock>::print::DisplayBacktrace as core[a373ad73a504971]::fmt::Display>::fmt
[INFO] [stdout]    1:     0x58f9f9cf1bea - core[a373ad73a504971]::fmt::write
[INFO] [stdout]    2:     0x58f9f9cdf10c - <alloc[2e1b2a31b91974c5]::vec::Vec<u8> as core[a373ad73a504971]::io::write::Write>::write_fmt
[INFO] [stdout]    3:     0x58f9f9cb6ff6 - std[617be2ca0a6fd877]::panicking::default_hook::{closure#0}
[INFO] [stdout]    4:     0x58f9f9cd3229 - std[617be2ca0a6fd877]::panicking::default_hook
[INFO] [stdout]    5:     0x58f9f97e1aa0 - test[aada8e7e76ba119b]::test_main_inner::{closure#0}
[INFO] [stdout]    6:     0x58f9f9cd33e2 - std[617be2ca0a6fd877]::panicking::panic_with_hook
[INFO] [stdout]    7:     0x58f9f9cb70a2 - std[617be2ca0a6fd877]::panicking::panic_handler::{closure#0}
[INFO] [stdout]    8:     0x58f9f9cafc29 - std[617be2ca0a6fd877]::sys::backtrace::__rust_end_short_backtrace::<std[617be2ca0a6fd877]::panicking::panic_handler::{closure#0}, !>
[INFO] [stdout]    9:     0x58f9f9cb7cad - __rustc[ea4f61d10b84890b]::rust_begin_unwind
[INFO] [stdout]   10:     0x58f9f9cf235c - core[a373ad73a504971]::panicking::panic_fmt
[INFO] [stdout]   11:     0x58f9f97a465a - patch_examples[b718964439c9c0d0]::example::{closure#0}
[INFO] [stdout]   12:     0x58f9f97a7502 - patch_examples[b718964439c9c0d0]::check_all
[INFO] [stdout]   13:     0x58f9f97ac1fd - <patch_examples[b718964439c9c0d0]::pattern_example_ops::{closure#0} as core[a373ad73a504971]::ops::function::FnOnce<()>>::call_once
[INFO] [stdout]   14:     0x58f9f97d4eeb - test[aada8e7e76ba119b]::__rust_begin_short_backtrace::<core[a373ad73a504971]::result::Result<(), alloc[2e1b2a31b91974c5]::string::String>, fn() -> core[a373ad73a504971]::result::Result<(), alloc[2e1b2a31b91974c5]::string::String>>
[INFO] [stdout]   15:     0x58f9f97e20c5 - test[aada8e7e76ba119b]::run_test::{closure#0}
[INFO] [stdout]   16:     0x58f9f97db9b4 - std[617be2ca0a6fd877]::sys::backtrace::__rust_begin_short_backtrace::<test[aada8e7e76ba119b]::run_test::{closure#1}, ()>
[INFO] [stdout]   17:     0x58f9f97e5152 - <std[617be2ca0a6fd877]::thread::lifecycle::spawn_unchecked<test[aada8e7e76ba119b]::run_test::{closure#1}, ()>::{closure#1} as core[a373ad73a504971]::ops::function::FnOnce<()>>::call_once::{shim:vtable#0}
[INFO] [stdout]   18:     0x58f9f9cda3ef - <std[617be2ca0a6fd877]::sys::thread::unix::Thread>::new::thread_start
[INFO] [stdout]   19:     0x7edfde6f7dfa - <unknown>
[INFO] [stdout]   20:     0x7edfde78b3d4 - clone
[INFO] [stdout]   21:                0x0 - <unknown>
[INFO] [stdout] 
[INFO] [stdout] ---- stack_example_ops stdout ----
[INFO] [stdout] 
[INFO] [stdout] thread 'stack_example_ops' (2463) panicked at tests/patch_examples.rs:92:55:
[INFO] [stdout] read /opt/rustwide/workdir/../examples/stack.zen: No such file or directory (os error 2)
[INFO] [stdout] stack backtrace:
[INFO] [stdout]    0:     0x58f9f9cdaef1 - <<std[617be2ca0a6fd877]::sys::backtrace::BacktraceLock>::print::DisplayBacktrace as core[a373ad73a504971]::fmt::Display>::fmt
[INFO] [stdout]    1:     0x58f9f9cf1bea - core[a373ad73a504971]::fmt::write
[INFO] [stdout]    2:     0x58f9f9cdf10c - <alloc[2e1b2a31b91974c5]::vec::Vec<u8> as core[a373ad73a504971]::io::write::Write>::write_fmt
[INFO] [stdout]    3:     0x58f9f9cb6ff6 - std[617be2ca0a6fd877]::panicking::default_hook::{closure#0}
[INFO] [stdout]    4:     0x58f9f9cd3229 - std[617be2ca0a6fd877]::panicking::default_hook
[INFO] [stdout]    5:     0x58f9f97e1aa0 - test[aada8e7e76ba119b]::test_main_inner::{closure#0}
[INFO] [stdout]    6:     0x58f9f9cd33e2 - std[617be2ca0a6fd877]::panicking::panic_with_hook
[INFO] [stdout]    7:     0x58f9f9cb70a2 - std[617be2ca0a6fd877]::panicking::panic_handler::{closure#0}
[INFO] [stdout]    8:     0x58f9f9cafc29 - std[617be2ca0a6fd877]::sys::backtrace::__rust_end_short_backtrace::<std[617be2ca0a6fd877]::panicking::panic_handler::{closure#0}, !>
[INFO] [stdout]    9:     0x58f9f9cb7cad - __rustc[ea4f61d10b84890b]::rust_begin_unwind
[INFO] [stdout]   10:     0x58f9f9cf235c - core[a373ad73a504971]::panicking::panic_fmt
[INFO] [stdout]   11:     0x58f9f97a465a - patch_examples[b718964439c9c0d0]::example::{closure#0}
[INFO] [stdout]   12:     0x58f9f97a7502 - patch_examples[b718964439c9c0d0]::check_all
[INFO] [stdout]   13:     0x58f9f97abd65 - <patch_examples[b718964439c9c0d0]::stack_example_ops::{closure#0} as core[a373ad73a504971]::ops::function::FnOnce<()>>::call_once
[INFO] [stdout]   14:     0x58f9f97d4eeb - test[aada8e7e76ba119b]::__rust_begin_short_backtrace::<core[a373ad73a504971]::result::Result<(), alloc[2e1b2a31b91974c5]::string::String>, fn() -> core[a373ad73a504971]::result::Result<(), alloc[2e1b2a31b91974c5]::string::String>>
[INFO] [stdout]   15:     0x58f9f97e20c5 - test[aada8e7e76ba119b]::run_test::{closure#0}
[INFO] [stdout]   16:     0x58f9f97db9b4 - std[617be2ca0a6fd877]::sys::backtrace::__rust_begin_short_backtrace::<test[aada8e7e76ba119b]::run_test::{closure#1}, ()>
[INFO] [stdout]   17:     0x58f9f97e5152 - <std[617be2ca0a6fd877]::thread::lifecycle::spawn_unchecked<test[aada8e7e76ba119b]::run_test::{closure#1}, ()>::{closure#1} as core[a373ad73a504971]::ops::function::FnOnce<()>>::call_once::{shim:vtable#0}
[INFO] [stdout]   18:     0x58f9f9cda3ef - <std[617be2ca0a6fd877]::sys::thread::unix::Thread>::new::thread_start
[INFO] [stdout]   19:     0x7edfde6f7dfa - <unknown>
[INFO] [stdout]   20:     0x7edfde78b3d4 - clone
[INFO] [stdout]   21:                0x0 - <unknown>
[INFO] [stdout] 
[INFO] [stdout] 
[INFO] [stdout] failures:
[INFO] [stdout]     connector_routing_example_ops
[INFO] [stdout]     pattern_example_ops
[INFO] [stdout]     stack_example_ops
[INFO] [stdout] 
[INFO] [stdout] test result: FAILED. 3 passed; 3 failed; 0 ignored; 0 measured; 0 filtered out; finished in 1.06s
[INFO] [stdout] 
[INFO] running `Command { std: "docker" "inspect" "579ef8bf4ebac12d400ad70924479e006051968b83866cd7dc49660d9e69929f", kill_on_drop: false }`
[INFO] running `Command { std: "docker" "rm" "-f" "579ef8bf4ebac12d400ad70924479e006051968b83866cd7dc49660d9e69929f", kill_on_drop: false }`
[INFO] [stdout] 579ef8bf4ebac12d400ad70924479e006051968b83866cd7dc49660d9e69929f
