[INFO] fetching crate zenith-scene 0.0.14...
[INFO] testing zenith-scene-0.0.14 against 1.100.0-beta.1+cargoflags=--release for beta-release-1.100-2
[INFO] extracting crate zenith-scene 0.0.14 into /workspace/builds/worker-7-tc2/source
[INFO] started tweaking crates.io crate zenith-scene 0.0.14
[INFO] removed 0 missing tests
[INFO] finished tweaking crates.io crate zenith-scene 0.0.14
[INFO] tweaked toml for crates.io crate zenith-scene 0.0.14 written to /workspace/builds/worker-7-tc2/source/Cargo.toml
[INFO] validating manifest of crates.io crate zenith-scene 0.0.14 on toolchain 1.100.0-beta.1
[INFO] running `Command { std: CARGO_HOME="/workspace/cargo-home" RUSTUP_HOME="/workspace/rustup-home" "/workspace/cargo-home/bin/cargo" "+1.100.0-beta.1" "metadata" "--manifest-path" "Cargo.toml" "--no-deps", kill_on_drop: false }`
[INFO] crate crates.io crate zenith-scene 0.0.14 already has a lockfile, it will not be regenerated
[INFO] running `Command { std: CARGO_HOME="/workspace/cargo-home" RUSTUP_HOME="/workspace/rustup-home" "/workspace/cargo-home/bin/cargo" "+1.100.0-beta.1" "fetch" "--manifest-path" "Cargo.toml", kill_on_drop: false }`
[INFO] [stderr] warning: `package.homepage` is redundant with `package.repository`
[INFO] [stderr]   --> Cargo.toml:49:12
[INFO] [stderr]    |
[INFO] [stderr] 49 | homepage = "https://github.com/zenitheditor/zenith"
[INFO] [stderr]    |            ^^^^^^^^^^^^^^^^^^^^^^^^^^^^^^^^^^^^^^^^
[INFO] [stderr] ...
[INFO] [stderr] 55 | repository = "https://github.com/zenitheditor/zenith"
[INFO] [stderr]    |              ----------------------------------------
[INFO] [stderr]    |
[INFO] [stderr]    = note: `cargo::redundant_homepage` is set to `warn` by default
[INFO] [stderr] help: consider removing `package.homepage`
[INFO] [stderr] warning: `zenith-scene` (manifest) generated 1 warning
[INFO] running `Command { std: "docker" "create" "-v" "/var/lib/crater-agent-workspace/builds/worker-7-tc2/source:/opt/rustwide/workdir:ro,Z" "-v" "/var/lib/crater-agent-workspace/builds/worker-7-tc2/target:/opt/rustwide/target:rw,Z" "-v" "/var/lib/crater-agent-workspace/cargo-home:/opt/rustwide/cargo-home:ro,Z" "-v" "/var/lib/crater-agent-workspace/rustup-home:/opt/rustwide/rustup-home:ro,Z" "-m" "1610612736" "--network" "none" "ghcr.io/rust-lang/crates-build-env/linux@sha256:77db811e55d90add9212f6832c23229e3de5f1c1f9905e8cb07319ea15df73ac" "sleep" "infinity", kill_on_drop: false }`
[INFO] [stdout] e593766d20ee8d00e5b7bf8e90b1714794309b37eb475d2c30874a673e5712f7
[INFO] running `Command { std: "docker" "start" "e593766d20ee8d00e5b7bf8e90b1714794309b37eb475d2c30874a673e5712f7", kill_on_drop: false }`
[INFO] running `Command { std: "docker" "inspect" "e593766d20ee8d00e5b7bf8e90b1714794309b37eb475d2c30874a673e5712f7", kill_on_drop: false }`
[INFO] running `Command { std: "docker" "exec" "-e" "SOURCE_DIR=/opt/rustwide/workdir" "-e" "CARGO_HOME=/opt/rustwide/cargo-home" "-e" "RUSTUP_HOME=/opt/rustwide/rustup-home" "-e" "CARGO_TARGET_DIR=/opt/rustwide/target" "-w" "/opt/rustwide/workdir" "--user" "0:0" "e593766d20ee8d00e5b7bf8e90b1714794309b37eb475d2c30874a673e5712f7" "/opt/rustwide/cargo-home/bin/cargo" "+1.100.0-beta.1" "metadata" "--no-deps" "--format-version=1", kill_on_drop: false }`
[INFO] running `Command { std: "docker" "inspect" "e593766d20ee8d00e5b7bf8e90b1714794309b37eb475d2c30874a673e5712f7", kill_on_drop: false }`
[INFO] running `Command { std: "docker" "exec" "-e" "SOURCE_DIR=/opt/rustwide/workdir" "-e" "CARGO_HOME=/opt/rustwide/cargo-home" "-e" "RUSTUP_HOME=/opt/rustwide/rustup-home" "-e" "CARGO_TARGET_DIR=/opt/rustwide/target" "-e" "CARGO_INCREMENTAL=0" "-e" "RUST_BACKTRACE=full" "-e" "RUSTFLAGS=--cap-lints=warn" "-e" "RUSTDOCFLAGS=--cap-lints=warn" "-w" "/opt/rustwide/workdir" "--user" "0:0" "e593766d20ee8d00e5b7bf8e90b1714794309b37eb475d2c30874a673e5712f7" "/opt/rustwide/cargo-home/bin/cargo" "+1.100.0-beta.1" "build" "--frozen" "--message-format=json" "--release", kill_on_drop: false }`
[INFO] [stderr] warning: `package.homepage` is redundant with `package.repository`
[INFO] [stderr]   --> Cargo.toml:49:12
[INFO] [stderr]    |
[INFO] [stderr] 49 | homepage = "https://github.com/zenitheditor/zenith"
[INFO] [stderr]    |            ^^^^^^^^^^^^^^^^^^^^^^^^^^^^^^^^^^^^^^^^
[INFO] [stderr] ...
[INFO] [stderr] 55 | repository = "https://github.com/zenitheditor/zenith"
[INFO] [stderr]    |              ----------------------------------------
[INFO] [stderr]    |
[INFO] [stderr]    = note: `cargo::redundant_homepage` is set to `warn` by default
[INFO] [stderr] help: consider removing `package.homepage`
[INFO] [stderr] warning: `zenith-scene` (manifest) generated 1 warning
[INFO] [stderr]    Compiling proc-macro2 v1.0.106
[INFO] [stderr]    Compiling serde_core v1.0.228
[INFO] [stderr]    Compiling unicode-ident v1.0.24
[INFO] [stderr]    Compiling quote v1.0.46
[INFO] [stderr]    Compiling serde v1.0.228
[INFO] [stderr]    Compiling fst v0.4.7
[INFO] [stderr]    Compiling libm v0.2.16
[INFO] [stderr]    Compiling autocfg v1.5.1
[INFO] [stderr]    Compiling unicode-width v0.1.14
[INFO] [stderr]    Compiling cfg-if v1.0.4
[INFO] [stderr]    Compiling pocket-resources v0.3.2
[INFO] [stderr]    Compiling zmij v1.0.21
[INFO] [stderr]    Compiling winnow v0.7.15
[INFO] [stderr]    Compiling serde_json v1.0.150
[INFO] [stderr]    Compiling log v0.4.33
[INFO] [stderr]    Compiling unicode-bidi-mirroring v0.4.0
[INFO] [stderr]    Compiling unicode-properties v0.1.4
[INFO] [stderr]    Compiling oxidoc-highlight v0.1.1
[INFO] [stderr]    Compiling smallvec v1.15.2
[INFO] [stderr]    Compiling bitflags v2.13.0
[INFO] [stderr]    Compiling unicode-ccc v0.4.0
[INFO] [stderr]    Compiling unicode-script v0.5.8
[INFO] [stderr]    Compiling bytemuck v1.25.0
[INFO] [stderr]    Compiling miette v7.6.0
[INFO] [stderr]    Compiling itoa v1.0.18
[INFO] [stderr]    Compiling memchr v2.8.2
[INFO] [stderr]    Compiling num-traits v0.2.19
[INFO] [stderr]    Compiling syn v2.0.118
[INFO] [stderr]    Compiling core_maths v0.1.1
[INFO] [stderr]    Compiling zenith-geometry v0.0.14
[INFO] [stderr]    Compiling ttf-parser v0.25.1
[INFO] [stderr]    Compiling serde_derive v1.0.228
[INFO] [stderr]    Compiling rustybuzz v0.20.1
[INFO] [stderr]    Compiling bincode v1.3.3
[INFO] [stderr]    Compiling hyphenation_commons v0.8.4
[INFO] [stderr]    Compiling kdl v6.7.1
[INFO] [stderr]    Compiling hyphenation v0.8.4
[INFO] [stderr]    Compiling zenith-core v0.0.14
[INFO] [stderr]    Compiling zenith-layout v0.0.14
[INFO] [stderr]    Compiling zenith-scene v0.0.14 (/opt/rustwide/workdir)
[INFO] [stderr]     Finished `release` profile [optimized] target(s) in 52.61s
[INFO] running `Command { std: "docker" "inspect" "e593766d20ee8d00e5b7bf8e90b1714794309b37eb475d2c30874a673e5712f7", kill_on_drop: false }`
[INFO] running `Command { std: "docker" "exec" "-e" "SOURCE_DIR=/opt/rustwide/workdir" "-e" "CARGO_HOME=/opt/rustwide/cargo-home" "-e" "RUSTUP_HOME=/opt/rustwide/rustup-home" "-e" "CARGO_TARGET_DIR=/opt/rustwide/target" "-e" "CARGO_INCREMENTAL=0" "-e" "RUST_BACKTRACE=full" "-e" "RUSTFLAGS=--cap-lints=warn" "-e" "RUSTDOCFLAGS=--cap-lints=warn" "-w" "/opt/rustwide/workdir" "--user" "0:0" "e593766d20ee8d00e5b7bf8e90b1714794309b37eb475d2c30874a673e5712f7" "/opt/rustwide/cargo-home/bin/cargo" "+1.100.0-beta.1" "test" "--frozen" "--no-run" "--message-format=json" "--release", kill_on_drop: false }`
[INFO] [stderr] warning: `package.homepage` is redundant with `package.repository`
[INFO] [stderr]   --> Cargo.toml:49:12
[INFO] [stderr]    |
[INFO] [stderr] 49 | homepage = "https://github.com/zenitheditor/zenith"
[INFO] [stderr]    |            ^^^^^^^^^^^^^^^^^^^^^^^^^^^^^^^^^^^^^^^^
[INFO] [stderr] ...
[INFO] [stderr] 55 | repository = "https://github.com/zenitheditor/zenith"
[INFO] [stderr]    |              ----------------------------------------
[INFO] [stderr]    |
[INFO] [stderr]    = note: `cargo::redundant_homepage` is set to `warn` by default
[INFO] [stderr] help: consider removing `package.homepage`
[INFO] [stderr] warning: `zenith-scene` (manifest) generated 1 warning
[INFO] [stderr]    Compiling zenith-core v0.0.14
[INFO] [stderr]    Compiling zenith-layout v0.0.14
[INFO] [stderr]    Compiling zenith-scene v0.0.14 (/opt/rustwide/workdir)
[INFO] [stderr]     Finished `release` profile [optimized] target(s) in 1m 47s
[INFO] running `Command { std: "docker" "inspect" "e593766d20ee8d00e5b7bf8e90b1714794309b37eb475d2c30874a673e5712f7", kill_on_drop: false }`
[INFO] running `Command { std: "docker" "exec" "-e" "SOURCE_DIR=/opt/rustwide/workdir" "-e" "CARGO_HOME=/opt/rustwide/cargo-home" "-e" "RUSTUP_HOME=/opt/rustwide/rustup-home" "-e" "CARGO_TARGET_DIR=/opt/rustwide/target" "-e" "CARGO_INCREMENTAL=0" "-e" "RUST_BACKTRACE=full" "-e" "RUSTFLAGS=--cap-lints=warn" "-e" "RUSTDOCFLAGS=--cap-lints=warn" "-w" "/opt/rustwide/workdir" "--user" "0:0" "e593766d20ee8d00e5b7bf8e90b1714794309b37eb475d2c30874a673e5712f7" "/opt/rustwide/cargo-home/bin/cargo" "+1.100.0-beta.1" "test" "--frozen" "--release", kill_on_drop: false }`
[INFO] [stderr] warning: `package.homepage` is redundant with `package.repository`
[INFO] [stderr]   --> Cargo.toml:49:12
[INFO] [stderr]    |
[INFO] [stderr] 49 | homepage = "https://github.com/zenitheditor/zenith"
[INFO] [stderr]    |            ^^^^^^^^^^^^^^^^^^^^^^^^^^^^^^^^^^^^^^^^
[INFO] [stderr] ...
[INFO] [stderr] 55 | repository = "https://github.com/zenitheditor/zenith"
[INFO] [stderr]    |              ----------------------------------------
[INFO] [stderr]    |
[INFO] [stderr]    = note: `cargo::redundant_homepage` is set to `warn` by default
[INFO] [stderr] help: consider removing `package.homepage`
[INFO] [stderr] warning: `zenith-scene` (manifest) generated 1 warning
[INFO] [stderr]     Finished `release` profile [optimized] target(s) in 0.13s
[INFO] [stderr]      Running unittests src/lib.rs (/opt/rustwide/target/release/build/zenith-scene/caf014a6b22d881a/out/zenith_scene-caf014a6b22d881a)
[INFO] [stdout] 
[INFO] [stdout] running 299 tests
[INFO] [stdout] test color::tests::parse_color_handles_cmyk ... ok
[INFO] [stdout] test color::tests::rejects_missing_hash ... ok
[INFO] [stdout] test compile::backdrop::tests::half_opacity_blends_over_the_parent ... ok
[INFO] [stdout] test compile::boxes::affine::tests::inverse_undoes_the_map ... ok
[INFO] [stdout] test compile::backdrop::tests::unresolved_token_keeps_the_parent ... ok
[INFO] [stdout] test compile::boxes::affine::tests::rotation_about_a_center_keeps_the_center ... ok
[INFO] [stdout] test compile::boxes::affine::tests::then_applies_local_first ... ok
[INFO] [stdout] test compile::boxes::bounds::tests::map_box_of_a_quarter_turn_swaps_the_extent ... ok
[INFO] [stdout] test color::tests::parses_rrggbbaa ... ok
[INFO] [stdout] test color::tests::parses_uppercase_rrggbb ... ok
[INFO] [stdout] test color::tests::rejects_too_long ... ok
[INFO] [stdout] test compile::boxes::clip::tests::sharp_axis_aligned_clips_fold_into_one_rectangle ... ok
[INFO] [stdout] test color::tests::rejects_too_short ... ok
[INFO] [stdout] test compile::backdrop::tests::literal_fill_replaces_the_parent ... ok
[INFO] [stdout] test compile::boxes::hit::tests::a_zero_width_box_is_hit_only_on_its_edge ... ok
[INFO] [stdout] test compile::boxes::hit::tests::later_paint_wins_and_hidden_and_clipped_boxes_miss ... ok
[INFO] [stdout] test color::tests::parse_color_handles_hex ... ok
[INFO] [stdout] test compile::boxes::clip::tests::rotated_and_rounded_clips_stay_exact_and_pops_close_them ... ok
[INFO] [stdout] test color::tests::rejects_empty ... ok
[INFO] [stdout] test compile::boxes::region::tests::clipping_keeps_the_common_part ... ok
[INFO] [stdout] test compile::boxes::hit::tests::slop_reaches_thin_boxes_only ... ok
[INFO] [stdout] test compile::boxes::region::tests::segments_count_by_distance ... ok
[INFO] [stdout] test compile::backdrop::tests::no_fill_keeps_the_parent ... ok
[INFO] [stdout] test compile::boxes::shape::tests::aligned_strokes_paint_one_side_of_the_outline ... ok
[INFO] [stdout] test color::tests::parse_color_rejects_malformed_cmyk ... ok
[INFO] [stdout] test compile::boxes::shape::tests::curves_flatten_and_glyphs_fall_back_to_the_box ... ok
[INFO] [stdout] test compile::boxes::track::tests::scratch_cursors_close_with_their_frame ... ok
[INFO] [stdout] test compile::boxes::shape::tests::nearest_stroke_measures_from_the_band_edge ... ok
[INFO] [stdout] test compile::boxes::region::tests::overlap_and_containment_in_either_winding ... ok
[INFO] [stdout] test compile::chain::distribute::widow_orphan_tests::orphan_single_first_line_pulled_down ... ok
[INFO] [stdout] test color::tests::hex_color_has_no_cmyk_tag ... ok
[INFO] [stdout] test compile::chain::distribute::widow_orphan_tests::satisfied_both_sides_unchanged ... ok
[INFO] [stdout] test compile::boxes::clip::tests::rounded_corners_cut_the_corner_points ... ok
[INFO] [stdout] test compile::boxes::hit::tests::nearest_point_of_a_box ... ok
[INFO] [stdout] test compile::boxes::hit::tests::slop_follows_rotation_and_clips ... ok
[INFO] [stdout] test color::tests::parses_lowercase_rrggbb ... ok
[INFO] [stdout] test compile::chain::distribute::widow_orphan_tests::widow_single_last_line_pulled_down ... ok
[INFO] [stdout] test compile::boxes::shape::tests::stroke_band_scales_with_its_transform ... ok
[INFO] [stdout] test compile::chart::bar::tests::bar_mode_from_opt_grouped_variants ... ok
[INFO] [stdout] test compile::chart::bar::tests::bar_mode_from_opt_stacked ... ok
[INFO] [stdout] test compile::chart::bar::tests::bar_rects_empty_series_returns_empty ... ok
[INFO] [stdout] test compile::chart::bar::tests::bar_rects_single_series_grouped_geometry ... ok
[INFO] [stdout] test compile::chart::bar::tests::bar_rects_stacked_same_x_stacked_heights ... ok
[INFO] [stdout] test compile::chart::axis::tests::format_integer ... ok
[INFO] [stdout] test compile::chart::bar::tests::bar_rects_grouped_two_series_no_overlap ... ok
[INFO] [stdout] test compile::chart::bar::tests::bar_rects_zero_categories_returns_empty ... ok
[INFO] [stdout] test compile::chart::axis::tests::format_non_integer ... ok
[INFO] [stdout] test compile::chart::axis::tests::format_trailing_zero_trimmed ... ok
[INFO] [stdout] test compile::chain::distribute::widow_orphan_tests::degenerate_would_empty_box_left_as_is ... ok
[INFO] [stdout] test compile::chain::distribute::widow_orphan_tests::no_straddle_keeps_take ... ok
[INFO] [stdout] test compile::chart::hbar::tests::hbar_rects_baseline_at_zero_pixel ... ok
[INFO] [stdout] test compile::boxes::bounds::tests::stroke_growth_scales_with_the_enclosing_transform ... ok
[INFO] [stdout] test compile::chart::hbar::tests::hbar_rects_stacked_same_y_abutting_widths ... ok
[INFO] [stdout] test compile::chart::frame::tests::plot_translates_origin ... ok
[INFO] [stdout] test compile::chart::frame::tests::margins_double_with_the_base ... ok
[INFO] [stdout] test compile::chart::hbar::tests::hbar_rects_zero_categories_returns_empty ... ok
[INFO] [stdout] test compile::chart::hbar::tests::hbar_rects_grouped_two_series_no_vertical_overlap ... ok
[INFO] [stdout] test compile::chart::frame::tests::plot_clamps_negative ... ok
[INFO] [stdout] test compile::chart::hbar::tests::hbar_rects_empty_series_returns_empty ... ok
[INFO] [stdout] test compile::boxes::glyphs::tests::groups_by_source_and_applies_transforms ... ok
[INFO] [stdout] test compile::chart::bar::tests::value_label_mode_resolve ... ok
[INFO] [stdout] test compile::chart::hbar::tests::hbar_rects_single_series_grouped_geometry ... ok
[INFO] [stdout] test compile::chart::frame::tests::content_cuts_title_and_caption_bands ... ok
[INFO] [stdout] test compile::chart::frame::tests::plot_reserves_scaled_margins ... ok
[INFO] [stdout] test compile::chart::legend::tests::align_from_opt_known ... ok
[INFO] [stdout] test compile::chart::legend::tests::layout_from_opt_default ... ok
[INFO] [stdout] test compile::chart::legend::tests::layout_from_opt_known ... ok
[INFO] [stdout] test compile::chart::legend::tests::width_from_advance_nonzero ... ok
[INFO] [stdout] test compile::chart::legend::tests::align_from_opt_default ... ok
[INFO] [stdout] test compile::chart::legend::tests::align_x_clamps_to_left_edge ... ok
[INFO] [stdout] test compile::chart::legend::tests::position_from_opt_known ... ok
[INFO] [stdout] test compile::chart::legend::tests::align_x_end ... ok
[INFO] [stdout] test compile::chart::legend::tests::width_from_advance_zero ... ok
[INFO] [stdout] test compile::chart::legend::tests::align_x_start ... ok
[INFO] [stdout] test compile::chart::legend::tests::metrics_scale_with_the_base ... ok
[INFO] [stdout] test compile::chart::legend::tests::align_x_center ... ok
[INFO] [stdout] test compile::chart::line::tests::emit_area_fill_one_point_no_command ... ok
[INFO] [stdout] test compile::chart::legend::tests::position_from_opt_default ... ok
[INFO] [stdout] test compile::chart::legend::tests::wrapped_row_count_wraps ... ok
[INFO] [stdout] test compile::chart::legend::tests::wrapped_row_count_empty ... ok
[INFO] [stdout] test compile::chart::legend::tests::wrapped_row_count_single_row ... ok
[INFO] [stdout] test compile::chart::line::tests::emit_line_series_one_point_no_command ... ok
[INFO] [stdout] test compile::chart::line::tests::emit_line_series_three_points_six_coords ... ok
[INFO] [stdout] test compile::chart::line::tests::line_points_empty_values_returns_empty ... ok
[INFO] [stdout] test compile::chart::line::tests::emit_area_fill_three_points_polygon_coord_count ... ok
[INFO] [stdout] test compile::chart::line::tests::line_points_single_value_centered ... ok
[INFO] [stdout] test compile::chart::line::tests::line_points_larger_value_smaller_y ... ok
[INFO] [stdout] test compile::chart::look::tests::default_ink_is_black_or_white_without_tokens ... ok
[INFO] [stdout] test compile::chart::look::tests::default_ink_prefers_the_best_content_token ... ok
[INFO] [stdout] test compile::chart::pie::tests::slice_angles_all_zero_returns_empty ... ok
[INFO] [stdout] test compile::chart::look::tests::on_fill_ink_contrasts_with_the_fill ... ok
[INFO] [stdout] test compile::chart::legend::tests::position_is_side ... ok
[INFO] [stdout] test compile::chart::look::tests::default_base_scales_with_the_shorter_side ... ok
[INFO] [stdout] test compile::chart::line::tests::line_points_slot_center_within_bands ... ok
[INFO] [stdout] test compile::chart::pie::tests::wedge_polygon_donut_two_rings ... ok
[INFO] [stdout] test compile::chart::line::tests::line_points_zero_height_returns_empty ... ok
[INFO] [stdout] test compile::chart::role::tests::non_chart_sources_do_not_parse ... ok
[INFO] [stdout] test compile::chart::line::tests::line_points_zero_width_returns_empty ... ok
[INFO] [stdout] test compile::chart::role::tests::role_sizes_follow_the_base ... ok
[INFO] [stdout] test compile::chart::pie::tests::slice_angles_empty_returns_empty ... ok
[INFO] [stdout] test compile::chart::scale::tests::data_range_axis_max_override ... ok
[INFO] [stdout] test compile::chart::scale::tests::data_range_axis_min_override ... ok
[INFO] [stdout] test compile::chart::scale::tests::data_range_empty_series ... ok
[INFO] [stdout] test compile::chart::scale::tests::data_range_min_max_across_series ... ok
[INFO] [stdout] test compile::chart::pie::tests::slice_angles_equal_values_four_slices ... ok
[INFO] [stdout] test compile::chart::pie::tests::slice_angles_negative_only_returns_empty ... ok
[INFO] [stdout] test compile::chart::scale::tests::map_degenerate_zero_range ... ok
[INFO] [stdout] test compile::chart::pie::tests::wedge_polygon_pie_center_first ... ok
[INFO] [stdout] test compile::chart::scale::tests::map_extremes ... ok
[INFO] [stdout] test compile::chart::pie::tests::wedge_polygon_pie_outer_points_on_radius ... ok
[INFO] [stdout] test compile::chart::scale::tests::map_inverted_y_axis ... ok
[INFO] [stdout] test compile::chart::role::tests::source_ids_round_trip ... ok
[INFO] [stdout] test compile::chart::scale::tests::map_clamping ... ok
[INFO] [stdout] test compile::chart::scale::tests::data_range_all_non_finite_no_override ... ok
[INFO] [stdout] test compile::chart::scale::tests::data_range_both_overrides ... ok
[INFO] [stdout] test compile::chart::line::tests::line_points_three_values_edge_to_edge ... ok
[INFO] [stdout] test compile::chart::pie::tests::slice_angles_skips_zero_value_neighbors_correct ... ok
[INFO] [stdout] test compile::chart::pie::tests::wedge_polygon_donut_no_center ... ok
[INFO] [stdout] test compile::field::folio::tests::format_folio_decimal_default ... ok
[INFO] [stdout] test compile::field::folio::tests::format_folio_unknown_style_falls_back_to_decimal ... ok
[INFO] [stdout] test compile::chart::scale::tests::map_midpoint ... ok
[INFO] [stdout] test compile::chart::scale::tests::nice_ticks_degenerate_target_zero ... ok
[INFO] [stdout] test compile::field::folio::tests::to_roman_zero_returns_decimal_zero ... ok
[INFO] [stdout] test compile::chart::scale::tests::nice_ticks_deterministic ... ok
[INFO] [stdout] test compile::chart::scale::tests::nice_ticks_zero_to_hundred_target_five ... ok
[INFO] [stdout] test compile::chart::scale::tests::pow10_floor_between_powers ... ok
[INFO] [stdout] test compile::chart::scale::tests::pow10_floor_fractional ... ok
[INFO] [stdout] test compile::chart::scale::tests::nice_ticks_degenerate_non_finite ... ok
[INFO] [stdout] test compile::field::projection::live_area::tests::live_area_recto_uses_inner_margin ... ok
[INFO] [stdout] test compile::field::folio::tests::to_roman_upper_case ... ok
[INFO] [stdout] test compile::field::folio::tests::format_folio_upper_roman ... ok
[INFO] [stdout] test compile::field::projection::live_area::tests::live_area_page_inner_overrides_doc_default ... ok
[INFO] [stdout] test compile::field::projection::live_area::tests::live_area_cascades_doc_margins_to_bare_page ... ok
[INFO] [stdout] test compile::field::projection::live_area::tests::live_area_rtl_recto_mirrors_to_outer_margin ... ok
[INFO] [stdout] test compile::field::projection::live_area::tests::live_area_requires_all_four_margins ... ok
[INFO] [stdout] test compile::field::projection::live_area::tests::live_area_rtl_unmirrored_keeps_inner ... ok
[INFO] [stdout] test compile::chart::scale::tests::nice_ticks_degenerate_zero_range ... ok
[INFO] [stdout] test compile::field::projection::live_area::tests::live_area_rtl_verso_uses_inner_margin ... ok
[INFO] [stdout] test compile::chart::scale::tests::pow10_floor_exact_powers ... ok
[INFO] [stdout] test compile::field::resolve::tests::page_count_field_resolves_to_total_page_count ... ok
[INFO] [stdout] test compile::field::resolve::tests::section_name_empty_returns_none ... ok
[INFO] [stdout] test compile::field::folio::tests::format_folio_lower_roman ... ok
[INFO] [stdout] test compile::field::resolve::tests::section_name_returns_name ... ok
[INFO] [stdout] test compile::field::resolve::tests::page_number_upper_roman_on_page_4 ... ok
[INFO] [stdout] test compile::field::projection::live_area::tests::live_area_verso_mirrors_to_outer_margin ... ok
[INFO] [stdout] test compile::field::resolve::tests::section_page_count_no_section_returns_none ... ok
[INFO] [stdout] test compile::field::resolve::tests::page_number_lower_roman_on_page_3 ... ok
[INFO] [stdout] test compile::field::resolve::tests::page_number_no_folio_style_is_decimal ... ok
[INFO] [stdout] test compile::field::projection::live_area::tests::live_area_unmirrored_verso_keeps_inner ... ok
[INFO] [stdout] test compile::field::resolve::tests::section_page_number_field_folio_style_overrides_section ... ok
[INFO] [stdout] test compile::field::resolve::tests::page_number_unknown_folio_style_falls_back_to_decimal ... ok
[INFO] [stdout] test compile::field::resolve::tests::section_name_no_section_returns_none ... ok
[INFO] [stdout] test compile::field::resolve::tests::section_page_count_returns_section_count ... ok
[INFO] [stdout] test compile::field::resolve::tests::suppress_first_hides_numeric_field_on_page_1 ... ok
[INFO] [stdout] test compile::field::section::tests::build_section_assignments_unknown_start_page_is_skipped ... ok
[INFO] [stdout] test compile::field::section::tests::build_section_assignments_two_sections_five_pages ... ok
[INFO] [stdout] test compile::field::resolve::tests::section_page_number_no_section_returns_none ... ok
[INFO] [stdout] test compile::font_ns::tests::resolve_falls_back_to_undeclared_plain_family ... ok
[INFO] [stdout] test compile::font_ns::tests::resolve_orders_first_family_before_second ... ok
[INFO] [stdout] test compile::font_ns::tests::resolve_prefers_namespaced_face_then_plain_fallback ... ok
[INFO] [stdout] test compile::field::section::tests::build_section_assignments_page_before_first_section_is_none ... ok
[INFO] [stdout] test compile::field::resolve::tests::suppress_first_does_not_suppress_running_head_on_page_1 ... ok
[INFO] [stdout] test compile::leaf::connector::route::tests::loop_side_parses_edges_and_defaults_to_top ... ok
[INFO] [stdout] test compile::field::resolve::tests::suppress_first_hides_section_page_number_on_page_1 ... ok
[INFO] [stdout] test compile::leaf::connector::route::tests::self_loop_is_deterministic ... ok
[INFO] [stdout] test compile::field::resolve::tests::section_page_number_front_matter_second_page_lower_roman ... ok
[INFO] [stdout] test compile::field::resolve::tests::suppress_first_allows_numeric_field_on_page_2 ... ok
[INFO] [stdout] test compile::leaf::routing::tests::deterministic_identical_calls ... ok
[INFO] [stdout] test compile::leaf::connector::route::tests::self_loop_right_bulges_past_the_right_edge ... ok
[INFO] [stdout] test compile::leaf::routing::tests::fully_enclosed_start_returns_none ... ok
[INFO] [stdout] test compile::footnote::tests::two_footnotes_auto_number_one_and_two ... ok
[INFO] [stdout] test compile::line_jumps::tests::active_transform_classifies_depth ... ok
[INFO] [stdout] test compile::line_jumps::tests::arc_depth_one_connector_participates ... ok
[INFO] [stdout] test compile::line_jumps::tests::depth_two_connector_excluded ... ok
[INFO] [stdout] test compile::leaf::routing::tests::no_obstacles_returns_clean_path ... ok
[INFO] [stdout] test compile::leaf::routing::tests::obstacle_between_endpoints_is_avoided ... ok
[INFO] [stdout] test compile::leaf::connector::route::tests::self_loop_top_bulges_above_the_box ... ok
[INFO] [stdout] test compile::line_jumps::tests::gap_horizontal_splits ... ok
[INFO] [stdout] test compile::field::resolve::tests::section_page_number_first_body_page_is_1 ... ok
[INFO] [stdout] test compile::line_jumps::tests::determinism_arc ... ok
[INFO] [stdout] test compile::line_jumps::tests::arc_horizontal_hops_over_vertical ... ok
[INFO] [stdout] test compile::line_jumps::tests::arc_depth_zero_byte_identical_known_values ... ok
[INFO] [stdout] test compile::line_jumps::tests::no_crossing_no_change ... ok
[INFO] [stdout] test compile::line_jumps::tests::none_mode_no_op ... ok
[INFO] [stdout] test compile::line_jumps::tests::rotate_pt_inverse_round_trips ... ok
[INFO] [stdout] test compile::line_jumps::tests::record_includes_bracketed ... ok
[INFO] [stdout] test compile::line_jumps::tests::touching_endpoint_no_hop ... ok
[INFO] [stdout] test compile::lint::arrange::tests::id_list_caps_the_names ... ok
[INFO] [stdout] test compile::line_jumps::tests::record_plain_connector ... ok
[INFO] [stdout] test compile::lint::connector::tests::a_route_grazing_the_edge_misses_the_inset_box ... ok
[INFO] [stdout] test compile::lint::arrange::tests::num_trims_trailing_zeros ... ok
[INFO] [stdout] test compile::lint::blocks::tests::text_pairs_and_flow_pairs_stay_silent ... ok
[INFO] [stdout] test compile::lint::blocks::tests::thresholds_split_partial_from_contained ... ok
[INFO] [stdout] test compile::lint::geom::tests::rect_coverage_is_exact_and_clipped ... ok
[INFO] [stdout] test compile::lint::chart_overflow::tests::spill_ignores_the_tolerance ... ok
[INFO] [stdout] test compile::lint::connector::tests::clip_keeps_the_inside_part ... ok
[INFO] [stdout] test compile::lint::geom::tests::curved_outlines_leave_corners_uncovered ... ok
[INFO] [stdout] test compile::lint::geom::tests::intersect_needs_positive_area ... ok
[INFO] [stdout] test compile::lint::spacing::tests::three_nodes_have_no_sole_outlier ... ok
[INFO] [stdout] test compile::lint::spacing::tests::an_inner_node_is_the_sole_outlier ... ok
[INFO] [stdout] test compile::lint::spacing::tests::worst_names_the_node_after_the_widest_deviation ... ok
[INFO] [stdout] test compile::lint::spacing::tests::the_sweep_keeps_every_lined_up_pair ... ok
[INFO] [stdout] test compile::session::compile::tests::local_compile_omits_document_diagnostics_and_keeps_the_scene ... ok
[INFO] [stdout] test compile::text::baseline::baseline_grid_unit_tests::effective_advance_is_smallest_multiple_ge_line_height ... ok
[INFO] [stdout] test compile::lint::spacing::tests::the_last_node_is_the_sole_outlier ... ok
[INFO] [stdout] test compile::text::emit::rtl_tests::rtl_center_is_symmetric ... ok
[INFO] [stdout] test compile::text::emit::rtl_tests::ltr_start_is_byte_identical_left_anchored ... ok
[INFO] [stdout] test compile::text::emit::rtl_tests::rtl_end_left_anchors ... ok
[INFO] [stdout] test compile::text::emit::rtl_tests::rtl_start_first_word_at_right_descending_leftward ... ok
[INFO] [stdout] test compile::text::baseline::baseline_grid_unit_tests::snaps_first_baseline_down_to_next_grid_line ... ok
[INFO] [stdout] test compile::text::emit::line_style_tests::some_line_uses_override_ascent ... ok
[INFO] [stdout] test compile::lint::geom::tests::x_overlap_pairs_are_exactly_the_intersections ... ok
[INFO] [stdout] test compile::text::hyphen::break_word_tests::ordinary_word_wraps_whole_not_broken_into_remaining_space ... ok
[INFO] [stdout] test compile::text::hyphen::break_word_tests::respects_multibyte_char_boundaries ... ok
[INFO] [stdout] test compile::text::hyphen::break_word_tests::returns_none_when_no_char_fits ... ok
[INFO] [stdout] test compile::text::baseline::baseline_grid_unit_tests::natural_baseline_355_snaps_to_364 ... ok
[INFO] [stdout] test compile::text::baseline::baseline_grid_unit_tests::snap_failed_diag_names_node_and_pitch ... ok
[INFO] [stdout] test compile::text::emit::line_style_tests::none_line_uses_global_ascent ... ok
[INFO] [stdout] test compile::text::hyphen::break_word_tests::single_char_token_is_not_split ... ok
[INFO] [stdout] test compile::text::ink::tests::ink_above_reports_the_rise ... ok
[INFO] [stdout] test compile::text::ink::tests::ink_below_names_the_height_that_holds_it ... ok
[INFO] [stdout] test compile::text::ink::tests::ink_inside_the_box_fits ... ok
[INFO] [stdout] test compile::text::overflow_mode::tests::absent_and_unknown_read_as_clip ... ok
[INFO] [stdout] test compile::text::pack::packer_tests::pack_uniform_byte_identical_after_refactor ... ok
[INFO] [stdout] test compile::text::pack::packer_tests::runaround_all_blocked_respects_max_lines ... ok
[INFO] [stdout] test compile::text::ink::tests::fill_rects_count_as_ink ... ok
[INFO] [stdout] test compile::text::hyphen::break_word_tests::splits_and_reconstructs_original_text ... ok
[INFO] [stdout] test compile::text::pack::packer_tests::runaround_blocked_band_emits_empty_line ... ok
[INFO] [stdout] test compile::text::pack::packer_tests::uniform_height_px_cumulative_equals_index_times_line_height ... ok
[INFO] [stdout] test compile::lint::align::tests::the_sorted_search_matches_the_reference_exactly ... ok
[INFO] [stdout] test compile::text::pack::packer_tests::runaround_narrow_band_breaks_more ... ok
[INFO] [stdout] test compile::text::overflow_mode::tests::no_clip_leaves_stream_untouched ... ok
[INFO] [stdout] test compile::text::overflow_report::tests::block_tail_below_and_above ... ok
[INFO] [stdout] test compile::text::overflow_mode::tests::clip_bracket_wraps_only_new_commands ... ok
[INFO] [stdout] test color::tests::rejects_invalid_hex ... ok
[INFO] [stdout] test compile::text::overflow_report::tests::modes_word_the_message ... ok
[INFO] [stdout] test compile::text::overflow_mode::tests::fmt_px_keeps_one_decimal_for_fractions ... ok
[INFO] [stdout] test compile::text::text_node::overflow::tests::measure_uses_ink_not_line_boxes ... ok
[INFO] [stdout] test compile::text::shape::tests::missing_default_mono_falls_back_to_sans_with_a_notice ... ok
[INFO] [stdout] test compile::text::shape::tests::present_default_family_keeps_the_fast_path ... ok
[INFO] [stdout] test compile::text::shape::tests::empty_provider_keeps_the_requested_default ... ok
[INFO] [stdout] test compile::text::shape::tests::font_alternates_lower_to_layout_features ... ok
[INFO] [stdout] test compile::text::text_node::overflow::tests::visible_is_silent ... ok
[INFO] [stdout] test compile::text::shape::tests::invalid_font_alternates_emit_font_feature_warning ... ok
[INFO] [stdout] test compile::text::text_node::overflow::tests::rise_above_the_top_suggests_visible ... ok
[INFO] [stdout] test compile::text::wrap::tests::hanging_indent_first_line_outdented ... ok
[INFO] [stdout] test compile::toc::tests::toc_custom_leader_glyph ... ok
[INFO] [stdout] test compile::text::wrap::tests::indent_none_is_byte_identical ... ok
[INFO] [stdout] test compile::toc::tests::toc_no_matching_headings_returns_none ... ok
[INFO] [stdout] test compile::text::text_node::overflow::tests::fit_and_autofit_messages ... ok
[INFO] [stdout] test compile::toc::tests::toc_three_headings_across_three_pages ... ok
[INFO] [stdout] test compile::text::shape::tests::span_font_alternates_inherit_node_features ... ok
[INFO] [stdout] test compile::util::tests::blend_mode_ir_keeps_normal_and_unknown_layer_free ... ok
[INFO] [stdout] test compile::util::tests::blend_mode_ir_maps_nonseparable_modes ... ok
[INFO] [stdout] test construction_overlay::tests::appends_segment_and_circle_overlay_commands ... ok
[INFO] [stdout] test ir::scene::tests::cmyk_color_carries_channels_and_serializes ... ok
[INFO] [stdout] test ir::scene::tests::glyph_run_source_node_id_does_not_serialize ... ok
[INFO] [stdout] test ir::scene::tests::path_segments_bbox_rejects_non_finite_coordinates ... ok
[INFO] [stdout] test compile::text::text_node::fit::tests::below_px_is_strictly_smaller ... ok
[INFO] [stdout] test compile::text::wrap::tests::padding_left_indents_all_lines ... ok
[INFO] [stdout] test compile::text::text_node::overflow::tests::clip_message_names_fitting_height_and_size ... ok
[INFO] [stdout] test ir::scene::tests::path_segments_bbox_uses_cubic_extrema ... ok
[INFO] [stdout] test compile::text::text_node::overflow::tests::measure_requires_a_complete_box ... ok
[INFO] [stdout] test ir::scene::tests::fill_rect_serializes_op_tag ... ok
[INFO] [stdout] test compile::toc::tests::toc_visible_false_returns_none ... ok
[INFO] [stdout] test ir::scene::tests::scene_new_sets_schema ... ok
[INFO] [stdout] test ir::scene::tests::nonseparable_blend_mode_serializes_kebab_case ... ok
[INFO] [stdout] test compile::toc::tests::toc_no_selector_returns_none ... ok
[INFO] [stdout] test ir::scene::tests::to_json_schema_is_first_key ... ok
[INFO] [stdout] test layout::flex::tests::justify_matrix ... ok
[INFO] [stdout] test layout::flex::tests::lines_break_greedily ... ok
[INFO] [stdout] test layout::flex::tests::fill_freezes_max_violators_and_redistributes ... ok
[INFO] [stdout] test layout::flex::tests::fill_splits_equally ... ok
[INFO] [stdout] test layout::flex::tests::negative_free_space_clamps_to_zero ... ok
[INFO] [stdout] test layout::model::tests::margin_side_beats_axis_beats_all ... ok
[INFO] [stdout] test layout::flex::tests::min_wins_over_max ... ok
[INFO] [stdout] test layout::flex::tests::align_matrix ... ok
[INFO] [stdout] test layout::model::tests::negative_margin_counts_as_zero ... ok
[INFO] [stdout] test layout::stack::tests::align_stretch_does_not_offset ... ok
[INFO] [stdout] test layout::model::tests::no_margin_is_zero ... ok
[INFO] [stdout] test layout::flex::tests::fill_freezes_min_violators ... ok
[INFO] [stdout] test layout::stack::tests::lines_without_wrap_hold_every_item ... ok
[INFO] [stdout] test layout::model::tests::plus_keeps_the_value_for_zero ... ok
[INFO] [stdout] test text_outline::tests::ignores_non_visible_stroke_data ... ok
[INFO] [stdout] test layout::stack::tests::single_line_takes_fixed_cross ... ok
[INFO] [stdout] test ir::scene::tests::srgb_color_omits_cmyk_in_json ... ok
[INFO] [stdout] test ir::scene::tests::to_json_deterministic ... ok
[INFO] [stdout] test text_outline::tests::materializes_glyph_run_as_compound_path_node ... ok
[INFO] [stdout] test text_outline::tests::preserves_resolved_stroke_paint_and_width ... ok
[INFO] [stdout] test text_outline::tests::whitespace_run_returns_none ... ok
[INFO] [stdout] test text_outline::tests::preserves_cmyk_color_literals ... ok
[INFO] [stdout] test text_outline::tests::outlines_only_commands_for_requested_source_node ... ok
[INFO] [stdout] test compile::chart::scale::tests::data_range_skips_non_finite ... ok
[INFO] [stdout] test compile::field::folio::tests::to_roman_table ... ok
[INFO] [stdout] test compile::text::emit::line_style_tests::two_lines_mixed_style_correct_baselines ... ok
[INFO] [stdout] test compile::text::wrap::tests::positive_text_indent_indents_first_line_only ... ok
[INFO] [stdout] test compile::toc::tests::toc_lower_roman_folio_style ... ok
[INFO] [stdout] test compile::lint::align::tests::work_stays_near_linear_in_the_sibling_count ... ok
[INFO] [stdout] test compile::boxes::track::tests::tracks_match_the_reference_fold ... ok
[INFO] [stdout] 
[INFO] [stdout] test result: ok. 299 passed; 0 failed; 0 ignored; 0 measured; 0 filtered out; finished in 0.52s
[INFO] [stdout] 
[INFO] [stderr]      Running tests/anchor.rs (/opt/rustwide/target/release/build/zenith-scene/70e4b7b2ae459dba/out/anchor-70e4b7b2ae459dba)
[INFO] [stdout] 
[INFO] [stdout] running 23 tests
[INFO] [stdout] test anchor_parent_unresolvable_at_page_root ... ok
[INFO] [stdout] test anchor_parent_without_anchor_warns ... ok
[INFO] [stdout] test anchor_parent_group_without_box_unresolvable ... ok
[INFO] [stdout] test anchor_unknown_value_error ... ok
[INFO] [stdout] test anchor_parent_absent_page_relative_unchanged ... ok
[INFO] [stdout] test anchor_bottom_right_rect ... ok
[INFO] [stdout] test anchor_zone_bottom_right ... ok
[INFO] [stdout] test anchor_explicit_x_wins ... ok
[INFO] [stdout] test anchor_parent_explicit_x_wins ... ok
[INFO] [stdout] test anchor_zone_center ... ok
[INFO] [stdout] test anchor_recognized_suppresses_missing_geometry ... ok
[INFO] [stdout] test anchor_parent_frame_bottom_right ... ok
[INFO] [stdout] test anchor_zone_precedence_over_parent ... ok
[INFO] [stdout] test anchor_explicit_y_wins ... ok
[INFO] [stdout] test anchor_zone_unresolved ... ok
[INFO] [stdout] test anchor_center_rect ... ok
[INFO] [stdout] test anchor_parent_frame_center ... ok
[INFO] [stdout] test anchor_parent_group_center ... ok
[INFO] [stdout] test anchor_no_zone_regression ... ok
[INFO] [stdout] test all_nine_anchors_geometry ... ok
[INFO] [stdout] test anchor_parent_frame_all_nine ... ok
[INFO] [stdout] test anchor_zone_without_anchor ... ok
[INFO] [stdout] test no_anchor_byte_identical ... ok
[INFO] [stdout] 
[INFO] [stdout] test result: ok. 23 passed; 0 failed; 0 ignored; 0 measured; 0 filtered out; finished in 0.05s
[INFO] [stdout] 
[INFO] [stderr]      Running tests/anchor_sibling.rs (/opt/rustwide/target/release/build/zenith-scene/03bf6fbd7e462578/out/anchor_sibling-03bf6fbd7e462578)
[INFO] [stdout] 
[INFO] [stdout] running 12 tests
[INFO] [stdout] test anchor_sibling_inside_group ... ok
[INFO] [stdout] test anchor_zone_beats_sibling ... ok
[INFO] [stdout] test anchor_edge_below_cross_axis_center ... ok
[INFO] [stdout] test anchor_edge_after_cross_axis_bottom ... ok
[INFO] [stdout] test anchor_edge_after_gap_no_anchor ... ok
[INFO] [stdout] test anchor_edge_explicit_xy_wins ... ok
[INFO] [stdout] test anchor_sibling_three_points ... ok
[INFO] [stdout] test anchor_edge_without_sibling_no_position ... ok
[INFO] [stdout] test anchor_edge_above_gap_no_anchor ... ok
[INFO] [stdout] test anchor_sibling_chain_topo_order ... ok
[INFO] [stdout] test anchor_edge_before_gap_no_anchor ... ok
[INFO] [stdout] test anchor_edge_below_gap_no_anchor ... ok
[INFO] [stdout] 
[INFO] [stdout] test result: ok. 12 passed; 0 failed; 0 ignored; 0 measured; 0 filtered out; finished in 0.05s
[INFO] [stdout] 
[INFO] [stderr]      Running tests/autofit.rs (/opt/rustwide/target/release/build/zenith-scene/5406ec0d0c989e54/out/autofit-5406ec0d0c989e54)
[INFO] [stdout] 
[INFO] [stdout] running 4 tests
[INFO] [stdout] test autofit_that_fits_at_declared_size_keeps_it ... ok
[INFO] [stdout] test autofit_shrinks_long_title_to_fit ... ok
[INFO] [stdout] test non_autofit_is_byte_identical ... ok
[INFO] [stdout] test autofit_floor_still_overflows_emits_fit_failed ... ok
[INFO] [stdout] 
[INFO] [stdout] test result: ok. 4 passed; 0 failed; 0 ignored; 0 measured; 0 filtered out; finished in 0.03s
[INFO] [stdout] 
[INFO] [stderr]      Running tests/boxes_examples.rs (/opt/rustwide/target/release/build/zenith-scene/2dd1bc612420eccc/out/boxes_examples-2dd1bc612420eccc)
[INFO] [stdout] 
[INFO] [stdout] running 1 test
[INFO] [stdout] test one_pass_matches_compile_page_and_compiled_boxes_on_every_example ... FAILED
[INFO] [stdout] 
[INFO] [stdout] failures:
[INFO] [stdout] 
[INFO] [stdout] ---- one_pass_matches_compile_page_and_compiled_boxes_on_every_example stdout ----
[INFO] [stdout] 
[INFO] [stdout] thread 'one_pass_matches_compile_page_and_compiled_boxes_on_every_example' (4629) panicked at tests/boxes_examples.rs:13:10:
[INFO] [stdout] examples directory: Os { code: 2, kind: NotFound, message: "No such file or directory" }
[INFO] [stdout] stack backtrace:
[INFO] [stdout]    0:     0x57fa35ab8eb1 - <<std[617be2ca0a6fd877]::sys::backtrace::BacktraceLock>::print::DisplayBacktrace as core[a373ad73a504971]::fmt::Display>::fmt
[INFO] [stdout]    1:     0x57fa35ad0c5a - core[a373ad73a504971]::fmt::write
[INFO] [stdout]    2:     0x57fa35abd3bc - <alloc[2e1b2a31b91974c5]::vec::Vec<u8> as core[a373ad73a504971]::io::write::Write>::write_fmt
[INFO] [stdout]    3:     0x57fa35a94736 - std[617be2ca0a6fd877]::panicking::default_hook::{closure#0}
[INFO] [stdout]    4:     0x57fa35ab1029 - std[617be2ca0a6fd877]::panicking::default_hook
[INFO] [stdout]    5:     0x57fa3556b1c0 - test[aada8e7e76ba119b]::test_main_inner::{closure#0}
[INFO] [stdout]    6:     0x57fa35ab11e2 - std[617be2ca0a6fd877]::panicking::panic_with_hook
[INFO] [stdout]    7:     0x57fa35a947e2 - std[617be2ca0a6fd877]::panicking::panic_handler::{closure#0}
[INFO] [stdout]    8:     0x57fa35a8d2c9 - std[617be2ca0a6fd877]::sys::backtrace::__rust_end_short_backtrace::<std[617be2ca0a6fd877]::panicking::panic_handler::{closure#0}, !>
[INFO] [stdout]    9:     0x57fa35a953ed - __rustc[ea4f61d10b84890b]::rust_begin_unwind
[INFO] [stdout]   10:     0x57fa35ad13fc - core[a373ad73a504971]::panicking::panic_fmt
[INFO] [stdout]   11:     0x57fa35ad11d2 - core[a373ad73a504971]::result::unwrap_failed
[INFO] [stdout]   12:     0x57fa3555e1fd - <boxes_examples[b95712f8ce664397]::one_pass_matches_compile_page_and_compiled_boxes_on_every_example::{closure#0} as core[a373ad73a504971]::ops::function::FnOnce<()>>::call_once
[INFO] [stdout]   13:     0x57fa3555e60b - test[aada8e7e76ba119b]::__rust_begin_short_backtrace::<core[a373ad73a504971]::result::Result<(), alloc[2e1b2a31b91974c5]::string::String>, fn() -> core[a373ad73a504971]::result::Result<(), alloc[2e1b2a31b91974c5]::string::String>>
[INFO] [stdout]   14:     0x57fa3556b7e5 - test[aada8e7e76ba119b]::run_test::{closure#0}
[INFO] [stdout]   15:     0x57fa355650d4 - std[617be2ca0a6fd877]::sys::backtrace::__rust_begin_short_backtrace::<test[aada8e7e76ba119b]::run_test::{closure#1}, ()>
[INFO] [stdout]   16:     0x57fa3556e872 - <std[617be2ca0a6fd877]::thread::lifecycle::spawn_unchecked<test[aada8e7e76ba119b]::run_test::{closure#1}, ()>::{closure#1} as core[a373ad73a504971]::ops::function::FnOnce<()>>::call_once::{shim:vtable#0}
[INFO] [stdout]   17:     0x57fa35ab83ff - <std[617be2ca0a6fd877]::sys::thread::unix::Thread>::new::thread_start
[INFO] [stdout]   18:     0x72031698fdfa - <unknown>
[INFO] [stdout]   19:     0x720316a233d4 - clone
[INFO] [stdout]   20:                0x0 - <unknown>
[INFO] [stdout] 
[INFO] [stdout] 
[INFO] [stdout] failures:
[INFO] [stdout]     one_pass_matches_compile_page_and_compiled_boxes_on_every_example
[INFO] [stdout] 
[INFO] [stdout] test result: FAILED. 0 passed; 1 failed; 0 ignored; 0 measured; 0 filtered out; finished in 0.03s
[INFO] [stdout] 
[INFO] [stderr] error: test failed, to rerun pass `--test boxes_examples`
[INFO] running `Command { std: "docker" "inspect" "e593766d20ee8d00e5b7bf8e90b1714794309b37eb475d2c30874a673e5712f7", kill_on_drop: false }`
[INFO] running `Command { std: "docker" "rm" "-f" "e593766d20ee8d00e5b7bf8e90b1714794309b37eb475d2c30874a673e5712f7", kill_on_drop: false }`
[INFO] [stdout] e593766d20ee8d00e5b7bf8e90b1714794309b37eb475d2c30874a673e5712f7
