[INFO] fetching crate zenith-net 0.1.1...
[INFO] testing zenith-net-0.1.1 against 1.99.0-beta.8+cargoflags=--release for beta-release-1.100-2
[INFO] extracting crate zenith-net 0.1.1 into /workspace/builds/worker-4-tc1/source
[INFO] started tweaking crates.io crate zenith-net 0.1.1
[INFO] removed 0 missing tests
[INFO] finished tweaking crates.io crate zenith-net 0.1.1
[INFO] tweaked toml for crates.io crate zenith-net 0.1.1 written to /workspace/builds/worker-4-tc1/source/Cargo.toml
[INFO] validating manifest of crates.io crate zenith-net 0.1.1 on toolchain 1.99.0-beta.8
[INFO] running `Command { std: CARGO_HOME="/workspace/cargo-home" RUSTUP_HOME="/workspace/rustup-home" "/workspace/cargo-home/bin/cargo" "+1.99.0-beta.8" "metadata" "--manifest-path" "Cargo.toml" "--no-deps", kill_on_drop: false }`
[INFO] crate crates.io crate zenith-net 0.1.1 already has a lockfile, it will not be regenerated
[INFO] running `Command { std: CARGO_HOME="/workspace/cargo-home" RUSTUP_HOME="/workspace/rustup-home" "/workspace/cargo-home/bin/cargo" "+1.99.0-beta.8" "fetch" "--manifest-path" "Cargo.toml", kill_on_drop: false }`
[INFO] [stderr]     Updating crates.io index
[INFO] [stderr]  Downloading crates ...
[INFO] [stderr]   Downloaded cc v1.4.1
[INFO] [stderr]   Downloaded zenith-ebpf v0.1.1
[INFO] [stderr]   Downloaded vsprintf v2.0.0
[INFO] [stderr]   Downloaded zenith-tls v0.1.1
[INFO] [stderr]   Downloaded zenith-linux v0.1.1
[INFO] [stderr]   Downloaded zenith-foundation v0.1.1
[INFO] [stderr]   Downloaded libbpf-rs v0.24.8
[INFO] [stderr]   Downloaded libbpf-sys v1.7.0+v1.7.0
[INFO] running `Command { std: "docker" "create" "-v" "/var/lib/crater-agent-workspace/builds/worker-4-tc1/source:/opt/rustwide/workdir:ro,Z" "-v" "/var/lib/crater-agent-workspace/builds/worker-4-tc1/target:/opt/rustwide/target:rw,Z" "-v" "/var/lib/crater-agent-workspace/cargo-home:/opt/rustwide/cargo-home:ro,Z" "-v" "/var/lib/crater-agent-workspace/rustup-home:/opt/rustwide/rustup-home:ro,Z" "-m" "1610612736" "--network" "none" "ghcr.io/rust-lang/crates-build-env/linux@sha256:77db811e55d90add9212f6832c23229e3de5f1c1f9905e8cb07319ea15df73ac" "sleep" "infinity", kill_on_drop: false }`
[INFO] [stdout] ecae0ecfbdc91ce306ee4dcc6a35e05bc649fa94650be14da2bd647dfc2231f0
[INFO] running `Command { std: "docker" "start" "ecae0ecfbdc91ce306ee4dcc6a35e05bc649fa94650be14da2bd647dfc2231f0", kill_on_drop: false }`
[INFO] running `Command { std: "docker" "inspect" "ecae0ecfbdc91ce306ee4dcc6a35e05bc649fa94650be14da2bd647dfc2231f0", kill_on_drop: false }`
[INFO] running `Command { std: "docker" "exec" "-e" "SOURCE_DIR=/opt/rustwide/workdir" "-e" "CARGO_HOME=/opt/rustwide/cargo-home" "-e" "RUSTUP_HOME=/opt/rustwide/rustup-home" "-e" "CARGO_TARGET_DIR=/opt/rustwide/target" "-w" "/opt/rustwide/workdir" "--user" "0:0" "ecae0ecfbdc91ce306ee4dcc6a35e05bc649fa94650be14da2bd647dfc2231f0" "/opt/rustwide/cargo-home/bin/cargo" "+1.99.0-beta.8" "metadata" "--no-deps" "--format-version=1", kill_on_drop: false }`
[INFO] running `Command { std: "docker" "inspect" "ecae0ecfbdc91ce306ee4dcc6a35e05bc649fa94650be14da2bd647dfc2231f0", kill_on_drop: false }`
[INFO] running `Command { std: "docker" "exec" "-e" "SOURCE_DIR=/opt/rustwide/workdir" "-e" "CARGO_HOME=/opt/rustwide/cargo-home" "-e" "RUSTUP_HOME=/opt/rustwide/rustup-home" "-e" "CARGO_TARGET_DIR=/opt/rustwide/target" "-e" "CARGO_INCREMENTAL=0" "-e" "RUST_BACKTRACE=full" "-e" "RUSTFLAGS=--cap-lints=warn" "-e" "RUSTDOCFLAGS=--cap-lints=warn" "-w" "/opt/rustwide/workdir" "--user" "0:0" "ecae0ecfbdc91ce306ee4dcc6a35e05bc649fa94650be14da2bd647dfc2231f0" "/opt/rustwide/cargo-home/bin/cargo" "+1.99.0-beta.8" "build" "--frozen" "--message-format=json" "--release", kill_on_drop: false }`
[INFO] [stderr]    Compiling find-msvc-tools v0.1.10
[INFO] [stderr]    Compiling syn v3.0.3
[INFO] [stderr]    Compiling libc v0.2.189
[INFO] [stderr]    Compiling nix v0.31.3
[INFO] [stderr]    Compiling rand_chacha v0.3.1
[INFO] [stderr]    Compiling digest v0.10.7
[INFO] [stderr]    Compiling sha2 v0.10.9
[INFO] [stderr]    Compiling md-5 v0.10.6
[INFO] [stderr]    Compiling cc v1.4.1
[INFO] [stderr]    Compiling rand v0.8.7
[INFO] [stderr]    Compiling zenith-ebpf v0.1.1
[INFO] [stderr]    Compiling ring v0.17.14
[INFO] [stderr]    Compiling vsprintf v2.0.0
[INFO] [stderr]    Compiling serde_derive v1.0.229
[INFO] [stderr]    Compiling libbpf-sys v1.7.0+v1.7.0
[INFO] [stderr]    Compiling serde v1.0.229
[INFO] [stderr]    Compiling toml_datetime v0.6.11
[INFO] [stderr]    Compiling serde_spanned v0.6.9
[INFO] [stderr]    Compiling toml_edit v0.22.27
[INFO] [stderr]    Compiling toml v0.8.23
[INFO] [stderr]    Compiling zenith-foundation v0.1.1
[INFO] [stderr]    Compiling libbpf-rs v0.24.8
[INFO] [stderr]    Compiling zenith-linux v0.1.1
[INFO] [stderr]    Compiling rustls v0.23.43
[INFO] [stderr]    Compiling rustls-webpki v0.103.15
[INFO] [stderr]    Compiling zenith-tls v0.1.1
[INFO] [stderr]    Compiling zenith-net v0.1.1 (/opt/rustwide/workdir)
[INFO] [stderr]     Finished `release` profile [optimized] target(s) in 44.67s
[INFO] running `Command { std: "docker" "inspect" "ecae0ecfbdc91ce306ee4dcc6a35e05bc649fa94650be14da2bd647dfc2231f0", kill_on_drop: false }`
[INFO] running `Command { std: "docker" "exec" "-e" "SOURCE_DIR=/opt/rustwide/workdir" "-e" "CARGO_HOME=/opt/rustwide/cargo-home" "-e" "RUSTUP_HOME=/opt/rustwide/rustup-home" "-e" "CARGO_TARGET_DIR=/opt/rustwide/target" "-e" "CARGO_INCREMENTAL=0" "-e" "RUST_BACKTRACE=full" "-e" "RUSTFLAGS=--cap-lints=warn" "-e" "RUSTDOCFLAGS=--cap-lints=warn" "-w" "/opt/rustwide/workdir" "--user" "0:0" "ecae0ecfbdc91ce306ee4dcc6a35e05bc649fa94650be14da2bd647dfc2231f0" "/opt/rustwide/cargo-home/bin/cargo" "+1.99.0-beta.8" "test" "--frozen" "--no-run" "--message-format=json" "--release", kill_on_drop: false }`
[INFO] [stderr]    Compiling zenith-net v0.1.1 (/opt/rustwide/workdir)
[INFO] [stderr]     Finished `release` profile [optimized] target(s) in 6.77s
[INFO] running `Command { std: "docker" "inspect" "ecae0ecfbdc91ce306ee4dcc6a35e05bc649fa94650be14da2bd647dfc2231f0", kill_on_drop: false }`
[INFO] running `Command { std: "docker" "exec" "-e" "SOURCE_DIR=/opt/rustwide/workdir" "-e" "CARGO_HOME=/opt/rustwide/cargo-home" "-e" "RUSTUP_HOME=/opt/rustwide/rustup-home" "-e" "CARGO_TARGET_DIR=/opt/rustwide/target" "-e" "CARGO_INCREMENTAL=0" "-e" "RUST_BACKTRACE=full" "-e" "RUSTFLAGS=--cap-lints=warn" "-e" "RUSTDOCFLAGS=--cap-lints=warn" "-w" "/opt/rustwide/workdir" "--user" "0:0" "ecae0ecfbdc91ce306ee4dcc6a35e05bc649fa94650be14da2bd647dfc2231f0" "/opt/rustwide/cargo-home/bin/cargo" "+1.99.0-beta.8" "test" "--frozen" "--release", kill_on_drop: false }`
[INFO] [stderr]     Finished `release` profile [optimized] target(s) in 0.08s
[INFO] [stderr]      Running unittests src/lib.rs (/opt/rustwide/target/release/deps/zenith_net-94e06d008185202f)
[INFO] [stdout] 
[INFO] [stdout] running 391 tests
[INFO] [stdout] test error::tests::test_admission_rejected_error ... ok
[INFO] [stdout] test error::tests::test_error_classification_recoverable ... ok
[INFO] [stdout] test error::tests::test_hash_table_full_error ... ok
[INFO] [stdout] test error::tests::test_internal_error ... ok
[INFO] [stdout] test error::tests::test_error_classification_fatal ... ok
[INFO] [stdout] test error::tests::test_error_debug_format ... ok
[INFO] [stdout] test error::tests::test_connection_table_full_error ... ok
[INFO] [stdout] test error::tests::test_invalid_ethertype_error ... ok
[INFO] [stdout] test error::tests::test_connection_exists_error ... ok
[INFO] [stdout] test error::tests::test_invalid_operation_error ... ok
[INFO] [stdout] test error::tests::test_invalid_packet_error ... ok
[INFO] [stdout] test error::tests::test_invalid_ip_version_error ... ok
[INFO] [stdout] test error::tests::test_packet_too_short_error ... ok
[INFO] [stdout] test error::tests::test_quic_error ... ok
[INFO] [stdout] test error::tests::test_result_type_alias ... ok
[INFO] [stdout] test error::tests::test_unsupported_protocol_error ... ok
[INFO] [stdout] test error::tests::test_worker_state_error ... ok
[INFO] [stdout] test packet::tests::test_arp_packet_parse ... ok
[INFO] [stdout] test packet::tests::test_arp_opcodes ... ok
[INFO] [stdout] test packet::tests::test_arp_reply ... ok
[INFO] [stdout] test packet::tests::test_eth_header_parse ... ok
[INFO] [stdout] test packet::tests::test_eth_header_various_ethertypes ... ok
[INFO] [stdout] test packet::tests::test_full_packet_parse_arp ... ok
[INFO] [stdout] test packet::tests::test_full_packet_parse_icmp ... ok
[INFO] [stdout] test packet::tests::test_full_packet_parse_udp ... ok
[INFO] [stdout] test packet::tests::test_icmp_header_parse ... ok
[INFO] [stdout] test error::tests::test_resource_limit_error ... ok
[INFO] [stdout] test packet::tests::test_eth_header_too_short ... ok
[INFO] [stdout] test packet::tests::test_icmp_types ... ok
[INFO] [stdout] test packet::tests::test_icmpv6_header_parse ... ok
[INFO] [stdout] test packet::tests::test_ip_version_variants ... ok
[INFO] [stdout] test packet::tests::test_ipv4_checksum_all_ones ... ok
[INFO] [stdout] test packet::tests::test_arp_packet_too_short ... ok
[INFO] [stdout] test packet::tests::test_icmpv6_types ... ok
[INFO] [stdout] test packet::tests::test_ipv4_checksum_verify ... ok
[INFO] [stdout] test packet::tests::test_ipv4_parse_accepts_max_ihl ... ok
[INFO] [stdout] test packet::tests::test_ipv4_checksum_all_zeros ... ok
[INFO] [stdout] test packet::tests::test_ipv4_parse_accepts_max_ihl_with_matching_total_length ... ok
[INFO] [stdout] test packet::tests::test_ipv4_parse_accepts_total_length_equals_header ... ok
[INFO] [stdout] test packet::tests::test_ipv4_parse_rejects_header_exceeds_data ... ok
[INFO] [stdout] test packet::tests::test_ipv4_parse_rejects_ihl_too_small ... ok
[INFO] [stdout] test packet::tests::test_ipv4_parse_rejects_ihl_zero ... ok
[INFO] [stdout] test packet::tests::test_ipv4_parse_accepts_min_ihl ... ok
[INFO] [stdout] test packet::tests::test_ipv4_parse_rejects_total_length_less_than_header ... ok
[INFO] [stdout] test packet::tests::test_ipv4_parse_rejects_total_length_zero ... ok
[INFO] [stdout] test packet::tests::test_ipv6_version_field ... ok
[INFO] [stdout] test packet::tests::test_ipv6_header_too_short ... ok
[INFO] [stdout] test packet::tests::test_ipv4_header_parse ... ok
[INFO] [stdout] test packet::tests::test_l4_protocol_variants ... ok
[INFO] [stdout] test packet::tests::test_packet_too_short ... ok
[INFO] [stdout] test packet::tests::test_ipv4_invalid_version ... ok
[INFO] [stdout] test packet::tests::test_ipv4_header_too_short ... ok
[INFO] [stdout] test packet::tests::test_parse_ipv4_l4_bounded_by_total_length ... ok
[INFO] [stdout] test packet::tests::test_parse_ipv6_l4_bounded_by_payload_length ... ok
[INFO] [stdout] test packet::tests::test_parse_ipv6_l4_parsed_when_payload_length_sufficient ... ok
[INFO] [stdout] test packet::tests::test_parse_packet_vlan_ipv4_respects_total_length ... ok
[INFO] [stdout] test packet::tests::test_parse_ipv6_rejects_payload_length_exceeds_buffer ... ok
[INFO] [stdout] test packet::tests::test_parse_packet_rejects_oversized_ipv6_payload_length ... ok
[INFO] [stdout] test packet::tests::test_parse_ipv4_l4_parsed_when_total_length_sufficient ... ok
[INFO] [stdout] test packet::tests::test_parse_packet_rejects_oversized_total_length ... ok
[INFO] [stdout] test packet::tests::test_parse_ipv4_rejects_total_length_exceeds_buffer ... ok
[INFO] [stdout] test packet::tests::test_parse_ipv4_total_length_less_than_buffer_with_valid_tcp ... ok
[INFO] [stdout] test packet::tests::test_parse_ipv6_accepts_zero_payload_length ... ok
[INFO] [stdout] test packet::tests::test_parsed_packet_debug ... ok
[INFO] [stdout] test packet::tests::test_parse_packet_with_ethernet_padding ... ok
[INFO] [stdout] test packet::tests::test_tcp_flags_all_combinations ... ok
[INFO] [stdout] test packet::tests::test_tcp_parse_rejects_data_offset_too_small ... ok
[INFO] [stdout] test packet::tests::test_tcp_flags_validation ... ok
[INFO] [stdout] test packet::tests::test_tcp_header_parse ... ok
[INFO] [stdout] test packet::tests::test_tcp_parse_accepts_min_data_offset ... ok
[INFO] [stdout] test packet::tests::test_tcp_parse_rejects_data_offset_zero ... ok
[INFO] [stdout] test packet::tests::test_tcp_parse_rejects_header_exceeds_data ... ok
[INFO] [stdout] test packet::tests::test_udp_header_parse ... ok
[INFO] [stdout] test packet::tests::test_tcp_header_too_short ... ok
[INFO] [stdout] test packet::tests::test_truncated_ethernet_header ... ok
[INFO] [stdout] test packet::tests::test_udp_header_too_short ... ok
[INFO] [stdout] test packet::tests::test_udp_length_validation ... ok
[INFO] [stdout] test packet::tests::test_udp_parse_rejects_length_too_small ... ok
[INFO] [stdout] test packet::tests::test_udp_parse_accepts_min_length ... ok
[INFO] [stdout] test packet::tests::test_udp_parse_rejects_length_zero ... ok
[INFO] [stdout] test packet::tests::test_unknown_ethertype ... ok
[INFO] [stdout] test protocol_expectation::tests::test_default_allows_tcp_udp ... ok
[INFO] [stdout] test protocol_expectation::tests::test_empty_port_lists_allow_all ... ok
[INFO] [stdout] test protocol_expectation::tests::test_fragment_policy_1_fail_closed_runtime ... ok
[INFO] [stdout] test packet::tests::test_vlan_detection ... ok
[INFO] [stdout] test protocol_expectation::tests::test_udp_port_whitelist ... ok
[INFO] [stdout] test source_admission::tests::test_add_rules_batch_partial_overflow ... ok
[INFO] [stdout] test protocol_expectation::tests::test_tcp_port_whitelist ... ok
[INFO] [stdout] test source_admission::tests::test_add_rules_batch_overflow ... ok
[INFO] [stdout] test protocol_expectation::tests::test_fragment_policy_allow ... ok
[INFO] [stdout] test protocol_expectation::tests::test_min_ttl ... ok
[INFO] [stdout] test source_admission::tests::test_allow_all ... ok
[INFO] [stdout] test source_admission::tests::test_boundary_ipv4_addresses ... ok
[INFO] [stdout] test source_admission::tests::test_cidr_subnet_matching ... ok
[INFO] [stdout] test source_admission::tests::test_clear_rules ... ok
[INFO] [stdout] test source_admission::tests::test_cross_family_wildcard_any ... ok
[INFO] [stdout] test protocol_expectation::tests::test_fragment_policy_1_rejected_by_validate ... ok
[INFO] [stdout] test protocol_expectation::tests::test_protocol_not_in_bitmap ... ok
[INFO] [stdout] test source_admission::tests::test_deny_all ... ok
[INFO] [stdout] test source_admission::tests::test_add_rules_batch_success ... ok
[INFO] [stdout] test source_admission::tests::test_disabled_rule ... ok
[INFO] [stdout] test source_admission::tests::test_empty_ruleset_default_allow ... ok
[INFO] [stdout] test protocol_expectation::tests::test_fragment_policy_drop_all ... ok
[INFO] [stdout] test source_admission::tests::test_ip_addr_methods ... ok
[INFO] [stdout] test source_admission::tests::test_max_rules ... ok
[INFO] [stdout] test source_admission::tests::test_max_rules_boundary ... ok
[INFO] [stdout] test source_admission::tests::test_port_boundaries ... ok
[INFO] [stdout] test source_admission::tests::test_port_rule ... ok
[INFO] [stdout] test source_admission::tests::test_proto_match_variants ... ok
[INFO] [stdout] test source_admission::tests::test_remove_nonexistent_rule ... ok
[INFO] [stdout] test source_admission::tests::test_remove_rule ... ok
[INFO] [stdout] test source_admission::tests::test_rule_priority ... ok
[INFO] [stdout] test tests::test_net_addr_copy_semantics ... ok
[INFO] [stdout] test source_admission::tests::test_ip_whitelist ... ok
[INFO] [stdout] test source_admission::tests::test_ipv6_addresses ... ok
[INFO] [stdout] test source_admission::tests::test_empty_ruleset_default_deny ... ok
[INFO] [stdout] test tests::test_net_addr_equality ... ok
[INFO] [stdout] test tests::test_net_addr_from_ip_addr ... ok
[INFO] [stdout] test tests::test_net_addr_ipv4 ... ok
[INFO] [stdout] test tests::test_net_addr_ipv6 ... ok
[INFO] [stdout] test tests::test_net_addr_to_ip_addr ... ok
[INFO] [stdout] test transport::acceptor::tests::test_accepted_conn_debug ... ok
[INFO] [stdout] test transport::acceptor::tests::test_accepted_conn_into_parts ... ok
[INFO] [stdout] test transport::acceptor::tests::test_bind_table_addr_in_use ... ok
[INFO] [stdout] test transport::acceptor::tests::test_bind_table_default ... ok
[INFO] [stdout] test transport::acceptor::tests::test_bind_table_deregister_nonexistent_idempotent ... ok
[INFO] [stdout] test transport::acceptor::tests::test_accept_error_display_variants ... ok
[INFO] [stdout] test transport::acceptor::tests::test_bind_table_free_list_reuse ... ok
[INFO] [stdout] test transport::acceptor::tests::test_accept_error_clone_eq ... ok
[INFO] [stdout] test transport::acceptor::tests::test_bind_table_iter ... ok
[INFO] [stdout] test transport::acceptor::tests::test_bind_table_register_deregister ... ok
[INFO] [stdout] test transport::acceptor::tests::test_bind_table_full_overflow ... ok
[INFO] [stdout] test transport::acceptor::tests::test_bind_table_get_by_id_mut ... ok
[INFO] [stdout] test transport::acceptor::tests::test_bind_table_with_capacity ... ok
[INFO] [stdout] test transport::acceptor::tests::test_io_error_conversion ... ok
[INFO] [stdout] test transport::acceptor::tests::test_listen_endpoint_derives ... ok
[INFO] [stdout] test transport::acceptor::tests::test_netaddr_v6_to_socketaddr ... ok
[INFO] [stdout] test transport::acceptor::tests::test_register_tcp_listener_hook ... ok
[INFO] [stdout] test transport::acceptor::tests::test_socketaddr_to_netaddr_roundtrip ... ok
[INFO] [stdout] test transport::acceptor::tests::test_netaddr_v4_to_socketaddr ... ok
[INFO] [stdout] test transport::acceptor::tests::test_std_tcp_acceptor_bind_addr_in_use ... ok
[INFO] [stdout] test transport::quic::tests::test_alloc_local_bidi_then_uni_no_conflict ... ok
[INFO] [stdout] test transport::quic::tests::test_amplification_risk_direction_rfc9000 ... ok
[INFO] [stdout] test transport::quic::tests::test_congestion_congestion_avoidance ... ok
[INFO] [stdout] test transport::quic::tests::test_congestion_controller_initial ... ok
[INFO] [stdout] test transport::quic::tests::test_congestion_controller_default ... ok
[INFO] [stdout] test transport::quic::tests::test_congestion_loss ... ok
[INFO] [stdout] test transport::quic::tests::test_congestion_pto_reset ... ok
[INFO] [stdout] test transport::quic::tests::test_congestion_pto_calculation ... ok
[INFO] [stdout] test transport::quic::tests::test_congestion_slow_start ... ok
[INFO] [stdout] test transport::quic::tests::test_congestion_send_and_available ... ok
[INFO] [stdout] test transport::quic::tests::test_congestion_state_enum ... ok
[INFO] [stdout] test transport::quic::tests::test_congestion_timeout ... ok
[INFO] [stdout] test transport::quic::tests::test_congestion_max_cwnd_limit ... ok
[INFO] [stdout] test transport::quic::tests::test_connection_id_pool_alloc_fill_active ... ok
[INFO] [stdout] test transport::quic::tests::test_congestion_recovery_to_avoidance ... ok
[INFO] [stdout] test transport::quic::tests::test_connection_id_pool_fill_invalid_rejected ... ok
[INFO] [stdout] test transport::quic::tests::test_connection_id_pool_capacity_and_reuse ... ok
[INFO] [stdout] test transport::quic::tests::test_connection_id_pool_store_peer_cid ... ok
[INFO] [stdout] test transport::quic::tests::test_constant_time_eq_all_bytes_max ... ok
[INFO] [stdout] test transport::quic::tests::test_constant_time_eq_all_bytes_zero ... ok
[INFO] [stdout] test transport::quic::tests::test_constant_time_eq_first_byte_diff ... ok
[INFO] [stdout] test transport::quic::tests::test_constant_time_eq_basic ... ok
[INFO] [stdout] test transport::quic::tests::test_constant_time_eq_empty_slices ... ok
[INFO] [stdout] test transport::quic::tests::test_constant_time_eq_last_byte_diff ... ok
[INFO] [stdout] test transport::quic::tests::test_constant_time_eq_right_shorter ... ok
[INFO] [stdout] test transport::quic::tests::test_constant_time_eq_single_byte ... ok
[INFO] [stdout] test transport::quic::tests::test_constant_time_eq_zeros_vs_ones ... ok
[INFO] [stdout] test transport::quic::tests::test_dcid_len_boundary_20 ... ok
[INFO] [stdout] test transport::quic::tests::test_connection_id_pool_retire_disables ... ok
[INFO] [stdout] test transport::quic::tests::test_constant_time_eq_middle_byte_diff ... ok
[INFO] [stdout] test transport::quic::tests::test_constant_time_eq_left_shorter ... ok
[INFO] [stdout] test transport::quic::tests::test_dcid_len_one_byte ... ok
[INFO] [stdout] test transport::quic::tests::test_migration_anti_amplification ... ok
[INFO] [stdout] test transport::quic::tests::test_frame_type_stop_sending ... ok
[INFO] [stdout] test transport::quic::tests::test_long_header_tt_bits_rfc9000 ... ok
[INFO] [stdout] test transport::quic::tests::test_frame_type_from_byte ... ok
[INFO] [stdout] test transport::quic::tests::test_new_connection_id_frame_encode_parse_roundtrip ... ok
[INFO] [stdout] test transport::quic::tests::test_handle_path_challenge_returns_response ... ok
[INFO] [stdout] test transport::quic::tests::test_dcid_len_zero ... ok
[INFO] [stdout] test transport::quic::tests::test_parse_ack_frame_exceeds_max_ranges ... ok
[INFO] [stdout] test transport::quic::tests::test_parse_ack_frame_too_short ... ok
[INFO] [stdout] test transport::quic::tests::test_parse_ack_frame_empty_ranges ... ok
[INFO] [stdout] test transport::quic::tests::test_packet_number_compare ... ok
[INFO] [stdout] test transport::quic::tests::test_parse_ack_frame_with_ranges ... ok
[INFO] [stdout] test transport::quic::tests::test_new_connection_id_frame_reject_invalid ... ok
[INFO] [stdout] test transport::quic::tests::test_parse_connection_close_frame_app_close ... ok
[INFO] [stdout] test transport::quic::tests::test_parse_connection_close_frame_reason_too_long ... ok
[INFO] [stdout] test transport::quic::tests::test_parse_max_data_frame_too_short ... ok
[INFO] [stdout] test transport::quic::tests::test_parse_connection_close_frame_too_short ... ok
[INFO] [stdout] test transport::quic::tests::test_parse_connection_close_frame ... ok
[INFO] [stdout] test transport::quic::tests::test_parse_max_stream_data_frame_too_short ... ok
[INFO] [stdout] test transport::quic::tests::test_parse_rst_stream_frame ... ok
[INFO] [stdout] test transport::quic::tests::test_parse_rst_stream_frame_too_short ... ok
[INFO] [stdout] test transport::quic::tests::test_parse_long_initial_with_token ... ok
[INFO] [stdout] test transport::quic::tests::test_parse_max_stream_data_frame ... ok
[INFO] [stdout] test transport::quic::tests::test_parse_max_data_frame ... ok
[INFO] [stdout] test transport::quic::tests::test_parse_max_data_frame_simple ... ok
[INFO] [stdout] test transport::quic::tests::test_parse_path_challenge_too_short ... ok
[INFO] [stdout] test transport::quic::tests::test_parse_short_header ... ok
[INFO] [stdout] test transport::quic::tests::test_parse_stop_sending_frame ... ok
[INFO] [stdout] test transport::quic::tests::test_parse_stop_sending_frame_too_short ... ok
[INFO] [stdout] test transport::quic::tests::test_parse_stream_frame_exceeds_max_data ... ok
[INFO] [stdout] test transport::quic::tests::test_parse_version_negotiation ... ok
[INFO] [stdout] test transport::quic::tests::test_parse_stream_frame_basic ... ok
[INFO] [stdout] test transport::quic::tests::test_path_challenge_encode_decode ... ok
[INFO] [stdout] test transport::quic::tests::test_parse_stream_frame_too_short ... ok
[INFO] [stdout] test transport::quic::tests::test_parse_stream_frame_with_offset_and_fin ... ok
[INFO] [stdout] test transport::quic::tests::test_path_response_validation_failure_rejected ... ok
[INFO] [stdout] test transport::quic::tests::test_path_response_without_challenge_ignored ... ok
[INFO] [stdout] test transport::quic::tests::test_path_migration_initiate_and_validate ... ok
[INFO] [stdout] test transport::quic::tests::test_path_response_encode_decode ... ok
[INFO] [stdout] test transport::quic::tests::test_quic_close_lifecycle ... ok
[INFO] [stdout] test transport::quic::tests::test_quic_conn_active_count ... ok
[INFO] [stdout] test transport::quic::tests::test_path_challenge_frame_type ... ok
[INFO] [stdout] test transport::quic::tests::test_path_challenge_response_echo_data_field ... ok
[INFO] [stdout] test transport::quic::tests::test_path_migration_wrong_response_rejected ... ok
[INFO] [stdout] test transport::quic::tests::test_quic_conn_amplification_detection ... ok
[INFO] [stdout] test transport::quic::tests::test_quic_conn_table_full ... ok
[INFO] [stdout] test transport::quic::tests::test_quic_connection_lifecycle ... ok
[INFO] [stdout] test transport::quic::tests::test_quic_find_by_dcid_no_panic_on_short_slice ... ok
[INFO] [stdout] test transport::quic::tests::test_quic_for_each_conn ... ok
[INFO] [stdout] test transport::quic::tests::test_quic_header_copy ... ok
[INFO] [stdout] test transport::quic::tests::test_quic_header_empty ... ok
[INFO] [stdout] test transport::quic::tests::test_quic_stream_id_unidirectional ... ok
[INFO] [stdout] test transport::quic::tests::test_quic_stream_state_transitions ... ok
[INFO] [stdout] test transport::quic::tests::test_quic_find_by_dcid_basic ... ok
[INFO] [stdout] test transport::quic::tests::test_quic_conn_state_transitions ... ok
[INFO] [stdout] test transport::quic::tests::test_quic_conn_table_capacity ... ok
[INFO] [stdout] test transport::quic::tests::test_quic_verify_token_constant_time ... ok
[INFO] [stdout] test transport::quic::tests::test_remote_idx_no_collision_across_types ... ok
[INFO] [stdout] test transport::quic::tests::test_remote_stream_slot_bounds_check_none ... ok
[INFO] [stdout] test transport::quic::tests::test_retire_connection_id_frame_encode_parse_roundtrip ... ok
[INFO] [stdout] test transport::quic::tests::test_retry_detection_tt3_only ... ok
[INFO] [stdout] test transport::quic::tests::test_stream_id_remote_idx ... ok
[INFO] [stdout] test transport::quic::tests::test_quic_stream_id_bidirectional ... ok
[INFO] [stdout] test transport::quic::tests::test_quic_token_exceed_limit ... ok
[INFO] [stdout] test transport::quic::tests::test_verify_token_zero_attempts ... ok
[INFO] [stdout] test transport::quic_server::tests::test_build_ack_frame ... ok
[INFO] [stdout] test transport::quic::tests::test_token_gating_only_initial ... ok
[INFO] [stdout] test transport::quic::tests::test_quic_token_amplification ... ok
[INFO] [stdout] test transport::quic_server::tests::test_build_crypto_frame ... ok
[INFO] [stdout] test transport::quic_server::tests::test_build_stateless_reset_packet_format ... ok
[INFO] [stdout] test transport::quic::tests::test_quic_long_frame_types ... ok
[INFO] [stdout] test transport::quic::tests::test_reset_path_validation ... ok
[INFO] [stdout] test transport::quic_server::tests::test_config_generates_stateless_reset_key ... ok
[INFO] [stdout] test transport::quic_server::tests::test_encode_varint_rfc9000_appendix_a ... ok
[INFO] [stdout] test transport::quic_server::tests::test_derive_stateless_reset_token_deterministic ... ok
[INFO] [stdout] test transport::quic_server::tests::test_decode_packet_number_simple ... ok
[INFO] [stdout] test transport::quic_server::tests::test_packet_number_len ... ok
[INFO] [stdout] test transport::quic_server::tests::test_parse_frame_ack_underflow_rejected ... ok
[INFO] [stdout] test transport::quic_server::tests::test_build_stream_frame ... ok
[INFO] [stdout] test transport::quic_server::tests::test_retry_token_expiry_rejected ... ok
[INFO] [stdout] test transport::quic_server::tests::test_retry_token_tamper_rejected ... ok
[INFO] [stdout] test transport::quic_server::tests::test_server_path_validation_success_and_failure ... ok
[INFO] [stdout] test transport::quic_server::tests::test_retry_token_issue_and_verify ... ok
[INFO] [stdout] test transport::quic_server::tests::test_parse_initial_header ... ok
[INFO] [stdout] test transport::quic_server::tests::test_scid_random_not_all_zero ... ok
[INFO] [stdout] test transport::quic_server::tests::test_scid_random_unique_per_config ... ok
[INFO] [stdout] test transport::quic_server::tests::test_server_retire_connection_id_recycles ... ok
[INFO] [stdout] test transport::quic_server::tests::test_server_issue_connection_ids ... ok
[INFO] [stdout] test transport::tcp::tests::test_connection_key_hash_consistency ... ok
[INFO] [stdout] test transport::quic_server::tests::test_server_peer_new_connection_id_stored ... ok
[INFO] [stdout] test transport::quic_server::tests::test_transport_params_encode ... ok
[INFO] [stdout] test transport::tcp::tests::test_connection_key_reversed ... ok
[INFO] [stdout] test transport::quic_server::tests::test_stateless_reset_token_matches ... ok
[INFO] [stdout] test transport::quic_server::tests::test_varint_encode_decode ... ok
[INFO] [stdout] test transport::tcp::tests::test_connection_key_hash ... ok
[INFO] [stdout] test transport::tcp::tests::test_connection_state_all_variants ... ok
[INFO] [stdout] test transport::tcp::tests::test_connection_state ... ok
[INFO] [stdout] test transport::tcp::tests::test_connection_table_find_reverse_key ... ok
[INFO] [stdout] test transport::tcp::tests::test_connection_table_full ... ok
[INFO] [stdout] test transport::tcp::tests::test_connection_table_get_mut_out_of_bounds ... ok
[INFO] [stdout] test transport::tcp::tests::test_connection_table_min_capacity ... ok
[INFO] [stdout] test transport::tcp::tests::test_connection_table_remove_nonexistent ... ok
[INFO] [stdout] test transport::tcp::tests::test_connection_table_scan_timeouts_partial ... ok
[INFO] [stdout] test transport::tcp::tests::test_connection_table_get_out_of_bounds ... ok
[INFO] [stdout] test transport::tcp::tests::test_connection_table_remove ... ok
[INFO] [stdout] test transport::tcp::tests::test_connection_table_insert_find ... ok
[INFO] [stdout] test transport::tcp::tests::test_connection_table_iter_active ... ok
[INFO] [stdout] test transport::tcp::tests::test_hash_ip_addr_v4_and_v6 ... ok
[INFO] [stdout] test transport::tcp::tests::test_high_churn_insert_remove_cycles ... ok
[INFO] [stdout] test transport::tcp::tests::test_generate_isn_csprng_unpredictable ... ok
[INFO] [stdout] test transport::tcp::tests::test_insert_off_by_one_boundary ... ok
[INFO] [stdout] test transport::tcp::tests::test_find_free_slot_returns_correct_indices ... ok
[INFO] [stdout] test transport::tcp::tests::test_remove_then_insert_reuses_slot ... ok
[INFO] [stdout] test transport::tcp::tests::test_sequence_number_wrap ... ok
[INFO] [stdout] test transport::tcp::tests::test_sequence_number_wrap_around ... ok
[INFO] [stdout] test transport::tcp::tests::test_sequence_window_boundaries ... ok
[INFO] [stdout] test transport::tcp::tests::test_insert_hash_collision_reuse_bucket ... ok
[INFO] [stdout] test transport::tcp::tests::test_net020_reject_syn_on_non_listening_port ... ok
[INFO] [stdout] test transport::tcp::tests::test_net021_offpath_fin_respects_rcv_window ... ok
[INFO] [stdout] test transport::tcp::tests::test_tcp_connection_time_wait ... ok
[INFO] [stdout] test transport::tcp::tests::test_tcp_connection_empty ... ok
[INFO] [stdout] test transport::tcp::tests::test_tcp_connection_init ... ok
[INFO] [stdout] test transport::tcp::tests::test_tcp_state_machine_handle_packet_on_closed ... ok
[INFO] [stdout] test transport::tcp::tests::test_tcp_state_machine_get_connection_nonexistent ... ok
[INFO] [stdout] test transport::tcp::tests::test_tcp_state_machine_new_syn ... ok
[INFO] [stdout] test transport::tcp::tests::test_tcp_stats_default ... ok
[INFO] [stdout] test transport::tcp::tests::test_tcp_state_machine_stats ... ok
[INFO] [stdout] test transport::tcp::tests::test_timeout_scan ... ok
[INFO] [stdout] test transport::tcp::tests::test_synsent_validates_synack_isn ... ok
[INFO] [stdout] test transport::tcp::tests::test_tcp_state_machine_close ... ok
[INFO] [stdout] test transport::tcp::tests::test_tcp_state_machine_handshake ... ok
[INFO] [stdout] test transport::timer::tests::test_bulk_expire_many_timers ... ok
[INFO] [stdout] test transport::timer::tests::test_bulk_operations ... ok
[INFO] [stdout] test transport::tcp::tests::test_connection_table_max_capacity ... ok
[INFO] [stdout] test transport::timer::tests::test_multiple_fifo_same_slot ... ok
[INFO] [stdout] test transport::timer::tests::test_many_timers_same_slot ... ok
[INFO] [stdout] test transport::timer::tests::test_add_after_expiry ... ok
[INFO] [stdout] test transport::timer::tests::test_single_timer_expire ... ok
[INFO] [stdout] test transport::timer::tests::test_timer_multiple_advances ... ok
[INFO] [stdout] test transport::timer::tests::test_timer_remove_by_handle_invalid ... ok
[INFO] [stdout] test transport::timer::tests::test_timer_remove_by_target_not_found ... ok
[INFO] [stdout] test transport::timer::tests::test_timer_type_all_variants ... ok
[INFO] [stdout] test transport::timer::tests::test_multiple_timers_different_delays ... ok
[INFO] [stdout] test transport::timer::tests::test_remove_by_target ... ok
[INFO] [stdout] test transport::timer::tests::test_timer_node_debug ... ok
[INFO] [stdout] test transport::timer::tests::test_remove_by_handle ... ok
[INFO] [stdout] test transport::timer::tests::test_timer_action_fields ... ok
[INFO] [stdout] test transport::timer::tests::test_timer_wheel_initial_state ... ok
[INFO] [stdout] test transport::timer::tests::test_timer_wheel_max_slot ... ok
[INFO] [stdout] test transport::timer::tests::test_timer_wheel_slot_zero ... ok
[INFO] [stdout] test transport::timer::tests::test_timer_wheel_debug ... ok
[INFO] [stdout] test transport::udp::tests::test_udp_session_activate ... ok
[INFO] [stdout] test transport::timer::tests::test_timer_wheel_65536_wraparound ... ok
[INFO] [stdout] test transport::udp::tests::test_udp_session_iterator ... ok
[INFO] [stdout] test transport::udp::tests::test_udp_session_matches ... ok
[INFO] [stdout] test transport::udp::tests::test_udp_session_not_active_no_match ... ok
[INFO] [stdout] test transport::udp::tests::test_udp_session_record_counts ... ok
[INFO] [stdout] test transport::udp::tests::test_udp_session_table_count ... ok
[INFO] [stdout] test transport::udp::tests::test_udp_session_empty ... ok
[INFO] [stdout] test transport::udp::tests::test_udp_session_table_find_reverse ... ok
[INFO] [stdout] test transport::udp::tests::test_udp_session_table_full ... ok
[INFO] [stdout] test transport::udp::tests::test_udp_session_table_get_out_of_bounds ... ok
[INFO] [stdout] test transport::timer::tests::test_timer_zero_duration ... ok
[INFO] [stdout] test transport::udp::tests::test_udp_session_expiry ... ok
[INFO] [stdout] test transport::udp::tests::test_udp_session_table_get_mut_out_of_bounds ... ok
[INFO] [stdout] test transport::udp::tests::test_udp_session_table_outbound ... ok
[INFO] [stdout] test transport::timer::tests::test_wraparound ... ok
[INFO] [stdout] test transport::udp::tests::test_udp_session_ipv6 ... ok
[INFO] [stdout] test transport::udp::tests::test_udp_session_table_mode ... ok
[INFO] [stdout] test transport::udp::tests::test_udp_session_table_stats_initial ... ok
[INFO] [stdout] test transport::udp::tests::test_udp_session_timeout_boundary ... ok
[INFO] [stdout] test transport::udp::tests::test_udp_session_table_zero_capacity ... ok
[INFO] [stdout] test transport::udp::tests::test_udp_session_touch ... ok
[INFO] [stdout] test transport::udp::tests::test_udp_session_timeout_scan ... ok
[INFO] [stdout] test transport::udp::tests::test_udp_stateless_outbound ... ok
[INFO] [stdout] test transport::udp::tests::test_udp_session_table_stateful ... ok
[INFO] [stdout] test transport::udp::tests::test_udp_session_table_stateless ... ok
[INFO] [stdout] test worker::tests::test_build_reply_frame_fail_closed ... ok
[INFO] [stdout] test worker::tests::test_compute_p99_partial_valid ... ok
[INFO] [stdout] test worker::tests::test_compute_p99_full_ring ... ok
[INFO] [stdout] test worker::tests::test_extract_flow_info_icmp ... ok
[INFO] [stdout] test worker::tests::test_extract_flow_info_ipv4_tcp ... ok
[INFO] [stdout] test worker::tests::test_build_reply_frame_layout ... ok
[INFO] [stdout] test transport::udp::tests::test_udp_stateful_outbound_no_session ... ok
[INFO] [stdout] test worker::tests::test_extract_flow_info_udp ... ok
[INFO] [stdout] test worker::tests::test_quic_initial_only_allocate ... ok
[INFO] [stdout] test transport::udp::tests::test_udp_stats_default ... ok
[INFO] [stdout] test worker::tests::test_quic_client_arbitrary_token_fail_closed ... ok
[INFO] [stdout] test worker::tests::test_quic_short_unknown_dcid_sends_stateless_reset ... ok
[INFO] [stdout] test worker::tests::test_udp_datagram_src_socket_addr ... ok
[INFO] [stdout] test worker::tests::test_quic_short_short_dcid_no_reset ... ok
[INFO] [stdout] test worker::tests::test_compute_p99_empty ... ok
[INFO] [stdout] test worker::tests::test_quic_short_no_reset_key_returns_invalid ... ok
[INFO] [stdout] test worker::tests::test_worker_admission_engine_link ... ok
[INFO] [stdout] test worker::tests::test_quic_short_reset_packet_no_loop ... ok
[INFO] [stdout] test worker::tests::test_worker_frame_pool_info ... ok
[INFO] [stdout] test worker::tests::test_worker_admission_deny_specific ... ok
[INFO] [stdout] test worker::tests::test_worker_full_cycle_with_data ... ok
[INFO] [stdout] test worker::tests::test_worker_multiple_cycles ... ok
[INFO] [stdout] test worker::tests::test_worker_not_running ... ok
[INFO] [stdout] test worker::tests::test_worker_process_cycle_empty ... ok
[INFO] [stdout] test worker::tests::test_worker_quarantine_config ... ok
[INFO] [stdout] test worker::tests::test_worker_rx_desc_preallocated ... ok
[INFO] [stdout] test worker::tests::test_worker_start_stop ... ok
[INFO] [stdout] test worker::tests::test_worker_state_enum ... ok
[INFO] [stdout] test worker::tests::test_worker_stats_initial ... ok
[INFO] [stdout] test worker::tests::test_worker_conservation_initial ... ok
[INFO] [stdout] test worker::tests::test_worker_state_transitions ... ok
[INFO] [stdout] test worker::tests::test_worker_stop_before_start ... ok
[INFO] [stdout] test worker::tests::test_worker_with_admission_deny ... ok
[INFO] [stdout] test worker::tests::test_worker_with_deny_all_admission ... ok
[INFO] [stdout] test worker::tests::test_worker_with_frame_pool ... ok
[INFO] [stdout] test worker::tests::test_worker_double_start ... ok
[INFO] [stdout] test worker::tests::test_worker_creation ... ok
[INFO] [stdout] test worker::tests::test_worker_id ... ok
[INFO] [stdout] test worker::tests::test_worker_stats_real_writes ... FAILED
[INFO] [stdout] test transport::acceptor::tests::test_std_tcp_acceptor_consecutive_conn_ids ... ok
[INFO] [stdout] test transport::acceptor::tests::test_std_tcp_acceptor_bind_accept ... ok
[INFO] [stdout] 
[INFO] [stdout] failures:
[INFO] [stdout] 
[INFO] [stdout] ---- worker::tests::test_worker_stats_real_writes stdout ----
[INFO] [stdout] 
[INFO] [stdout] thread 'worker::tests::test_worker_stats_real_writes' (1508) panicked at src/worker.rs:1549:9:
[INFO] [stdout] cpu_usage 应在 (0,1] 区间: 0
[INFO] [stdout] stack backtrace:
[INFO] [stdout]    0:     0x5ad50aeee9e1 - <<std[70759c8f55707aa4]::sys::backtrace::BacktraceLock>::print::DisplayBacktrace as core[df12db4294e9bfd3]::fmt::Display>::fmt
[INFO] [stdout]    1:     0x5ad50af042da - core[df12db4294e9bfd3]::fmt::write
[INFO] [stdout]    2:     0x5ad50aef2e7c - <alloc[2182bb758b4b3781]::vec::Vec<u8> as core[df12db4294e9bfd3]::io::write::Write>::write_fmt
[INFO] [stdout]    3:     0x5ad50aeca116 - std[70759c8f55707aa4]::panicking::default_hook::{closure#0}
[INFO] [stdout]    4:     0x5ad50aee6a69 - std[70759c8f55707aa4]::panicking::default_hook
[INFO] [stdout]    5:     0x5ad50adcabe0 - test[9d35eded1c95d3be]::test_main_inner::<test[9d35eded1c95d3be]::test_main_static::{closure#0}>::{closure#0}
[INFO] [stdout]    6:     0x5ad50aee6c22 - std[70759c8f55707aa4]::panicking::panic_with_hook
[INFO] [stdout]    7:     0x5ad50aeca1c2 - std[70759c8f55707aa4]::panicking::panic_handler::{closure#0}
[INFO] [stdout]    8:     0x5ad50aec2f49 - std[70759c8f55707aa4]::sys::backtrace::__rust_end_short_backtrace::<std[70759c8f55707aa4]::panicking::panic_handler::{closure#0}, !>
[INFO] [stdout]    9:     0x5ad50aecadbd - __rustc[8fa7c3cbc660c2b3]::rust_begin_unwind
[INFO] [stdout]   10:     0x5ad50af04a3c - core[df12db4294e9bfd3]::panicking::panic_fmt
[INFO] [stdout]   11:     0x5ad50ad8f1e4 - zenith_net[c4e55517ba53e8fe]::worker::tests::test_worker_stats_real_writes
[INFO] [stdout]   12:     0x5ad50ada2dd9 - <zenith_net[c4e55517ba53e8fe]::worker::tests::test_worker_stats_real_writes::{closure#0} as core[df12db4294e9bfd3]::ops::function::FnOnce<()>>::call_once
[INFO] [stdout]   13:     0x5ad50adbdecb - test[9d35eded1c95d3be]::__rust_begin_short_backtrace::<core[df12db4294e9bfd3]::result::Result<(), alloc[2182bb758b4b3781]::string::String>, fn() -> core[df12db4294e9bfd3]::result::Result<(), alloc[2182bb758b4b3781]::string::String>>
[INFO] [stdout]   14:     0x5ad50adcb535 - test[9d35eded1c95d3be]::run_test::{closure#0}
[INFO] [stdout]   15:     0x5ad50adc4df4 - std[70759c8f55707aa4]::sys::backtrace::__rust_begin_short_backtrace::<test[9d35eded1c95d3be]::run_test::{closure#1}, ()>
[INFO] [stdout]   16:     0x5ad50adce692 - <std[70759c8f55707aa4]::thread::lifecycle::spawn_unchecked<test[9d35eded1c95d3be]::run_test::{closure#1}, ()>::{closure#1} as core[df12db4294e9bfd3]::ops::function::FnOnce<()>>::call_once::{shim:vtable#0}
[INFO] [stdout]   17:     0x5ad50aeede89 - <std[70759c8f55707aa4]::sys::thread::unix::Thread>::new::thread_start
[INFO] [stdout]   18:     0x724cbedbfdfa - <unknown>
[INFO] [stdout]   19:     0x724cbee533d4 - clone
[INFO] [stdout]   20:                0x0 - <unknown>
[INFO] [stdout] 
[INFO] [stdout] 
[INFO] [stdout] failures:
[INFO] [stdout]     worker::tests::test_worker_stats_real_writes
[INFO] [stdout] 
[INFO] [stdout] test result: FAILED. 390 passed; 1 failed; 0 ignored; 0 measured; 0 filtered out; finished in 0.29s
[INFO] [stdout] 
[INFO] [stderr] error: test failed, to rerun pass `--lib`
[INFO] running `Command { std: "docker" "inspect" "ecae0ecfbdc91ce306ee4dcc6a35e05bc649fa94650be14da2bd647dfc2231f0", kill_on_drop: false }`
[INFO] running `Command { std: "docker" "rm" "-f" "ecae0ecfbdc91ce306ee4dcc6a35e05bc649fa94650be14da2bd647dfc2231f0", kill_on_drop: false }`
[INFO] [stdout] ecae0ecfbdc91ce306ee4dcc6a35e05bc649fa94650be14da2bd647dfc2231f0
