[INFO] fetching crate zenith-ebpf 0.1.2...
[INFO] testing zenith-ebpf-0.1.2 against 1.100.0-beta.1+cargoflags=--release for beta-release-1.100-2
[INFO] extracting crate zenith-ebpf 0.1.2 into /workspace/builds/worker-7-tc2/source
[INFO] started tweaking crates.io crate zenith-ebpf 0.1.2
[INFO] finished tweaking crates.io crate zenith-ebpf 0.1.2
[INFO] tweaked toml for crates.io crate zenith-ebpf 0.1.2 written to /workspace/builds/worker-7-tc2/source/Cargo.toml
[INFO] validating manifest of crates.io crate zenith-ebpf 0.1.2 on toolchain 1.100.0-beta.1
[INFO] running `Command { std: CARGO_HOME="/workspace/cargo-home" RUSTUP_HOME="/workspace/rustup-home" "/workspace/cargo-home/bin/cargo" "+1.100.0-beta.1" "metadata" "--manifest-path" "Cargo.toml" "--no-deps", kill_on_drop: false }`
[INFO] crate crates.io crate zenith-ebpf 0.1.2 already has a lockfile, it will not be regenerated
[INFO] running `Command { std: CARGO_HOME="/workspace/cargo-home" RUSTUP_HOME="/workspace/rustup-home" "/workspace/cargo-home/bin/cargo" "+1.100.0-beta.1" "fetch" "--manifest-path" "Cargo.toml", kill_on_drop: false }`
[INFO] running `Command { std: "docker" "create" "-v" "/var/lib/crater-agent-workspace/builds/worker-7-tc2/source:/opt/rustwide/workdir:ro,Z" "-v" "/var/lib/crater-agent-workspace/builds/worker-7-tc2/target:/opt/rustwide/target:rw,Z" "-v" "/var/lib/crater-agent-workspace/cargo-home:/opt/rustwide/cargo-home:ro,Z" "-v" "/var/lib/crater-agent-workspace/rustup-home:/opt/rustwide/rustup-home:ro,Z" "-m" "1610612736" "--network" "none" "ghcr.io/rust-lang/crates-build-env/linux@sha256:77db811e55d90add9212f6832c23229e3de5f1c1f9905e8cb07319ea15df73ac" "sleep" "infinity", kill_on_drop: false }`
[INFO] [stdout] 11f1e1e85daed75f4220b4d5b8353e72fa09185a5655eac117a56b11f0978ed5
[INFO] running `Command { std: "docker" "start" "11f1e1e85daed75f4220b4d5b8353e72fa09185a5655eac117a56b11f0978ed5", kill_on_drop: false }`
[INFO] running `Command { std: "docker" "inspect" "11f1e1e85daed75f4220b4d5b8353e72fa09185a5655eac117a56b11f0978ed5", kill_on_drop: false }`
[INFO] running `Command { std: "docker" "exec" "-e" "SOURCE_DIR=/opt/rustwide/workdir" "-e" "CARGO_HOME=/opt/rustwide/cargo-home" "-e" "RUSTUP_HOME=/opt/rustwide/rustup-home" "-e" "CARGO_TARGET_DIR=/opt/rustwide/target" "-w" "/opt/rustwide/workdir" "--user" "0:0" "11f1e1e85daed75f4220b4d5b8353e72fa09185a5655eac117a56b11f0978ed5" "/opt/rustwide/cargo-home/bin/cargo" "+1.100.0-beta.1" "metadata" "--no-deps" "--format-version=1", kill_on_drop: false }`
[INFO] running `Command { std: "docker" "inspect" "11f1e1e85daed75f4220b4d5b8353e72fa09185a5655eac117a56b11f0978ed5", kill_on_drop: false }`
[INFO] running `Command { std: "docker" "exec" "-e" "SOURCE_DIR=/opt/rustwide/workdir" "-e" "CARGO_HOME=/opt/rustwide/cargo-home" "-e" "RUSTUP_HOME=/opt/rustwide/rustup-home" "-e" "CARGO_TARGET_DIR=/opt/rustwide/target" "-e" "CARGO_INCREMENTAL=0" "-e" "RUST_BACKTRACE=full" "-e" "RUSTFLAGS=--cap-lints=warn" "-e" "RUSTDOCFLAGS=--cap-lints=warn" "-w" "/opt/rustwide/workdir" "--user" "0:0" "11f1e1e85daed75f4220b4d5b8353e72fa09185a5655eac117a56b11f0978ed5" "/opt/rustwide/cargo-home/bin/cargo" "+1.100.0-beta.1" "build" "--frozen" "--message-format=json" "--release", kill_on_drop: false }`
[INFO] [stderr]    Compiling zerocopy v0.8.56
[INFO] [stderr]    Compiling bitflags v2.13.1
[INFO] [stderr]    Compiling cc v1.4.1
[INFO] [stderr]    Compiling libc v0.2.189
[INFO] [stderr]    Compiling nix v0.31.3
[INFO] [stderr]    Compiling syn v3.0.3
[INFO] [stderr]    Compiling syn v2.0.119
[INFO] [stderr]    Compiling getrandom v0.2.17
[INFO] [stderr]    Compiling zenith-ebpf v0.1.2 (/opt/rustwide/workdir)
[INFO] [stderr]    Compiling rand_core v0.6.4
[INFO] [stderr]    Compiling ring v0.17.14
[INFO] [stderr]    Compiling vsprintf v2.0.0
[INFO] [stderr]    Compiling serde_derive v1.0.229
[INFO] [stderr]    Compiling libbpf-sys v1.7.0+v1.7.0
[INFO] [stderr]    Compiling thiserror-impl v1.0.69
[INFO] [stderr]    Compiling tracing-attributes v0.1.31
[INFO] [stderr]    Compiling serde v1.0.229
[INFO] [stderr]    Compiling ppv-lite86 v0.2.21
[INFO] [stderr]    Compiling thiserror v1.0.69
[INFO] [stderr]    Compiling serde_spanned v0.6.9
[INFO] [stderr]    Compiling toml_datetime v0.6.11
[INFO] [stderr]    Compiling rand_chacha v0.3.1
[INFO] [stderr]    Compiling toml_edit v0.22.27
[INFO] [stderr]    Compiling rand v0.8.7
[INFO] [stderr]    Compiling tracing v0.1.44
[INFO] [stderr]    Compiling toml v0.8.23
[INFO] [stderr]    Compiling zenith-foundation v0.1.1
[INFO] [stderr]    Compiling libbpf-rs v0.24.8
[INFO] [stderr]     Finished `release` profile [optimized] target(s) in 23.09s
[INFO] running `Command { std: "docker" "inspect" "11f1e1e85daed75f4220b4d5b8353e72fa09185a5655eac117a56b11f0978ed5", kill_on_drop: false }`
[INFO] running `Command { std: "docker" "exec" "-e" "SOURCE_DIR=/opt/rustwide/workdir" "-e" "CARGO_HOME=/opt/rustwide/cargo-home" "-e" "RUSTUP_HOME=/opt/rustwide/rustup-home" "-e" "CARGO_TARGET_DIR=/opt/rustwide/target" "-e" "CARGO_INCREMENTAL=0" "-e" "RUST_BACKTRACE=full" "-e" "RUSTFLAGS=--cap-lints=warn" "-e" "RUSTDOCFLAGS=--cap-lints=warn" "-w" "/opt/rustwide/workdir" "--user" "0:0" "11f1e1e85daed75f4220b4d5b8353e72fa09185a5655eac117a56b11f0978ed5" "/opt/rustwide/cargo-home/bin/cargo" "+1.100.0-beta.1" "test" "--frozen" "--no-run" "--message-format=json" "--release", kill_on_drop: false }`
[INFO] [stderr]    Compiling diff v0.1.13
[INFO] [stderr]    Compiling pretty_assertions v1.4.1
[INFO] [stderr]    Compiling zenith-ebpf v0.1.2 (/opt/rustwide/workdir)
[INFO] [stderr]     Finished `release` profile [optimized] target(s) in 1.98s
[INFO] running `Command { std: "docker" "inspect" "11f1e1e85daed75f4220b4d5b8353e72fa09185a5655eac117a56b11f0978ed5", kill_on_drop: false }`
[INFO] running `Command { std: "docker" "exec" "-e" "SOURCE_DIR=/opt/rustwide/workdir" "-e" "CARGO_HOME=/opt/rustwide/cargo-home" "-e" "RUSTUP_HOME=/opt/rustwide/rustup-home" "-e" "CARGO_TARGET_DIR=/opt/rustwide/target" "-e" "CARGO_INCREMENTAL=0" "-e" "RUST_BACKTRACE=full" "-e" "RUSTFLAGS=--cap-lints=warn" "-e" "RUSTDOCFLAGS=--cap-lints=warn" "-w" "/opt/rustwide/workdir" "--user" "0:0" "11f1e1e85daed75f4220b4d5b8353e72fa09185a5655eac117a56b11f0978ed5" "/opt/rustwide/cargo-home/bin/cargo" "+1.100.0-beta.1" "test" "--frozen" "--release", kill_on_drop: false }`
[INFO] [stderr]     Finished `release` profile [optimized] target(s) in 0.06s
[INFO] [stderr]      Running unittests src/lib.rs (/opt/rustwide/target/release/build/zenith-ebpf/d58ffa373fc6989e/out/zenith_ebpf-d58ffa373fc6989e)
[INFO] [stdout] 
[INFO] [stdout] running 101 tests
[INFO] [stdout] test attach::tests::test_attach_point_debug ... ok
[INFO] [stdout] test attach::tests::test_attach_point_xdp_with_mode ... ok
[INFO] [stdout] test attach::tests::test_attach_point_kind ... ok
[INFO] [stdout] test attach::tests::test_attached_handle_detach_when_already_detached ... ok
[INFO] [stdout] test attach::tests::test_cgroup_attach_type_expected_prog_type ... ok
[INFO] [stdout] test attach::tests::test_attached_handle_is_detached_initial ... ok
[INFO] [stdout] test attach::tests::test_cgroup_attach_type_prog_type_consistency ... ok
[INFO] [stdout] test attach::tests::test_cgroup_attach_type_as_str ... ok
[INFO] [stdout] test attach::tests::test_cgroup_attach_type_unique ... ok
[INFO] [stdout] test bank::tests::test_bank_id_clone_copy ... ok
[INFO] [stderr] libbpf: Failed to bump RLIMIT_MEMLOCK (err = -EPERM), you might need to do it explicitly!
[INFO] [stdout] test attach::tests::test_attach_point_socket_filter ... ok
[INFO] [stderr] libbpf: Error in bpf_object__probe_loading(): -EPERM. Couldn't load trivial BPF program. Make sure your kernel supports BPF (CONFIG_BPF_SYSCALL=y) and/or that RLIMIT_MEMLOCK is set to big enough value.
[INFO] [stdout] test attach::tests::test_cgroup_attach_type_all_variants ... ok
[INFO] [stderr] libbpf: Error in bpf_object__probe_loading(): -EPERM. Couldn't load trivial BPF program. Make sure your kernel supports BPF (CONFIG_BPF_SYSCALL=y) and/or that RLIMIT_MEMLOCK is set to big enough value.
[INFO] [stdout] test bank::tests::test_bank_id_display ... ok
[INFO] [stderr] libbpf: Error in bpf_object__probe_loading(): -EPERM. Couldn't load trivial BPF program. Make sure your kernel supports BPF (CONFIG_BPF_SYSCALL=y) and/or that RLIMIT_MEMLOCK is set to big enough value.
[INFO] [stdout] test attach::tests::test_tc_direction_to_attach_point ... ok
[INFO] [stderr] libbpf: Error in bpf_object__probe_loading(): -EPERM. Couldn't load trivial BPF program. Make sure your kernel supports BPF (CONFIG_BPF_SYSCALL=y) and/or that RLIMIT_MEMLOCK is set to big enough value.
[INFO] [stdout] test attach::tests::test_attach_point_clone ... ok
[INFO] [stdout] test attach::tests::test_attach_point_xdp_auto ... ok
[INFO] [stdout] test attach::tests::test_attach_point_tc_egress ... ok
[INFO] [stdout] test bank::tests::test_bank_id_eq ... ok
[INFO] [stdout] test attach::tests::test_attach_point_cgroup_sock_ops ... ok
[INFO] [stdout] test bank::tests::test_bank_id_debug ... ok
[INFO] [stdout] test bank::tests::test_bank_id_from_u32_boundary ... ok
[INFO] [stdout] test bank::tests::test_bank_active_program_is_xdp_main ... ok
[INFO] [stdout] test bank::tests::test_manager_error_display ... ok
[INFO] [stdout] test error::tests::test_attach_error_debug ... ok
[INFO] [stdout] test error::tests::test_attach_error_variants ... ok
[INFO] [stdout] test error::tests::test_ebpf_error_display_attach ... ok
[INFO] [stderr] libbpf: Error in bpf_object__probe_loading(): -EPERM. Couldn't load trivial BPF program. Make sure your kernel supports BPF (CONFIG_BPF_SYSCALL=y) and/or that RLIMIT_MEMLOCK is set to big enough value.
[INFO] [stdout] test bank::tests::test_dual_bank_manager_debug ... ok
[INFO] [stderr] libbpf: Error in bpf_object__probe_loading(): -EPERM. Couldn't load trivial BPF program. Make sure your kernel supports BPF (CONFIG_BPF_SYSCALL=y) and/or that RLIMIT_MEMLOCK is set to big enough value.
[INFO] [stdout] test bank::tests::test_dual_bank_manager_increment_version_multiple ... ok
[INFO] [stderr] libbpf: Error in bpf_object__probe_loading(): -EPERM. Couldn't load trivial BPF program. Make sure your kernel supports BPF (CONFIG_BPF_SYSCALL=y) and/or that RLIMIT_MEMLOCK is set to big enough value.
[INFO] [stdout] test bank::tests::test_bank_id_other_involution ... ok
[INFO] [stdout] test bank::tests::test_bank_id_other ... ok
[INFO] [stdout] test bank::tests::test_bank_id_unique ... ok
[INFO] [stdout] test bank::tests::test_bank_id_values ... ok
[INFO] [stdout] test error::tests::test_error_trait_implementations ... ok
[INFO] [stderr] libbpf: Error in bpf_object__probe_loading(): -EPERM. Couldn't load trivial BPF program. Make sure your kernel supports BPF (CONFIG_BPF_SYSCALL=y) and/or that RLIMIT_MEMLOCK is set to big enough value.
[INFO] [stdout] test error::tests::test_errors_are_debug ... ok
[INFO] [stderr] libbpf: Error in bpf_object__probe_loading(): -EPERM. Couldn't load trivial BPF program. Make sure your kernel supports BPF (CONFIG_BPF_SYSCALL=y) and/or that RLIMIT_MEMLOCK is set to big enough value.
[INFO] [stdout] test bank::tests::test_dual_bank_manager_bank_ids_consistent ... ok
[INFO] [stderr] libbpf: Error in bpf_object__probe_loading(): -EPERM. Couldn't load trivial BPF program. Make sure your kernel supports BPF (CONFIG_BPF_SYSCALL=y) and/or that RLIMIT_MEMLOCK is set to big enough value.
[INFO] [stdout] test error::tests::test_load_error_variants ... ok
[INFO] [stderr] libbpf: Error in bpf_object__probe_loading(): -EPERM. Couldn't load trivial BPF program. Make sure your kernel supports BPF (CONFIG_BPF_SYSCALL=y) and/or that RLIMIT_MEMLOCK is set to big enough value.
[INFO] [stdout] test bank::tests::test_dual_bank_manager_initial_versions ... ok
[INFO] [stderr] libbpf: Error in bpf_object__probe_loading(): -EPERM. Couldn't load trivial BPF program. Make sure your kernel supports BPF (CONFIG_BPF_SYSCALL=y) and/or that RLIMIT_MEMLOCK is set to big enough value.
[INFO] [stderr] libbpf: Error in bpf_object__probe_loading(): -EPERM. Couldn't load trivial BPF program. Make sure your kernel supports BPF (CONFIG_BPF_SYSCALL=y) and/or that RLIMIT_MEMLOCK is set to big enough value.
[INFO] [stderr] libbpf: Error in bpf_object__probe_loading(): -EPERM. Couldn't load trivial BPF program. Make sure your kernel supports BPF (CONFIG_BPF_SYSCALL=y) and/or that RLIMIT_MEMLOCK is set to big enough value.
[INFO] [stdout] test error::tests::test_error_from_conversions ... ok
[INFO] [stdout] test error::tests::test_ebpf_error_display_bank ... ok
[INFO] [stdout] test attach::tests::test_attach_point_tc_ingress ... ok
[INFO] [stdout] test error::tests::test_ebpf_error_display_kernel ... ok
[INFO] [stdout] test attach::tests::test_tc_direction_all_variants ... ok
[INFO] [stdout] test error::tests::test_ebpf_error_display_load ... ok
[INFO] [stdout] test attach::tests::test_tc_direction_as_str ... ok
[INFO] [stdout] test error::tests::test_ebpf_error_display_map ... ok
[INFO] [stdout] test attach::tests::test_tc_direction_eq ... ok
[INFO] [stdout] test bank::tests::test_dual_bank_manager_creation ... ok
[INFO] [stdout] test error::tests::test_map_error_variants ... ok
[INFO] [stderr] libbpf: Error in bpf_object__probe_loading(): -EPERM. Couldn't load trivial BPF program. Make sure your kernel supports BPF (CONFIG_BPF_SYSCALL=y) and/or that RLIMIT_MEMLOCK is set to big enough value.
[INFO] [stdout] test bank::tests::test_dual_bank_manager_versioning ... ok
[INFO] [stderr] libbpf: Error in bpf_object__probe_loading(): -EPERM. Couldn't load trivial BPF program. Make sure your kernel supports BPF (CONFIG_BPF_SYSCALL=y) and/or that RLIMIT_MEMLOCK is set to big enough value.
[INFO] [stdout] test error::tests::test_manager_error_debug ... ok
[INFO] [stderr] libbpf: Error in bpf_object__probe_loading(): -EPERM. Couldn't load trivial BPF program. Make sure your kernel supports BPF (CONFIG_BPF_SYSCALL=y) and/or that RLIMIT_MEMLOCK is set to big enough value.
[INFO] [stdout] test error::tests::test_manager_error_variants ... ok
[INFO] [stderr] libbpf: Error in bpf_object__probe_loading(): -EPERM. Couldn't load trivial BPF program. Make sure your kernel supports BPF (CONFIG_BPF_SYSCALL=y) and/or that RLIMIT_MEMLOCK is set to big enough value.
[INFO] [stdout] test error::tests::test_load_error_debug ... ok
[INFO] [stdout] test error::tests::test_map_error_display_match ... ok
[INFO] [stdout] test maps::tests::test_expectation_default_matches_unified_whitelist ... ok
[INFO] [stderr] libbpf: Error in bpf_object__probe_loading(): -EPERM. Couldn't load trivial BPF program. Make sure your kernel supports BPF (CONFIG_BPF_SYSCALL=y) and/or that RLIMIT_MEMLOCK is set to big enough value.
[INFO] [stdout] test maps::tests::test_map_error_display ... ok
[INFO] [stderr] libbpf: Error in bpf_object__probe_loading(): -EPERM. Couldn't load trivial BPF program. Make sure your kernel supports BPF (CONFIG_BPF_SYSCALL=y) and/or that RLIMIT_MEMLOCK is set to big enough value.
[INFO] [stdout] test maps::tests::test_proto_whitelist_bitmap ... ok
[INFO] [stderr] libbpf: Error in bpf_object__probe_loading(): -EPERM. Couldn't load trivial BPF program. Make sure your kernel supports BPF (CONFIG_BPF_SYSCALL=y) and/or that RLIMIT_MEMLOCK is set to big enough value.
[INFO] [stdout] test maps::tests::test_proto_whitelist_bitmap_overflow_fails ... ok
[INFO] [stdout] test maps::tests::test_proto_whitelist_bitmap_empty ... ok
[INFO] [stdout] test maps::tests::test_stat_id_as_u32_consistency ... ok
[INFO] [stdout] test maps::tests::test_stat_id_as_str_semantics ... ok
[INFO] [stdout] test maps::tests::test_stat_id_clone_copy ... ok
[INFO] [stdout] test maps::tests::test_stat_id_count ... ok
[INFO] [stdout] test maps::tests::test_stat_id_debug ... ok
[INFO] [stdout] test maps::tests::test_stat_id_eq ... ok
[INFO] [stdout] test maps::tests::test_stat_id_from_u32_roundtrip ... ok
[INFO] [stdout] test maps::tests::test_map_error_is_error ... ok
[INFO] [stdout] test maps::tests::test_default_proto_whitelist_value ... ok
[INFO] [stdout] test tests::test_stat_id_values ... ok
[INFO] [stdout] test xdp_attach::tests::test_fallback_chain_order ... ok
[INFO] [stdout] test maps::tests::test_whitelist_enabled_config_key_value ... ok
[INFO] [stdout] test maps::tests::test_stat_id_unique ... ok
[INFO] [stdout] test tests::test_bank_id_values ... ok
[INFO] [stdout] test maps::tests::test_stat_id_variants_coverage ... ok
[INFO] [stdout] test xdp_attach::tests::test_xdp_attach_mode_as_str ... ok
[INFO] [stdout] test xdp_attach::tests::test_xdp_attach_mode_flags ... ok
[INFO] [stdout] test maps::tests::test_stat_id_ordering ... ok
[INFO] [stdout] test maps::tests::test_u32_byte_conversion ... ok
[INFO] [stdout] test maps::tests::test_u64_byte_conversion ... ok
[INFO] [stdout] test xdp_prog::tests::test_all_programs_load_into_kernel ... FAILED
[INFO] [stdout] test xdp_prog::tests::test_embedded_bytecode_passes_verification ... ok
[INFO] [stdout] test xdp_prog::tests::test_attach_error_display ... ok
[INFO] [stdout] test xdp_prog::tests::test_hash_lookup_keys_match_expected_hashes ... ok
[INFO] [stdout] test xdp_prog::tests::test_load_error_display ... ok
[INFO] [stdout] test xdp_prog::tests::test_xdp_loader_link_management ... FAILED
[INFO] [stdout] test xdp_prog::tests::test_xdp_loader_object_access ... FAILED
[INFO] [stdout] test xdp_prog::tests::test_tampered_bytecode_fails_verification ... ok
[INFO] [stdout] test xdp_prog::tests::test_xdp_loader_object_mut_access ... FAILED
[INFO] [stdout] test xdp_prog::tests::test_unknown_program_key_fails_verification ... ok
[INFO] [stdout] test xdp_prog::tests::test_xdp_program_name_all_variants ... ok
[INFO] [stdout] test xdp_prog::tests::test_xdp_program_name_as_str ... ok
[INFO] [stdout] test xdp_prog::tests::test_xdp_program_name_eq ... ok
[INFO] [stdout] test xdp_prog::tests::test_xdp_loader_creation ... FAILED
[INFO] [stdout] test xdp_prog::tests::test_xdp_loader_detach_without_attach ... FAILED
[INFO] [stdout] test xdp_prog::tests::test_xdp_loader_program_name ... FAILED
[INFO] [stdout] test xdp_prog::tests::test_xdp_program_name_get_bytecode ... ok
[INFO] [stdout] test xdp_prog::tests::test_xdp_program_name_unique ... ok
[INFO] [stdout] test maps::tests::test_stat_id_matches_kernel_layout ... ok
[INFO] [stderr] libbpf: Error in bpf_object__probe_loading(): -EPERM. Couldn't load trivial BPF program. Make sure your kernel supports BPF (CONFIG_BPF_SYSCALL=y) and/or that RLIMIT_MEMLOCK is set to big enough value.
[INFO] [stdout] test xdp_prog::tests::test_xdp_program_mut_access ... FAILED
[INFO] [stdout] test xdp_prog::tests::test_xdp_program_name_clone_copy ... ok
[INFO] [stdout] test xdp_prog::tests::test_xdp_program_name_debug ... ok
[INFO] [stdout] test xdp_prog::tests::test_xdp_loader_debug ... FAILED
[INFO] [stderr] libbpf: Error in bpf_object__probe_loading(): -EPERM. Couldn't load trivial BPF program. Make sure your kernel supports BPF (CONFIG_BPF_SYSCALL=y) and/or that RLIMIT_MEMLOCK is set to big enough value.
[INFO] [stdout] 
[INFO] [stdout] failures:
[INFO] [stdout] 
[INFO] [stdout] ---- xdp_prog::tests::test_all_programs_load_into_kernel stdout ----
[INFO] [stdout] 
[INFO] [stdout] thread 'xdp_prog::tests::test_all_programs_load_into_kernel' (1182) panicked at src/xdp_prog.rs:821:13:
[INFO] [stdout] eBPF 程序 Main 必须能加载到内核。错误: Some(Libbpf("Failed to load object: Operation not permitted (os error 1)"))
[INFO] [stdout] 可能原因：vmlinux.h 枚举与内核不匹配、clang 编译参数错误、map_type 数值错误、内核版本不兼容
[INFO] [stdout] stack backtrace:
[INFO] [stdout]    0:     0x56a013433731 - <<std[617be2ca0a6fd877]::sys::backtrace::BacktraceLock>::print::DisplayBacktrace as core[a373ad73a504971]::fmt::Display>::fmt
[INFO] [stdout]    1:     0x56a013447aba - core[a373ad73a504971]::fmt::write
[INFO] [stdout]    2:     0x56a01343796c - <alloc[2e1b2a31b91974c5]::vec::Vec<u8> as core[a373ad73a504971]::io::write::Write>::write_fmt
[INFO] [stdout]    3:     0x56a01340f8f6 - std[617be2ca0a6fd877]::panicking::default_hook::{closure#0}
[INFO] [stdout]    4:     0x56a01342bb59 - std[617be2ca0a6fd877]::panicking::default_hook
[INFO] [stdout]    5:     0x56a013395cc0 - test[aada8e7e76ba119b]::test_main_inner::{closure#0}
[INFO] [stdout]    6:     0x56a01342bd12 - std[617be2ca0a6fd877]::panicking::panic_with_hook
[INFO] [stdout]    7:     0x56a01340f9a2 - std[617be2ca0a6fd877]::panicking::panic_handler::{closure#0}
[INFO] [stdout]    8:     0x56a013408609 - std[617be2ca0a6fd877]::sys::backtrace::__rust_end_short_backtrace::<std[617be2ca0a6fd877]::panicking::panic_handler::{closure#0}, !>
[INFO] [stdout]    9:     0x56a0134105ad - __rustc[ea4f61d10b84890b]::rust_begin_unwind
[INFO] [stdout]   10:     0x56a01344821c - core[a373ad73a504971]::panicking::panic_fmt
[INFO] [stdout]   11:     0x56a013381283 - <zenith_ebpf[fca0f8b2b6c53e64]::xdp_prog::tests::test_all_programs_load_into_kernel::{closure#0} as core[a373ad73a504971]::ops::function::FnOnce<()>>::call_once
[INFO] [stdout]   12:     0x56a01338910b - test[aada8e7e76ba119b]::__rust_begin_short_backtrace::<core[a373ad73a504971]::result::Result<(), alloc[2e1b2a31b91974c5]::string::String>, fn() -> core[a373ad73a504971]::result::Result<(), alloc[2e1b2a31b91974c5]::string::String>>
[INFO] [stdout]   13:     0x56a0133962e5 - test[aada8e7e76ba119b]::run_test::{closure#0}
[INFO] [stdout]   14:     0x56a01338fbd4 - std[617be2ca0a6fd877]::sys::backtrace::__rust_begin_short_backtrace::<test[aada8e7e76ba119b]::run_test::{closure#1}, ()>
[INFO] [stdout]   15:     0x56a013399372 - <std[617be2ca0a6fd877]::thread::lifecycle::spawn_unchecked<test[aada8e7e76ba119b]::run_test::{closure#1}, ()>::{closure#1} as core[a373ad73a504971]::ops::function::FnOnce<()>>::call_once::{shim:vtable#0}
[INFO] [stdout]   16:     0x56a013432f5f - <std[617be2ca0a6fd877]::sys::thread::unix::Thread>::new::thread_start
[INFO] [stdout]   17:     0x772e1a91adfa - <unknown>
[INFO] [stdout]   18:     0x772e1a9ae3d4 - clone
[INFO] [stdout]   19:                0x0 - <unknown>
[INFO] [stdout] 
[INFO] [stdout] ---- xdp_prog::tests::test_xdp_loader_link_management stdout ----
[INFO] [stdout] 
[INFO] [stdout] thread 'xdp_prog::tests::test_xdp_loader_link_management' (1192) panicked at src/xdp_prog.rs:685:26:
[INFO] [stdout] XdpLoader::load(Redirect) 必须成功。eBPF 加载失败说明字节码无法通过内核验证器，可能原因：vmlinux.h 枚举错误、map_type 数值与内核不匹配、clang 版本不兼容。错误: Libbpf("Failed to load object: Operation not permitted (os error 1)")
[INFO] [stdout] stack backtrace:
[INFO] [stdout]    0:     0x56a013433731 - <<std[617be2ca0a6fd877]::sys::backtrace::BacktraceLock>::print::DisplayBacktrace as core[a373ad73a504971]::fmt::Display>::fmt
[INFO] [stdout]    1:     0x56a013447aba - core[a373ad73a504971]::fmt::write
[INFO] [stdout]    2:     0x56a01343796c - <alloc[2e1b2a31b91974c5]::vec::Vec<u8> as core[a373ad73a504971]::io::write::Write>::write_fmt
[INFO] [stdout]    3:     0x56a01340f8f6 - std[617be2ca0a6fd877]::panicking::default_hook::{closure#0}
[INFO] [stdout]    4:     0x56a01342bb59 - std[617be2ca0a6fd877]::panicking::default_hook
[INFO] [stdout]    5:     0x56a013395cc0 - test[aada8e7e76ba119b]::test_main_inner::{closure#0}
[INFO] [stdout]    6:     0x56a01342bd12 - std[617be2ca0a6fd877]::panicking::panic_with_hook
[INFO] [stdout]    7:     0x56a01340f9a2 - std[617be2ca0a6fd877]::panicking::panic_handler::{closure#0}
[INFO] [stdout]    8:     0x56a013408609 - std[617be2ca0a6fd877]::sys::backtrace::__rust_end_short_backtrace::<std[617be2ca0a6fd877]::panicking::panic_handler::{closure#0}, !>
[INFO] [stdout]    9:     0x56a0134105ad - __rustc[ea4f61d10b84890b]::rust_begin_unwind
[INFO] [stdout]   10:     0x56a01344821c - core[a373ad73a504971]::panicking::panic_fmt
[INFO] [stdout]   11:     0x56a013380de8 - <zenith_ebpf[fca0f8b2b6c53e64]::xdp_prog::tests::test_xdp_loader_link_management::{closure#0} as core[a373ad73a504971]::ops::function::FnOnce<()>>::call_once
[INFO] [stdout]   12:     0x56a01338910b - test[aada8e7e76ba119b]::__rust_begin_short_backtrace::<core[a373ad73a504971]::result::Result<(), alloc[2e1b2a31b91974c5]::string::String>, fn() -> core[a373ad73a504971]::result::Result<(), alloc[2e1b2a31b91974c5]::string::String>>
[INFO] [stdout]   13:     0x56a0133962e5 - test[aada8e7e76ba119b]::run_test::{closure#0}
[INFO] [stdout]   14:     0x56a01338fbd4 - std[617be2ca0a6fd877]::sys::backtrace::__rust_begin_short_backtrace::<test[aada8e7e76ba119b]::run_test::{closure#1}, ()>
[INFO] [stdout]   15:     0x56a013399372 - <std[617be2ca0a6fd877]::thread::lifecycle::spawn_unchecked<test[aada8e7e76ba119b]::run_test::{closure#1}, ()>::{closure#1} as core[a373ad73a504971]::ops::function::FnOnce<()>>::call_once::{shim:vtable#0}
[INFO] [stdout]   16:     0x56a013432f5f - <std[617be2ca0a6fd877]::sys::thread::unix::Thread>::new::thread_start
[INFO] [stdout]   17:     0x772e1a91adfa - <unknown>
[INFO] [stdout]   18:     0x772e1a9ae3d4 - clone
[INFO] [stdout]   19:                0x0 - <unknown>
[INFO] [stdout] 
[INFO] [stdout] ---- xdp_prog::tests::test_xdp_loader_object_access stdout ----
[INFO] [stdout] 
[INFO] [stdout] thread 'xdp_prog::tests::test_xdp_loader_object_access' (1193) panicked at src/xdp_prog.rs:767:22:
[INFO] [stdout] XdpLoader::load(Main) 必须成功。eBPF 加载失败说明字节码无法通过内核验证器，可能原因：vmlinux.h 枚举错误、map_type 数值与内核不匹配、clang 版本不兼容。错误: Libbpf("Failed to load object: Operation not permitted (os error 1)")
[INFO] [stdout] stack backtrace:
[INFO] [stdout]    0:     0x56a013433731 - <<std[617be2ca0a6fd877]::sys::backtrace::BacktraceLock>::print::DisplayBacktrace as core[a373ad73a504971]::fmt::Display>::fmt
[INFO] [stdout]    1:     0x56a013447aba - core[a373ad73a504971]::fmt::write
[INFO] [stdout]    2:     0x56a01343796c - <alloc[2e1b2a31b91974c5]::vec::Vec<u8> as core[a373ad73a504971]::io::write::Write>::write_fmt
[INFO] [stdout]    3:     0x56a01340f8f6 - std[617be2ca0a6fd877]::panicking::default_hook::{closure#0}
[INFO] [stdout]    4:     0x56a01342bb59 - std[617be2ca0a6fd877]::panicking::default_hook
[INFO] [stdout]    5:     0x56a013395cc0 - test[aada8e7e76ba119b]::test_main_inner::{closure#0}
[INFO] [stdout]    6:     0x56a01342bd12 - std[617be2ca0a6fd877]::panicking::panic_with_hook
[INFO] [stdout]    7:     0x56a01340f9a2 - std[617be2ca0a6fd877]::panicking::panic_handler::{closure#0}
[INFO] [stdout]    8:     0x56a013408609 - std[617be2ca0a6fd877]::sys::backtrace::__rust_end_short_backtrace::<std[617be2ca0a6fd877]::panicking::panic_handler::{closure#0}, !>
[INFO] [stdout]    9:     0x56a0134105ad - __rustc[ea4f61d10b84890b]::rust_begin_unwind
[INFO] [stdout]   10:     0x56a01344821c - core[a373ad73a504971]::panicking::panic_fmt
[INFO] [stdout]   11:     0x56a013380c88 - <zenith_ebpf[fca0f8b2b6c53e64]::xdp_prog::tests::test_xdp_loader_object_access::{closure#0} as core[a373ad73a504971]::ops::function::FnOnce<()>>::call_once
[INFO] [stdout]   12:     0x56a01338910b - test[aada8e7e76ba119b]::__rust_begin_short_backtrace::<core[a373ad73a504971]::result::Result<(), alloc[2e1b2a31b91974c5]::string::String>, fn() -> core[a373ad73a504971]::result::Result<(), alloc[2e1b2a31b91974c5]::string::String>>
[INFO] [stdout]   13:     0x56a0133962e5 - test[aada8e7e76ba119b]::run_test::{closure#0}
[INFO] [stdout]   14:     0x56a01338fbd4 - std[617be2ca0a6fd877]::sys::backtrace::__rust_begin_short_backtrace::<test[aada8e7e76ba119b]::run_test::{closure#1}, ()>
[INFO] [stdout]   15:     0x56a013399372 - <std[617be2ca0a6fd877]::thread::lifecycle::spawn_unchecked<test[aada8e7e76ba119b]::run_test::{closure#1}, ()>::{closure#1} as core[a373ad73a504971]::ops::function::FnOnce<()>>::call_once::{shim:vtable#0}
[INFO] [stdout]   16:     0x56a013432f5f - <std[617be2ca0a6fd877]::sys::thread::unix::Thread>::new::thread_start
[INFO] [stdout]   17:     0x772e1a91adfa - <unknown>
[INFO] [stdout]   18:     0x772e1a9ae3d4 - clone
[INFO] [stdout]   19:                0x0 - <unknown>
[INFO] [stdout] 
[INFO] [stdout] ---- xdp_prog::tests::test_xdp_loader_object_mut_access stdout ----
[INFO] [stdout] 
[INFO] [stdout] thread 'xdp_prog::tests::test_xdp_loader_object_mut_access' (1194) panicked at src/xdp_prog.rs:775:26:
[INFO] [stdout] XdpLoader::load(Main) 必须成功。eBPF 加载失败说明字节码无法通过内核验证器，可能原因：vmlinux.h 枚举错误、map_type 数值与内核不匹配、clang 版本不兼容。错误: Libbpf("Failed to load object: Operation not permitted (os error 1)")
[INFO] [stdout] stack backtrace:
[INFO] [stdout]    0:     0x56a013433731 - <<std[617be2ca0a6fd877]::sys::backtrace::BacktraceLock>::print::DisplayBacktrace as core[a373ad73a504971]::fmt::Display>::fmt
[INFO] [stdout]    1:     0x56a013447aba - core[a373ad73a504971]::fmt::write
[INFO] [stdout]    2:     0x56a01343796c - <alloc[2e1b2a31b91974c5]::vec::Vec<u8> as core[a373ad73a504971]::io::write::Write>::write_fmt
[INFO] [stdout]    3:     0x56a01340f8f6 - std[617be2ca0a6fd877]::panicking::default_hook::{closure#0}
[INFO] [stdout]    4:     0x56a01342bb59 - std[617be2ca0a6fd877]::panicking::default_hook
[INFO] [stdout]    5:     0x56a013395cc0 - test[aada8e7e76ba119b]::test_main_inner::{closure#0}
[INFO] [stdout]    6:     0x56a01342bd12 - std[617be2ca0a6fd877]::panicking::panic_with_hook
[INFO] [stdout]    7:     0x56a01340f9a2 - std[617be2ca0a6fd877]::panicking::panic_handler::{closure#0}
[INFO] [stderr] error: test failed, to rerun pass `--lib`
[INFO] [stdout]    8:     0x56a013408609 - std[617be2ca0a6fd877]::sys::backtrace::__rust_end_short_backtrace::<std[617be2ca0a6fd877]::panicking::panic_handler::{closure#0}, !>
[INFO] [stdout]    9:     0x56a0134105ad - __rustc[ea4f61d10b84890b]::rust_begin_unwind
[INFO] [stdout]   10:     0x56a01344821c - core[a373ad73a504971]::panicking::panic_fmt
[INFO] [stdout]   11:     0x56a013380f78 - <zenith_ebpf[fca0f8b2b6c53e64]::xdp_prog::tests::test_xdp_loader_object_mut_access::{closure#0} as core[a373ad73a504971]::ops::function::FnOnce<()>>::call_once
[INFO] [stdout]   12:     0x56a01338910b - test[aada8e7e76ba119b]::__rust_begin_short_backtrace::<core[a373ad73a504971]::result::Result<(), alloc[2e1b2a31b91974c5]::string::String>, fn() -> core[a373ad73a504971]::result::Result<(), alloc[2e1b2a31b91974c5]::string::String>>
[INFO] [stdout]   13:     0x56a0133962e5 - test[aada8e7e76ba119b]::run_test::{closure#0}
[INFO] [stdout]   14:     0x56a01338fbd4 - std[617be2ca0a6fd877]::sys::backtrace::__rust_begin_short_backtrace::<test[aada8e7e76ba119b]::run_test::{closure#1}, ()>
[INFO] [stdout]   15:     0x56a013399372 - <std[617be2ca0a6fd877]::thread::lifecycle::spawn_unchecked<test[aada8e7e76ba119b]::run_test::{closure#1}, ()>::{closure#1} as core[a373ad73a504971]::ops::function::FnOnce<()>>::call_once::{shim:vtable#0}
[INFO] [stdout]   16:     0x56a013432f5f - <std[617be2ca0a6fd877]::sys::thread::unix::Thread>::new::thread_start
[INFO] [stdout]   17:     0x772e1a91adfa - <unknown>
[INFO] [stdout]   18:     0x772e1a9ae3d4 - clone
[INFO] [stdout]   19:                0x0 - <unknown>
[INFO] [stdout] 
[INFO] [stdout] ---- xdp_prog::tests::test_xdp_loader_creation stdout ----
[INFO] [stdout] 
[INFO] [stdout] thread 'xdp_prog::tests::test_xdp_loader_creation' (1189) panicked at src/xdp_prog.rs:663:22:
[INFO] [stdout] XdpLoader::load(Main) 必须成功。eBPF 加载失败说明字节码无法通过内核验证器，可能原因：vmlinux.h 枚举错误、map_type 数值与内核不匹配、clang 版本不兼容。错误: Libbpf("Failed to load object: Operation not permitted (os error 1)")
[INFO] [stdout] stack backtrace:
[INFO] [stdout]    0:     0x56a013433731 - <<std[617be2ca0a6fd877]::sys::backtrace::BacktraceLock>::print::DisplayBacktrace as core[a373ad73a504971]::fmt::Display>::fmt
[INFO] [stdout]    1:     0x56a013447aba - core[a373ad73a504971]::fmt::write
[INFO] [stdout]    2:     0x56a01343796c - <alloc[2e1b2a31b91974c5]::vec::Vec<u8> as core[a373ad73a504971]::io::write::Write>::write_fmt
[INFO] [stdout]    3:     0x56a01340f8f6 - std[617be2ca0a6fd877]::panicking::default_hook::{closure#0}
[INFO] [stdout]    4:     0x56a01342bb59 - std[617be2ca0a6fd877]::panicking::default_hook
[INFO] [stdout]    5:     0x56a013395cc0 - test[aada8e7e76ba119b]::test_main_inner::{closure#0}
[INFO] [stdout]    6:     0x56a01342bd12 - std[617be2ca0a6fd877]::panicking::panic_with_hook
[INFO] [stdout]    7:     0x56a01340f9a2 - std[617be2ca0a6fd877]::panicking::panic_handler::{closure#0}
[INFO] [stdout]    8:     0x56a013408609 - std[617be2ca0a6fd877]::sys::backtrace::__rust_end_short_backtrace::<std[617be2ca0a6fd877]::panicking::panic_handler::{closure#0}, !>
[INFO] [stdout]    9:     0x56a0134105ad - __rustc[ea4f61d10b84890b]::rust_begin_unwind
[INFO] [stdout]   10:     0x56a01344821c - core[a373ad73a504971]::panicking::panic_fmt
[INFO] [stdout]   11:     0x56a013380470 - <zenith_ebpf[fca0f8b2b6c53e64]::xdp_prog::tests::test_xdp_loader_creation::{closure#0} as core[a373ad73a504971]::ops::function::FnOnce<()>>::call_once
[INFO] [stdout]   12:     0x56a01338910b - test[aada8e7e76ba119b]::__rust_begin_short_backtrace::<core[a373ad73a504971]::result::Result<(), alloc[2e1b2a31b91974c5]::string::String>, fn() -> core[a373ad73a504971]::result::Result<(), alloc[2e1b2a31b91974c5]::string::String>>
[INFO] [stdout]   13:     0x56a0133962e5 - test[aada8e7e76ba119b]::run_test::{closure#0}
[INFO] [stdout]   14:     0x56a01338fbd4 - std[617be2ca0a6fd877]::sys::backtrace::__rust_begin_short_backtrace::<test[aada8e7e76ba119b]::run_test::{closure#1}, ()>
[INFO] [stdout]   15:     0x56a013399372 - <std[617be2ca0a6fd877]::thread::lifecycle::spawn_unchecked<test[aada8e7e76ba119b]::run_test::{closure#1}, ()>::{closure#1} as core[a373ad73a504971]::ops::function::FnOnce<()>>::call_once::{shim:vtable#0}
[INFO] [stdout]   16:     0x56a013432f5f - <std[617be2ca0a6fd877]::sys::thread::unix::Thread>::new::thread_start
[INFO] [stdout]   17:     0x772e1a91adfa - <unknown>
[INFO] [stdout]   18:     0x772e1a9ae3d4 - clone
[INFO] [stdout]   19:                0x0 - <unknown>
[INFO] [stdout] 
[INFO] [stdout] ---- xdp_prog::tests::test_xdp_loader_detach_without_attach stdout ----
[INFO] [stdout] 
[INFO] [stdout] thread 'xdp_prog::tests::test_xdp_loader_detach_without_attach' (1191) panicked at src/xdp_prog.rs:697:26:
[INFO] [stdout] XdpLoader::load(Stats) 必须成功。eBPF 加载失败说明字节码无法通过内核验证器，可能原因：vmlinux.h 枚举错误、map_type 数值与内核不匹配、clang 版本不兼容。错误: Libbpf("Failed to load object: Operation not permitted (os error 1)")
[INFO] [stdout] stack backtrace:
[INFO] [stdout]    0:     0x56a013433731 - <<std[617be2ca0a6fd877]::sys::backtrace::BacktraceLock>::print::DisplayBacktrace as core[a373ad73a504971]::fmt::Display>::fmt
[INFO] [stdout]    1:     0x56a013447aba - core[a373ad73a504971]::fmt::write
[INFO] [stdout]    2:     0x56a01343796c - <alloc[2e1b2a31b91974c5]::vec::Vec<u8> as core[a373ad73a504971]::io::write::Write>::write_fmt
[INFO] [stdout]    3:     0x56a01340f8f6 - std[617be2ca0a6fd877]::panicking::default_hook::{closure#0}
[INFO] [stdout]    4:     0x56a01342bb59 - std[617be2ca0a6fd877]::panicking::default_hook
[INFO] [stdout]    5:     0x56a013395cc0 - test[aada8e7e76ba119b]::test_main_inner::{closure#0}
[INFO] [stdout]    6:     0x56a01342bd12 - std[617be2ca0a6fd877]::panicking::panic_with_hook
[INFO] [stdout]    7:     0x56a01340f9a2 - std[617be2ca0a6fd877]::panicking::panic_handler::{closure#0}
[INFO] [stdout]    8:     0x56a013408609 - std[617be2ca0a6fd877]::sys::backtrace::__rust_end_short_backtrace::<std[617be2ca0a6fd877]::panicking::panic_handler::{closure#0}, !>
[INFO] [stdout]    9:     0x56a0134105ad - __rustc[ea4f61d10b84890b]::rust_begin_unwind
[INFO] [stdout]   10:     0x56a01344821c - core[a373ad73a504971]::panicking::panic_fmt
[INFO] [stdout]   11:     0x56a01338141c - <zenith_ebpf[fca0f8b2b6c53e64]::xdp_prog::tests::test_xdp_loader_detach_without_attach::{closure#0} as core[a373ad73a504971]::ops::function::FnOnce<()>>::call_once
[INFO] [stdout]   12:     0x56a01338910b - test[aada8e7e76ba119b]::__rust_begin_short_backtrace::<core[a373ad73a504971]::result::Result<(), alloc[2e1b2a31b91974c5]::string::String>, fn() -> core[a373ad73a504971]::result::Result<(), alloc[2e1b2a31b91974c5]::string::String>>
[INFO] [stdout]   13:     0x56a0133962e5 - test[aada8e7e76ba119b]::run_test::{closure#0}
[INFO] [stdout]   14:     0x56a01338fbd4 - std[617be2ca0a6fd877]::sys::backtrace::__rust_begin_short_backtrace::<test[aada8e7e76ba119b]::run_test::{closure#1}, ()>
[INFO] [stdout]   15:     0x56a013399372 - <std[617be2ca0a6fd877]::thread::lifecycle::spawn_unchecked<test[aada8e7e76ba119b]::run_test::{closure#1}, ()>::{closure#1} as core[a373ad73a504971]::ops::function::FnOnce<()>>::call_once::{shim:vtable#0}
[INFO] [stdout]   16:     0x56a013432f5f - <std[617be2ca0a6fd877]::sys::thread::unix::Thread>::new::thread_start
[INFO] [stdout]   17:     0x772e1a91adfa - <unknown>
[INFO] [stdout]   18:     0x772e1a9ae3d4 - clone
[INFO] [stdout]   19:                0x0 - <unknown>
[INFO] [stdout] 
[INFO] [stdout] ---- xdp_prog::tests::test_xdp_loader_program_name stdout ----
[INFO] [stdout] 
[INFO] [stdout] thread 'xdp_prog::tests::test_xdp_loader_program_name' (1195) panicked at src/xdp_prog.rs:675:22:
[INFO] [stdout] XdpLoader::load(Main) 必须成功。eBPF 加载失败说明字节码无法通过内核验证器，可能原因：vmlinux.h 枚举错误、map_type 数值与内核不匹配、clang 版本不兼容。错误: Libbpf("Failed to load object: Operation not permitted (os error 1)")
[INFO] [stdout] stack backtrace:
[INFO] [stdout]    0:     0x56a013433731 - <<std[617be2ca0a6fd877]::sys::backtrace::BacktraceLock>::print::DisplayBacktrace as core[a373ad73a504971]::fmt::Display>::fmt
[INFO] [stdout]    1:     0x56a013447aba - core[a373ad73a504971]::fmt::write
[INFO] [stdout]    2:     0x56a01343796c - <alloc[2e1b2a31b91974c5]::vec::Vec<u8> as core[a373ad73a504971]::io::write::Write>::write_fmt
[INFO] [stdout]    3:     0x56a01340f8f6 - std[617be2ca0a6fd877]::panicking::default_hook::{closure#0}
[INFO] [stdout]    4:     0x56a01342bb59 - std[617be2ca0a6fd877]::panicking::default_hook
[INFO] [stdout]    5:     0x56a013395cc0 - test[aada8e7e76ba119b]::test_main_inner::{closure#0}
[INFO] [stdout]    6:     0x56a01342bd12 - std[617be2ca0a6fd877]::panicking::panic_with_hook
[INFO] [stdout]    7:     0x56a01340f9a2 - std[617be2ca0a6fd877]::panicking::panic_handler::{closure#0}
[INFO] [stdout]    8:     0x56a013408609 - std[617be2ca0a6fd877]::sys::backtrace::__rust_end_short_backtrace::<std[617be2ca0a6fd877]::panicking::panic_handler::{closure#0}, !>
[INFO] [stdout]    9:     0x56a0134105ad - __rustc[ea4f61d10b84890b]::rust_begin_unwind
[INFO] [stdout]   10:     0x56a01344821c - core[a373ad73a504971]::panicking::panic_fmt
[INFO] [stdout]   11:     0x56a013380aa8 - <zenith_ebpf[fca0f8b2b6c53e64]::xdp_prog::tests::test_xdp_loader_program_name::{closure#0} as core[a373ad73a504971]::ops::function::FnOnce<()>>::call_once
[INFO] [stdout]   12:     0x56a01338910b - test[aada8e7e76ba119b]::__rust_begin_short_backtrace::<core[a373ad73a504971]::result::Result<(), alloc[2e1b2a31b91974c5]::string::String>, fn() -> core[a373ad73a504971]::result::Result<(), alloc[2e1b2a31b91974c5]::string::String>>
[INFO] [stdout]   13:     0x56a0133962e5 - test[aada8e7e76ba119b]::run_test::{closure#0}
[INFO] [stdout]   14:     0x56a01338fbd4 - std[617be2ca0a6fd877]::sys::backtrace::__rust_begin_short_backtrace::<test[aada8e7e76ba119b]::run_test::{closure#1}, ()>
[INFO] [stdout]   15:     0x56a013399372 - <std[617be2ca0a6fd877]::thread::lifecycle::spawn_unchecked<test[aada8e7e76ba119b]::run_test::{closure#1}, ()>::{closure#1} as core[a373ad73a504971]::ops::function::FnOnce<()>>::call_once::{shim:vtable#0}
[INFO] [stdout]   16:     0x56a013432f5f - <std[617be2ca0a6fd877]::sys::thread::unix::Thread>::new::thread_start
[INFO] [stdout]   17:     0x772e1a91adfa - <unknown>
[INFO] [stdout]   18:     0x772e1a9ae3d4 - clone
[INFO] [stdout]   19:                0x0 - <unknown>
[INFO] [stdout] 
[INFO] [stdout] ---- xdp_prog::tests::test_xdp_program_mut_access stdout ----
[INFO] [stdout] 
[INFO] [stdout] thread 'xdp_prog::tests::test_xdp_program_mut_access' (1196) panicked at src/xdp_prog.rs:705:26:
[INFO] [stdout] XdpLoader::load(Redirect) 必须成功。eBPF 加载失败说明字节码无法通过内核验证器，可能原因：vmlinux.h 枚举错误、map_type 数值与内核不匹配、clang 版本不兼容。错误: Libbpf("Failed to load object: Operation not permitted (os error 1)")
[INFO] [stdout] stack backtrace:
[INFO] [stdout]    0:     0x56a013433731 - <<std[617be2ca0a6fd877]::sys::backtrace::BacktraceLock>::print::DisplayBacktrace as core[a373ad73a504971]::fmt::Display>::fmt
[INFO] [stdout]    1:     0x56a013447aba - core[a373ad73a504971]::fmt::write
[INFO] [stdout]    2:     0x56a01343796c - <alloc[2e1b2a31b91974c5]::vec::Vec<u8> as core[a373ad73a504971]::io::write::Write>::write_fmt
[INFO] [stdout]    3:     0x56a01340f8f6 - std[617be2ca0a6fd877]::panicking::default_hook::{closure#0}
[INFO] [stdout]    4:     0x56a01342bb59 - std[617be2ca0a6fd877]::panicking::default_hook
[INFO] [stdout]    5:     0x56a013395cc0 - test[aada8e7e76ba119b]::test_main_inner::{closure#0}
[INFO] [stdout]    6:     0x56a01342bd12 - std[617be2ca0a6fd877]::panicking::panic_with_hook
[INFO] [stdout]    7:     0x56a01340f9a2 - std[617be2ca0a6fd877]::panicking::panic_handler::{closure#0}
[INFO] [stdout]    8:     0x56a013408609 - std[617be2ca0a6fd877]::sys::backtrace::__rust_end_short_backtrace::<std[617be2ca0a6fd877]::panicking::panic_handler::{closure#0}, !>
[INFO] [stdout]    9:     0x56a0134105ad - __rustc[ea4f61d10b84890b]::rust_begin_unwind
[INFO] [stdout]   10:     0x56a01344821c - core[a373ad73a504971]::panicking::panic_fmt
[INFO] [stdout]   11:     0x56a01338079b - <zenith_ebpf[fca0f8b2b6c53e64]::xdp_prog::tests::test_xdp_program_mut_access::{closure#0} as core[a373ad73a504971]::ops::function::FnOnce<()>>::call_once
[INFO] [stdout]   12:     0x56a01338910b - test[aada8e7e76ba119b]::__rust_begin_short_backtrace::<core[a373ad73a504971]::result::Result<(), alloc[2e1b2a31b91974c5]::string::String>, fn() -> core[a373ad73a504971]::result::Result<(), alloc[2e1b2a31b91974c5]::string::String>>
[INFO] [stdout]   13:     0x56a0133962e5 - test[aada8e7e76ba119b]::run_test::{closure#0}
[INFO] [stdout]   14:     0x56a01338fbd4 - std[617be2ca0a6fd877]::sys::backtrace::__rust_begin_short_backtrace::<test[aada8e7e76ba119b]::run_test::{closure#1}, ()>
[INFO] [stdout]   15:     0x56a013399372 - <std[617be2ca0a6fd877]::thread::lifecycle::spawn_unchecked<test[aada8e7e76ba119b]::run_test::{closure#1}, ()>::{closure#1} as core[a373ad73a504971]::ops::function::FnOnce<()>>::call_once::{shim:vtable#0}
[INFO] [stdout]   16:     0x56a013432f5f - <std[617be2ca0a6fd877]::sys::thread::unix::Thread>::new::thread_start
[INFO] [stdout]   17:     0x772e1a91adfa - <unknown>
[INFO] [stdout]   18:     0x772e1a9ae3d4 - clone
[INFO] [stdout]   19:                0x0 - <unknown>
[INFO] [stdout] 
[INFO] [stdout] ---- xdp_prog::tests::test_xdp_loader_debug stdout ----
[INFO] [stdout] 
[INFO] [stdout] thread 'xdp_prog::tests::test_xdp_loader_debug' (1190) panicked at src/xdp_prog.rs:759:22:
[INFO] [stdout] XdpLoader::load(Main) 必须成功。eBPF 加载失败说明字节码无法通过内核验证器，可能原因：vmlinux.h 枚举错误、map_type 数值与内核不匹配、clang 版本不兼容。错误: Libbpf("Failed to load object: Operation not permitted (os error 1)")
[INFO] [stdout] stack backtrace:
[INFO] [stdout]    0:     0x56a013433731 - <<std[617be2ca0a6fd877]::sys::backtrace::BacktraceLock>::print::DisplayBacktrace as core[a373ad73a504971]::fmt::Display>::fmt
[INFO] [stdout]    1:     0x56a013447aba - core[a373ad73a504971]::fmt::write
[INFO] [stdout]    2:     0x56a01343796c - <alloc[2e1b2a31b91974c5]::vec::Vec<u8> as core[a373ad73a504971]::io::write::Write>::write_fmt
[INFO] [stdout]    3:     0x56a01340f8f6 - std[617be2ca0a6fd877]::panicking::default_hook::{closure#0}
[INFO] [stdout]    4:     0x56a01342bb59 - std[617be2ca0a6fd877]::panicking::default_hook
[INFO] [stdout]    5:     0x56a013395cc0 - test[aada8e7e76ba119b]::test_main_inner::{closure#0}
[INFO] [stdout]    6:     0x56a01342bd12 - std[617be2ca0a6fd877]::panicking::panic_with_hook
[INFO] [stdout]    7:     0x56a01340f9a2 - std[617be2ca0a6fd877]::panicking::panic_handler::{closure#0}
[INFO] [stdout]    8:     0x56a013408609 - std[617be2ca0a6fd877]::sys::backtrace::__rust_end_short_backtrace::<std[617be2ca0a6fd877]::panicking::panic_handler::{closure#0}, !>
[INFO] [stdout]    9:     0x56a0134105ad - __rustc[ea4f61d10b84890b]::rust_begin_unwind
[INFO] [stdout]   10:     0x56a01344821c - core[a373ad73a504971]::panicking::panic_fmt
[INFO] [stdout]   11:     0x56a01338013c - <zenith_ebpf[fca0f8b2b6c53e64]::xdp_prog::tests::test_xdp_loader_debug::{closure#0} as core[a373ad73a504971]::ops::function::FnOnce<()>>::call_once
[INFO] [stdout]   12:     0x56a01338910b - test[aada8e7e76ba119b]::__rust_begin_short_backtrace::<core[a373ad73a504971]::result::Result<(), alloc[2e1b2a31b91974c5]::string::String>, fn() -> core[a373ad73a504971]::result::Result<(), alloc[2e1b2a31b91974c5]::string::String>>
[INFO] [stdout]   13:     0x56a0133962e5 - test[aada8e7e76ba119b]::run_test::{closure#0}
[INFO] [stdout]   14:     0x56a01338fbd4 - std[617be2ca0a6fd877]::sys::backtrace::__rust_begin_short_backtrace::<test[aada8e7e76ba119b]::run_test::{closure#1}, ()>
[INFO] [stdout]   15:     0x56a013399372 - <std[617be2ca0a6fd877]::thread::lifecycle::spawn_unchecked<test[aada8e7e76ba119b]::run_test::{closure#1}, ()>::{closure#1} as core[a373ad73a504971]::ops::function::FnOnce<()>>::call_once::{shim:vtable#0}
[INFO] [stdout]   16:     0x56a013432f5f - <std[617be2ca0a6fd877]::sys::thread::unix::Thread>::new::thread_start
[INFO] [stdout]   17:     0x772e1a91adfa - <unknown>
[INFO] [stdout]   18:     0x772e1a9ae3d4 - clone
[INFO] [stdout]   19:                0x0 - <unknown>
[INFO] [stdout] 
[INFO] [stdout] 
[INFO] [stdout] failures:
[INFO] [stdout]     xdp_prog::tests::test_all_programs_load_into_kernel
[INFO] [stdout]     xdp_prog::tests::test_xdp_loader_creation
[INFO] [stdout]     xdp_prog::tests::test_xdp_loader_debug
[INFO] [stdout]     xdp_prog::tests::test_xdp_loader_detach_without_attach
[INFO] [stdout]     xdp_prog::tests::test_xdp_loader_link_management
[INFO] [stdout]     xdp_prog::tests::test_xdp_loader_object_access
[INFO] [stdout]     xdp_prog::tests::test_xdp_loader_object_mut_access
[INFO] [stdout]     xdp_prog::tests::test_xdp_loader_program_name
[INFO] [stdout]     xdp_prog::tests::test_xdp_program_mut_access
[INFO] [stdout] 
[INFO] [stdout] test result: FAILED. 92 passed; 9 failed; 0 ignored; 0 measured; 0 filtered out; finished in 0.13s
[INFO] [stdout] 
[INFO] running `Command { std: "docker" "inspect" "11f1e1e85daed75f4220b4d5b8353e72fa09185a5655eac117a56b11f0978ed5", kill_on_drop: false }`
[INFO] running `Command { std: "docker" "rm" "-f" "11f1e1e85daed75f4220b4d5b8353e72fa09185a5655eac117a56b11f0978ed5", kill_on_drop: false }`
[INFO] [stdout] 11f1e1e85daed75f4220b4d5b8353e72fa09185a5655eac117a56b11f0978ed5
