[INFO] fetching crate zendesk 0.1.0...
[INFO] testing zendesk-0.1.0 against 1.99.0-beta.8+cargoflags=--release for beta-release-1.100-2
[INFO] extracting crate zendesk 0.1.0 into /workspace/builds/worker-7-tc1/source
[INFO] started tweaking crates.io crate zendesk 0.1.0
[INFO] finished tweaking crates.io crate zendesk 0.1.0
[INFO] tweaked toml for crates.io crate zendesk 0.1.0 written to /workspace/builds/worker-7-tc1/source/Cargo.toml
[INFO] validating manifest of crates.io crate zendesk 0.1.0 on toolchain 1.99.0-beta.8
[INFO] running `Command { std: CARGO_HOME="/workspace/cargo-home" RUSTUP_HOME="/workspace/rustup-home" "/workspace/cargo-home/bin/cargo" "+1.99.0-beta.8" "metadata" "--manifest-path" "Cargo.toml" "--no-deps", kill_on_drop: false }`
[INFO] running `Command { std: CARGO_HOME="/workspace/cargo-home" RUSTUP_HOME="/workspace/rustup-home" "/workspace/cargo-home/bin/cargo" "+1.99.0-beta.8" "generate-lockfile" "--manifest-path" "Cargo.toml", kill_on_drop: false }`
[INFO] [stderr]     Updating crates.io index
[INFO] [stderr]      Locking 206 packages to highest compatible versions
[INFO] [stderr]       Adding parse-display v0.5.5 (available: v0.11.0)
[INFO] [stderr]       Adding reqwest v0.11.27 (available: v0.13.5)
[INFO] [stderr]       Adding reqwest-middleware v0.1.6 (available: v0.5.2)
[INFO] [stderr]       Adding reqwest-retry v0.1.5 (available: v0.9.1)
[INFO] [stderr]       Adding reqwest-tracing v0.3.1 (available: v0.7.1)
[INFO] [stderr]       Adding schemars v0.8.22 (available: v1.2.3)
[INFO] [stderr]       Adding thiserror v1.0.69 (available: v2.0.21)
[INFO] running `Command { std: CARGO_HOME="/workspace/cargo-home" RUSTUP_HOME="/workspace/rustup-home" "/workspace/cargo-home/bin/cargo" "+1.99.0-beta.8" "fetch" "--manifest-path" "Cargo.toml", kill_on_drop: false }`
[INFO] [stderr]  Downloading crates ...
[INFO] [stderr]   Downloaded reqwest-retry v0.1.5
[INFO] [stderr]   Downloaded parse-display v0.5.5
[INFO] [stderr]   Downloaded reqwest-tracing v0.3.1
[INFO] [stderr]   Downloaded retry-policies v0.1.2
[INFO] [stderr]   Downloaded structmeta-derive v0.1.6
[INFO] [stderr]   Downloaded structmeta v0.1.6
[INFO] [stderr]   Downloaded reqwest-middleware v0.1.6
[INFO] [stderr]   Downloaded parse-display-derive v0.5.5
[INFO] running `Command { std: "docker" "create" "-v" "/var/lib/crater-agent-workspace/builds/worker-7-tc1/source:/opt/rustwide/workdir:ro,Z" "-v" "/var/lib/crater-agent-workspace/builds/worker-7-tc1/target:/opt/rustwide/target:rw,Z" "-v" "/var/lib/crater-agent-workspace/cargo-home:/opt/rustwide/cargo-home:ro,Z" "-v" "/var/lib/crater-agent-workspace/rustup-home:/opt/rustwide/rustup-home:ro,Z" "-m" "1610612736" "--network" "none" "ghcr.io/rust-lang/crates-build-env/linux@sha256:77db811e55d90add9212f6832c23229e3de5f1c1f9905e8cb07319ea15df73ac" "sleep" "infinity", kill_on_drop: false }`
[INFO] [stdout] a2b64aa115ec042440ba510b227ce226833380949377595b91823c3281196e6a
[INFO] running `Command { std: "docker" "start" "a2b64aa115ec042440ba510b227ce226833380949377595b91823c3281196e6a", kill_on_drop: false }`
[INFO] running `Command { std: "docker" "inspect" "a2b64aa115ec042440ba510b227ce226833380949377595b91823c3281196e6a", kill_on_drop: false }`
[INFO] running `Command { std: "docker" "exec" "-e" "SOURCE_DIR=/opt/rustwide/workdir" "-e" "CARGO_HOME=/opt/rustwide/cargo-home" "-e" "RUSTUP_HOME=/opt/rustwide/rustup-home" "-e" "CARGO_TARGET_DIR=/opt/rustwide/target" "-w" "/opt/rustwide/workdir" "--user" "0:0" "a2b64aa115ec042440ba510b227ce226833380949377595b91823c3281196e6a" "/opt/rustwide/cargo-home/bin/cargo" "+1.99.0-beta.8" "metadata" "--no-deps" "--format-version=1", kill_on_drop: false }`
[INFO] running `Command { std: "docker" "inspect" "a2b64aa115ec042440ba510b227ce226833380949377595b91823c3281196e6a", kill_on_drop: false }`
[INFO] running `Command { std: "docker" "exec" "-e" "SOURCE_DIR=/opt/rustwide/workdir" "-e" "CARGO_HOME=/opt/rustwide/cargo-home" "-e" "RUSTUP_HOME=/opt/rustwide/rustup-home" "-e" "CARGO_TARGET_DIR=/opt/rustwide/target" "-e" "CARGO_INCREMENTAL=0" "-e" "RUST_BACKTRACE=full" "-e" "RUSTFLAGS=--cap-lints=warn" "-e" "RUSTDOCFLAGS=--cap-lints=warn" "-w" "/opt/rustwide/workdir" "--user" "0:0" "a2b64aa115ec042440ba510b227ce226833380949377595b91823c3281196e6a" "/opt/rustwide/cargo-home/bin/cargo" "+1.99.0-beta.8" "build" "--frozen" "--message-format=json" "--release", kill_on_drop: false }`
[INFO] [stderr]    Compiling futures-util v0.3.34
[INFO] [stderr]    Compiling tokio v1.53.3
[INFO] [stderr]    Compiling rustls v0.21.12
[INFO] [stderr]    Compiling rustls-webpki v0.101.7
[INFO] [stderr]    Compiling unicase v2.10.0
[INFO] [stderr]    Compiling syn v1.0.109
[INFO] [stderr]    Compiling pin-project-internal v1.1.13
[INFO] [stderr]    Compiling pin-utils v0.1.1
[INFO] [stderr]    Compiling webpki-roots v0.25.4
[INFO] [stderr]    Compiling tracing-log v0.1.4
[INFO] [stderr]    Compiling serde_derive_internals v0.29.1
[INFO] [stderr]    Compiling tracing-subscriber v0.3.23
[INFO] [stderr]    Compiling regex-syntax v0.6.29
[INFO] [stderr]    Compiling schemars v0.8.22
[INFO] [stderr]    Compiling retry-policies v0.1.2
[INFO] [stderr]    Compiling task-local-extensions v0.1.4
[INFO] [stderr]    Compiling uuid v1.28.0
[INFO] [stderr]    Compiling mime_guess v2.0.5
[INFO] [stderr]    Compiling schemars_derive v0.8.22
[INFO] [stderr]    Compiling pin-project v1.1.13
[INFO] [stderr]    Compiling structmeta-derive v0.1.6
[INFO] [stderr]    Compiling structmeta v0.1.6
[INFO] [stderr]    Compiling parse-display-derive v0.5.5
[INFO] [stderr]    Compiling parse-display v0.5.5
[INFO] [stderr]    Compiling futures-executor v0.3.34
[INFO] [stderr]    Compiling futures v0.3.34
[INFO] [stderr]    Compiling opentelemetry v0.17.0
[INFO] [stderr]    Compiling tracing-opentelemetry v0.17.4
[INFO] [stderr]    Compiling tokio-util v0.7.20
[INFO] [stderr]    Compiling tokio-rustls v0.24.1
[INFO] [stderr]    Compiling h2 v0.3.27
[INFO] [stderr]    Compiling hyper v0.14.32
[INFO] [stderr]    Compiling hyper-rustls v0.24.2
[INFO] [stderr]    Compiling reqwest v0.11.27
[INFO] [stderr]    Compiling reqwest-middleware v0.1.6
[INFO] [stderr]    Compiling reqwest-tracing v0.3.1
[INFO] [stderr]    Compiling reqwest-retry v0.1.5
[INFO] [stderr]    Compiling zendesk v0.1.0 (/opt/rustwide/workdir)
[INFO] [stderr]     Finished `release` profile [optimized] target(s) in 56.06s
[INFO] running `Command { std: "docker" "inspect" "a2b64aa115ec042440ba510b227ce226833380949377595b91823c3281196e6a", kill_on_drop: false }`
[INFO] running `Command { std: "docker" "exec" "-e" "SOURCE_DIR=/opt/rustwide/workdir" "-e" "CARGO_HOME=/opt/rustwide/cargo-home" "-e" "RUSTUP_HOME=/opt/rustwide/rustup-home" "-e" "CARGO_TARGET_DIR=/opt/rustwide/target" "-e" "CARGO_INCREMENTAL=0" "-e" "RUST_BACKTRACE=full" "-e" "RUSTFLAGS=--cap-lints=warn" "-e" "RUSTDOCFLAGS=--cap-lints=warn" "-w" "/opt/rustwide/workdir" "--user" "0:0" "a2b64aa115ec042440ba510b227ce226833380949377595b91823c3281196e6a" "/opt/rustwide/cargo-home/bin/cargo" "+1.99.0-beta.8" "test" "--frozen" "--no-run" "--message-format=json" "--release", kill_on_drop: false }`
[INFO] [stderr]    Compiling yansi v1.0.1
[INFO] [stderr]    Compiling pretty_assertions v1.4.1
[INFO] [stderr]    Compiling zendesk v0.1.0 (/opt/rustwide/workdir)
[INFO] [stderr]     Finished `release` profile [optimized] target(s) in 7.14s
[INFO] running `Command { std: "docker" "inspect" "a2b64aa115ec042440ba510b227ce226833380949377595b91823c3281196e6a", kill_on_drop: false }`
[INFO] running `Command { std: "docker" "exec" "-e" "SOURCE_DIR=/opt/rustwide/workdir" "-e" "CARGO_HOME=/opt/rustwide/cargo-home" "-e" "RUSTUP_HOME=/opt/rustwide/rustup-home" "-e" "CARGO_TARGET_DIR=/opt/rustwide/target" "-e" "CARGO_INCREMENTAL=0" "-e" "RUST_BACKTRACE=full" "-e" "RUSTFLAGS=--cap-lints=warn" "-e" "RUSTDOCFLAGS=--cap-lints=warn" "-w" "/opt/rustwide/workdir" "--user" "0:0" "a2b64aa115ec042440ba510b227ce226833380949377595b91823c3281196e6a" "/opt/rustwide/cargo-home/bin/cargo" "+1.99.0-beta.8" "test" "--frozen" "--release", kill_on_drop: false }`
[INFO] [stderr]     Finished `release` profile [optimized] target(s) in 0.20s
[INFO] [stderr]      Running unittests src/lib.rs (/opt/rustwide/target/release/deps/zendesk-9e37486541f6baa2)
[INFO] [stdout] 
[INFO] [stdout] running 1 test
[INFO] [stdout] test tests::test_contacts ... FAILED
[INFO] [stdout] 
[INFO] [stdout] failures:
[INFO] [stdout] 
[INFO] [stdout] ---- tests::test_contacts stdout ----
[INFO] [stdout] 
[INFO] [stdout] thread 'tests::test_contacts' (1027) panicked at src/lib.rs:55:52:
[INFO] [stdout] must set ZENDESK_TOKEN: NotPresent
[INFO] [stdout] stack backtrace:
[INFO] [stdout]    0:     0x59583f766cd1 - <<std[70759c8f55707aa4]::sys::backtrace::BacktraceLock>::print::DisplayBacktrace as core[df12db4294e9bfd3]::fmt::Display>::fmt
[INFO] [stdout]    1:     0x59583f77d2fa - core[df12db4294e9bfd3]::fmt::write
[INFO] [stdout]    2:     0x59583f76bd0c - <alloc[2182bb758b4b3781]::vec::Vec<u8> as core[df12db4294e9bfd3]::io::write::Write>::write_fmt
[INFO] [stdout]    3:     0x59583f741bb6 - std[70759c8f55707aa4]::panicking::default_hook::{closure#0}
[INFO] [stdout]    4:     0x59583f75ec49 - std[70759c8f55707aa4]::panicking::default_hook
[INFO] [stdout]    5:     0x59583f4e95b0 - test[9d35eded1c95d3be]::test_main_inner::<test[9d35eded1c95d3be]::test_main_static::{closure#0}>::{closure#0}
[INFO] [stdout]    6:     0x59583f75ef72 - std[70759c8f55707aa4]::panicking::panic_with_hook
[INFO] [stdout]    7:     0x59583f741c62 - std[70759c8f55707aa4]::panicking::panic_handler::{closure#0}
[INFO] [stdout]    8:     0x59583f73a379 - std[70759c8f55707aa4]::sys::backtrace::__rust_end_short_backtrace::<std[70759c8f55707aa4]::panicking::panic_handler::{closure#0}, !>
[INFO] [stdout]    9:     0x59583f742b5d - __rustc[8fa7c3cbc660c2b3]::rust_begin_unwind
[INFO] [stdout]   10:     0x59583f77da5c - core[df12db4294e9bfd3]::panicking::panic_fmt
[INFO] [stdout]   11:     0x59583f77d832 - core[df12db4294e9bfd3]::result::unwrap_failed
[INFO] [stdout]   12:     0x59583f4bcab9 - <zendesk[6be522ca65dee0f9]::Client>::new_from_env
[INFO] [stdout]   13:     0x59583f4a9fa4 - zendesk[6be522ca65dee0f9]::tests::test_contacts::{closure#0}
[INFO] [stdout]   14:     0x59583f4c8df3 - <tokio[5d84f36ac228d186]::runtime::scheduler::current_thread::Context>::enter::<core[df12db4294e9bfd3]::task::poll::Poll<()>, <tokio[5d84f36ac228d186]::runtime::scheduler::current_thread::CoreGuard>::block_on<core[df12db4294e9bfd3]::pin::Pin<&mut core[df12db4294e9bfd3]::pin::Pin<&mut dyn core[df12db4294e9bfd3]::future::future::Future<Output = ()>>>>::{closure#0}::{closure#0}>
[INFO] [stdout]   15:     0x59583f4ccc1c - <tokio[5d84f36ac228d186]::runtime::context::scoped::Scoped<tokio[5d84f36ac228d186]::runtime::scheduler::Context>>::set::<<tokio[5d84f36ac228d186]::runtime::scheduler::current_thread::CoreGuard>::enter<<tokio[5d84f36ac228d186]::runtime::scheduler::current_thread::CoreGuard>::block_on<core[df12db4294e9bfd3]::pin::Pin<&mut core[df12db4294e9bfd3]::pin::Pin<&mut dyn core[df12db4294e9bfd3]::future::future::Future<Output = ()>>>>::{closure#0}, core[df12db4294e9bfd3]::option::Option<()>>::{closure#0}, (alloc[2182bb758b4b3781]::boxed::Box<tokio[5d84f36ac228d186]::runtime::scheduler::current_thread::Core>, core[df12db4294e9bfd3]::option::Option<()>)>
[INFO] [stdout]   16:     0x59583f4c8a75 - <tokio[5d84f36ac228d186]::runtime::scheduler::current_thread::CurrentThread>::block_on::<core[df12db4294e9bfd3]::pin::Pin<&mut dyn core[df12db4294e9bfd3]::future::future::Future<Output = ()>>>
[INFO] [stdout]   17:     0x59583f4c4822 - <tokio[5d84f36ac228d186]::runtime::runtime::Runtime>::block_on::<core[df12db4294e9bfd3]::pin::Pin<&mut dyn core[df12db4294e9bfd3]::future::future::Future<Output = ()>>>
[INFO] [stdout]   18:     0x59583f4aea3a - zendesk[6be522ca65dee0f9]::tests::test_contacts
[INFO] [stdout]   19:     0x59583f4bd029 - <zendesk[6be522ca65dee0f9]::tests::test_contacts::{closure#0} as core[df12db4294e9bfd3]::ops::function::FnOnce<()>>::call_once
[INFO] [stdout]   20:     0x59583f4dc89b - test[9d35eded1c95d3be]::__rust_begin_short_backtrace::<core[df12db4294e9bfd3]::result::Result<(), alloc[2182bb758b4b3781]::string::String>, fn() -> core[df12db4294e9bfd3]::result::Result<(), alloc[2182bb758b4b3781]::string::String>>
[INFO] [stdout]   21:     0x59583f4e9f05 - test[9d35eded1c95d3be]::run_test::{closure#0}
[INFO] [stdout]   22:     0x59583f4e37c4 - std[70759c8f55707aa4]::sys::backtrace::__rust_begin_short_backtrace::<test[9d35eded1c95d3be]::run_test::{closure#1}, ()>
[INFO] [stdout]   23:     0x59583f4ed062 - <std[70759c8f55707aa4]::thread::lifecycle::spawn_unchecked<test[9d35eded1c95d3be]::run_test::{closure#1}, ()>::{closure#1} as core[df12db4294e9bfd3]::ops::function::FnOnce<()>>::call_once::{shim:vtable#0}
[INFO] [stdout]   24:     0x59583f7661f9 - <std[70759c8f55707aa4]::sys::thread::unix::Thread>::new::thread_start
[INFO] [stdout]   25:     0x725e4f0f3dfa - <unknown>
[INFO] [stdout]   26:     0x725e4f1873d4 - clone
[INFO] [stdout]   27:                0x0 - <unknown>
[INFO] [stdout] 
[INFO] [stdout] 
[INFO] [stdout] failures:
[INFO] [stdout]     tests::test_contacts
[INFO] [stdout] 
[INFO] [stdout] test result: FAILED. 0 passed; 1 failed; 0 ignored; 0 measured; 0 filtered out; finished in 0.00s
[INFO] [stdout] 
[INFO] [stderr] error: test failed, to rerun pass `--lib`
[INFO] running `Command { std: "docker" "inspect" "a2b64aa115ec042440ba510b227ce226833380949377595b91823c3281196e6a", kill_on_drop: false }`
[INFO] running `Command { std: "docker" "rm" "-f" "a2b64aa115ec042440ba510b227ce226833380949377595b91823c3281196e6a", kill_on_drop: false }`
[INFO] [stdout] a2b64aa115ec042440ba510b227ce226833380949377595b91823c3281196e6a
