[INFO] fetching crate zen-rs 0.1.6...
[INFO] testing zen-rs-0.1.6 against 1.100.0-beta.1+cargoflags=--release for beta-release-1.100-2
[INFO] extracting crate zen-rs 0.1.6 into /workspace/builds/worker-4-tc2/source
[INFO] started tweaking crates.io crate zen-rs 0.1.6
[INFO] removed 0 missing tests
[INFO] finished tweaking crates.io crate zen-rs 0.1.6
[INFO] tweaked toml for crates.io crate zen-rs 0.1.6 written to /workspace/builds/worker-4-tc2/source/Cargo.toml
[INFO] validating manifest of crates.io crate zen-rs 0.1.6 on toolchain 1.100.0-beta.1
[INFO] running `Command { std: CARGO_HOME="/workspace/cargo-home" RUSTUP_HOME="/workspace/rustup-home" "/workspace/cargo-home/bin/cargo" "+1.100.0-beta.1" "metadata" "--manifest-path" "Cargo.toml" "--no-deps", kill_on_drop: false }`
[INFO] crate crates.io crate zen-rs 0.1.6 already has a lockfile, it will not be regenerated
[INFO] running `Command { std: CARGO_HOME="/workspace/cargo-home" RUSTUP_HOME="/workspace/rustup-home" "/workspace/cargo-home/bin/cargo" "+1.100.0-beta.1" "fetch" "--manifest-path" "Cargo.toml", kill_on_drop: false }`
[INFO] [stderr] warning: `package.homepage` is redundant with `package.repository`
[INFO] [stderr]   --> Cargo.toml:20:12
[INFO] [stderr]    |
[INFO] [stderr] 20 | homepage = "https://github.com/TOwInOK/zen-rs"
[INFO] [stderr]    |            ^^^^^^^^^^^^^^^^^^^^^^^^^^^^^^^^^^^
[INFO] [stderr] ...
[INFO] [stderr] 25 | repository = "https://github.com/TOwInOK/zen-rs"
[INFO] [stderr]    |              -----------------------------------
[INFO] [stderr]    |
[INFO] [stderr]    = note: `cargo::redundant_homepage` is set to `warn` by default
[INFO] [stderr] help: consider removing `package.homepage`
[INFO] [stderr] warning: `zen-rs` (manifest) generated 1 warning
[INFO] running `Command { std: "docker" "create" "-v" "/var/lib/crater-agent-workspace/builds/worker-4-tc2/source:/opt/rustwide/workdir:ro,Z" "-v" "/var/lib/crater-agent-workspace/builds/worker-4-tc2/target:/opt/rustwide/target:rw,Z" "-v" "/var/lib/crater-agent-workspace/cargo-home:/opt/rustwide/cargo-home:ro,Z" "-v" "/var/lib/crater-agent-workspace/rustup-home:/opt/rustwide/rustup-home:ro,Z" "-m" "1610612736" "--network" "none" "ghcr.io/rust-lang/crates-build-env/linux@sha256:77db811e55d90add9212f6832c23229e3de5f1c1f9905e8cb07319ea15df73ac" "sleep" "infinity", kill_on_drop: false }`
[INFO] [stdout] 8d11ce75cc271f14317c42e6e2926a145b05cf43ed318c6e50053172a58b2c53
[INFO] running `Command { std: "docker" "start" "8d11ce75cc271f14317c42e6e2926a145b05cf43ed318c6e50053172a58b2c53", kill_on_drop: false }`
[INFO] running `Command { std: "docker" "inspect" "8d11ce75cc271f14317c42e6e2926a145b05cf43ed318c6e50053172a58b2c53", kill_on_drop: false }`
[INFO] running `Command { std: "docker" "exec" "-e" "SOURCE_DIR=/opt/rustwide/workdir" "-e" "CARGO_HOME=/opt/rustwide/cargo-home" "-e" "RUSTUP_HOME=/opt/rustwide/rustup-home" "-e" "CARGO_TARGET_DIR=/opt/rustwide/target" "-w" "/opt/rustwide/workdir" "--user" "0:0" "8d11ce75cc271f14317c42e6e2926a145b05cf43ed318c6e50053172a58b2c53" "/opt/rustwide/cargo-home/bin/cargo" "+1.100.0-beta.1" "metadata" "--no-deps" "--format-version=1", kill_on_drop: false }`
[INFO] running `Command { std: "docker" "inspect" "8d11ce75cc271f14317c42e6e2926a145b05cf43ed318c6e50053172a58b2c53", kill_on_drop: false }`
[INFO] running `Command { std: "docker" "exec" "-e" "SOURCE_DIR=/opt/rustwide/workdir" "-e" "CARGO_HOME=/opt/rustwide/cargo-home" "-e" "RUSTUP_HOME=/opt/rustwide/rustup-home" "-e" "CARGO_TARGET_DIR=/opt/rustwide/target" "-e" "CARGO_INCREMENTAL=0" "-e" "RUST_BACKTRACE=full" "-e" "RUSTFLAGS=--cap-lints=warn" "-e" "RUSTDOCFLAGS=--cap-lints=warn" "-w" "/opt/rustwide/workdir" "--user" "0:0" "8d11ce75cc271f14317c42e6e2926a145b05cf43ed318c6e50053172a58b2c53" "/opt/rustwide/cargo-home/bin/cargo" "+1.100.0-beta.1" "build" "--frozen" "--message-format=json" "--release", kill_on_drop: false }`
[INFO] [stderr] warning: `package.homepage` is redundant with `package.repository`
[INFO] [stderr]   --> Cargo.toml:20:12
[INFO] [stderr]    |
[INFO] [stderr] 20 | homepage = "https://github.com/TOwInOK/zen-rs"
[INFO] [stderr]    |            ^^^^^^^^^^^^^^^^^^^^^^^^^^^^^^^^^^^
[INFO] [stderr] ...
[INFO] [stderr] 25 | repository = "https://github.com/TOwInOK/zen-rs"
[INFO] [stderr]    |              -----------------------------------
[INFO] [stderr]    |
[INFO] [stderr]    = note: `cargo::redundant_homepage` is set to `warn` by default
[INFO] [stderr] help: consider removing `package.homepage`
[INFO] [stderr] warning: `zen-rs` (manifest) generated 1 warning
[INFO] [stderr]    Compiling paste v1.0.15
[INFO] [stderr]    Compiling zen-rs v0.1.6 (/opt/rustwide/workdir)
[INFO] [stderr]     Finished `release` profile [optimized] target(s) in 2.77s
[INFO] running `Command { std: "docker" "inspect" "8d11ce75cc271f14317c42e6e2926a145b05cf43ed318c6e50053172a58b2c53", kill_on_drop: false }`
[INFO] running `Command { std: "docker" "exec" "-e" "SOURCE_DIR=/opt/rustwide/workdir" "-e" "CARGO_HOME=/opt/rustwide/cargo-home" "-e" "RUSTUP_HOME=/opt/rustwide/rustup-home" "-e" "CARGO_TARGET_DIR=/opt/rustwide/target" "-e" "CARGO_INCREMENTAL=0" "-e" "RUST_BACKTRACE=full" "-e" "RUSTFLAGS=--cap-lints=warn" "-e" "RUSTDOCFLAGS=--cap-lints=warn" "-w" "/opt/rustwide/workdir" "--user" "0:0" "8d11ce75cc271f14317c42e6e2926a145b05cf43ed318c6e50053172a58b2c53" "/opt/rustwide/cargo-home/bin/cargo" "+1.100.0-beta.1" "test" "--frozen" "--no-run" "--message-format=json" "--release", kill_on_drop: false }`
[INFO] [stderr] warning: `package.homepage` is redundant with `package.repository`
[INFO] [stderr]   --> Cargo.toml:20:12
[INFO] [stderr]    |
[INFO] [stderr] 20 | homepage = "https://github.com/TOwInOK/zen-rs"
[INFO] [stderr]    |            ^^^^^^^^^^^^^^^^^^^^^^^^^^^^^^^^^^^
[INFO] [stderr] ...
[INFO] [stderr] 25 | repository = "https://github.com/TOwInOK/zen-rs"
[INFO] [stderr]    |              -----------------------------------
[INFO] [stderr]    |
[INFO] [stderr]    = note: `cargo::redundant_homepage` is set to `warn` by default
[INFO] [stderr] help: consider removing `package.homepage`
[INFO] [stderr] warning: `zen-rs` (manifest) generated 1 warning
[INFO] [stderr]    Compiling zen-rs v0.1.6 (/opt/rustwide/workdir)
[INFO] [stderr]     Finished `release` profile [optimized] target(s) in 12.93s
[INFO] running `Command { std: "docker" "inspect" "8d11ce75cc271f14317c42e6e2926a145b05cf43ed318c6e50053172a58b2c53", kill_on_drop: false }`
[INFO] running `Command { std: "docker" "exec" "-e" "SOURCE_DIR=/opt/rustwide/workdir" "-e" "CARGO_HOME=/opt/rustwide/cargo-home" "-e" "RUSTUP_HOME=/opt/rustwide/rustup-home" "-e" "CARGO_TARGET_DIR=/opt/rustwide/target" "-e" "CARGO_INCREMENTAL=0" "-e" "RUST_BACKTRACE=full" "-e" "RUSTFLAGS=--cap-lints=warn" "-e" "RUSTDOCFLAGS=--cap-lints=warn" "-w" "/opt/rustwide/workdir" "--user" "0:0" "8d11ce75cc271f14317c42e6e2926a145b05cf43ed318c6e50053172a58b2c53" "/opt/rustwide/cargo-home/bin/cargo" "+1.100.0-beta.1" "test" "--frozen" "--release", kill_on_drop: false }`
[INFO] [stderr] warning: `package.homepage` is redundant with `package.repository`
[INFO] [stderr]   --> Cargo.toml:20:12
[INFO] [stderr]    |
[INFO] [stderr] 20 | homepage = "https://github.com/TOwInOK/zen-rs"
[INFO] [stderr]    |            ^^^^^^^^^^^^^^^^^^^^^^^^^^^^^^^^^^^
[INFO] [stderr] ...
[INFO] [stderr] 25 | repository = "https://github.com/TOwInOK/zen-rs"
[INFO] [stderr]    |              -----------------------------------
[INFO] [stderr]    |
[INFO] [stderr]    = note: `cargo::redundant_homepage` is set to `warn` by default
[INFO] [stderr] help: consider removing `package.homepage`
[INFO] [stderr] warning: `zen-rs` (manifest) generated 1 warning
[INFO] [stderr]     Finished `release` profile [optimized] target(s) in 0.01s
[INFO] [stderr]      Running unittests src/lib.rs (/opt/rustwide/target/release/build/zen-rs/cdc9d23198a9347f/out/zen_rs-cdc9d23198a9347f)
[INFO] [stdout] 
[INFO] [stdout] running 1 test
[INFO] [stdout] test layouts::html::text::test_text::def ... ok
[INFO] [stdout] 
[INFO] [stdout] test result: ok. 1 passed; 0 failed; 0 ignored; 0 measured; 0 filtered out; finished in 0.00s
[INFO] [stdout] 
[INFO] [stderr]      Running tests/html.rs (/opt/rustwide/target/release/build/zen-rs/fca7beb2b61d52e7/out/html-fca7beb2b61d52e7)
[INFO] [stdout] 
[INFO] [stdout] running 1 test
[INFO] [stdout] test test_html::render ... FAILED
[INFO] [stdout] 
[INFO] [stdout] failures:
[INFO] [stdout] 
[INFO] [stdout] ---- test_html::render stdout ----
[INFO] [stdout] <html><head><style>* { margin: 0; padding: 0; box-sizing: border-box; overflow: clip; } html, body { height: 100%; line-height: 1.5; } body { background: none; color: inherit; text-align: inherit; } h1, h2, h3, h4, h5, h6 { font-size: inherit; font-weight: inherit; margin: 0; } p { margin: 0; } ul, ol { list-style: none; } a { text-decoration: none; color: inherit; } </style></head><body><div style="display: flex; align-items: center; justify-content: center; width: 100%;height: 100%; gap: 0px; flex-direction: column; padding: 0px; background-color: rgba(0, 0, 0, 100); border-left: 0px solid rgba(0, 0, 0, 0);
[INFO] [stdout]         border-top: 0px solid rgba(0, 0, 0, 0);
[INFO] [stdout]         border-bottom: 0px solid rgba(0, 0, 0, 0);
[INFO] [stdout]         border-right: 0px solid rgba(0, 0, 0, 0);
[INFO] [stdout]         border-radius: 0px;"><div style="display: flex; align-items: flex-left; justify-content: flex-left;  gap: 0px; flex-direction: column; padding: 0px; background-color: rgba(0, 0, 0, 0); border-left: 0px solid rgba(255, 255, 255, 100);
[INFO] [stdout]         border-top: 2px solid rgba(255, 255, 255, 100);
[INFO] [stdout]         border-bottom: 2px solid rgba(255, 255, 255, 100);
[INFO] [stdout]         border-right: 0px solid rgba(255, 255, 255, 100);
[INFO] [stdout]         border-radius: 18px;"><div style="display: flex; align-items: center; justify-content: center;  gap: 4px; flex-direction: column; padding: 16px; background-color: rgba(30, 200, 100, 100); border-left: 0px solid rgba(0, 0, 0, 0);
[INFO] [stdout]         border-top: 0px solid rgba(0, 0, 0, 0);
[INFO] [stdout]         border-bottom: 0px solid rgba(0, 0, 0, 0);
[INFO] [stdout]         border-right: 0px solid rgba(0, 0, 0, 0);
[INFO] [stdout]         border-radius: 0px;">
[INFO] [stdout]         <svg xmlns="http://www.w3.org/2000/svg"
[INFO] [stdout]         width="60"
[INFO] [stdout]         height="60"
[INFO] [stdout]         viewBox="0 0 24 24"
[INFO] [stdout]         fill="None"
[INFO] [stdout]         stroke="currentColor"
[INFO] [stdout]         stroke-linecap="round"
[INFO] [stdout]         stroke-linejoin="round"
[INFO] [stdout]         stroke-width="2">
[INFO] [stdout]         <path stroke="none" d="M0 0h24v24H0z" fill="None" />
[INFO] [stdout]         <path d="M9 19c-4.3 1.4 -4.3 -2.5 -6 -3m12 5v-3.5c0 -1 .1 -1.4 -.5 -2c2.8 -.3 5.5 -1.4 5.5 -6a4.6 4.6 0 0 0 -1.3 -3.2a4.2 4.2 0 0 0 -.1 -3.2s-1.1 -.3 -3.5 1.3a12.3 12.3 0 0 0 -6.2 0c-2.4 -1.6 -3.5 -1.3 -3.5 -1.3a4.2 4.2 0 0 0 -.1 3.2a4.6 4.6 0 0 0 -1.3 3.2c0 4.6 2.7 5.7 5.5 6c-.6 .6 -.6 1.2 -.5 2v3.5"/></svg>
[INFO] [stdout]     <div style="background-color: rgba(0, 0, 0, 0); color: rgba(0, 0, 0, 100); font-size: 20px;  font-weight: 400; font-family: '', monospace;" >gh</div><div style="background-color: rgba(0, 0, 0, 0); color: rgba(0, 0, 0, 100); font-size: 20px;  font-weight: 400; font-family: '', monospace;" >not ph</div></div></div></div></body></html>
[INFO] [stdout] 
[INFO] [stdout] thread 'test_html::render' (237) panicked at tests/html.rs:39:48:
[INFO] [stdout] called `Result::unwrap()` on an `Err` value: Os { code: 30, kind: ReadOnlyFilesystem, message: "Read-only file system" }
[INFO] [stdout] stack backtrace:
[INFO] [stdout]    0:     0x5ed4ff895827 - <<std[617be2ca0a6fd877]::sys::backtrace::BacktraceLock>::print::DisplayBacktrace as core[a373ad73a504971]::fmt::Display>::fmt
[INFO] [stdout]    1:     0x5ed4ff87dc3a - core[a373ad73a504971]::fmt::write
[INFO] [stdout]    2:     0x5ed4ff894ddb - <alloc[2e1b2a31b91974c5]::vec::Vec<u8> as core[a373ad73a504971]::io::write::Write>::write_fmt
[INFO] [stdout]    3:     0x5ed4ff8948bf - std[617be2ca0a6fd877]::panicking::default_hook::{closure#0}
[INFO] [stdout]    4:     0x5ed4ff8944ea - std[617be2ca0a6fd877]::panicking::default_hook
[INFO] [stdout]    5:     0x5ed4ff894025 - std[617be2ca0a6fd877]::panicking::panic_with_hook
[INFO] [stdout]    6:     0x5ed4ff8badd1 - std[617be2ca0a6fd877]::panicking::panic_handler::{closure#0}
[INFO] [stdout]    7:     0x5ed4ff8bad89 - std[617be2ca0a6fd877]::sys::backtrace::__rust_end_short_backtrace::<std[617be2ca0a6fd877]::panicking::panic_handler::{closure#0}, !>
[INFO] [stdout]    8:     0x5ed4ff8bb28c - __rustc[ea4f61d10b84890b]::rust_begin_unwind
[INFO] [stdout]    9:     0x5ed4ff87dacb - core[a373ad73a504971]::panicking::panic_fmt
[INFO] [stdout]   10:     0x5ed4ff880d31 - core[a373ad73a504971]::result::unwrap_failed
[INFO] [stdout]   11:     0x5ed4ff87c205 - <html[e2d56543f77754f1]::test_html::render::{closure#0} as core[a373ad73a504971]::ops::function::FnOnce<()>>::call_once
[INFO] [stdout]   12:     0x5ed4ff8d358b - test[aada8e7e76ba119b]::__rust_begin_short_backtrace::<core[a373ad73a504971]::result::Result<(), alloc[2e1b2a31b91974c5]::string::String>, fn() -> core[a373ad73a504971]::result::Result<(), alloc[2e1b2a31b91974c5]::string::String>>
[INFO] [stdout]   13:     0x5ed4ff8ce9ef - test[aada8e7e76ba119b]::run_test::{closure#0}
[INFO] [stdout]   14:     0x5ed4ff8ce46c - std[617be2ca0a6fd877]::sys::backtrace::__rust_begin_short_backtrace::<test[aada8e7e76ba119b]::run_test::{closure#1}, ()>
[INFO] [stdout]   15:     0x5ed4ff8ee70c - <std[617be2ca0a6fd877]::thread::lifecycle::spawn_unchecked<test[aada8e7e76ba119b]::run_test::{closure#1}, ()>::{closure#1} as core[a373ad73a504971]::ops::function::FnOnce<()>>::call_once::{shim:vtable#0}
[INFO] [stdout]   16:     0x5ed4ff8bca64 - <std[617be2ca0a6fd877]::sys::thread::unix::Thread>::new::thread_start
[INFO] [stdout]   17:     0x7d1b8b4fcdfa - <unknown>
[INFO] [stdout]   18:     0x7d1b8b5903d4 - clone
[INFO] [stdout]   19:                0x0 - <unknown>
[INFO] [stdout] 
[INFO] [stdout] 
[INFO] [stderr] error: test failed, to rerun pass `--test html`
[INFO] [stdout] failures:
[INFO] [stdout]     test_html::render
[INFO] [stdout] 
[INFO] [stdout] test result: FAILED. 0 passed; 1 failed; 0 ignored; 0 measured; 0 filtered out; finished in 0.00s
[INFO] [stdout] 
[INFO] running `Command { std: "docker" "inspect" "8d11ce75cc271f14317c42e6e2926a145b05cf43ed318c6e50053172a58b2c53", kill_on_drop: false }`
[INFO] running `Command { std: "docker" "rm" "-f" "8d11ce75cc271f14317c42e6e2926a145b05cf43ed318c6e50053172a58b2c53", kill_on_drop: false }`
[INFO] [stdout] 8d11ce75cc271f14317c42e6e2926a145b05cf43ed318c6e50053172a58b2c53
