[INFO] fetching crate zemse_tree_hash 0.10.1...
[INFO] testing zemse_tree_hash-0.10.1 against 1.99.0-beta.8+cargoflags=--release for beta-release-1.100-2
[INFO] extracting crate zemse_tree_hash 0.10.1 into /workspace/builds/worker-5-tc1/source
[INFO] started tweaking crates.io crate zemse_tree_hash 0.10.1
[INFO] removed 0 missing tests
[INFO] finished tweaking crates.io crate zemse_tree_hash 0.10.1
[INFO] tweaked toml for crates.io crate zemse_tree_hash 0.10.1 written to /workspace/builds/worker-5-tc1/source/Cargo.toml
[INFO] validating manifest of crates.io crate zemse_tree_hash 0.10.1 on toolchain 1.99.0-beta.8
[INFO] running `Command { std: CARGO_HOME="/workspace/cargo-home" RUSTUP_HOME="/workspace/rustup-home" "/workspace/cargo-home/bin/cargo" "+1.99.0-beta.8" "metadata" "--manifest-path" "Cargo.toml" "--no-deps", kill_on_drop: false }`
[INFO] crate crates.io crate zemse_tree_hash 0.10.1 already has a lockfile, it will not be regenerated
[INFO] running `Command { std: CARGO_HOME="/workspace/cargo-home" RUSTUP_HOME="/workspace/rustup-home" "/workspace/cargo-home/bin/cargo" "+1.99.0-beta.8" "fetch" "--manifest-path" "Cargo.toml", kill_on_drop: false }`
[INFO] [stderr]     Updating crates.io index
[INFO] [stderr]  Downloading crates ...
[INFO] [stderr]   Downloaded zeroize v1.8.1
[INFO] [stderr]   Downloaded crypto-common v0.1.6
[INFO] [stderr]   Downloaded typenum v1.18.0
[INFO] [stderr]   Downloaded rustc_version v0.3.3
[INFO] [stderr]   Downloaded fastrlp v0.3.1
[INFO] [stderr]   Downloaded zeroize_derive v1.4.2
[INFO] [stderr]   Downloaded tree_hash_derive v0.10.0
[INFO] [stderr]   Downloaded byte-slice-cast v1.2.3
[INFO] [stderr]   Downloaded windows-link v0.1.3
[INFO] [stderr]   Downloaded fixed-hash v0.8.0
[INFO] [stderr]   Downloaded ark-ff-asm v0.4.2
[INFO] [stderr]   Downloaded ucd-trie v0.1.7
[INFO] [stderr]   Downloaded ethereum_ssz v0.9.0
[INFO] [stderr]   Downloaded radium v0.7.0
[INFO] [stderr]   Downloaded uint v0.9.5
[INFO] [stderr]   Downloaded tap v1.0.1
[INFO] [stderr]   Downloaded ark-serialize v0.3.0
[INFO] [stderr]   Downloaded base64ct v1.8.0
[INFO] [stderr]   Downloaded rlp v0.5.2
[INFO] [stderr]   Downloaded parity-scale-codec-derive v3.7.5
[INFO] [stderr]   Downloaded fastrlp v0.4.0
[INFO] [stderr]   Downloaded windows-targets v0.53.3
[INFO] [stderr]   Downloaded primitive-types v0.12.2
[INFO] [stderr]   Downloaded semver v0.11.0
[INFO] [stderr]   Downloaded winnow v0.7.12
[INFO] [stderr]   Downloaded semver-parser v0.10.3
[INFO] [stderr]   Downloaded arbitrary v1.4.2
[INFO] [stderr]   Downloaded k256 v0.13.4
[INFO] [stderr]   Downloaded ruint v1.16.0
[INFO] [stderr]   Downloaded proptest v1.7.0
[INFO] [stderr]   Downloaded ark-ff v0.4.2
[INFO] [stderr]   Downloaded cc v1.2.33
[INFO] [stderr]   Downloaded auto_impl v1.3.0
[INFO] [stderr]   Downloaded sha3 v0.10.8
[INFO] [stderr]   Downloaded darling v0.20.11
[INFO] [stderr]   Downloaded ark-ff-macros v0.4.2
[INFO] [stderr]   Downloaded zerocopy-derive v0.8.26
[INFO] [stderr]   Downloaded ruint-macro v1.2.1
[INFO] [stderr]   Downloaded proptest-derive v0.5.1
[INFO] [stderr]   Downloaded zemse_ethereum_hashing v0.7.0
[INFO] [stderr]   Downloaded ethereum_serde_utils v0.8.0
[INFO] [stderr]   Downloaded alloy-primitives v1.3.1
[INFO] [stderr]   Downloaded impl-codec v0.6.0
[INFO] [stderr]   Downloaded darling_core v0.20.11
[INFO] [stderr]   Downloaded const-hex v1.15.0
[INFO] [stderr]   Downloaded bitvec v1.0.1
[INFO] [stderr]   Downloaded funty v2.0.0
[INFO] [stderr]   Downloaded zerocopy v0.8.26
[INFO] [stderr]   Downloaded rustc-hex v2.1.0
[INFO] [stderr]   Downloaded keccak v0.1.5
[INFO] [stderr]   Downloaded ark-serialize v0.4.2
[INFO] [stderr]   Downloaded serde_json v1.0.143
[INFO] [stderr]   Downloaded darling_macro v0.20.11
[INFO] [stderr]   Downloaded ethereum_ssz_derive v0.9.0
[INFO] [stderr]   Downloaded ark-ff-macros v0.3.0
[INFO] [stderr]   Downloaded const_format v0.2.34
[INFO] [stderr]   Downloaded pest v2.8.1
[INFO] [stderr]   Downloaded parity-scale-codec v3.7.5
[INFO] [stderr]   Downloaded proc-macro-crate v3.3.0
[INFO] [stderr]   Downloaded derive_arbitrary v1.4.2
[INFO] [stderr]   Downloaded ark-std v0.3.0
[INFO] [stderr]   Downloaded sha3-asm v0.1.4
[INFO] [stderr]   Downloaded cfg-if v1.0.3
[INFO] [stderr]   Downloaded keccak-asm v0.1.4
[INFO] [stderr]   Downloaded semver v1.0.26
[INFO] [stderr]   Downloaded impl-trait-for-tuples v0.2.3
[INFO] [stderr]   Downloaded ark-ff-asm v0.3.0
[INFO] [stderr]   Downloaded ark-ff v0.3.0
[INFO] [stderr]   Downloaded wyz v0.5.1
[INFO] [stderr]   Downloaded ark-std v0.4.0
[INFO] [stderr]   Downloaded alloy-rlp v0.3.12
[INFO] running `Command { std: "docker" "create" "-v" "/var/lib/crater-agent-workspace/builds/worker-5-tc1/source:/opt/rustwide/workdir:ro,Z" "-v" "/var/lib/crater-agent-workspace/builds/worker-5-tc1/target:/opt/rustwide/target:rw,Z" "-v" "/var/lib/crater-agent-workspace/cargo-home:/opt/rustwide/cargo-home:ro,Z" "-v" "/var/lib/crater-agent-workspace/rustup-home:/opt/rustwide/rustup-home:ro,Z" "-m" "1610612736" "--network" "none" "ghcr.io/rust-lang/crates-build-env/linux@sha256:77db811e55d90add9212f6832c23229e3de5f1c1f9905e8cb07319ea15df73ac" "sleep" "infinity", kill_on_drop: false }`
[INFO] [stdout] 51fe6ee4c70efb1251409870c14dd452c0037966b5d191d154ae05e57ec2c6ec
[INFO] running `Command { std: "docker" "start" "51fe6ee4c70efb1251409870c14dd452c0037966b5d191d154ae05e57ec2c6ec", kill_on_drop: false }`
[INFO] running `Command { std: "docker" "inspect" "51fe6ee4c70efb1251409870c14dd452c0037966b5d191d154ae05e57ec2c6ec", kill_on_drop: false }`
[INFO] running `Command { std: "docker" "exec" "-e" "SOURCE_DIR=/opt/rustwide/workdir" "-e" "CARGO_HOME=/opt/rustwide/cargo-home" "-e" "RUSTUP_HOME=/opt/rustwide/rustup-home" "-e" "CARGO_TARGET_DIR=/opt/rustwide/target" "-w" "/opt/rustwide/workdir" "--user" "0:0" "51fe6ee4c70efb1251409870c14dd452c0037966b5d191d154ae05e57ec2c6ec" "/opt/rustwide/cargo-home/bin/cargo" "+1.99.0-beta.8" "metadata" "--no-deps" "--format-version=1", kill_on_drop: false }`
[INFO] running `Command { std: "docker" "inspect" "51fe6ee4c70efb1251409870c14dd452c0037966b5d191d154ae05e57ec2c6ec", kill_on_drop: false }`
[INFO] running `Command { std: "docker" "exec" "-e" "SOURCE_DIR=/opt/rustwide/workdir" "-e" "CARGO_HOME=/opt/rustwide/cargo-home" "-e" "RUSTUP_HOME=/opt/rustwide/rustup-home" "-e" "CARGO_TARGET_DIR=/opt/rustwide/target" "-e" "CARGO_INCREMENTAL=0" "-e" "RUST_BACKTRACE=full" "-e" "RUSTFLAGS=--cap-lints=warn" "-e" "RUSTDOCFLAGS=--cap-lints=warn" "-w" "/opt/rustwide/workdir" "--user" "0:0" "51fe6ee4c70efb1251409870c14dd452c0037966b5d191d154ae05e57ec2c6ec" "/opt/rustwide/cargo-home/bin/cargo" "+1.99.0-beta.8" "build" "--frozen" "--message-format=json" "--release", kill_on_drop: false }`
[INFO] [stderr]    Compiling proc-macro2 v1.0.101
[INFO] [stderr]    Compiling serde v1.0.219
[INFO] [stderr]    Compiling typenum v1.18.0
[INFO] [stderr]    Compiling cfg-if v1.0.3
[INFO] [stderr]    Compiling unicode-xid v0.2.6
[INFO] [stderr]    Compiling paste v1.0.15
[INFO] [stderr]    Compiling tiny-keccak v2.0.2
[INFO] [stderr]    Compiling serde_json v1.0.143
[INFO] [stderr]    Compiling foldhash v0.1.5
[INFO] [stderr]    Compiling itoa v1.0.15
[INFO] [stderr]    Compiling ruint-macro v1.2.1
[INFO] [stderr]    Compiling ryu v1.0.20
[INFO] [stderr]    Compiling memchr v2.7.5
[INFO] [stderr]    Compiling either v1.15.0
[INFO] [stderr]    Compiling smallvec v1.15.1
[INFO] [stderr]    Compiling itertools v0.13.0
[INFO] [stderr]    Compiling quote v1.0.40
[INFO] [stderr]    Compiling generic-array v0.14.7
[INFO] [stderr]    Compiling syn v2.0.106
[INFO] [stderr]    Compiling block-buffer v0.10.4
[INFO] [stderr]    Compiling crypto-common v0.1.6
[INFO] [stderr]    Compiling digest v0.10.7
[INFO] [stderr]    Compiling sha2 v0.10.9
[INFO] [stderr]    Compiling zemse_ethereum_hashing v0.7.0
[INFO] [stderr]    Compiling serde_derive v1.0.219
[INFO] [stderr]    Compiling derive_more-impl v2.0.1
[INFO] [stderr]    Compiling derive_more v2.0.1
[INFO] [stderr]    Compiling bytes v1.10.1
[INFO] [stderr]    Compiling ruint v1.16.0
[INFO] [stderr]    Compiling const-hex v1.15.0
[INFO] [stderr]    Compiling hashbrown v0.15.5
[INFO] [stderr]    Compiling alloy-primitives v1.3.1
[INFO] [stderr]    Compiling ethereum_serde_utils v0.8.0
[INFO] [stderr]    Compiling ethereum_ssz v0.9.0
[INFO] [stderr]    Compiling zemse_tree_hash v0.10.1 (/opt/rustwide/workdir)
[INFO] [stderr]     Finished `release` profile [optimized] target(s) in 20.68s
[INFO] running `Command { std: "docker" "inspect" "51fe6ee4c70efb1251409870c14dd452c0037966b5d191d154ae05e57ec2c6ec", kill_on_drop: false }`
[INFO] running `Command { std: "docker" "exec" "-e" "SOURCE_DIR=/opt/rustwide/workdir" "-e" "CARGO_HOME=/opt/rustwide/cargo-home" "-e" "RUSTUP_HOME=/opt/rustwide/rustup-home" "-e" "CARGO_TARGET_DIR=/opt/rustwide/target" "-e" "CARGO_INCREMENTAL=0" "-e" "RUST_BACKTRACE=full" "-e" "RUSTFLAGS=--cap-lints=warn" "-e" "RUSTDOCFLAGS=--cap-lints=warn" "-w" "/opt/rustwide/workdir" "--user" "0:0" "51fe6ee4c70efb1251409870c14dd452c0037966b5d191d154ae05e57ec2c6ec" "/opt/rustwide/cargo-home/bin/cargo" "+1.99.0-beta.8" "test" "--frozen" "--no-run" "--message-format=json" "--release", kill_on_drop: false }`
[INFO] [stderr]    Compiling syn v2.0.106
[INFO] [stderr]    Compiling libc v0.2.175
[INFO] [stderr]    Compiling zerocopy v0.8.26
[INFO] [stderr]    Compiling strsim v0.11.1
[INFO] [stderr]    Compiling getrandom v0.2.16
[INFO] [stderr]    Compiling rand_core v0.6.4
[INFO] [stderr]    Compiling ppv-lite86 v0.2.21
[INFO] [stderr]    Compiling rand_chacha v0.3.1
[INFO] [stderr]    Compiling rand v0.8.5
[INFO] [stderr]    Compiling darling_core v0.20.11
[INFO] [stderr]    Compiling serde_derive v1.0.219
[INFO] [stderr]    Compiling derive_more-impl v2.0.1
[INFO] [stderr]    Compiling darling_macro v0.20.11
[INFO] [stderr]    Compiling darling v0.20.11
[INFO] [stderr]    Compiling ethereum_ssz_derive v0.9.0
[INFO] [stderr]    Compiling tree_hash_derive v0.10.0
[INFO] [stderr]    Compiling derive_more v2.0.1
[INFO] [stderr]    Compiling serde v1.0.219
[INFO] [stderr]    Compiling hashbrown v0.15.5
[INFO] [stderr]    Compiling bytes v1.10.1
[INFO] [stderr]    Compiling const-hex v1.15.0
[INFO] [stderr]    Compiling ruint v1.16.0
[INFO] [stderr]    Compiling serde_json v1.0.143
[INFO] [stderr]    Compiling alloy-primitives v1.3.1
[INFO] [stderr]    Compiling ethereum_serde_utils v0.8.0
[INFO] [stderr]    Compiling ethereum_ssz v0.9.0
[INFO] [stderr]    Compiling zemse_tree_hash v0.10.1 (/opt/rustwide/workdir)
[INFO] [stdout] warning: use of deprecated associated function `alloy_primitives::private::core::num::<impl u64>::max_value`: replaced by the `MAX` associated constant on this type
[INFO] [stdout]    --> src/impls.rs:265:33
[INFO] [stdout]     |
[INFO] [stdout] 265 |             int_to_hash256(u64::max_value()).as_slice(),
[INFO] [stdout]     |                                 ^^^^^^^^^
[INFO] [stdout]     |
[INFO] [stdout]     = note: `#[warn(deprecated)]` on by default
[INFO] [stdout] 
[INFO] [stdout] 
[INFO] [stderr]     Finished `release` profile [optimized] target(s) in 23.10s
[INFO] running `Command { std: "docker" "inspect" "51fe6ee4c70efb1251409870c14dd452c0037966b5d191d154ae05e57ec2c6ec", kill_on_drop: false }`
[INFO] running `Command { std: "docker" "exec" "-e" "SOURCE_DIR=/opt/rustwide/workdir" "-e" "CARGO_HOME=/opt/rustwide/cargo-home" "-e" "RUSTUP_HOME=/opt/rustwide/rustup-home" "-e" "CARGO_TARGET_DIR=/opt/rustwide/target" "-e" "CARGO_INCREMENTAL=0" "-e" "RUST_BACKTRACE=full" "-e" "RUSTFLAGS=--cap-lints=warn" "-e" "RUSTDOCFLAGS=--cap-lints=warn" "-w" "/opt/rustwide/workdir" "--user" "0:0" "51fe6ee4c70efb1251409870c14dd452c0037966b5d191d154ae05e57ec2c6ec" "/opt/rustwide/cargo-home/bin/cargo" "+1.99.0-beta.8" "test" "--frozen" "--release", kill_on_drop: false }`
[INFO] [stderr] warning: use of deprecated associated function `alloy_primitives::private::core::num::<impl u64>::max_value`: replaced by the `MAX` associated constant on this type
[INFO] [stderr]    --> src/impls.rs:265:33
[INFO] [stderr]     |
[INFO] [stderr] 265 |             int_to_hash256(u64::max_value()).as_slice(),
[INFO] [stderr]     |                                 ^^^^^^^^^
[INFO] [stderr]     |
[INFO] [stderr]     = note: `#[warn(deprecated)]` on by default
[INFO] [stderr] 
[INFO] [stderr] warning: `zemse_tree_hash` (lib test) generated 1 warning
[INFO] [stderr]     Finished `release` profile [optimized] target(s) in 0.14s
[INFO] [stderr]      Running unittests src/lib.rs (/opt/rustwide/target/release/deps/zemse_tree_hash-0b874f0fc867fa9d)
[INFO] [stdout] 
[INFO] [stdout] running 42 tests
[INFO] [stdout] test impls::test::fixed_bytes_48 ... ok
[INFO] [stdout] test impls::test::int_to_bytes ... ok
[INFO] [stdout] test merkle_hasher::test::depth ... ok
[INFO] [stdout] test impls::test::bitlist ... ok
[INFO] [stdout] test impls::test::bitvector ... ok
[INFO] [stdout] test impls::test::fixed_bytes_32 ... ok
[INFO] [stdout] test impls::test::address ... ok
[INFO] [stdout] test merkle_hasher::test::with_0_leaves ... ok
[INFO] [stdout] test merkleize_padded::test::random_value::max_tree_depth_min_nodes ... ok
[INFO] [stdout] test impls::test::bool ... ok
[INFO] [stdout] test merkleize_padded::test::random_value::zero_value_0_nodes ... ok
[INFO] [stdout] test merkle_hasher::test::context_size ... FAILED
[INFO] [stdout] test impls::test::address_no_packed_encoding - should panic ... ok
[INFO] [stdout] test impls::test::arc ... ok
[INFO] [stdout] test impls::test::address_no_packing_factor - should panic ... ok
[INFO] [stdout] test merkle_hasher::test::too_many_leaves - should panic ... ok
[INFO] [stdout] test merkleize_padded::test::random_value::zero_value_1_nodes ... ok
[INFO] [stdout] test merkle_hasher::test::remaining_buffer ... ok
[INFO] [stdout] test impls::test::fixed_bytes_no_packed_encoding - should panic ... ok
[INFO] [stdout] test merkleize_padded::test::random_value::zero_value_8_nodes ... ok
[INFO] [stdout] test impls::test::fixed_bytes_no_packing_factor - should panic ... ok
[INFO] [stdout] test merkleize_padded::test::random_value::zero_value_2_nodes ... ok
[INFO] [stdout] test merkleize_padded::test::random_value::zero_value_3_nodes ... ok
[INFO] [stdout] test merkle_hasher::test::with_leaves ... ok
[INFO] [stdout] test merkleize_padded::test::random_value::zero_value_4_nodes ... ok
[INFO] [stdout] test merkleize_padded::test::zero_value::zero_value_3_nodes ... ok
[INFO] [stdout] test merkleize_padded::test::random_value::zero_value_9_nodes ... ok
[INFO] [stdout] test merkleize_padded::test::random_value::zero_value_range_of_nodes ... ok
[INFO] [stdout] test merkleize_padded::test::zero_value::max_tree_depth_min_nodes ... ok
[INFO] [stdout] test merkleize_padded::test::zero_value::zero_value_0_nodes ... ok
[INFO] [stdout] test merkleize_padded::test::zero_value::zero_value_1_nodes ... ok
[INFO] [stdout] test merkleize_padded::test::zero_value::zero_value_2_nodes ... ok
[INFO] [stdout] test merkleize_padded::test::random_value::zero_value_8_nodes_varying_min_length ... ok
[INFO] [stdout] test merkleize_padded::test::zero_value::zero_value_8_nodes_varying_min_length ... ok
[INFO] [stdout] test test::mix_length ... ok
[INFO] [stdout] test merkleize_padded::test::zero_value::zero_value_4_nodes ... ok
[INFO] [stdout] test merkleize_padded::test::zero_value::zero_value_8_nodes ... ok
[INFO] [stdout] test merkleize_padded::test::zero_value::zero_value_9_nodes ... ok
[INFO] [stdout] test merkle_hasher::test::full_trees ... ok
[INFO] [stdout] test merkleize_padded::test::zero_value::zero_value_range_of_nodes ... ok
[INFO] [stdout] test merkle_hasher::test::incomplete_trees ... ok
[INFO] [stderr] error: test failed, to rerun pass `--lib`
[INFO] [stdout] test impls::test::fixed_bytes_7 ... ok
[INFO] [stdout] 
[INFO] [stdout] failures:
[INFO] [stdout] 
[INFO] [stdout] ---- merkle_hasher::test::context_size stdout ----
[INFO] [stdout] 
[INFO] [stdout] thread 'merkle_hasher::test::context_size' (1283) panicked at src/merkle_hasher.rs:371:9:
[INFO] [stdout] assertion `left == right` failed: Halfnode size should be as expected
[INFO] [stdout]   left: 120
[INFO] [stdout]  right: 232
[INFO] [stdout] stack backtrace:
[INFO] [stdout]    0:     0x650d0d8bfdf1 - <<std[70759c8f55707aa4]::sys::backtrace::BacktraceLock>::print::DisplayBacktrace as core[df12db4294e9bfd3]::fmt::Display>::fmt
[INFO] [stdout]    1:     0x650d0d8d47ca - core[df12db4294e9bfd3]::fmt::write
[INFO] [stdout]    2:     0x650d0d8c428c - <alloc[2182bb758b4b3781]::vec::Vec<u8> as core[df12db4294e9bfd3]::io::write::Write>::write_fmt
[INFO] [stdout]    3:     0x650d0d89c3c6 - std[70759c8f55707aa4]::panicking::default_hook::{closure#0}
[INFO] [stdout]    4:     0x650d0d8b8539 - std[70759c8f55707aa4]::panicking::default_hook
[INFO] [stdout]    5:     0x650d0d84cfd0 - test[9d35eded1c95d3be]::test_main_inner::<test[9d35eded1c95d3be]::test_main_static::{closure#0}>::{closure#0}
[INFO] [stdout]    6:     0x650d0d8b86f2 - std[70759c8f55707aa4]::panicking::panic_with_hook
[INFO] [stdout]    7:     0x650d0d89c472 - std[70759c8f55707aa4]::panicking::panic_handler::{closure#0}
[INFO] [stdout]    8:     0x650d0d8951f9 - std[70759c8f55707aa4]::sys::backtrace::__rust_end_short_backtrace::<std[70759c8f55707aa4]::panicking::panic_handler::{closure#0}, !>
[INFO] [stdout]    9:     0x650d0d89d06d - __rustc[8fa7c3cbc660c2b3]::rust_begin_unwind
[INFO] [stdout]   10:     0x650d0d8d4efc - core[df12db4294e9bfd3]::panicking::panic_fmt
[INFO] [stdout]   11:     0x650d0d8d4e73 - core[df12db4294e9bfd3]::panicking::assert_failed_inner
[INFO] [stdout]   12:     0x650d0d8d1638 - core[df12db4294e9bfd3]::panicking::assert_failed::<usize, usize>
[INFO] [stdout]   13:     0x650d0d83ad2b - <zemse_tree_hash[a743ae72b80e60e2]::merkle_hasher::test::context_size::{closure#0} as core[df12db4294e9bfd3]::ops::function::FnOnce<()>>::call_once
[INFO] [stdout]   14:     0x650d0d8402bb - test[9d35eded1c95d3be]::__rust_begin_short_backtrace::<core[df12db4294e9bfd3]::result::Result<(), alloc[2182bb758b4b3781]::string::String>, fn() -> core[df12db4294e9bfd3]::result::Result<(), alloc[2182bb758b4b3781]::string::String>>
[INFO] [stdout]   15:     0x650d0d84d925 - test[9d35eded1c95d3be]::run_test::{closure#0}
[INFO] [stdout]   16:     0x650d0d8471e4 - std[70759c8f55707aa4]::sys::backtrace::__rust_begin_short_backtrace::<test[9d35eded1c95d3be]::run_test::{closure#1}, ()>
[INFO] [stdout]   17:     0x650d0d850a82 - <std[70759c8f55707aa4]::thread::lifecycle::spawn_unchecked<test[9d35eded1c95d3be]::run_test::{closure#1}, ()>::{closure#1} as core[df12db4294e9bfd3]::ops::function::FnOnce<()>>::call_once::{shim:vtable#0}
[INFO] [stdout]   18:     0x650d0d8bf6c9 - <std[70759c8f55707aa4]::sys::thread::unix::Thread>::new::thread_start
[INFO] [stdout]   19:     0x72b49cd6bdfa - <unknown>
[INFO] [stdout]   20:     0x72b49cdff3d4 - clone
[INFO] [stdout]   21:                0x0 - <unknown>
[INFO] [stdout] 
[INFO] [stdout] 
[INFO] [stdout] failures:
[INFO] [stdout]     merkle_hasher::test::context_size
[INFO] [stdout] 
[INFO] [stdout] test result: FAILED. 41 passed; 1 failed; 0 ignored; 0 measured; 0 filtered out; finished in 0.08s
[INFO] [stdout] 
[INFO] running `Command { std: "docker" "inspect" "51fe6ee4c70efb1251409870c14dd452c0037966b5d191d154ae05e57ec2c6ec", kill_on_drop: false }`
[INFO] running `Command { std: "docker" "rm" "-f" "51fe6ee4c70efb1251409870c14dd452c0037966b5d191d154ae05e57ec2c6ec", kill_on_drop: false }`
[INFO] [stdout] 51fe6ee4c70efb1251409870c14dd452c0037966b5d191d154ae05e57ec2c6ec
