[INFO] fetching crate zellij-nucleo 0.0.6...
[INFO] testing zellij-nucleo-0.0.6 against 1.99.0-beta.8+cargoflags=--release for beta-release-1.100-2
[INFO] extracting crate zellij-nucleo 0.0.6 into /workspace/builds/worker-4-tc1/source
[INFO] started tweaking crates.io crate zellij-nucleo 0.0.6
[INFO] finished tweaking crates.io crate zellij-nucleo 0.0.6
[INFO] tweaked toml for crates.io crate zellij-nucleo 0.0.6 written to /workspace/builds/worker-4-tc1/source/Cargo.toml
[INFO] validating manifest of crates.io crate zellij-nucleo 0.0.6 on toolchain 1.99.0-beta.8
[INFO] running `Command { std: CARGO_HOME="/workspace/cargo-home" RUSTUP_HOME="/workspace/rustup-home" "/workspace/cargo-home/bin/cargo" "+1.99.0-beta.8" "metadata" "--manifest-path" "Cargo.toml" "--no-deps", kill_on_drop: false }`
[INFO] running `Command { std: CARGO_HOME="/workspace/cargo-home" RUSTUP_HOME="/workspace/rustup-home" "/workspace/cargo-home/bin/cargo" "+1.99.0-beta.8" "generate-lockfile" "--manifest-path" "Cargo.toml", kill_on_drop: false }`
[INFO] [stderr]     Blocking waiting for file lock on package cache
[INFO] [stderr]     Updating crates.io index
[INFO] [stderr]      Locking 386 packages to highest compatible versions
[INFO] [stderr]       Adding generic-array v0.14.7 (available: v0.14.9)
[INFO] [stderr]       Adding owo-colors v3.5.0 (available: v4.4.0)
[INFO] [stderr]       Adding psm v0.1.24 (available: v0.1.32)
[INFO] [stderr]       Adding unicode-width v0.1.14 (available: v0.2.2)
[INFO] [stderr]       Adding zellij-tile v0.41.2 (available: v0.45.1)
[INFO] running `Command { std: CARGO_HOME="/workspace/cargo-home" RUSTUP_HOME="/workspace/rustup-home" "/workspace/cargo-home/bin/cargo" "+1.99.0-beta.8" "fetch" "--manifest-path" "Cargo.toml", kill_on_drop: false }`
[INFO] [stderr]  Downloading crates ...
[INFO] [stderr]   Downloaded pest_derive v2.9.4
[INFO] [stderr]   Downloaded file-id v0.1.0
[INFO] [stderr]   Downloaded destructure_traitobject v0.2.0
[INFO] [stderr]   Downloaded supports-color v2.1.0
[INFO] [stderr]   Downloaded mac_address v1.2.1
[INFO] [stderr]   Downloaded sluice v0.6.0
[INFO] [stderr]   Downloaded mock_instant v0.6.1
[INFO] [stderr]   Downloaded pest_generator v2.9.4
[INFO] [stderr]   Downloaded thread-id v5.1.0
[INFO] [stderr]   Downloaded kdl v4.7.1
[INFO] [stderr]   Downloaded log4rs v1.4.0
[INFO] [stderr]   Downloaded isahc v1.8.3
[INFO] [stderr]   Downloaded vte v0.10.1
[INFO] [stderr]   Downloaded intmap v0.7.1
[INFO] [stderr]   Downloaded notify-debouncer-full v0.1.0
[INFO] [stderr]   Downloaded terminfo v0.8.0
[INFO] [stderr]   Downloaded colorsys v0.6.7
[INFO] [stderr]   Downloaded clap_complete v3.2.5
[INFO] [stderr]   Downloaded clap_derive v3.2.25
[INFO] [stderr]   Downloaded to_method v1.1.0
[INFO] [stderr]   Downloaded spinning v0.1.1
[INFO] [stderr]   Downloaded arc-swap v1.9.3
[INFO] [stderr]   Downloaded inotify v0.9.6
[INFO] [stderr]   Downloaded zellij-tile v0.41.2
[INFO] [stderr]   Downloaded strip-ansi-escapes v0.1.1
[INFO] [stderr]   Downloaded unsafe-any-ors v1.0.0
[INFO] [stderr]   Downloaded supports-unicode v2.1.0
[INFO] [stderr]   Downloaded curl v0.4.51
[INFO] [stderr]   Downloaded curl-sys v0.4.91+curl-8.22.0
[INFO] [stderr]   Downloaded zellij-utils v0.41.2
[INFO] [stderr]   Downloaded notify v6.1.1
[INFO] [stderr]   Downloaded typemap-ors v1.0.0
[INFO] [stderr]   Downloaded pest_meta v2.9.4
[INFO] [stderr]   Downloaded supports-hyperlinks v2.1.0
[INFO] [stderr]   Downloaded interprocess v1.2.1
[INFO] [stderr]   Downloaded termwiz v0.22.0
[INFO] [stderr]   Downloaded libnghttp2-sys v0.1.13+1.68.1
[INFO] running `Command { std: "docker" "create" "-v" "/var/lib/crater-agent-workspace/builds/worker-4-tc1/source:/opt/rustwide/workdir:ro,Z" "-v" "/var/lib/crater-agent-workspace/builds/worker-4-tc1/target:/opt/rustwide/target:rw,Z" "-v" "/var/lib/crater-agent-workspace/cargo-home:/opt/rustwide/cargo-home:ro,Z" "-v" "/var/lib/crater-agent-workspace/rustup-home:/opt/rustwide/rustup-home:ro,Z" "-m" "1610612736" "--network" "none" "ghcr.io/rust-lang/crates-build-env/linux@sha256:77db811e55d90add9212f6832c23229e3de5f1c1f9905e8cb07319ea15df73ac" "sleep" "infinity", kill_on_drop: false }`
[INFO] [stdout] 80f4fdb0b533a792c83e197a7a8feace57f6397c6de59776af66f858d420772b
[INFO] running `Command { std: "docker" "start" "80f4fdb0b533a792c83e197a7a8feace57f6397c6de59776af66f858d420772b", kill_on_drop: false }`
[INFO] running `Command { std: "docker" "inspect" "80f4fdb0b533a792c83e197a7a8feace57f6397c6de59776af66f858d420772b", kill_on_drop: false }`
[INFO] running `Command { std: "docker" "exec" "-e" "SOURCE_DIR=/opt/rustwide/workdir" "-e" "CARGO_HOME=/opt/rustwide/cargo-home" "-e" "RUSTUP_HOME=/opt/rustwide/rustup-home" "-e" "CARGO_TARGET_DIR=/opt/rustwide/target" "-w" "/opt/rustwide/workdir" "--user" "0:0" "80f4fdb0b533a792c83e197a7a8feace57f6397c6de59776af66f858d420772b" "/opt/rustwide/cargo-home/bin/cargo" "+1.99.0-beta.8" "metadata" "--no-deps" "--format-version=1", kill_on_drop: false }`
[INFO] running `Command { std: "docker" "inspect" "80f4fdb0b533a792c83e197a7a8feace57f6397c6de59776af66f858d420772b", kill_on_drop: false }`
[INFO] running `Command { std: "docker" "exec" "-e" "SOURCE_DIR=/opt/rustwide/workdir" "-e" "CARGO_HOME=/opt/rustwide/cargo-home" "-e" "RUSTUP_HOME=/opt/rustwide/rustup-home" "-e" "CARGO_TARGET_DIR=/opt/rustwide/target" "-e" "CARGO_INCREMENTAL=0" "-e" "RUST_BACKTRACE=full" "-e" "RUSTFLAGS=--cap-lints=warn" "-e" "RUSTDOCFLAGS=--cap-lints=warn" "-w" "/opt/rustwide/workdir" "--user" "0:0" "80f4fdb0b533a792c83e197a7a8feace57f6397c6de59776af66f858d420772b" "/opt/rustwide/cargo-home/bin/cargo" "+1.99.0-beta.8" "build" "--frozen" "--message-format=json" "--release", kill_on_drop: false }`
[INFO] [stderr]    Compiling futures-io v0.3.34
[INFO] [stderr]    Compiling value-bag v1.14.1
[INFO] [stderr]    Compiling pkg-config v0.3.34
[INFO] [stderr]    Compiling psm v0.1.24
[INFO] [stderr]    Compiling stacker v0.1.25
[INFO] [stderr]    Compiling rustix v1.1.5
[INFO] [stderr]    Compiling syn v3.0.9
[INFO] [stderr]    Compiling syn v1.0.109
[INFO] [stderr]    Compiling concurrent-queue v2.5.0
[INFO] [stderr]    Compiling rand v0.8.8
[INFO] [stderr]    Compiling phf_shared v0.11.3
[INFO] [stderr]    Compiling linux-raw-sys v0.12.1
[INFO] [stderr]    Compiling event-listener-strategy v0.5.4
[INFO] [stderr]    Compiling libnghttp2-sys v0.1.13+1.68.1
[INFO] [stderr]    Compiling getrandom v0.3.4
[INFO] [stderr]    Compiling errno v0.3.14
[INFO] [stderr]    Compiling memoffset v0.9.1
[INFO] [stderr]    Compiling futures-lite v2.6.1
[INFO] [stderr]    Compiling log v0.4.34
[INFO] [stderr]    Compiling async-channel v2.5.0
[INFO] [stderr]    Compiling async-io v2.6.0
[INFO] [stderr]    Compiling object v0.37.3
[INFO] [stderr]    Compiling cfg_aliases v0.2.2
[INFO] [stderr]    Compiling nix v0.31.3
[INFO] [stderr]    Compiling signal-hook-registry v1.4.8
[INFO] [stderr]    Compiling ordered-float v4.6.0
[INFO] [stderr]    Compiling is-terminal v0.4.17
[INFO] [stderr]    Compiling gimli v0.32.3
[INFO] [stderr]    Compiling inotify-sys v0.1.8
[INFO] [stderr]    Compiling miniz_oxide v0.8.9
[INFO] [stderr]    Compiling pest v2.9.4
[INFO] [stderr]    Compiling piper v0.2.5
[INFO] [stderr]    Compiling phf_generator v0.11.3
[INFO] [stderr]    Compiling proc-macro-error-attr v1.0.4
[INFO] [stderr]    Compiling phf_macros v0.11.3
[INFO] [stderr]    Compiling phf_codegen v0.11.3
[INFO] [stderr]    Compiling getrandom v0.4.3
[INFO] [stderr]    Compiling libz-sys v1.1.30
[INFO] [stderr]    Compiling openssl-sys v0.9.117
[INFO] [stderr]    Compiling curl-sys v0.4.91+curl-8.22.0
[INFO] [stderr]    Compiling indexmap v1.9.3
[INFO] [stderr]    Compiling memoffset v0.7.1
[INFO] [stderr]    Compiling anyhow v1.0.104
[INFO] [stderr]    Compiling bytemuck v1.25.2
[INFO] [stderr]    Compiling ucd-trie v0.1.7
[INFO] [stderr]    Compiling rustc-demangle v0.1.28
[INFO] [stderr]    Compiling futures-sink v0.3.34
[INFO] [stderr]    Compiling futures-channel v0.3.34
[INFO] [stderr]    Compiling phf v0.11.3
[INFO] [stderr]    Compiling atomic v0.6.1
[INFO] [stderr]    Compiling nom v7.1.3
[INFO] [stderr]    Compiling terminfo v0.8.0
[INFO] [stderr]    Compiling blocking v1.7.0
[INFO] [stderr]    Compiling parking_lot_core v0.9.12
[INFO] [stderr]    Compiling rand_core v0.9.5
[INFO] [stderr]    Compiling async-lock v3.4.2
[INFO] [stderr]    Compiling encoding_rs v0.8.42
[INFO] [stderr]    Compiling pest_meta v2.9.4
[INFO] [stderr]    Compiling pin-project-internal v1.1.13
[INFO] [stderr]    Compiling crossbeam-channel v0.5.17
[INFO] [stderr]    Compiling dirs-sys v0.3.7
[INFO] [stderr]    Compiling vte_generate_state_changes v0.1.2
[INFO] [stderr]    Compiling memoffset v0.6.5
[INFO] [stderr]    Compiling pin-utils v0.1.1
[INFO] [stderr]    Compiling destructure_traitobject v0.2.0
[INFO] [stderr]    Compiling curl v0.4.51
[INFO] [stderr]    Compiling smawk v0.3.3
[INFO] [stderr]    Compiling either v1.19.0
[INFO] [stderr]    Compiling is_ci v1.2.0
[INFO] [stderr]    Compiling bit-vec v0.6.3
[INFO] [stderr]    Compiling unicode-linebreak v0.1.5
[INFO] [stderr]    Compiling crossbeam-deque v0.8.8
[INFO] [stderr]    Compiling lab v0.11.0
[INFO] [stderr]    Compiling os_str_bytes v6.6.1
[INFO] [stderr]    Compiling pin-project v1.1.13
[INFO] [stderr]    Compiling textwrap v0.15.2
[INFO] [stderr]    Compiling bit-set v0.5.3
[INFO] [stderr]    Compiling csscolorparser v0.6.2
[INFO] [stderr]    Compiling itertools v0.10.5
[INFO] [stderr]    Compiling supports-color v2.1.0
[INFO] [stderr]    Compiling sha2 v0.10.9
[INFO] [stderr]    Compiling clap_lex v0.2.4
[INFO] [stderr]    Compiling semver-parser v0.10.3
[INFO] [stderr]    Compiling unsafe-any-ors v1.0.0
[INFO] [stderr]    Compiling derive_more-impl v2.1.1
[INFO] [stderr]    Compiling mac_address v1.2.1
[INFO] [stderr]    Compiling tracing v0.1.44
[INFO] [stderr]    Compiling dirs v4.0.0
[INFO] [stderr]    Compiling rand_chacha v0.9.0
[INFO] [stderr]    Compiling parking_lot v0.12.5
[INFO] [stderr]    Compiling addr2line v0.25.1
[INFO] [stderr]    Compiling proc-macro-error v1.0.4
[INFO] [stderr]    Compiling inotify v0.9.6
[INFO] [stderr]    Compiling uuid v1.28.0
[INFO] [stderr]    Compiling interprocess v1.2.1
[INFO] [stderr]    Compiling async-executor v1.14.0
[INFO] [stderr]    Compiling mio v0.8.11
[INFO] [stderr]    Compiling supports-unicode v2.1.0
[INFO] [stderr]    Compiling supports-hyperlinks v2.1.0
[INFO] [stderr]    Compiling dirs-sys v0.5.0
[INFO] [stderr]    Compiling miette-derive v5.10.0
[INFO] [stderr]    Compiling ordered-float v2.10.1
[INFO] [stderr]    Compiling euclid v0.22.14
[INFO] [stderr]    Compiling atty v0.2.14
[INFO] [stderr]    Compiling terminal_size v0.1.17
[INFO] [stderr]    Compiling filetime v0.2.29
[INFO] [stderr]    Compiling socket2 v0.6.5
[INFO] [stderr]    Compiling owo-colors v3.5.0
[INFO] [stderr]    Compiling core_detect v1.0.0
[INFO] [stderr]    Compiling simdutf8 v0.1.5
[INFO] [stderr]    Compiling synstructure v0.14.0
[INFO] [stderr]    Compiling pest_generator v2.9.4
[INFO] [stderr]    Compiling isahc v1.8.3
[INFO] [stderr]    Compiling arrayvec v0.5.2
[INFO] [stderr]    Compiling deltae v0.3.2
[INFO] [stderr]    Compiling event-listener v2.5.3
[INFO] [stderr]    Compiling backtrace v0.3.76
[INFO] [stderr]    Compiling textwrap v0.16.4
[INFO] [stderr]    Compiling multiversion_no_op v1.0.0
[INFO] [stderr]    Compiling async-channel v1.9.0
[INFO] [stderr]    Compiling vte v0.10.1
[INFO] [stderr]    Compiling chrono v0.4.45
[INFO] [stderr]    Compiling heck v0.3.3
[INFO] [stderr]    Compiling derive_more v2.1.1
[INFO] [stderr]    Compiling notify v6.1.1
[INFO] [stderr]    Compiling dirs v6.0.0
[INFO] [stderr]    Compiling wezterm-blob-leases v0.1.1
[INFO] [stderr]    Compiling nix v0.26.4
[INFO] [stderr]    Compiling fancy-regex v0.11.0
[INFO] [stderr]    Compiling wezterm-dynamic-derive v0.1.1
[INFO] [stderr]    Compiling clap_derive v3.2.25
[INFO] [stderr]    Compiling backtrace-ext v0.2.1
[INFO] [stderr]    Compiling miette v5.10.0
[INFO] [stderr]    Compiling num-derive v0.3.3
[INFO] [stderr]    Compiling prost-derive v0.11.9
[INFO] [stderr]    Compiling wezterm-dynamic v0.2.1
[INFO] [stderr]    Compiling async-attributes v1.1.2
[INFO] [stderr]    Compiling serde_json v1.0.154
[INFO] [stderr]    Compiling zerofrom-derive v0.1.8
[INFO] [stderr]    Compiling yoke-derive v0.8.4
[INFO] [stderr]    Compiling zerovec-derive v0.11.6
[INFO] [stderr]    Compiling displaydoc v0.2.7
[INFO] [stderr]    Compiling serde_derive v1.0.229
[INFO] [stderr]    Compiling polling v3.11.0
[INFO] [stderr]    Compiling futures-macro v0.3.34
[INFO] [stderr]    Compiling zerofrom v0.1.8
[INFO] [stderr]    Compiling yoke v0.8.3
[INFO] [stderr]    Compiling zerovec v0.11.8
[INFO] [stderr]    Compiling thiserror-impl v2.0.21
[INFO] [stderr]    Compiling zerotrie v0.2.5
[INFO] [stderr]    Compiling clap v3.2.25
[INFO] [stderr]    Compiling futures-util v0.3.34
[INFO] [stderr]    Compiling async-signal v0.2.14
[INFO] [stderr]    Compiling tinystr v0.8.4
[INFO] [stderr]    Compiling icu_locale_core v2.3.0
[INFO] [stderr]    Compiling potential_utf v0.1.6
[INFO] [stderr]    Compiling icu_collections v2.3.0
[INFO] [stderr]    Compiling async-process v2.5.0
[INFO] [stderr]    Compiling thiserror v2.0.21
[INFO] [stderr]    Compiling async-global-executor v2.4.1
[INFO] [stderr]    Compiling tempfile v3.27.0
[INFO] [stderr]    Compiling wezterm-color-types v0.3.0
[INFO] [stderr]    Compiling wezterm-bidi v0.2.3
[INFO] [stderr]    Compiling icu_provider v2.3.1
[INFO] [stderr]    Compiling wezterm-input-types v0.1.0
[INFO] [stderr]    Compiling pest_derive v2.9.4
[INFO] [stderr]    Compiling icu_normalizer v2.3.0
[INFO] [stderr]    Compiling serde v1.0.229
[INFO] [stderr]    Compiling icu_properties v2.3.0
[INFO] [stderr]    Compiling rand v0.9.5
[INFO] [stderr]    Compiling tracing-futures v0.2.5
[INFO] [stderr]    Compiling semver v0.11.0
[INFO] [stderr]    Compiling typemap-ors v1.0.0
[INFO] [stderr]    Compiling signal-hook v0.3.18
[INFO] [stderr]    Compiling kv-log-macro v1.0.7
[INFO] [stderr]    Compiling sluice v0.6.0
[INFO] [stderr]    Compiling vtparse v0.6.2
[INFO] [stderr]    Compiling dirs-sys v0.4.1
[INFO] [stderr]    Compiling serde_yaml v0.9.34+deprecated
[INFO] [stderr]    Compiling serde-value v0.7.0
[INFO] [stderr]    Compiling spinning v0.1.1
[INFO] [stderr]    Compiling arc-swap v1.9.3
[INFO] [stderr]    Compiling castaway v0.2.4
[INFO] [stderr]    Compiling filedescriptor v0.8.3
[INFO] [stderr]    Compiling futures-executor v0.3.34
[INFO] [stderr]    Compiling rmp v0.8.15
[INFO] [stderr]    Compiling include_dir_macros v0.7.4
[INFO] [stderr]    Compiling crossbeam-queue v0.3.14
[INFO] [stderr]    Compiling termios v0.3.3
[INFO] [stderr]    Compiling thread-id v5.1.0
[INFO] [stderr]    Compiling log-mdc v0.1.0
[INFO] [stderr]    Compiling fixedbitset v0.4.2
[INFO] [stderr]    Compiling mock_instant v0.6.1
[INFO] [stderr]    Compiling finl_unicode v1.5.0
[INFO] [stderr]    Compiling humantime v2.4.0
[INFO] [stderr]    Compiling file-id v0.1.0
[INFO] [stderr]    Compiling memmem v0.1.1
[INFO] [stderr]    Compiling to_method v1.1.0
[INFO] [stderr]    Compiling waker-fn v1.2.0
[INFO] [stderr]    Compiling intmap v0.7.1
[INFO] [stderr]    Compiling notify-debouncer-full v0.1.0
[INFO] [stderr]    Compiling rmp-serde v1.3.1
[INFO] [stderr]    Compiling crossbeam v0.8.5
[INFO] [stderr]    Compiling futures v0.3.34
[INFO] [stderr]    Compiling include_dir v0.7.4
[INFO] [stderr]    Compiling directories v5.0.1
[INFO] [stderr]    Compiling clap_complete v3.2.5
[INFO] [stderr]    Compiling async-std v1.13.2
[INFO] [stderr]    Compiling nix v0.23.2
[INFO] [stderr]    Compiling idna_adapter v1.2.2
[INFO] [stderr]    Compiling idna v1.1.0
[INFO] [stderr]    Compiling prost v0.11.9
[INFO] [stderr]    Compiling kdl v4.7.1
[INFO] [stderr]    Compiling strip-ansi-escapes v0.1.1
[INFO] [stderr]    Compiling strum_macros v0.20.1
[INFO] [stderr]    Compiling shellexpand v3.1.2
[INFO] [stderr]    Compiling vte v0.11.1
[INFO] [stderr]    Compiling colored v2.2.0
[INFO] [stderr]    Compiling url v2.5.8
[INFO] [stderr]    Compiling colorsys v0.6.7
[INFO] [stderr]    Compiling strum v0.20.0
[INFO] [stderr]    Compiling nucleo-matcher v0.3.1
[INFO] [stderr]    Compiling log4rs v1.4.0
[INFO] [stderr]    Compiling termwiz v0.22.0
[INFO] [stderr]    Compiling zellij-utils v0.41.2
[INFO] [stderr]    Compiling zellij-tile v0.41.2
[INFO] [stderr]    Compiling zellij-nucleo v0.0.6 (/opt/rustwide/workdir)
[INFO] [stderr]     Finished `release` profile [optimized] target(s) in 3m 14s
[INFO] running `Command { std: "docker" "inspect" "80f4fdb0b533a792c83e197a7a8feace57f6397c6de59776af66f858d420772b", kill_on_drop: false }`
[INFO] running `Command { std: "docker" "exec" "-e" "SOURCE_DIR=/opt/rustwide/workdir" "-e" "CARGO_HOME=/opt/rustwide/cargo-home" "-e" "RUSTUP_HOME=/opt/rustwide/rustup-home" "-e" "CARGO_TARGET_DIR=/opt/rustwide/target" "-e" "CARGO_INCREMENTAL=0" "-e" "RUST_BACKTRACE=full" "-e" "RUSTFLAGS=--cap-lints=warn" "-e" "RUSTDOCFLAGS=--cap-lints=warn" "-w" "/opt/rustwide/workdir" "--user" "0:0" "80f4fdb0b533a792c83e197a7a8feace57f6397c6de59776af66f858d420772b" "/opt/rustwide/cargo-home/bin/cargo" "+1.99.0-beta.8" "test" "--frozen" "--no-run" "--message-format=json" "--release", kill_on_drop: false }`
[INFO] [stderr]    Compiling zellij-nucleo v0.0.6 (/opt/rustwide/workdir)
[INFO] [stderr]     Finished `release` profile [optimized] target(s) in 1.34s
[INFO] running `Command { std: "docker" "inspect" "80f4fdb0b533a792c83e197a7a8feace57f6397c6de59776af66f858d420772b", kill_on_drop: false }`
[INFO] running `Command { std: "docker" "exec" "-e" "SOURCE_DIR=/opt/rustwide/workdir" "-e" "CARGO_HOME=/opt/rustwide/cargo-home" "-e" "RUSTUP_HOME=/opt/rustwide/rustup-home" "-e" "CARGO_TARGET_DIR=/opt/rustwide/target" "-e" "CARGO_INCREMENTAL=0" "-e" "RUST_BACKTRACE=full" "-e" "RUSTFLAGS=--cap-lints=warn" "-e" "RUSTDOCFLAGS=--cap-lints=warn" "-w" "/opt/rustwide/workdir" "--user" "0:0" "80f4fdb0b533a792c83e197a7a8feace57f6397c6de59776af66f858d420772b" "/opt/rustwide/cargo-home/bin/cargo" "+1.99.0-beta.8" "test" "--frozen" "--release", kill_on_drop: false }`
[INFO] [stderr]     Finished `release` profile [optimized] target(s) in 0.32s
[INFO] [stderr]      Running unittests src/lib.rs (/opt/rustwide/target/release/deps/zellij_nucleo-886784338da401d5)
[INFO] [stdout] 
[INFO] [stdout] running 0 tests
[INFO] [stdout] 
[INFO] [stdout] test result: ok. 0 passed; 0 failed; 0 ignored; 0 measured; 0 filtered out; finished in 0.00s
[INFO] [stdout] 
[INFO] [stderr]    Doc-tests zellij_nucleo
[INFO] [stdout] 
[INFO] [stdout] running 1 test
[INFO] [stdout] test src/lib.rs - (line 12) ... FAILED
[INFO] [stdout] 
[INFO] [stdout] failures:
[INFO] [stdout] 
[INFO] [stdout] ---- src/lib.rs - (line 12) stdout ----
[INFO] [stdout] error[E0610]: `usize` is a primitive type and therefore doesn't have fields
[INFO] [stdout]   --> src/lib.rs:40:33
[INFO] [stdout]    |
[INFO] [stdout] 40 |                 go_to_tab(entry.data);
[INFO] [stdout]    |                                 ^^^^
[INFO] [stdout] 
[INFO] [stdout] error: aborting due to 1 previous error
[INFO] [stdout] 
[INFO] [stdout] For more information about this error, try `rustc --explain E0610`.
[INFO] [stdout] Couldn't compile the test.
[INFO] [stdout] 
[INFO] [stdout] failures:
[INFO] [stdout]     src/lib.rs - (line 12)
[INFO] [stdout] 
[INFO] [stdout] test result: FAILED. 0 passed; 1 failed; 0 ignored; 0 measured; 0 filtered out; finished in 0.23s
[INFO] [stdout] 
[INFO] [stderr] error: doctest failed, to rerun pass `--doc`
[INFO] running `Command { std: "docker" "inspect" "80f4fdb0b533a792c83e197a7a8feace57f6397c6de59776af66f858d420772b", kill_on_drop: false }`
[INFO] running `Command { std: "docker" "rm" "-f" "80f4fdb0b533a792c83e197a7a8feace57f6397c6de59776af66f858d420772b", kill_on_drop: false }`
[INFO] [stdout] 80f4fdb0b533a792c83e197a7a8feace57f6397c6de59776af66f858d420772b
