[INFO] fetching crate zel_core 0.5.0...
[INFO] testing zel_core-0.5.0 against 1.99.0-beta.8+cargoflags=--release for beta-release-1.100-2
[INFO] extracting crate zel_core 0.5.0 into /workspace/builds/worker-2-tc1/source
[INFO] started tweaking crates.io crate zel_core 0.5.0
[INFO] removed 0 missing examples
[INFO] removed 0 missing tests
[INFO] finished tweaking crates.io crate zel_core 0.5.0
[INFO] tweaked toml for crates.io crate zel_core 0.5.0 written to /workspace/builds/worker-2-tc1/source/Cargo.toml
[INFO] validating manifest of crates.io crate zel_core 0.5.0 on toolchain 1.99.0-beta.8
[INFO] running `Command { std: CARGO_HOME="/workspace/cargo-home" RUSTUP_HOME="/workspace/rustup-home" "/workspace/cargo-home/bin/cargo" "+1.99.0-beta.8" "metadata" "--manifest-path" "Cargo.toml" "--no-deps", kill_on_drop: false }`
[INFO] crate crates.io crate zel_core 0.5.0 already has a lockfile, it will not be regenerated
[INFO] running `Command { std: CARGO_HOME="/workspace/cargo-home" RUSTUP_HOME="/workspace/rustup-home" "/workspace/cargo-home/bin/cargo" "+1.99.0-beta.8" "fetch" "--manifest-path" "Cargo.toml", kill_on_drop: false }`
[INFO] [stderr]     Updating crates.io index
[INFO] [stderr]  Downloading crates ...
[INFO] [stderr]   Downloaded zel_types v0.5.0
[INFO] [stderr]   Downloaded zel_macros v0.5.0
[INFO] [stderr]   Downloaded rng v0.1.0
[INFO] [stderr]   Downloaded iroh-quinn v0.14.0
[INFO] [stderr]   Downloaded rustls-pki-types v1.13.1
[INFO] [stderr]   Downloaded webpki-root-certs v0.26.11
[INFO] [stderr]   Downloaded iroh-metrics v0.37.0
[INFO] [stderr]   Downloaded iroh-quinn-udp v0.5.7
[INFO] [stderr]   Downloaded rustls-platform-verifier v0.5.3
[INFO] [stderr]   Downloaded iroh-quinn-proto v0.13.0
[INFO] [stderr]   Downloaded n0-error v0.1.2
[INFO] [stderr]   Downloaded z32 v1.3.0
[INFO] [stderr]   Downloaded n0-error-macros v0.1.2
[INFO] [stderr]   Downloaded netlink-packet-core v0.8.1
[INFO] [stderr]   Downloaded iroh-metrics-derive v0.4.0
[INFO] [stderr]   Downloaded iroh v0.95.1
[INFO] [stderr]   Downloaded portmapper v0.12.0
[INFO] [stderr]   Downloaded toml_edit v0.23.9
[INFO] [stderr]   Downloaded wmi v0.17.3
[INFO] [stderr]   Downloaded netlink-proto v0.12.0
[INFO] [stderr]   Downloaded netlink-packet-route v0.25.1
[INFO] [stderr]   Downloaded n0-future v0.3.1
[INFO] [stderr]   Downloaded igd-next v0.16.2
[INFO] [stderr]   Downloaded spki v0.8.0-rc.4
[INFO] [stderr]   Downloaded netdev v0.38.2
[INFO] [stderr]   Downloaded derive_more v2.1.0
[INFO] [stderr]   Downloaded derive_more-impl v2.1.0
[INFO] [stderr]   Downloaded der v0.8.0-rc.10
[INFO] [stderr]   Downloaded simple-dns v0.9.3
[INFO] [stderr]   Downloaded self_cell v1.2.1
[INFO] [stderr]   Downloaded attohttpc v0.30.1
[INFO] [stderr]   Downloaded const-oid v0.10.1
[INFO] [stderr]   Downloaded ntimestamp v1.0.0
[INFO] [stderr]   Downloaded block-buffer v0.11.0
[INFO] [stderr]   Downloaded n0-watcher v0.5.0
[INFO] [stderr]   Downloaded pkcs8 v0.11.0-rc.8
[INFO] [stderr]   Downloaded ed25519 v3.0.0-rc.2
[INFO] [stderr]   Downloaded digest v0.11.0-rc.3
[INFO] [stderr]   Downloaded async-compat v0.2.5
[INFO] [stderr]   Downloaded sha1 v0.11.0-rc.2
[INFO] [stderr]   Downloaded lru v0.16.2
[INFO] [stderr]   Downloaded universal-hash v0.6.0-rc.2
[INFO] [stderr]   Downloaded netwatch v0.12.0
[INFO] [stderr]   Downloaded pkarr v5.0.0
[INFO] [stderr]   Downloaded ed25519-dalek v3.0.0-pre.1
[INFO] [stderr]   Downloaded sha2 v0.11.0-rc.2
[INFO] [stderr]   Downloaded iroh-relay v0.95.1
[INFO] [stderr]   Downloaded moka v0.12.11
[INFO] [stderr]   Downloaded hybrid-array v0.4.5
[INFO] [stderr]   Downloaded signature v3.0.0-rc.5
[INFO] [stderr]   Downloaded serdect v0.4.1
[INFO] [stderr]   Downloaded base16ct v0.3.0
[INFO] [stderr]   Downloaded salsa20 v0.11.0-rc.1
[INFO] [stderr]   Downloaded cipher v0.5.0-rc.1
[INFO] [stderr]   Downloaded tokio-websockets v0.12.3
[INFO] [stderr]   Downloaded aead v0.6.0-rc.2
[INFO] [stderr]   Downloaded futures-buffered v0.2.12
[INFO] [stderr]   Downloaded curve25519-dalek v5.0.0-pre.1
[INFO] [stderr]   Downloaded circuitbreaker-rs v0.1.1
[INFO] [stderr]   Downloaded inout v0.2.1
[INFO] [stderr]   Downloaded chacha20 v0.10.0-rc.2
[INFO] [stderr]   Downloaded crypto_box v0.10.0-pre.0
[INFO] [stderr]   Downloaded crypto_secretbox v0.2.0-pre.0
[INFO] [stderr]   Downloaded poly1305 v0.9.0-rc.2
[INFO] [stderr]   Downloaded crypto-common v0.2.0-rc.4
[INFO] [stderr]   Downloaded tower-http v0.6.7
[INFO] [stderr]   Downloaded iroh-base v0.95.1
[INFO] [stderr]   Downloaded lru v0.13.0
[INFO] running `Command { std: "docker" "create" "-v" "/var/lib/crater-agent-workspace/builds/worker-2-tc1/source:/opt/rustwide/workdir:ro,Z" "-v" "/var/lib/crater-agent-workspace/builds/worker-2-tc1/target:/opt/rustwide/target:rw,Z" "-v" "/var/lib/crater-agent-workspace/cargo-home:/opt/rustwide/cargo-home:ro,Z" "-v" "/var/lib/crater-agent-workspace/rustup-home:/opt/rustwide/rustup-home:ro,Z" "-m" "1610612736" "--network" "none" "ghcr.io/rust-lang/crates-build-env/linux@sha256:77db811e55d90add9212f6832c23229e3de5f1c1f9905e8cb07319ea15df73ac" "sleep" "infinity", kill_on_drop: false }`
[INFO] [stdout] ff9bbbf8aaa225ae2baa1f4fcf2d5d2abb50a1feb627086235e3023b6de1c288
[INFO] running `Command { std: "docker" "start" "ff9bbbf8aaa225ae2baa1f4fcf2d5d2abb50a1feb627086235e3023b6de1c288", kill_on_drop: false }`
[INFO] running `Command { std: "docker" "inspect" "ff9bbbf8aaa225ae2baa1f4fcf2d5d2abb50a1feb627086235e3023b6de1c288", kill_on_drop: false }`
[INFO] running `Command { std: "docker" "exec" "-e" "SOURCE_DIR=/opt/rustwide/workdir" "-e" "CARGO_HOME=/opt/rustwide/cargo-home" "-e" "RUSTUP_HOME=/opt/rustwide/rustup-home" "-e" "CARGO_TARGET_DIR=/opt/rustwide/target" "-w" "/opt/rustwide/workdir" "--user" "0:0" "ff9bbbf8aaa225ae2baa1f4fcf2d5d2abb50a1feb627086235e3023b6de1c288" "/opt/rustwide/cargo-home/bin/cargo" "+1.99.0-beta.8" "metadata" "--no-deps" "--format-version=1", kill_on_drop: false }`
[INFO] running `Command { std: "docker" "inspect" "ff9bbbf8aaa225ae2baa1f4fcf2d5d2abb50a1feb627086235e3023b6de1c288", kill_on_drop: false }`
[INFO] running `Command { std: "docker" "exec" "-e" "SOURCE_DIR=/opt/rustwide/workdir" "-e" "CARGO_HOME=/opt/rustwide/cargo-home" "-e" "RUSTUP_HOME=/opt/rustwide/rustup-home" "-e" "CARGO_TARGET_DIR=/opt/rustwide/target" "-e" "CARGO_INCREMENTAL=0" "-e" "RUST_BACKTRACE=full" "-e" "RUSTFLAGS=--cap-lints=warn" "-e" "RUSTDOCFLAGS=--cap-lints=warn" "-w" "/opt/rustwide/workdir" "--user" "0:0" "ff9bbbf8aaa225ae2baa1f4fcf2d5d2abb50a1feb627086235e3023b6de1c288" "/opt/rustwide/cargo-home/bin/cargo" "+1.99.0-beta.8" "build" "--frozen" "--message-format=json" "--release", kill_on_drop: false }`
[INFO] [stderr]    Compiling syn v2.0.111
[INFO] [stderr]    Compiling serde_core v1.0.228
[INFO] [stderr]    Compiling memchr v2.7.6
[INFO] [stderr]    Compiling portable-atomic v1.11.1
[INFO] [stderr]    Compiling signal-hook-registry v1.4.7
[INFO] [stderr]    Compiling socket2 v0.6.1
[INFO] [stderr]    Compiling parking_lot_core v0.9.12
[INFO] [stderr]    Compiling getrandom v0.3.4
[INFO] [stderr]    Compiling parking_lot v0.12.5
[INFO] [stderr]    Compiling mio v1.1.1
[INFO] [stderr]    Compiling futures-io v0.3.31
[INFO] [stderr]    Compiling once_cell v1.21.3
[INFO] [stderr]    Compiling rand_core v0.9.3
[INFO] [stderr]    Compiling find-msvc-tools v0.1.5
[INFO] [stderr]    Compiling subtle v2.6.1
[INFO] [stderr]    Compiling cc v1.2.49
[INFO] [stderr]    Compiling getrandom v0.2.16
[INFO] [stderr]    Compiling tracing-core v0.1.35
[INFO] [stderr]    Compiling zerocopy v0.8.31
[INFO] [stderr]    Compiling rustls v0.23.35
[INFO] [stderr]    Compiling const-oid v0.10.1
[INFO] [stderr]    Compiling indexmap v2.12.1
[INFO] [stderr]    Compiling bitflags v2.10.0
[INFO] [stderr]    Compiling base64ct v1.8.0
[INFO] [stderr]    Compiling fastrand v2.3.0
[INFO] [stderr]    Compiling pem-rfc7468 v1.0.0
[INFO] [stderr]    Compiling curve25519-dalek v5.0.0-pre.1
[INFO] [stderr]    Compiling diatomic-waker v0.2.3
[INFO] [stderr]    Compiling spin v0.10.0
[INFO] [stderr]    Compiling cordyceps v0.3.4
[INFO] [stderr]    Compiling toml_parser v1.0.4
[INFO] [stderr]    Compiling futures-lite v2.6.1
[INFO] [stderr]    Compiling heapless v0.7.17
[INFO] [stderr]    Compiling futures-buffered v0.2.12
[INFO] [stderr]    Compiling n0-future v0.3.1
[INFO] [stderr]    Compiling ring v0.17.14
[INFO] [stderr]    Compiling iroh-quinn-udp v0.5.7
[INFO] [stderr]    Compiling toml_edit v0.23.9
[INFO] [stderr]    Compiling hash32 v0.2.1
[INFO] [stderr]    Compiling netlink-packet-core v0.8.1
[INFO] [stderr]    Compiling rand_core v0.6.4
[INFO] [stderr]    Compiling socket2 v0.5.10
[INFO] [stderr]    Compiling signature v3.0.0-rc.5
[INFO] [stderr]    Compiling moka v0.12.11
[INFO] [stderr]    Compiling serde v1.0.228
[INFO] [stderr]    Compiling netlink-packet-route v0.25.1
[INFO] [stderr]    Compiling ppv-lite86 v0.2.21
[INFO] [stderr]    Compiling crossbeam-epoch v0.9.18
[INFO] [stderr]    Compiling blake3 v1.8.2
[INFO] [stderr]    Compiling proc-macro-crate v3.4.0
[INFO] [stderr]    Compiling pkarr v5.0.0
[INFO] [stderr]    Compiling netwatch v0.12.0
[INFO] [stderr]    Compiling rand_chacha v0.9.0
[INFO] [stderr]    Compiling synstructure v0.13.2
[INFO] [stderr]    Compiling rand_chacha v0.3.1
[INFO] [stderr]    Compiling iroh-quinn v0.14.0
[INFO] [stderr]    Compiling aho-corasick v1.1.4
[INFO] [stderr]    Compiling uuid v1.19.0
[INFO] [stderr]    Compiling rand v0.9.2
[INFO] [stderr]    Compiling rand v0.8.5
[INFO] [stderr]    Compiling tagptr v0.2.0
[INFO] [stderr]    Compiling base32 v0.5.1
[INFO] [stderr]    Compiling xml-rs v0.8.28
[INFO] [stderr]    Compiling time v0.3.44
[INFO] [stderr]    Compiling regex-automata v0.4.13
[INFO] [stderr]    Compiling serde_derive v1.0.228
[INFO] [stderr]    Compiling zeroize_derive v1.4.2
[INFO] [stderr]    Compiling zeroize v1.8.2
[INFO] [stderr]    Compiling tokio-macros v2.6.0
[INFO] [stderr]    Compiling futures-macro v0.3.31
[INFO] [stderr]    Compiling zerofrom-derive v0.1.6
[INFO] [stderr]    Compiling futures-util v0.3.31
[INFO] [stderr]    Compiling zerofrom v0.1.6
[INFO] [stderr]    Compiling yoke-derive v0.8.1
[INFO] [stderr]    Compiling zerovec-derive v0.11.2
[INFO] [stderr]    Compiling yoke v0.8.1
[INFO] [stderr]    Compiling hybrid-array v0.4.5
[INFO] [stderr]    Compiling bytes v1.11.0
[INFO] [stderr]    Compiling zerovec v0.11.5
[INFO] [stderr]    Compiling displaydoc v0.2.5
[INFO] [stderr]    Compiling thiserror-impl v2.0.17
[INFO] [stderr]    Compiling tokio v1.48.0
[INFO] [stderr]    Compiling tracing-attributes v0.1.31
[INFO] [stderr]    Compiling tinystr v0.8.2
[INFO] [stderr]    Compiling http v1.4.0
[INFO] [stderr]    Compiling crypto-common v0.2.0-rc.4
[INFO] [stderr]    Compiling icu_locale_core v2.1.1
[INFO] [stderr]    Compiling tracing v0.1.43
[INFO] [stderr]    Compiling potential_utf v0.1.4
[INFO] [stderr]    Compiling zerotrie v0.2.3
[INFO] [stderr]    Compiling rustls-pki-types v1.13.1
[INFO] [stderr]    Compiling icu_provider v2.1.1
[INFO] [stderr]    Compiling icu_collections v2.1.1
[INFO] [stderr]    Compiling thiserror v2.0.17
[INFO] [stderr]    Compiling block-buffer v0.11.0
[INFO] [stderr]    Compiling http-body v1.0.1
[INFO] [stderr]    Compiling digest v0.11.0-rc.3
[INFO] [stderr]    Compiling icu_properties v2.1.1
[INFO] [stderr]    Compiling icu_normalizer v2.1.1
[INFO] [stderr]    Compiling futures-executor v0.3.31
[INFO] [stderr]    Compiling futures v0.3.31
[INFO] [stderr]    Compiling der v0.8.0-rc.10
[INFO] [stderr]    Compiling spez v0.1.2
[INFO] [stderr]    Compiling n0-error-macros v0.1.2
[INFO] [stderr]    Compiling idna_adapter v1.2.1
[INFO] [stderr]    Compiling idna v1.1.0
[INFO] [stderr]    Compiling rustls-webpki v0.103.8
[INFO] [stderr]    Compiling url v2.5.7
[INFO] [stderr]    Compiling tokio-util v0.7.17
[INFO] [stderr]    Compiling spki v0.8.0-rc.4
[INFO] [stderr]    Compiling n0-error v0.1.2
[INFO] [stderr]    Compiling inout v0.2.1
[INFO] [stderr]    Compiling h2 v0.4.12
[INFO] [stderr]    Compiling curve25519-dalek-derive v0.1.1
[INFO] [stderr]    Compiling derive_more-impl v2.1.0
[INFO] [stderr]    Compiling derive_more-impl v1.0.0
[INFO] [stderr]    Compiling async-trait v0.1.89
[INFO] [stderr]    Compiling pin-project-internal v1.1.10
[INFO] [stderr]    Compiling derive_more v1.0.0
[INFO] [stderr]    Compiling pin-project v1.1.10
[INFO] [stderr]    Compiling pkcs8 v0.11.0-rc.8
[INFO] [stderr]    Compiling http-body-util v0.1.3
[INFO] [stderr]    Compiling ed25519 v3.0.0-rc.2
[INFO] [stderr]    Compiling cipher v0.5.0-rc.1
[INFO] [stderr]    Compiling netlink-sys v0.8.7
[INFO] [stderr]    Compiling derive_more v2.1.0
[INFO] [stderr]    Compiling tower v0.5.2
[INFO] [stderr]    Compiling sha2 v0.11.0-rc.2
[INFO] [stderr]    Compiling cobs v0.3.0
[INFO] [stderr]    Compiling webpki-roots v1.0.4
[INFO] [stderr]    Compiling rustls-native-certs v0.8.2
[INFO] [stderr]    Compiling tokio-rustls v0.26.4
[INFO] [stderr]    Compiling postcard-derive v0.2.2
[INFO] [stderr]    Compiling ed25519-dalek v3.0.0-pre.1
[INFO] [stderr]    Compiling postcard v1.1.3
[INFO] [stderr]    Compiling tower-http v0.6.7
[INFO] [stderr]    Compiling universal-hash v0.6.0-rc.2
[INFO] [stderr]    Compiling serde_urlencoded v0.7.1
[INFO] [stderr]    Compiling enum-as-inner v0.6.1
[INFO] [stderr]    Compiling hyper v1.8.1
[INFO] [stderr]    Compiling iroh-metrics-derive v0.4.0
[INFO] [stderr]    Compiling num_enum_derive v0.7.5
[INFO] [stderr]    Compiling hickory-proto v0.25.2
[INFO] [stderr]    Compiling poly1305 v0.9.0-rc.2
[INFO] [stderr]    Compiling iroh-metrics v0.37.0
[INFO] [stderr]    Compiling num_enum v0.7.5
[INFO] [stderr]    Compiling n0-watcher v0.5.0
[INFO] [stderr]    Compiling chacha20 v0.10.0-rc.2
[INFO] [stderr]    Compiling salsa20 v0.11.0-rc.1
[INFO] [stderr]    Compiling netlink-proto v0.12.0
[INFO] [stderr]    Compiling netdev v0.38.2
[INFO] [stderr]    Compiling aead v0.6.0-rc.2
[INFO] [stderr]    Compiling async-compat v0.2.5
[INFO] [stderr]    Compiling attohttpc v0.30.1
[INFO] [stderr]    Compiling hyper-util v0.1.19
[INFO] [stderr]    Compiling ntimestamp v1.0.0
[INFO] [stderr]    Compiling strum_macros v0.27.2
[INFO] [stderr]    Compiling hyper-rustls v0.27.7
[INFO] [stderr]    Compiling xmltree v0.10.3
[INFO] [stderr]    Compiling reqwest v0.12.24
[INFO] [stderr]    Compiling simple-dns v0.9.3
[INFO] [stderr]    Compiling iroh-relay v0.95.1
[INFO] [stderr]    Compiling self_cell v1.2.1
[INFO] [stderr]    Compiling sha1_smol v1.0.1
[INFO] [stderr]    Compiling base16ct v0.3.0
[INFO] [stderr]    Compiling simdutf8 v0.1.5
[INFO] [stderr]    Compiling resolv-conf v0.7.6
[INFO] [stderr]    Compiling lru v0.13.0
[INFO] [stderr]    Compiling serde_json v1.0.145
[INFO] [stderr]    Compiling tokio-websockets v0.12.3
[INFO] [stderr]    Compiling hickory-resolver v0.25.2
[INFO] [stderr]    Compiling serdect v0.4.1
[INFO] [stderr]    Compiling igd-next v0.16.2
[INFO] [stderr]    Compiling strum v0.27.2
[INFO] [stderr]    Compiling crypto_secretbox v0.2.0-pre.0
[INFO] [stderr]    Compiling iroh-base v0.95.1
[INFO] [stderr]    Compiling sha1 v0.11.0-rc.2
[INFO] [stderr]    Compiling regex v1.12.2
[INFO] [stderr]    Compiling serde_bytes v0.11.19
[INFO] [stderr]    Compiling lru v0.16.2
[INFO] [stderr]    Compiling iroh v0.95.1
[INFO] [stderr]    Compiling rand v0.4.6
[INFO] [stderr]    Compiling z32 v1.3.0
[INFO] [stderr]    Compiling anstream v0.6.21
[INFO] [stderr]    Compiling rustls-platform-verifier v0.5.3
[INFO] [stderr]    Compiling rand v0.3.23
[INFO] [stderr]    Compiling ahash v0.8.12
[INFO] [stderr]    Compiling env_filter v0.1.4
[INFO] [stderr]    Compiling crypto_box v0.10.0-pre.0
[INFO] [stderr]    Compiling portmapper v0.12.0
[INFO] [stderr]    Compiling zel_types v0.5.0
[INFO] [stderr]    Compiling iroh-quinn-proto v0.13.0
[INFO] [stderr]    Compiling tokio-stream v0.1.17
[INFO] [stderr]    Compiling backon v1.6.0
[INFO] [stderr]    Compiling jiff v0.2.16
[INFO] [stderr]    Compiling atomic v0.5.3
[INFO] [stderr]    Compiling circuitbreaker-rs v0.1.1
[INFO] [stderr]    Compiling zel_macros v0.5.0
[INFO] [stderr]    Compiling rng v0.1.0
[INFO] [stderr]    Compiling env_logger v0.11.8
[INFO] [stderr]    Compiling zel_core v0.5.0 (/opt/rustwide/workdir)
[INFO] [stderr]     Finished `release` profile [optimized] target(s) in 5m 47s
[INFO] running `Command { std: "docker" "inspect" "ff9bbbf8aaa225ae2baa1f4fcf2d5d2abb50a1feb627086235e3023b6de1c288", kill_on_drop: false }`
[INFO] running `Command { std: "docker" "exec" "-e" "SOURCE_DIR=/opt/rustwide/workdir" "-e" "CARGO_HOME=/opt/rustwide/cargo-home" "-e" "RUSTUP_HOME=/opt/rustwide/rustup-home" "-e" "CARGO_TARGET_DIR=/opt/rustwide/target" "-e" "CARGO_INCREMENTAL=0" "-e" "RUST_BACKTRACE=full" "-e" "RUSTFLAGS=--cap-lints=warn" "-e" "RUSTDOCFLAGS=--cap-lints=warn" "-w" "/opt/rustwide/workdir" "--user" "0:0" "ff9bbbf8aaa225ae2baa1f4fcf2d5d2abb50a1feb627086235e3023b6de1c288" "/opt/rustwide/cargo-home/bin/cargo" "+1.99.0-beta.8" "test" "--frozen" "--no-run" "--message-format=json" "--release", kill_on_drop: false }`
[INFO] [stderr]    Compiling serde_json v1.0.145
[INFO] [stderr]    Compiling zerofrom v0.1.6
[INFO] [stderr]    Compiling serde v1.0.228
[INFO] [stderr]    Compiling libc v0.2.178
[INFO] [stderr]    Compiling futures-executor v0.3.31
[INFO] [stderr]    Compiling litemap v0.8.1
[INFO] [stderr]    Compiling writeable v0.6.2
[INFO] [stderr]    Compiling smallvec v1.15.1
[INFO] [stderr]    Compiling yoke v0.8.1
[INFO] [stderr]    Compiling pin-project-lite v0.2.16
[INFO] [stderr]    Compiling futures-core v0.3.31
[INFO] [stderr]    Compiling icu_properties_data v2.1.1
[INFO] [stderr]    Compiling zerovec v0.11.5
[INFO] [stderr]    Compiling zerotrie v0.2.3
[INFO] [stderr]    Compiling icu_normalizer_data v2.1.1
[INFO] [stderr]    Compiling libsqlite3-sys v0.30.1
[INFO] [stderr]    Compiling futures v0.3.31
[INFO] [stderr]    Compiling bytes v1.11.0
[INFO] [stderr]    Compiling futures-sink v0.3.31
[INFO] [stderr]    Compiling generic-array v0.14.7
[INFO] [stderr]    Compiling futures-io v0.3.31
[INFO] [stderr]    Compiling futures-task v0.3.31
[INFO] [stderr]    Compiling pin-utils v0.1.0
[INFO] [stderr]    Compiling slab v0.4.11
[INFO] [stderr]    Compiling tracing-core v0.1.35
[INFO] [stderr]    Compiling tinystr v0.8.2
[INFO] [stderr]    Compiling potential_utf v0.1.4
[INFO] [stderr]    Compiling mio v1.1.1
[INFO] [stderr]    Compiling icu_collections v2.1.1
[INFO] [stderr]    Compiling parking_lot_core v0.9.12
[INFO] [stderr]    Compiling icu_locale_core v2.1.1
[INFO] [stderr]    Compiling socket2 v0.6.1
[INFO] [stderr]    Compiling reqwest v0.12.24
[INFO] [stderr]    Compiling parking_lot v0.12.5
[INFO] [stderr]    Compiling futures-util v0.3.31
[INFO] [stderr]    Compiling tokio v1.48.0
[INFO] [stderr]    Compiling digest v0.10.7
[INFO] [stderr]    Compiling netlink-sys v0.8.7
[INFO] [stderr]    Compiling num-traits v0.2.19
[INFO] [stderr]    Compiling tracing v0.1.43
[INFO] [stderr]    Compiling icu_provider v2.1.1
[INFO] [stderr]    Compiling icu_properties v2.1.1
[INFO] [stderr]    Compiling icu_normalizer v2.1.1
[INFO] [stderr]    Compiling event-listener v5.4.1
[INFO] [stderr]    Compiling sha2 v0.10.9
[INFO] [stderr]    Compiling futures-intrusive v0.5.0
[INFO] [stderr]    Compiling crypto-common v0.1.7
[INFO] [stderr]    Compiling idna_adapter v1.2.1
[INFO] [stderr]    Compiling idna v1.1.0
[INFO] [stderr]    Compiling block-buffer v0.10.4
[INFO] [stderr]    Compiling either v1.15.0
[INFO] [stderr]    Compiling tokio-stream v0.1.17
[INFO] [stderr]    Compiling url v2.5.7
[INFO] [stderr]    Compiling iroh-metrics v0.37.0
[INFO] [stderr]    Compiling flume v0.11.1
[INFO] [stderr]    Compiling atoi v2.0.0
[INFO] [stderr]    Compiling netdev v0.38.2
[INFO] [stderr]    Compiling netlink-proto v0.12.0
[INFO] [stderr]    Compiling futures-channel v0.3.31
[INFO] [stderr]    Compiling serde_urlencoded v0.7.1
[INFO] [stderr]    Compiling crc-catalog v2.4.0
[INFO] [stderr]    Compiling pkarr v5.0.0
[INFO] [stderr]    Compiling crc v3.4.0
[INFO] [stderr]    Compiling igd-next v0.16.2
[INFO] [stderr]    Compiling netwatch v0.12.0
[INFO] [stderr]    Compiling sqlx-core v0.8.6
[INFO] [stderr]    Compiling portmapper v0.12.0
[INFO] [stderr]    Compiling zel_types v0.5.0
[INFO] [stderr]    Compiling circuitbreaker-rs v0.1.1
[INFO] [stderr]    Compiling sqlx-sqlite v0.8.6
[INFO] [stderr]    Compiling zel_macros v0.5.0
[INFO] [stderr]    Compiling sqlx-macros-core v0.8.6
[INFO] [stderr]    Compiling sqlx-macros v0.8.6
[INFO] [stderr]    Compiling iroh-relay v0.95.1
[INFO] [stderr]    Compiling iroh v0.95.1
[INFO] [stderr]    Compiling zel_core v0.5.0 (/opt/rustwide/workdir)
[INFO] [stderr]    Compiling sqlx v0.8.6
[INFO] [stdout] warning: field `max_request_size` is never read
[INFO] [stdout]   --> examples/context_extensions_demo.rs:55:5
[INFO] [stdout]    |
[INFO] [stdout] 54 | struct ServerConfig {
[INFO] [stdout]    |        ------------ field in this struct
[INFO] [stdout] 55 |     max_request_size: usize,
[INFO] [stdout]    |     ^^^^^^^^^^^^^^^^
[INFO] [stdout]    |
[INFO] [stdout]    = note: `ServerConfig` has a derived impl for the trait `Clone`, but this is intentionally ignored during dead code analysis
[INFO] [stdout]    = note: `#[warn(dead_code)]` (part of `#[warn(unused)]`) on by default
[INFO] [stdout] 
[INFO] [stdout] 
[INFO] [stdout] warning: unused import: `futures::StreamExt`
[INFO] [stdout]   --> examples/metrics_prometheus.rs:17:5
[INFO] [stdout]    |
[INFO] [stdout] 17 | use futures::StreamExt;
[INFO] [stdout]    |     ^^^^^^^^^^^^^^^^^^
[INFO] [stdout]    |
[INFO] [stdout]    = note: `#[warn(unused_imports)]` (part of `#[warn(unused)]`) on by default
[INFO] [stdout] 
[INFO] [stdout] 
[INFO] [stdout] warning: unused import: `iroh::Watcher`
[INFO] [stdout]   --> examples/metrics_prometheus.rs:18:5
[INFO] [stdout]    |
[INFO] [stdout] 18 | use iroh::Watcher;
[INFO] [stdout]    |     ^^^^^^^^^^^^^
[INFO] [stdout] 
[INFO] [stdout] 
[INFO] [stdout] warning: unused imports: `Arc` and `RwLock`
[INFO] [stdout]   --> examples/metrics_prometheus.rs:19:17
[INFO] [stdout]    |
[INFO] [stdout] 19 | use std::sync::{Arc, RwLock};
[INFO] [stdout]    |                 ^^^  ^^^^^^
[INFO] [stdout] 
[INFO] [stdout] 
[INFO] [stdout] warning: unused import: `std::time::Duration`
[INFO] [stdout]   --> examples/metrics_prometheus.rs:20:5
[INFO] [stdout]    |
[INFO] [stdout] 20 | use std::time::Duration;
[INFO] [stdout]    |     ^^^^^^^^^^^^^^^^^^^
[INFO] [stdout] 
[INFO] [stdout] 
[INFO] [stdout] warning: unused import: `zel_core::prelude::*`
[INFO] [stdout]   --> examples/metrics_prometheus.rs:21:5
[INFO] [stdout]    |
[INFO] [stdout] 21 | use zel_core::prelude::*;
[INFO] [stdout]    |     ^^^^^^^^^^^^^^^^^^^^
[INFO] [stdout] 
[INFO] [stdout] 
[INFO] [stdout] warning: unused import: `zel_core::IrohBundle`
[INFO] [stdout]   --> examples/metrics_prometheus.rs:22:5
[INFO] [stdout]    |
[INFO] [stdout] 22 | use zel_core::IrohBundle;
[INFO] [stdout]    |     ^^^^^^^^^^^^^^^^^^^^
[INFO] [stdout] 
[INFO] [stdout] 
[INFO] [stdout] warning: unreachable expression
[INFO] [stdout]    --> examples/metrics_prometheus.rs:172:5
[INFO] [stdout]     |
[INFO] [stdout]  35 |         std::process::exit(1);
[INFO] [stdout]     |         --------------------- any code following this expression is unreachable
[INFO] [stdout] ...
[INFO] [stdout] 172 |     Ok(())
[INFO] [stdout]     |     ^^^^^^ unreachable expression
[INFO] [stdout]     |
[INFO] [stdout]     = note: `#[warn(unreachable_code)]` (part of `#[warn(unused)]`) on by default
[INFO] [stdout] 
[INFO] [stdout] 
[INFO] [stdout] warning: field `name` is never read
[INFO] [stdout]    --> tests/protocol_integration.rs:508:9
[INFO] [stdout]     |
[INFO] [stdout] 507 |     struct DbPool {
[INFO] [stdout]     |            ------ field in this struct
[INFO] [stdout] 508 |         name: String,
[INFO] [stdout]     |         ^^^^
[INFO] [stdout]     |
[INFO] [stdout]     = note: `DbPool` has a derived impl for the trait `Clone`, but this is intentionally ignored during dead code analysis
[INFO] [stdout]     = note: `#[warn(dead_code)]` (part of `#[warn(unused)]`) on by default
[INFO] [stdout] 
[INFO] [stdout] 
[INFO] [stderr]     Finished `release` profile [optimized] target(s) in 1m 40s
[INFO] running `Command { std: "docker" "inspect" "ff9bbbf8aaa225ae2baa1f4fcf2d5d2abb50a1feb627086235e3023b6de1c288", kill_on_drop: false }`
[INFO] running `Command { std: "docker" "exec" "-e" "SOURCE_DIR=/opt/rustwide/workdir" "-e" "CARGO_HOME=/opt/rustwide/cargo-home" "-e" "RUSTUP_HOME=/opt/rustwide/rustup-home" "-e" "CARGO_TARGET_DIR=/opt/rustwide/target" "-e" "CARGO_INCREMENTAL=0" "-e" "RUST_BACKTRACE=full" "-e" "RUSTFLAGS=--cap-lints=warn" "-e" "RUSTDOCFLAGS=--cap-lints=warn" "-w" "/opt/rustwide/workdir" "--user" "0:0" "ff9bbbf8aaa225ae2baa1f4fcf2d5d2abb50a1feb627086235e3023b6de1c288" "/opt/rustwide/cargo-home/bin/cargo" "+1.99.0-beta.8" "test" "--frozen" "--release", kill_on_drop: false }`
[INFO] [stderr] warning: unused import: `futures::StreamExt`
[INFO] [stderr]   --> examples/metrics_prometheus.rs:17:5
[INFO] [stderr]    |
[INFO] [stderr] 17 | use futures::StreamExt;
[INFO] [stderr]    |     ^^^^^^^^^^^^^^^^^^
[INFO] [stderr]    |
[INFO] [stderr]    = note: `#[warn(unused_imports)]` (part of `#[warn(unused)]`) on by default
[INFO] [stderr] 
[INFO] [stderr] warning: unused import: `iroh::Watcher`
[INFO] [stderr]   --> examples/metrics_prometheus.rs:18:5
[INFO] [stderr]    |
[INFO] [stderr] 18 | use iroh::Watcher;
[INFO] [stderr]    |     ^^^^^^^^^^^^^
[INFO] [stderr] 
[INFO] [stderr] warning: unused imports: `Arc` and `RwLock`
[INFO] [stderr]   --> examples/metrics_prometheus.rs:19:17
[INFO] [stderr]    |
[INFO] [stderr] 19 | use std::sync::{Arc, RwLock};
[INFO] [stderr]    |                 ^^^  ^^^^^^
[INFO] [stderr] 
[INFO] [stderr] warning: unused import: `std::time::Duration`
[INFO] [stderr]   --> examples/metrics_prometheus.rs:20:5
[INFO] [stderr]    |
[INFO] [stderr] 20 | use std::time::Duration;
[INFO] [stderr]    |     ^^^^^^^^^^^^^^^^^^^
[INFO] [stderr] 
[INFO] [stderr] warning: unused import: `zel_core::prelude::*`
[INFO] [stderr]   --> examples/metrics_prometheus.rs:21:5
[INFO] [stderr]    |
[INFO] [stderr] 21 | use zel_core::prelude::*;
[INFO] [stderr]    |     ^^^^^^^^^^^^^^^^^^^^
[INFO] [stderr] 
[INFO] [stderr] warning: unused import: `zel_core::IrohBundle`
[INFO] [stderr]   --> examples/metrics_prometheus.rs:22:5
[INFO] [stderr]    |
[INFO] [stderr] 22 | use zel_core::IrohBundle;
[INFO] [stderr]    |     ^^^^^^^^^^^^^^^^^^^^
[INFO] [stderr] 
[INFO] [stderr] warning: unreachable expression
[INFO] [stderr]    --> examples/metrics_prometheus.rs:172:5
[INFO] [stderr]     |
[INFO] [stderr]  35 |         std::process::exit(1);
[INFO] [stderr]     |         --------------------- any code following this expression is unreachable
[INFO] [stderr] ...
[INFO] [stderr] 172 |     Ok(())
[INFO] [stderr]     |     ^^^^^^ unreachable expression
[INFO] [stderr]     |
[INFO] [stderr]     = note: `#[warn(unreachable_code)]` (part of `#[warn(unused)]`) on by default
[INFO] [stderr] 
[INFO] [stderr] warning: field `name` is never read
[INFO] [stderr]    --> tests/protocol_integration.rs:508:9
[INFO] [stderr]     |
[INFO] [stderr] 507 |     struct DbPool {
[INFO] [stderr]     |            ------ field in this struct
[INFO] [stderr] 508 |         name: String,
[INFO] [stderr]     |         ^^^^
[INFO] [stderr]     |
[INFO] [stderr]     = note: `DbPool` has a derived impl for the trait `Clone`, but this is intentionally ignored during dead code analysis
[INFO] [stderr]     = note: `#[warn(dead_code)]` (part of `#[warn(unused)]`) on by default
[INFO] [stderr] 
[INFO] [stderr] warning: `zel_core` (example "metrics_prometheus") generated 7 warnings (run `cargo fix --example "metrics_prometheus" -p zel_core` to apply 6 suggestions)
[INFO] [stderr] warning: `zel_core` (test "protocol_integration") generated 1 warning
[INFO] [stderr] warning: field `max_request_size` is never read
[INFO] [stderr]   --> examples/context_extensions_demo.rs:55:5
[INFO] [stderr]    |
[INFO] [stderr] 54 | struct ServerConfig {
[INFO] [stderr]    |        ------------ field in this struct
[INFO] [stderr] 55 |     max_request_size: usize,
[INFO] [stderr]    |     ^^^^^^^^^^^^^^^^
[INFO] [stderr]    |
[INFO] [stderr]    = note: `ServerConfig` has a derived impl for the trait `Clone`, but this is intentionally ignored during dead code analysis
[INFO] [stderr]    = note: `#[warn(dead_code)]` (part of `#[warn(unused)]`) on by default
[INFO] [stderr] 
[INFO] [stderr] warning: `zel_core` (example "context_extensions_demo") generated 1 warning
[INFO] [stderr]     Finished `release` profile [optimized] target(s) in 0.43s
[INFO] [stderr]      Running unittests src/lib.rs (/opt/rustwide/target/release/deps/zel_core-ba4473944b40862a)
[INFO] [stdout] 
[INFO] [stdout] running 37 tests
[INFO] [stdout] test protocol::error_classification::tests::test_all_errors_classifier ... ok
[INFO] [stdout] test protocol::error_classification::tests::test_application_error ... ok
[INFO] [stdout] test protocol::error_classification::tests::test_custom_classifier ... ok
[INFO] [stdout] test protocol::error_classification::tests::test_infrastructure_error_detection ... ok
[INFO] [stdout] test protocol::error_classification::tests::test_io_error_detection ... ok
[INFO] [stdout] test protocol::error_classification::tests::test_system_failure_marker ... ok
[INFO] [stdout] test protocol::retry::tests::test_builder ... ok
[INFO] [stdout] test protocol::circuit_breaker::tests::test_infrastructure_errors_do_trip_circuit ... ok
[INFO] [stdout] test protocol::circuit_breaker::tests::test_circuit_breaker_with_operation ... ok
[INFO] [stdout] test protocol::circuit_breaker::tests::test_application_errors_dont_trip_circuit ... ok
[INFO] [stdout] test protocol::circuit_breaker::tests::test_per_peer_isolation ... ok
[INFO] [stdout] test protocol::circuit_breaker_stats::tests::test_circuit_breaker_stats ... ok
[INFO] [stdout] test protocol::circuit_breaker::tests::test_circuit_opens_after_failures ... ok
[INFO] [stdout] test protocol::retry::tests::test_custom_predicate ... ok
[INFO] [stdout] test protocol::circuit_breaker::tests::test_mixed_errors_only_severe_count ... ok
[INFO] [stdout] test protocol::retry::tests::test_error_predicate_network_and_timeout ... ok
[INFO] [stdout] test protocol::retry::tests::test_error_predicate_network_only ... ok
[INFO] [stdout] test protocol::retry::tests::test_default_config ... ok
[INFO] [stdout] test protocol::retry::tests::test_invalid_multiplier_fails ... ok
[INFO] [stdout] test protocol::retry::tests::test_invalid_backoff_range_fails ... ok
[INFO] [stdout] test protocol::retry::tests::test_valid_config_succeeds ... ok
[INFO] [stdout] test protocol::retry::tests::test_zero_max_attempts_fails ... ok
[INFO] [stdout] test protocol::retry_metrics::tests::test_increment_total_retries ... ok
[INFO] [stdout] test protocol::retry_metrics::tests::test_new_metrics ... ok
[INFO] [stdout] test protocol::retry_metrics::tests::test_record_success ... ok
[INFO] [stdout] test protocol::retry_metrics::tests::test_reset ... ok
[INFO] [stdout] test protocol::retry_metrics::tests::test_record_max_retries_exceeded ... ok
[INFO] [stdout] test protocol::shutdown::tests::test_task_tracker_basic ... ok
[INFO] [stdout] test protocol::tests::test_resource_response_serialization ... ok
[INFO] [stdout] test protocol::tests::test_error_serialization ... ok
[INFO] [stdout] test protocol::types::tests::test_request_serialization ... ok
[INFO] [stdout] test protocol::shutdown::tests::test_wait_for_completion_already_zero ... ok
[INFO] [stdout] test protocol::types::tests::test_response_serialization ... ok
[INFO] [stdout] test protocol::types::tests::test_subscription_msg_serialization ... ok
[INFO] [stdout] test protocol::shutdown::tests::test_wait_for_completion_timeout ... ok
[INFO] [stdout] test protocol::shutdown::tests::test_multiple_tasks_complete ... ok
[INFO] [stdout] test protocol::shutdown::tests::test_wait_for_completion_success ... ok
[INFO] [stdout] 
[INFO] [stdout] test result: ok. 37 passed; 0 failed; 0 ignored; 0 measured; 0 filtered out; finished in 0.10s
[INFO] [stdout] 
[INFO] [stderr]      Running tests/circuit_breaker_tests.rs (/opt/rustwide/target/release/deps/circuit_breaker_tests-43d39458622df786)
[INFO] [stdout] 
[INFO] [stdout] running 11 tests
[INFO] [stdout] test test_application_errors_dont_trip_circuit ... ok
[INFO] [stdout] test test_infrastructure_errors_trip_circuit ... ok
[INFO] [stdout] test test_concurrent_requests_under_load ... ok
[INFO] [stdout] test test_circuit_opens_after_threshold ... ok
[INFO] [stdout] test test_system_failure_errors_trip_circuit ... ok
[INFO] [stdout] test test_mixed_errors ... ok
[INFO] [stdout] test test_per_peer_isolation ... ok
[INFO] [stdout] test test_zero_application_error_impact ... ok
[INFO] [stdout] test test_circuit_recovery_with_failures ... ok
[INFO] [stdout] test test_circuit_closes_after_recovery ... ok
[INFO] [stdout] test test_half_open_state_allows_test_requests ... ok
[INFO] [stdout] 
[INFO] [stdout] test result: ok. 11 passed; 0 failed; 0 ignored; 0 measured; 0 filtered out; finished in 0.30s
[INFO] [stdout] 
[INFO] [stderr]      Running tests/error_classification_tests.rs (/opt/rustwide/target/release/deps/error_classification_tests-a607e8eebb612455)
[INFO] [stdout] 
[INFO] [stdout] running 18 tests
[INFO] [stdout] test test_io_error_is_infrastructure ... ok
[INFO] [stdout] test test_marked_application ... ok
[INFO] [stdout] test test_application_error_alias ... ok
[INFO] [stdout] test test_all_errors_classifier ... ok
[INFO] [stdout] test test_context_preservation ... ok
[INFO] [stdout] test test_error_chain_infrastructure_detection ... ok
[INFO] [stdout] test test_custom_classifier ... ok
[INFO] [stdout] test test_marked_infrastructure ... ok
[INFO] [stdout] test test_marked_system_failure ... ok
[INFO] [stdout] test test_mixed_error_scenarios ... ok
[INFO] [stdout] test test_multiple_system_failures ... ok
[INFO] [stdout] test test_system_failure_marker_precedence ... ok
[INFO] [stdout] test test_no_false_positives_from_string_keywords ... ok
[INFO] [stdout] test test_type_based_detection_explicit ... ok
[INFO] [stdout] test test_unmarked_error_is_application ... ok
[INFO] [stdout] test test_various_io_errors_are_infrastructure ... ok
[INFO] [stdout] test test_various_unmarked_errors_are_application ... ok
[INFO] [stdout] test test_timeout_error_is_infrastructure ... ok
[INFO] [stdout] 
[INFO] [stdout] test result: ok. 18 passed; 0 failed; 0 ignored; 0 measured; 0 filtered out; finished in 0.00s
[INFO] [stdout] 
[INFO] [stderr]      Running tests/protocol_integration.rs (/opt/rustwide/target/release/deps/protocol_integration-e0b715a3c1eac1f7)
[INFO] [stdout] 
[INFO] [stdout] running 8 tests
[INFO] [stdout] test test_extensions_with_clones_hashmap_not_arc ... ok
[INFO] [stdout] test test_multiple_clients_concurrent_calls ... FAILED
[INFO] [stdout] test test_error_handling_service_not_found ... FAILED
[INFO] [stdout] test test_multiple_concurrent_subscriptions ... FAILED
[INFO] [stdout] test test_basic_rpc_call ... FAILED
[INFO] [stdout] test test_subscription_lifecycle ... FAILED
[INFO] [stdout] test test_error_handling_resource_not_found ... FAILED
[INFO] [stdout] test test_client_drop_unsubscribe ... FAILED
[INFO] [stdout] 
[INFO] [stdout] failures:
[INFO] [stdout] 
[INFO] [stdout] ---- test_multiple_clients_concurrent_calls stdout ----
[INFO] [stdout] 
[INFO] [stdout] thread 'test_multiple_clients_concurrent_calls' (5756) panicked at tests/protocol_integration.rs:436:10:
[INFO] [stdout] called `Result::unwrap()` on an `Err` value: ConnectError::Connect (/opt/rustwide/cargo-home/registry/src/index.crates.io-1949cf8c6b5b557f/iroh-0.95.1/src/endpoint.rs:627:26)
[INFO] [stdout] Caused by:
[INFO] [stdout]     No addressing information available (/opt/rustwide/cargo-home/registry/src/index.crates.io-1949cf8c6b5b557f/iroh-0.95.1/src/endpoint.rs:689:52)
[INFO] [stdout]     Discovery service failed (/opt/rustwide/cargo-home/registry/src/index.crates.io-1949cf8c6b5b557f/iroh-0.95.1/src/endpoint.rs:1278:36)
[INFO] [stdout]     Discovery produced no results for dac7325676 (/opt/rustwide/cargo-home/registry/src/index.crates.io-1949cf8c6b5b557f/iroh-0.95.1/src/discovery.rs:646:25)
[INFO] [stdout] stack backtrace:
[INFO] [stdout]    0:     0x5aa45379b471 - <<std[70759c8f55707aa4]::sys::backtrace::BacktraceLock>::print::DisplayBacktrace as core[df12db4294e9bfd3]::fmt::Display>::fmt
[INFO] [stdout]    1:     0x5aa4537b4c3a - core[df12db4294e9bfd3]::fmt::write
[INFO] [stdout]    2:     0x5aa4537a0b2c - <alloc[2182bb758b4b3781]::vec::Vec<u8> as core[df12db4294e9bfd3]::io::write::Write>::write_fmt
[INFO] [stdout]    3:     0x5aa453775006 - std[70759c8f55707aa4]::panicking::default_hook::{closure#0}
[INFO] [stdout]    4:     0x5aa453792759 - std[70759c8f55707aa4]::panicking::default_hook
[INFO] [stdout]    5:     0x5aa452d6c9d0 - test[9d35eded1c95d3be]::test_main_inner::<test[9d35eded1c95d3be]::test_main_static::{closure#0}>::{closure#0}
[INFO] [stdout]    6:     0x5aa453792a82 - std[70759c8f55707aa4]::panicking::panic_with_hook
[INFO] [stdout]    7:     0x5aa4537750b2 - std[70759c8f55707aa4]::panicking::panic_handler::{closure#0}
[INFO] [stdout]    8:     0x5aa45376d639 - std[70759c8f55707aa4]::sys::backtrace::__rust_end_short_backtrace::<std[70759c8f55707aa4]::panicking::panic_handler::{closure#0}, !>
[INFO] [stdout]    9:     0x5aa453775fad - __rustc[8fa7c3cbc660c2b3]::rust_begin_unwind
[INFO] [stdout]   10:     0x5aa4537b539c - core[df12db4294e9bfd3]::panicking::panic_fmt
[INFO] [stdout]   11:     0x5aa4537b5172 - core[df12db4294e9bfd3]::result::unwrap_failed
[INFO] [stdout]   12:     0x5aa452ca5cd8 - protocol_integration[661a13a985ebc771]::test_multiple_clients_concurrent_calls::{closure#0}
[INFO] [stdout]   13:     0x5aa452d59403 - <tokio[ea91fd3842322b1c]::runtime::scheduler::current_thread::Context>::enter::<core[df12db4294e9bfd3]::task::poll::Poll<()>, <tokio[ea91fd3842322b1c]::runtime::scheduler::current_thread::CoreGuard>::block_on<core[df12db4294e9bfd3]::pin::Pin<&mut core[df12db4294e9bfd3]::pin::Pin<&mut dyn core[df12db4294e9bfd3]::future::future::Future<Output = ()>>>>::{closure#0}::{closure#0}>
[INFO] [stdout]   14:     0x5aa452d2be6c - <tokio[ea91fd3842322b1c]::runtime::context::scoped::Scoped<tokio[ea91fd3842322b1c]::runtime::scheduler::Context>>::set::<<tokio[ea91fd3842322b1c]::runtime::scheduler::current_thread::CoreGuard>::enter<<tokio[ea91fd3842322b1c]::runtime::scheduler::current_thread::CoreGuard>::block_on<core[df12db4294e9bfd3]::pin::Pin<&mut core[df12db4294e9bfd3]::pin::Pin<&mut dyn core[df12db4294e9bfd3]::future::future::Future<Output = ()>>>>::{closure#0}, core[df12db4294e9bfd3]::option::Option<()>>::{closure#0}, (alloc[2182bb758b4b3781]::boxed::Box<tokio[ea91fd3842322b1c]::runtime::scheduler::current_thread::Core>, core[df12db4294e9bfd3]::option::Option<()>)>
[INFO] [stdout]   15:     0x5aa452d58b7c - <tokio[ea91fd3842322b1c]::runtime::runtime::Runtime>::block_on::<core[df12db4294e9bfd3]::pin::Pin<&mut dyn core[df12db4294e9bfd3]::future::future::Future<Output = ()>>>
[INFO] [stdout]   16:     0x5aa452cb22fd - <protocol_integration[661a13a985ebc771]::test_multiple_clients_concurrent_calls::{closure#0} as core[df12db4294e9bfd3]::ops::function::FnOnce<()>>::call_once
[INFO] [stdout]   17:     0x5aa452d5fcbb - test[9d35eded1c95d3be]::__rust_begin_short_backtrace::<core[df12db4294e9bfd3]::result::Result<(), alloc[2182bb758b4b3781]::string::String>, fn() -> core[df12db4294e9bfd3]::result::Result<(), alloc[2182bb758b4b3781]::string::String>>
[INFO] [stdout]   18:     0x5aa452d6d325 - test[9d35eded1c95d3be]::run_test::{closure#0}
[INFO] [stdout]   19:     0x5aa452d66be4 - std[70759c8f55707aa4]::sys::backtrace::__rust_begin_short_backtrace::<test[9d35eded1c95d3be]::run_test::{closure#1}, ()>
[INFO] [stdout]   20:     0x5aa452d70482 - <std[70759c8f55707aa4]::thread::lifecycle::spawn_unchecked<test[9d35eded1c95d3be]::run_test::{closure#1}, ()>::{closure#1} as core[df12db4294e9bfd3]::ops::function::FnOnce<()>>::call_once::{shim:vtable#0}
[INFO] [stdout]   21:     0x5aa45379a3a9 - <std[70759c8f55707aa4]::sys::thread::unix::Thread>::new::thread_start
[INFO] [stdout]   22:     0x746ffff99dfa - <unknown>
[INFO] [stdout]   23:     0x74700002d3d4 - clone
[INFO] [stdout]   24:                0x0 - <unknown>
[INFO] [stdout] 
[INFO] [stdout] ---- test_error_handling_service_not_found stdout ----
[INFO] [stdout] 
[INFO] [stdout] thread 'test_error_handling_service_not_found' (5754) panicked at tests/protocol_integration.rs:244:10:
[INFO] [stdout] called `Result::unwrap()` on an `Err` value: ConnectError::Connect (/opt/rustwide/cargo-home/registry/src/index.crates.io-1949cf8c6b5b557f/iroh-0.95.1/src/endpoint.rs:627:26)
[INFO] [stdout] Caused by:
[INFO] [stdout]     No addressing information available (/opt/rustwide/cargo-home/registry/src/index.crates.io-1949cf8c6b5b557f/iroh-0.95.1/src/endpoint.rs:689:52)
[INFO] [stdout]     Discovery service failed (/opt/rustwide/cargo-home/registry/src/index.crates.io-1949cf8c6b5b557f/iroh-0.95.1/src/endpoint.rs:1278:36)
[INFO] [stdout]     Discovery produced no results for 09928f3b8b (/opt/rustwide/cargo-home/registry/src/index.crates.io-1949cf8c6b5b557f/iroh-0.95.1/src/discovery.rs:646:25)
[INFO] [stdout] stack backtrace:
[INFO] [stdout]    0:     0x5aa45379b471 - <<std[70759c8f55707aa4]::sys::backtrace::BacktraceLock>::print::DisplayBacktrace as core[df12db4294e9bfd3]::fmt::Display>::fmt
[INFO] [stdout]    1:     0x5aa4537b4c3a - core[df12db4294e9bfd3]::fmt::write
[INFO] [stdout]    2:     0x5aa4537a0b2c - <alloc[2182bb758b4b3781]::vec::Vec<u8> as core[df12db4294e9bfd3]::io::write::Write>::write_fmt
[INFO] [stdout]    3:     0x5aa453775006 - std[70759c8f55707aa4]::panicking::default_hook::{closure#0}
[INFO] [stdout]    4:     0x5aa453792759 - std[70759c8f55707aa4]::panicking::default_hook
[INFO] [stdout]    5:     0x5aa452d6c9d0 - test[9d35eded1c95d3be]::test_main_inner::<test[9d35eded1c95d3be]::test_main_static::{closure#0}>::{closure#0}
[INFO] [stdout]    6:     0x5aa453792a82 - std[70759c8f55707aa4]::panicking::panic_with_hook
[INFO] [stdout]    7:     0x5aa4537750b2 - std[70759c8f55707aa4]::panicking::panic_handler::{closure#0}
[INFO] [stdout]    8:     0x5aa45376d639 - std[70759c8f55707aa4]::sys::backtrace::__rust_end_short_backtrace::<std[70759c8f55707aa4]::panicking::panic_handler::{closure#0}, !>
[INFO] [stdout]    9:     0x5aa453775fad - __rustc[8fa7c3cbc660c2b3]::rust_begin_unwind
[INFO] [stdout]   10:     0x5aa4537b539c - core[df12db4294e9bfd3]::panicking::panic_fmt
[INFO] [stdout]   11:     0x5aa4537b5172 - core[df12db4294e9bfd3]::result::unwrap_failed
[INFO] [stdout]   12:     0x5aa452ca2597 - protocol_integration[661a13a985ebc771]::test_error_handling_service_not_found::{closure#0}
[INFO] [stdout]   13:     0x5aa452d59403 - <tokio[ea91fd3842322b1c]::runtime::scheduler::current_thread::Context>::enter::<core[df12db4294e9bfd3]::task::poll::Poll<()>, <tokio[ea91fd3842322b1c]::runtime::scheduler::current_thread::CoreGuard>::block_on<core[df12db4294e9bfd3]::pin::Pin<&mut core[df12db4294e9bfd3]::pin::Pin<&mut dyn core[df12db4294e9bfd3]::future::future::Future<Output = ()>>>>::{closure#0}::{closure#0}>
[INFO] [stdout]   14:     0x5aa452d2be6c - <tokio[ea91fd3842322b1c]::runtime::context::scoped::Scoped<tokio[ea91fd3842322b1c]::runtime::scheduler::Context>>::set::<<tokio[ea91fd3842322b1c]::runtime::scheduler::current_thread::CoreGuard>::enter<<tokio[ea91fd3842322b1c]::runtime::scheduler::current_thread::CoreGuard>::block_on<core[df12db4294e9bfd3]::pin::Pin<&mut core[df12db4294e9bfd3]::pin::Pin<&mut dyn core[df12db4294e9bfd3]::future::future::Future<Output = ()>>>>::{closure#0}, core[df12db4294e9bfd3]::option::Option<()>>::{closure#0}, (alloc[2182bb758b4b3781]::boxed::Box<tokio[ea91fd3842322b1c]::runtime::scheduler::current_thread::Core>, core[df12db4294e9bfd3]::option::Option<()>)>
[INFO] [stdout]   15:     0x5aa452d58b7c - <tokio[ea91fd3842322b1c]::runtime::runtime::Runtime>::block_on::<core[df12db4294e9bfd3]::pin::Pin<&mut dyn core[df12db4294e9bfd3]::future::future::Future<Output = ()>>>
[INFO] [stdout]   16:     0x5aa452cb203d - <protocol_integration[661a13a985ebc771]::test_error_handling_service_not_found::{closure#0} as core[df12db4294e9bfd3]::ops::function::FnOnce<()>>::call_once
[INFO] [stdout]   17:     0x5aa452d5fcbb - test[9d35eded1c95d3be]::__rust_begin_short_backtrace::<core[df12db4294e9bfd3]::result::Result<(), alloc[2182bb758b4b3781]::string::String>, fn() -> core[df12db4294e9bfd3]::result::Result<(), alloc[2182bb758b4b3781]::string::String>>
[INFO] [stdout]   18:     0x5aa452d6d325 - test[9d35eded1c95d3be]::run_test::{closure#0}
[INFO] [stdout]   19:     0x5aa452d66be4 - std[70759c8f55707aa4]::sys::backtrace::__rust_begin_short_backtrace::<test[9d35eded1c95d3be]::run_test::{closure#1}, ()>
[INFO] [stdout]   20:     0x5aa452d70482 - <std[70759c8f55707aa4]::thread::lifecycle::spawn_unchecked<test[9d35eded1c95d3be]::run_test::{closure#1}, ()>::{closure#1} as core[df12db4294e9bfd3]::ops::function::FnOnce<()>>::call_once::{shim:vtable#0}
[INFO] [stdout]   21:     0x5aa45379a3a9 - <std[70759c8f55707aa4]::sys::thread::unix::Thread>::new::thread_start
[INFO] [stdout]   22:     0x746ffff99dfa - <unknown>
[INFO] [stdout]   23:     0x74700002d3d4 - clone
[INFO] [stdout]   24:                0x0 - <unknown>
[INFO] [stdout] 
[INFO] [stdout] ---- test_multiple_concurrent_subscriptions stdout ----
[INFO] [stdout] 
[INFO] [stdout] thread 'test_multiple_concurrent_subscriptions' (5757) panicked at tests/protocol_integration.rs:179:10:
[INFO] [stdout] called `Result::unwrap()` on an `Err` value: ConnectError::Connect (/opt/rustwide/cargo-home/registry/src/index.crates.io-1949cf8c6b5b557f/iroh-0.95.1/src/endpoint.rs:627:26)
[INFO] [stdout] Caused by:
[INFO] [stdout]     No addressing information available (/opt/rustwide/cargo-home/registry/src/index.crates.io-1949cf8c6b5b557f/iroh-0.95.1/src/endpoint.rs:689:52)
[INFO] [stdout]     Discovery service failed (/opt/rustwide/cargo-home/registry/src/index.crates.io-1949cf8c6b5b557f/iroh-0.95.1/src/endpoint.rs:1278:36)
[INFO] [stdout]     Discovery produced no results for 2ea6ddbf48 (/opt/rustwide/cargo-home/registry/src/index.crates.io-1949cf8c6b5b557f/iroh-0.95.1/src/discovery.rs:646:25)
[INFO] [stdout] stack backtrace:
[INFO] [stdout]    0:     0x5aa45379b471 - <<std[70759c8f55707aa4]::sys::backtrace::BacktraceLock>::print::DisplayBacktrace as core[df12db4294e9bfd3]::fmt::Display>::fmt
[INFO] [stdout]    1:     0x5aa4537b4c3a - core[df12db4294e9bfd3]::fmt::write
[INFO] [stdout]    2:     0x5aa4537a0b2c - <alloc[2182bb758b4b3781]::vec::Vec<u8> as core[df12db4294e9bfd3]::io::write::Write>::write_fmt
[INFO] [stdout]    3:     0x5aa453775006 - std[70759c8f55707aa4]::panicking::default_hook::{closure#0}
[INFO] [stdout]    4:     0x5aa453792759 - std[70759c8f55707aa4]::panicking::default_hook
[INFO] [stdout]    5:     0x5aa452d6c9d0 - test[9d35eded1c95d3be]::test_main_inner::<test[9d35eded1c95d3be]::test_main_static::{closure#0}>::{closure#0}
[INFO] [stdout]    6:     0x5aa453792a82 - std[70759c8f55707aa4]::panicking::panic_with_hook
[INFO] [stdout]    7:     0x5aa4537750b2 - std[70759c8f55707aa4]::panicking::panic_handler::{closure#0}
[INFO] [stdout]    8:     0x5aa45376d639 - std[70759c8f55707aa4]::sys::backtrace::__rust_end_short_backtrace::<std[70759c8f55707aa4]::panicking::panic_handler::{closure#0}, !>
[INFO] [stdout]    9:     0x5aa453775fad - __rustc[8fa7c3cbc660c2b3]::rust_begin_unwind
[INFO] [stdout]   10:     0x5aa4537b539c - core[df12db4294e9bfd3]::panicking::panic_fmt
[INFO] [stdout]   11:     0x5aa4537b5172 - core[df12db4294e9bfd3]::result::unwrap_failed
[INFO] [stdout]   12:     0x5aa452ca741c - protocol_integration[661a13a985ebc771]::test_multiple_concurrent_subscriptions::{closure#0}
[INFO] [stdout]   13:     0x5aa452d59403 - <tokio[ea91fd3842322b1c]::runtime::scheduler::current_thread::Context>::enter::<core[df12db4294e9bfd3]::task::poll::Poll<()>, <tokio[ea91fd3842322b1c]::runtime::scheduler::current_thread::CoreGuard>::block_on<core[df12db4294e9bfd3]::pin::Pin<&mut core[df12db4294e9bfd3]::pin::Pin<&mut dyn core[df12db4294e9bfd3]::future::future::Future<Output = ()>>>>::{closure#0}::{closure#0}>
[INFO] [stdout]   14:     0x5aa452d2be6c - <tokio[ea91fd3842322b1c]::runtime::context::scoped::Scoped<tokio[ea91fd3842322b1c]::runtime::scheduler::Context>>::set::<<tokio[ea91fd3842322b1c]::runtime::scheduler::current_thread::CoreGuard>::enter<<tokio[ea91fd3842322b1c]::runtime::scheduler::current_thread::CoreGuard>::block_on<core[df12db4294e9bfd3]::pin::Pin<&mut core[df12db4294e9bfd3]::pin::Pin<&mut dyn core[df12db4294e9bfd3]::future::future::Future<Output = ()>>>>::{closure#0}, core[df12db4294e9bfd3]::option::Option<()>>::{closure#0}, (alloc[2182bb758b4b3781]::boxed::Box<tokio[ea91fd3842322b1c]::runtime::scheduler::current_thread::Core>, core[df12db4294e9bfd3]::option::Option<()>)>
[INFO] [stdout]   15:     0x5aa452d58b7c - <tokio[ea91fd3842322b1c]::runtime::runtime::Runtime>::block_on::<core[df12db4294e9bfd3]::pin::Pin<&mut dyn core[df12db4294e9bfd3]::future::future::Future<Output = ()>>>
[INFO] [stdout]   16:     0x5aa452cb245d - <protocol_integration[661a13a985ebc771]::test_multiple_concurrent_subscriptions::{closure#0} as core[df12db4294e9bfd3]::ops::function::FnOnce<()>>::call_once
[INFO] [stdout]   17:     0x5aa452d5fcbb - test[9d35eded1c95d3be]::__rust_begin_short_backtrace::<core[df12db4294e9bfd3]::result::Result<(), alloc[2182bb758b4b3781]::string::String>, fn() -> core[df12db4294e9bfd3]::result::Result<(), alloc[2182bb758b4b3781]::string::String>>
[INFO] [stdout]   18:     0x5aa452d6d325 - test[9d35eded1c95d3be]::run_test::{closure#0}
[INFO] [stdout]   19:     0x5aa452d66be4 - std[70759c8f55707aa4]::sys::backtrace::__rust_begin_short_backtrace::<test[9d35eded1c95d3be]::run_test::{closure#1}, ()>
[INFO] [stdout]   20:     0x5aa452d70482 - <std[70759c8f55707aa4]::thread::lifecycle::spawn_unchecked<test[9d35eded1c95d3be]::run_test::{closure#1}, ()>::{closure#1} as core[df12db4294e9bfd3]::ops::function::FnOnce<()>>::call_once::{shim:vtable#0}
[INFO] [stdout]   21:     0x5aa45379a3a9 - <std[70759c8f55707aa4]::sys::thread::unix::Thread>::new::thread_start
[INFO] [stdout]   22:     0x746ffff99dfa - <unknown>
[INFO] [stdout]   23:     0x74700002d3d4 - clone
[INFO] [stdout]   24:                0x0 - <unknown>
[INFO] [stdout] 
[INFO] [stdout] ---- test_basic_rpc_call stdout ----
[INFO] [stdout] 
[INFO] [stdout] thread 'test_basic_rpc_call' (5751) panicked at tests/protocol_integration.rs:56:10:
[INFO] [stdout] called `Result::unwrap()` on an `Err` value: ConnectError::Connect (/opt/rustwide/cargo-home/registry/src/index.crates.io-1949cf8c6b5b557f/iroh-0.95.1/src/endpoint.rs:627:26)
[INFO] [stdout] Caused by:
[INFO] [stdout]     No addressing information available (/opt/rustwide/cargo-home/registry/src/index.crates.io-1949cf8c6b5b557f/iroh-0.95.1/src/endpoint.rs:689:52)
[INFO] [stdout]     Discovery service failed (/opt/rustwide/cargo-home/registry/src/index.crates.io-1949cf8c6b5b557f/iroh-0.95.1/src/endpoint.rs:1278:36)
[INFO] [stdout]     Discovery produced no results for d33e94c8d3 (/opt/rustwide/cargo-home/registry/src/index.crates.io-1949cf8c6b5b557f/iroh-0.95.1/src/discovery.rs:646:25)
[INFO] [stdout] stack backtrace:
[INFO] [stdout]    0:     0x5aa45379b471 - <<std[70759c8f55707aa4]::sys::backtrace::BacktraceLock>::print::DisplayBacktrace as core[df12db4294e9bfd3]::fmt::Display>::fmt
[INFO] [stdout]    1:     0x5aa4537b4c3a - core[df12db4294e9bfd3]::fmt::write
[INFO] [stdout]    2:     0x5aa4537a0b2c - <alloc[2182bb758b4b3781]::vec::Vec<u8> as core[df12db4294e9bfd3]::io::write::Write>::write_fmt
[INFO] [stdout]    3:     0x5aa453775006 - std[70759c8f55707aa4]::panicking::default_hook::{closure#0}
[INFO] [stdout]    4:     0x5aa453792759 - std[70759c8f55707aa4]::panicking::default_hook
[INFO] [stdout]    5:     0x5aa452d6c9d0 - test[9d35eded1c95d3be]::test_main_inner::<test[9d35eded1c95d3be]::test_main_static::{closure#0}>::{closure#0}
[INFO] [stdout]    6:     0x5aa453792a82 - std[70759c8f55707aa4]::panicking::panic_with_hook
[INFO] [stdout]    7:     0x5aa4537750b2 - std[70759c8f55707aa4]::panicking::panic_handler::{closure#0}
[INFO] [stdout]    8:     0x5aa45376d639 - std[70759c8f55707aa4]::sys::backtrace::__rust_end_short_backtrace::<std[70759c8f55707aa4]::panicking::panic_handler::{closure#0}, !>
[INFO] [stdout]    9:     0x5aa453775fad - __rustc[8fa7c3cbc660c2b3]::rust_begin_unwind
[INFO] [stdout]   10:     0x5aa4537b539c - core[df12db4294e9bfd3]::panicking::panic_fmt
[INFO] [stdout]   11:     0x5aa4537b5172 - core[df12db4294e9bfd3]::result::unwrap_failed
[INFO] [stdout]   12:     0x5aa452c9e74f - protocol_integration[661a13a985ebc771]::test_basic_rpc_call::{closure#0}
[INFO] [stdout]   13:     0x5aa452d59403 - <tokio[ea91fd3842322b1c]::runtime::scheduler::current_thread::Context>::enter::<core[df12db4294e9bfd3]::task::poll::Poll<()>, <tokio[ea91fd3842322b1c]::runtime::scheduler::current_thread::CoreGuard>::block_on<core[df12db4294e9bfd3]::pin::Pin<&mut core[df12db4294e9bfd3]::pin::Pin<&mut dyn core[df12db4294e9bfd3]::future::future::Future<Output = ()>>>>::{closure#0}::{closure#0}>
[INFO] [stdout]   14:     0x5aa452d2be6c - <tokio[ea91fd3842322b1c]::runtime::context::scoped::Scoped<tokio[ea91fd3842322b1c]::runtime::scheduler::Context>>::set::<<tokio[ea91fd3842322b1c]::runtime::scheduler::current_thread::CoreGuard>::enter<<tokio[ea91fd3842322b1c]::runtime::scheduler::current_thread::CoreGuard>::block_on<core[df12db4294e9bfd3]::pin::Pin<&mut core[df12db4294e9bfd3]::pin::Pin<&mut dyn core[df12db4294e9bfd3]::future::future::Future<Output = ()>>>>::{closure#0}, core[df12db4294e9bfd3]::option::Option<()>>::{closure#0}, (alloc[2182bb758b4b3781]::boxed::Box<tokio[ea91fd3842322b1c]::runtime::scheduler::current_thread::Core>, core[df12db4294e9bfd3]::option::Option<()>)>
[INFO] [stdout]   15:     0x5aa452d58b7c - <tokio[ea91fd3842322b1c]::runtime::runtime::Runtime>::block_on::<core[df12db4294e9bfd3]::pin::Pin<&mut dyn core[df12db4294e9bfd3]::future::future::Future<Output = ()>>>
[INFO] [stdout]   16:     0x5aa452cb1c1d - <protocol_integration[661a13a985ebc771]::test_basic_rpc_call::{closure#0} as core[df12db4294e9bfd3]::ops::function::FnOnce<()>>::call_once
[INFO] [stdout]   17:     0x5aa452d5fcbb - test[9d35eded1c95d3be]::__rust_begin_short_backtrace::<core[df12db4294e9bfd3]::result::Result<(), alloc[2182bb758b4b3781]::string::String>, fn() -> core[df12db4294e9bfd3]::result::Result<(), alloc[2182bb758b4b3781]::string::String>>
[INFO] [stdout]   18:     0x5aa452d6d325 - test[9d35eded1c95d3be]::run_test::{closure#0}
[INFO] [stdout]   19:     0x5aa452d66be4 - std[70759c8f55707aa4]::sys::backtrace::__rust_begin_short_backtrace::<test[9d35eded1c95d3be]::run_test::{closure#1}, ()>
[INFO] [stdout]   20:     0x5aa452d70482 - <std[70759c8f55707aa4]::thread::lifecycle::spawn_unchecked<test[9d35eded1c95d3be]::run_test::{closure#1}, ()>::{closure#1} as core[df12db4294e9bfd3]::ops::function::FnOnce<()>>::call_once::{shim:vtable#0}
[INFO] [stdout]   21:     0x5aa45379a3a9 - <std[70759c8f55707aa4]::sys::thread::unix::Thread>::new::thread_start
[INFO] [stdout]   22:     0x746ffff99dfa - <unknown>
[INFO] [stdout]   23:     0x74700002d3d4 - clone
[INFO] [stdout]   24:                0x0 - <unknown>
[INFO] [stdout] 
[INFO] [stdout] ---- test_subscription_lifecycle stdout ----
[INFO] [stdout] 
[INFO] [stdout] thread 'test_subscription_lifecycle' (5758) panicked at tests/protocol_integration.rs:115:10:
[INFO] [stdout] called `Result::unwrap()` on an `Err` value: ConnectError::Connect (/opt/rustwide/cargo-home/registry/src/index.crates.io-1949cf8c6b5b557f/iroh-0.95.1/src/endpoint.rs:627:26)
[INFO] [stdout] Caused by:
[INFO] [stdout]     No addressing information available (/opt/rustwide/cargo-home/registry/src/index.crates.io-1949cf8c6b5b557f/iroh-0.95.1/src/endpoint.rs:689:52)
[INFO] [stdout]     Discovery service failed (/opt/rustwide/cargo-home/registry/src/index.crates.io-1949cf8c6b5b557f/iroh-0.95.1/src/endpoint.rs:1278:36)
[INFO] [stdout]     Discovery produced no results for b72aad6ab9 (/opt/rustwide/cargo-home/registry/src/index.crates.io-1949cf8c6b5b557f/iroh-0.95.1/src/discovery.rs:646:25)
[INFO] [stdout] stack backtrace:
[INFO] [stdout]    0:     0x5aa45379b471 - <<std[70759c8f55707aa4]::sys::backtrace::BacktraceLock>::print::DisplayBacktrace as core[df12db4294e9bfd3]::fmt::Display>::fmt
[INFO] [stdout]    1:     0x5aa4537b4c3a - core[df12db4294e9bfd3]::fmt::write
[INFO] [stdout]    2:     0x5aa4537a0b2c - <alloc[2182bb758b4b3781]::vec::Vec<u8> as core[df12db4294e9bfd3]::io::write::Write>::write_fmt
[INFO] [stdout]    3:     0x5aa453775006 - std[70759c8f55707aa4]::panicking::default_hook::{closure#0}
[INFO] [stdout]    4:     0x5aa453792759 - std[70759c8f55707aa4]::panicking::default_hook
[INFO] [stdout]    5:     0x5aa452d6c9d0 - test[9d35eded1c95d3be]::test_main_inner::<test[9d35eded1c95d3be]::test_main_static::{closure#0}>::{closure#0}
[INFO] [stdout]    6:     0x5aa453792a82 - std[70759c8f55707aa4]::panicking::panic_with_hook
[INFO] [stdout]    7:     0x5aa4537750b2 - std[70759c8f55707aa4]::panicking::panic_handler::{closure#0}
[INFO] [stdout]    8:     0x5aa45376d639 - std[70759c8f55707aa4]::sys::backtrace::__rust_end_short_backtrace::<std[70759c8f55707aa4]::panicking::panic_handler::{closure#0}, !>
[INFO] [stdout]    9:     0x5aa453775fad - __rustc[8fa7c3cbc660c2b3]::rust_begin_unwind
[INFO] [stdout]   10:     0x5aa4537b539c - core[df12db4294e9bfd3]::panicking::panic_fmt
[INFO] [stdout]   11:     0x5aa4537b5172 - core[df12db4294e9bfd3]::result::unwrap_failed
[INFO] [stdout]   12:     0x5aa452c9f8dc - protocol_integration[661a13a985ebc771]::test_subscription_lifecycle::{closure#0}
[INFO] [stdout]   13:     0x5aa452d59403 - <tokio[ea91fd3842322b1c]::runtime::scheduler::current_thread::Context>::enter::<core[df12db4294e9bfd3]::task::poll::Poll<()>, <tokio[ea91fd3842322b1c]::runtime::scheduler::current_thread::CoreGuard>::block_on<core[df12db4294e9bfd3]::pin::Pin<&mut core[df12db4294e9bfd3]::pin::Pin<&mut dyn core[df12db4294e9bfd3]::future::future::Future<Output = ()>>>>::{closure#0}::{closure#0}>
[INFO] [stdout]   14:     0x5aa452d2be6c - <tokio[ea91fd3842322b1c]::runtime::context::scoped::Scoped<tokio[ea91fd3842322b1c]::runtime::scheduler::Context>>::set::<<tokio[ea91fd3842322b1c]::runtime::scheduler::current_thread::CoreGuard>::enter<<tokio[ea91fd3842322b1c]::runtime::scheduler::current_thread::CoreGuard>::block_on<core[df12db4294e9bfd3]::pin::Pin<&mut core[df12db4294e9bfd3]::pin::Pin<&mut dyn core[df12db4294e9bfd3]::future::future::Future<Output = ()>>>>::{closure#0}, core[df12db4294e9bfd3]::option::Option<()>>::{closure#0}, (alloc[2182bb758b4b3781]::boxed::Box<tokio[ea91fd3842322b1c]::runtime::scheduler::current_thread::Core>, core[df12db4294e9bfd3]::option::Option<()>)>
[INFO] [stdout]   15:     0x5aa452d58b7c - <tokio[ea91fd3842322b1c]::runtime::runtime::Runtime>::block_on::<core[df12db4294e9bfd3]::pin::Pin<&mut dyn core[df12db4294e9bfd3]::future::future::Future<Output = ()>>>
[INFO] [stdout]   16:     0x5aa452cb1d7d - <protocol_integration[661a13a985ebc771]::test_subscription_lifecycle::{closure#0} as core[df12db4294e9bfd3]::ops::function::FnOnce<()>>::call_once
[INFO] [stdout]   17:     0x5aa452d5fcbb - test[9d35eded1c95d3be]::__rust_begin_short_backtrace::<core[df12db4294e9bfd3]::result::Result<(), alloc[2182bb758b4b3781]::string::String>, fn() -> core[df12db4294e9bfd3]::result::Result<(), alloc[2182bb758b4b3781]::string::String>>
[INFO] [stdout]   18:     0x5aa452d6d325 - test[9d35eded1c95d3be]::run_test::{closure#0}
[INFO] [stdout]   19:     0x5aa452d66be4 - std[70759c8f55707aa4]::sys::backtrace::__rust_begin_short_backtrace::<test[9d35eded1c95d3be]::run_test::{closure#1}, ()>
[INFO] [stdout]   20:     0x5aa452d70482 - <std[70759c8f55707aa4]::thread::lifecycle::spawn_unchecked<test[9d35eded1c95d3be]::run_test::{closure#1}, ()>::{closure#1} as core[df12db4294e9bfd3]::ops::function::FnOnce<()>>::call_once::{shim:vtable#0}
[INFO] [stdout]   21:     0x5aa45379a3a9 - <std[70759c8f55707aa4]::sys::thread::unix::Thread>::new::thread_start
[INFO] [stdout]   22:     0x746ffff99dfa - <unknown>
[INFO] [stdout]   23:     0x74700002d3d4 - clone
[INFO] [stdout]   24:                0x0 - <unknown>
[INFO] [stdout] 
[INFO] [stdout] ---- test_error_handling_resource_not_found stdout ----
[INFO] [stdout] 
[INFO] [stdout] thread 'test_error_handling_resource_not_found' (5753) panicked at tests/protocol_integration.rs:285:10:
[INFO] [stdout] called `Result::unwrap()` on an `Err` value: ConnectError::Connect (/opt/rustwide/cargo-home/registry/src/index.crates.io-1949cf8c6b5b557f/iroh-0.95.1/src/endpoint.rs:627:26)
[INFO] [stdout] Caused by:
[INFO] [stdout]     No addressing information available (/opt/rustwide/cargo-home/registry/src/index.crates.io-1949cf8c6b5b557f/iroh-0.95.1/src/endpoint.rs:689:52)
[INFO] [stdout]     Discovery service failed (/opt/rustwide/cargo-home/registry/src/index.crates.io-1949cf8c6b5b557f/iroh-0.95.1/src/endpoint.rs:1278:36)
[INFO] [stdout]     Discovery produced no results for 419d4d8688 (/opt/rustwide/cargo-home/registry/src/index.crates.io-1949cf8c6b5b557f/iroh-0.95.1/src/discovery.rs:646:25)
[INFO] [stdout] stack backtrace:
[INFO] [stdout]    0:     0x5aa45379b471 - <<std[70759c8f55707aa4]::sys::backtrace::BacktraceLock>::print::DisplayBacktrace as core[df12db4294e9bfd3]::fmt::Display>::fmt
[INFO] [stdout]    1:     0x5aa4537b4c3a - core[df12db4294e9bfd3]::fmt::write
[INFO] [stdout]    2:     0x5aa4537a0b2c - <alloc[2182bb758b4b3781]::vec::Vec<u8> as core[df12db4294e9bfd3]::io::write::Write>::write_fmt
[INFO] [stdout]    3:     0x5aa453775006 - std[70759c8f55707aa4]::panicking::default_hook::{closure#0}
[INFO] [stdout]    4:     0x5aa453792759 - std[70759c8f55707aa4]::panicking::default_hook
[INFO] [stdout]    5:     0x5aa452d6c9d0 - test[9d35eded1c95d3be]::test_main_inner::<test[9d35eded1c95d3be]::test_main_static::{closure#0}>::{closure#0}
[INFO] [stdout]    6:     0x5aa453792a82 - std[70759c8f55707aa4]::panicking::panic_with_hook
[INFO] [stdout]    7:     0x5aa4537750b2 - std[70759c8f55707aa4]::panicking::panic_handler::{closure#0}
[INFO] [stdout]    8:     0x5aa45376d639 - std[70759c8f55707aa4]::sys::backtrace::__rust_end_short_backtrace::<std[70759c8f55707aa4]::panicking::panic_handler::{closure#0}, !>
[INFO] [stdout]    9:     0x5aa453775fad - __rustc[8fa7c3cbc660c2b3]::rust_begin_unwind
[INFO] [stdout]   10:     0x5aa4537b539c - core[df12db4294e9bfd3]::panicking::panic_fmt
[INFO] [stdout]   11:     0x5aa4537b5172 - core[df12db4294e9bfd3]::result::unwrap_failed
[INFO] [stdout]   12:     0x5aa452ca3897 - protocol_integration[661a13a985ebc771]::test_error_handling_resource_not_found::{closure#0}
[INFO] [stdout]   13:     0x5aa452d59403 - <tokio[ea91fd3842322b1c]::runtime::scheduler::current_thread::Context>::enter::<core[df12db4294e9bfd3]::task::poll::Poll<()>, <tokio[ea91fd3842322b1c]::runtime::scheduler::current_thread::CoreGuard>::block_on<core[df12db4294e9bfd3]::pin::Pin<&mut core[df12db4294e9bfd3]::pin::Pin<&mut dyn core[df12db4294e9bfd3]::future::future::Future<Output = ()>>>>::{closure#0}::{closure#0}>
[INFO] [stdout]   14:     0x5aa452d2be6c - <tokio[ea91fd3842322b1c]::runtime::context::scoped::Scoped<tokio[ea91fd3842322b1c]::runtime::scheduler::Context>>::set::<<tokio[ea91fd3842322b1c]::runtime::scheduler::current_thread::CoreGuard>::enter<<tokio[ea91fd3842322b1c]::runtime::scheduler::current_thread::CoreGuard>::block_on<core[df12db4294e9bfd3]::pin::Pin<&mut core[df12db4294e9bfd3]::pin::Pin<&mut dyn core[df12db4294e9bfd3]::future::future::Future<Output = ()>>>>::{closure#0}, core[df12db4294e9bfd3]::option::Option<()>>::{closure#0}, (alloc[2182bb758b4b3781]::boxed::Box<tokio[ea91fd3842322b1c]::runtime::scheduler::current_thread::Core>, core[df12db4294e9bfd3]::option::Option<()>)>
[INFO] [stdout]   15:     0x5aa452d58b7c - <tokio[ea91fd3842322b1c]::runtime::runtime::Runtime>::block_on::<core[df12db4294e9bfd3]::pin::Pin<&mut dyn core[df12db4294e9bfd3]::future::future::Future<Output = ()>>>
[INFO] [stdout]   16:     0x5aa452cb219d - <protocol_integration[661a13a985ebc771]::test_error_handling_resource_not_found::{closure#0} as core[df12db4294e9bfd3]::ops::function::FnOnce<()>>::call_once
[INFO] [stdout]   17:     0x5aa452d5fcbb - test[9d35eded1c95d3be]::__rust_begin_short_backtrace::<core[df12db4294e9bfd3]::result::Result<(), alloc[2182bb758b4b3781]::string::String>, fn() -> core[df12db4294e9bfd3]::result::Result<(), alloc[2182bb758b4b3781]::string::String>>
[INFO] [stdout]   18:     0x5aa452d6d325 - test[9d35eded1c95d3be]::run_test::{closure#0}
[INFO] [stdout]   19:     0x5aa452d66be4 - std[70759c8f55707aa4]::sys::backtrace::__rust_begin_short_backtrace::<test[9d35eded1c95d3be]::run_test::{closure#1}, ()>
[INFO] [stdout]   20:     0x5aa452d70482 - <std[70759c8f55707aa4]::thread::lifecycle::spawn_unchecked<test[9d35eded1c95d3be]::run_test::{closure#1}, ()>::{closure#1} as core[df12db4294e9bfd3]::ops::function::FnOnce<()>>::call_once::{shim:vtable#0}
[INFO] [stdout]   21:     0x5aa45379a3a9 - <std[70759c8f55707aa4]::sys::thread::unix::Thread>::new::thread_start
[INFO] [stdout]   22:     0x746ffff99dfa - <unknown>
[INFO] [stdout]   23:     0x74700002d3d4 - clone
[INFO] [stdout]   24:                0x0 - <unknown>
[INFO] [stdout] 
[INFO] [stdout] ---- test_client_drop_unsubscribe stdout ----
[INFO] [stdout] 
[INFO] [stdout] thread 'test_client_drop_unsubscribe' (5752) panicked at tests/protocol_integration.rs:361:10:
[INFO] [stdout] called `Result::unwrap()` on an `Err` value: ConnectError::Connect (/opt/rustwide/cargo-home/registry/src/index.crates.io-1949cf8c6b5b557f/iroh-0.95.1/src/endpoint.rs:627:26)
[INFO] [stdout] Caused by:
[INFO] [stdout]     No addressing information available (/opt/rustwide/cargo-home/registry/src/index.crates.io-1949cf8c6b5b557f/iroh-0.95.1/src/endpoint.rs:689:52)
[INFO] [stdout]     Discovery service failed (/opt/rustwide/cargo-home/registry/src/index.crates.io-1949cf8c6b5b557f/iroh-0.95.1/src/endpoint.rs:1278:36)
[INFO] [stdout]     Discovery produced no results for c6061cf869 (/opt/rustwide/cargo-home/registry/src/index.crates.io-1949cf8c6b5b557f/iroh-0.95.1/src/discovery.rs:646:25)
[INFO] [stdout] stack backtrace:
[INFO] [stdout]    0:     0x5aa45379b471 - <<std[70759c8f55707aa4]::sys::backtrace::BacktraceLock>::print::DisplayBacktrace as core[df12db4294e9bfd3]::fmt::Display>::fmt
[INFO] [stdout]    1:     0x5aa4537b4c3a - core[df12db4294e9bfd3]::fmt::write
[INFO] [stdout]    2:     0x5aa4537a0b2c - <alloc[2182bb758b4b3781]::vec::Vec<u8> as core[df12db4294e9bfd3]::io::write::Write>::write_fmt
[INFO] [stdout]    3:     0x5aa453775006 - std[70759c8f55707aa4]::panicking::default_hook::{closure#0}
[INFO] [stdout]    4:     0x5aa453792759 - std[70759c8f55707aa4]::panicking::default_hook
[INFO] [stdout]    5:     0x5aa452d6c9d0 - test[9d35eded1c95d3be]::test_main_inner::<test[9d35eded1c95d3be]::test_main_static::{closure#0}>::{closure#0}
[INFO] [stdout]    6:     0x5aa453792a82 - std[70759c8f55707aa4]::panicking::panic_with_hook
[INFO] [stdout]    7:     0x5aa4537750b2 - std[70759c8f55707aa4]::panicking::panic_handler::{closure#0}
[INFO] [stdout]    8:     0x5aa45376d639 - std[70759c8f55707aa4]::sys::backtrace::__rust_end_short_backtrace::<std[70759c8f55707aa4]::panicking::panic_handler::{closure#0}, !>
[INFO] [stdout]    9:     0x5aa453775fad - __rustc[8fa7c3cbc660c2b3]::rust_begin_unwind
[INFO] [stdout]   10:     0x5aa4537b539c - core[df12db4294e9bfd3]::panicking::panic_fmt
[INFO] [stdout]   11:     0x5aa4537b5172 - core[df12db4294e9bfd3]::result::unwrap_failed
[INFO] [stdout]   12:     0x5aa452ca1147 - protocol_integration[661a13a985ebc771]::test_client_drop_unsubscribe::{closure#0}
[INFO] [stdout]   13:     0x5aa452d59403 - <tokio[ea91fd3842322b1c]::runtime::scheduler::current_thread::Context>::enter::<core[df12db4294e9bfd3]::task::poll::Poll<()>, <tokio[ea91fd3842322b1c]::runtime::scheduler::current_thread::CoreGuard>::block_on<core[df12db4294e9bfd3]::pin::Pin<&mut core[df12db4294e9bfd3]::pin::Pin<&mut dyn core[df12db4294e9bfd3]::future::future::Future<Output = ()>>>>::{closure#0}::{closure#0}>
[INFO] [stdout]   14:     0x5aa452d2be6c - <tokio[ea91fd3842322b1c]::runtime::context::scoped::Scoped<tokio[ea91fd3842322b1c]::runtime::scheduler::Context>>::set::<<tokio[ea91fd3842322b1c]::runtime::scheduler::current_thread::CoreGuard>::enter<<tokio[ea91fd3842322b1c]::runtime::scheduler::current_thread::CoreGuard>::block_on<core[df12db4294e9bfd3]::pin::Pin<&mut core[df12db4294e9bfd3]::pin::Pin<&mut dyn core[df12db4294e9bfd3]::future::future::Future<Output = ()>>>>::{closure#0}, core[df12db4294e9bfd3]::option::Option<()>>::{closure#0}, (alloc[2182bb758b4b3781]::boxed::Box<tokio[ea91fd3842322b1c]::runtime::scheduler::current_thread::Core>, core[df12db4294e9bfd3]::option::Option<()>)>
[INFO] [stdout]   15:     0x5aa452d58b7c - <tokio[ea91fd3842322b1c]::runtime::runtime::Runtime>::block_on::<core[df12db4294e9bfd3]::pin::Pin<&mut dyn core[df12db4294e9bfd3]::future::future::Future<Output = ()>>>
[INFO] [stdout]   16:     0x5aa452cb1edd - <protocol_integration[661a13a985ebc771]::test_client_drop_unsubscribe::{closure#0} as core[df12db4294e9bfd3]::ops::function::FnOnce<()>>::call_once
[INFO] [stdout]   17:     0x5aa452d5fcbb - test[9d35eded1c95d3be]::__rust_begin_short_backtrace::<core[df12db4294e9bfd3]::result::Result<(), alloc[2182bb758b4b3781]::string::String>, fn() -> core[df12db4294e9bfd3]::result::Result<(), alloc[2182bb758b4b3781]::string::String>>
[INFO] [stdout]   18:     0x5aa452d6d325 - test[9d35eded1c95d3be]::run_test::{closure#0}
[INFO] [stdout]   19:     0x5aa452d66be4 - std[70759c8f55707aa4]::sys::backtrace::__rust_begin_short_backtrace::<test[9d35eded1c95d3be]::run_test::{closure#1}, ()>
[INFO] [stdout]   20:     0x5aa452d70482 - <std[70759c8f55707aa4]::thread::lifecycle::spawn_unchecked<test[9d35eded1c95d3be]::run_test::{closure#1}, ()>::{closure#1} as core[df12db4294e9bfd3]::ops::function::FnOnce<()>>::call_once::{shim:vtable#0}
[INFO] [stdout]   21:     0x5aa45379a3a9 - <std[70759c8f55707aa4]::sys::thread::unix::Thread>::new::thread_start
[INFO] [stdout]   22:     0x746ffff99dfa - <unknown>
[INFO] [stdout]   23:     0x74700002d3d4 - clone
[INFO] [stdout]   24:                0x0 - <unknown>
[INFO] [stdout] 
[INFO] [stdout] 
[INFO] [stdout] failures:
[INFO] [stdout]     test_basic_rpc_call
[INFO] [stdout]     test_client_drop_unsubscribe
[INFO] [stdout]     test_error_handling_resource_not_found
[INFO] [stdout]     test_error_handling_service_not_found
[INFO] [stdout]     test_multiple_clients_concurrent_calls
[INFO] [stdout]     test_multiple_concurrent_subscriptions
[INFO] [stdout]     test_subscription_lifecycle
[INFO] [stdout] 
[INFO] [stdout] test result: FAILED. 1 passed; 7 failed; 0 ignored; 0 measured; 0 filtered out; finished in 1.30s
[INFO] [stdout] 
[INFO] [stderr] error: test failed, to rerun pass `--test protocol_integration`
[INFO] running `Command { std: "docker" "inspect" "ff9bbbf8aaa225ae2baa1f4fcf2d5d2abb50a1feb627086235e3023b6de1c288", kill_on_drop: false }`
[INFO] running `Command { std: "docker" "rm" "-f" "ff9bbbf8aaa225ae2baa1f4fcf2d5d2abb50a1feb627086235e3023b6de1c288", kill_on_drop: false }`
[INFO] [stdout] ff9bbbf8aaa225ae2baa1f4fcf2d5d2abb50a1feb627086235e3023b6de1c288
