[INFO] fetching crate zekurix-server 0.2.0...
[INFO] testing zekurix-server-0.2.0 against 1.100.0-beta.1+cargoflags=--release for beta-release-1.100-2
[INFO] extracting crate zekurix-server 0.2.0 into /workspace/builds/worker-0-tc2/source
[INFO] removed /workspace/builds/worker-0-tc2/source/rust-toolchain.toml
[INFO] started tweaking crates.io crate zekurix-server 0.2.0
[INFO] removed 0 missing tests
[INFO] finished tweaking crates.io crate zekurix-server 0.2.0
[INFO] tweaked toml for crates.io crate zekurix-server 0.2.0 written to /workspace/builds/worker-0-tc2/source/Cargo.toml
[INFO] validating manifest of crates.io crate zekurix-server 0.2.0 on toolchain 1.100.0-beta.1
[INFO] running `Command { std: CARGO_HOME="/workspace/cargo-home" RUSTUP_HOME="/workspace/rustup-home" "/workspace/cargo-home/bin/cargo" "+1.100.0-beta.1" "metadata" "--manifest-path" "Cargo.toml" "--no-deps", kill_on_drop: false }`
[INFO] crate crates.io crate zekurix-server 0.2.0 already has a lockfile, it will not be regenerated
[INFO] running `Command { std: CARGO_HOME="/workspace/cargo-home" RUSTUP_HOME="/workspace/rustup-home" "/workspace/cargo-home/bin/cargo" "+1.100.0-beta.1" "fetch" "--manifest-path" "Cargo.toml", kill_on_drop: false }`
[INFO] running `Command { std: "docker" "create" "-v" "/var/lib/crater-agent-workspace/builds/worker-0-tc2/source:/opt/rustwide/workdir:ro,Z" "-v" "/var/lib/crater-agent-workspace/builds/worker-0-tc2/target:/opt/rustwide/target:rw,Z" "-v" "/var/lib/crater-agent-workspace/cargo-home:/opt/rustwide/cargo-home:ro,Z" "-v" "/var/lib/crater-agent-workspace/rustup-home:/opt/rustwide/rustup-home:ro,Z" "-m" "1610612736" "--network" "none" "ghcr.io/rust-lang/crates-build-env/linux@sha256:77db811e55d90add9212f6832c23229e3de5f1c1f9905e8cb07319ea15df73ac" "sleep" "infinity", kill_on_drop: false }`
[INFO] [stdout] 817a254412f8e68aa86b7aa3c3ede9230932bbd9ddf97dca2748ac4178a2d331
[INFO] running `Command { std: "docker" "start" "817a254412f8e68aa86b7aa3c3ede9230932bbd9ddf97dca2748ac4178a2d331", kill_on_drop: false }`
[INFO] running `Command { std: "docker" "inspect" "817a254412f8e68aa86b7aa3c3ede9230932bbd9ddf97dca2748ac4178a2d331", kill_on_drop: false }`
[INFO] running `Command { std: "docker" "exec" "-e" "SOURCE_DIR=/opt/rustwide/workdir" "-e" "CARGO_HOME=/opt/rustwide/cargo-home" "-e" "RUSTUP_HOME=/opt/rustwide/rustup-home" "-e" "CARGO_TARGET_DIR=/opt/rustwide/target" "-w" "/opt/rustwide/workdir" "--user" "0:0" "817a254412f8e68aa86b7aa3c3ede9230932bbd9ddf97dca2748ac4178a2d331" "/opt/rustwide/cargo-home/bin/cargo" "+1.100.0-beta.1" "metadata" "--no-deps" "--format-version=1", kill_on_drop: false }`
[INFO] running `Command { std: "docker" "inspect" "817a254412f8e68aa86b7aa3c3ede9230932bbd9ddf97dca2748ac4178a2d331", kill_on_drop: false }`
[INFO] running `Command { std: "docker" "exec" "-e" "SOURCE_DIR=/opt/rustwide/workdir" "-e" "CARGO_HOME=/opt/rustwide/cargo-home" "-e" "RUSTUP_HOME=/opt/rustwide/rustup-home" "-e" "CARGO_TARGET_DIR=/opt/rustwide/target" "-e" "CARGO_INCREMENTAL=0" "-e" "RUST_BACKTRACE=full" "-e" "RUSTFLAGS=--cap-lints=warn" "-e" "RUSTDOCFLAGS=--cap-lints=warn" "-w" "/opt/rustwide/workdir" "--user" "0:0" "817a254412f8e68aa86b7aa3c3ede9230932bbd9ddf97dca2748ac4178a2d331" "/opt/rustwide/cargo-home/bin/cargo" "+1.100.0-beta.1" "build" "--frozen" "--message-format=json" "--release", kill_on_drop: false }`
[INFO] [stderr]    Compiling syn v3.0.5
[INFO] [stderr]    Compiling typenum v1.20.1
[INFO] [stderr]    Compiling serde_core v1.0.229
[INFO] [stderr]    Compiling serde_json v1.0.151
[INFO] [stderr]    Compiling serde v1.0.229
[INFO] [stderr]    Compiling zerofrom v0.1.8
[INFO] [stderr]    Compiling tracing-core v0.1.36
[INFO] [stderr]    Compiling futures-sink v0.3.34
[INFO] [stderr]    Compiling generic-array v0.14.9
[INFO] [stderr]    Compiling cmov v0.5.4
[INFO] [stderr]    Compiling icu_normalizer_data v2.3.0
[INFO] [stderr]    Compiling icu_properties_data v2.3.0
[INFO] [stderr]    Compiling futures-core v0.3.34
[INFO] [stderr]    Compiling crossbeam-utils v0.8.23
[INFO] [stderr]    Compiling mio v1.2.3
[INFO] [stderr]    Compiling socket2 v0.6.5
[INFO] [stderr]    Compiling rand_core v0.10.1
[INFO] [stderr]    Compiling thiserror v2.0.20
[INFO] [stderr]    Compiling futures-util v0.3.34
[INFO] [stderr]    Compiling yoke v0.8.3
[INFO] [stderr]    Compiling cpufeatures v0.3.1
[INFO] [stderr]    Compiling foldhash v0.2.0
[INFO] [stderr]    Compiling form_urlencoded v1.2.2
[INFO] [stderr]    Compiling tinyvec v1.13.2
[INFO] [stderr]    Compiling futures-channel v0.3.34
[INFO] [stderr]    Compiling hashbrown v0.16.1
[INFO] [stderr]    Compiling ctutils v0.4.2
[INFO] [stderr]    Compiling digest v0.11.3
[INFO] [stderr]    Compiling num-traits v0.2.19
[INFO] [stderr]    Compiling getrandom v0.4.3
[INFO] [stderr]    Compiling futures-task v0.3.34
[INFO] [stderr]    Compiling futures-io v0.3.34
[INFO] [stderr]    Compiling crc-catalog v2.5.0
[INFO] [stderr]    Compiling event-listener v5.4.2
[INFO] [stderr]    Compiling tracing v0.1.44
[INFO] [stderr]    Compiling tokio v1.53.1
[INFO] [stderr]    Compiling crc v3.4.0
[INFO] [stderr]    Compiling unicode-normalization v0.1.25
[INFO] [stderr]    Compiling crossbeam-queue v0.3.14
[INFO] [stderr]    Compiling block-buffer v0.10.4
[INFO] [stderr]    Compiling crypto-common v0.1.6
[INFO] [stderr]    Compiling chacha20 v0.10.2
[INFO] [stderr]    Compiling uuid v1.26.1
[INFO] [stderr]    Compiling base64 v0.22.1
[INFO] [stderr]    Compiling hashlink v0.11.1
[INFO] [stderr]    Compiling stringprep v0.1.5
[INFO] [stderr]    Compiling digest v0.10.7
[INFO] [stderr]    Compiling rand v0.10.2
[INFO] [stderr]    Compiling hybrid-array v0.4.15
[INFO] [stderr]    Compiling bitflags v2.13.2
[INFO] [stderr]    Compiling whoami v2.1.3
[INFO] [stderr]    Compiling atoi v2.0.0
[INFO] [stderr]    Compiling proc-macro2-diagnostics v0.10.1
[INFO] [stderr]    Compiling sha2 v0.10.9
[INFO] [stderr]    Compiling hmac v0.13.0
[INFO] [stderr]    Compiling hkdf v0.13.0
[INFO] [stderr]    Compiling axum-core v0.5.6
[INFO] [stderr]    Compiling regex-automata v0.4.18
[INFO] [stderr]    Compiling crypto-common v0.2.2
[INFO] [stderr]    Compiling block-buffer v0.12.1
[INFO] [stderr]    Compiling pear_codegen v0.2.9
[INFO] [stderr]    Compiling sha2 v0.11.0
[INFO] [stderr]    Compiling md-5 v0.11.0
[INFO] [stderr]    Compiling serde_path_to_error v0.1.20
[INFO] [stderr]    Compiling figment v0.10.19
[INFO] [stderr]    Compiling pear v0.2.9
[INFO] [stderr]    Compiling clap_builder v4.6.7
[INFO] [stderr]    Compiling uncased v0.9.10
[INFO] [stderr]    Compiling tracing-log v0.2.0
[INFO] [stderr]    Compiling thread_local v1.1.10
[INFO] [stderr]    Compiling humantime v2.4.0
[INFO] [stderr]    Compiling zeroize v1.9.0
[INFO] [stderr]    Compiling nu-ansi-term v0.50.3
[INFO] [stderr]    Compiling zekurix-server v0.2.0 (/opt/rustwide/workdir)
[INFO] [stderr]    Compiling matchers v0.2.0
[INFO] [stderr]    Compiling serde_derive v1.0.229
[INFO] [stderr]    Compiling zerovec-derive v0.11.6
[INFO] [stderr]    Compiling displaydoc v0.2.7
[INFO] [stderr]    Compiling tokio-macros v2.7.2
[INFO] [stderr]    Compiling thiserror-impl v2.0.20
[INFO] [stderr]    Compiling clap_derive v4.6.7
[INFO] [stderr]    Compiling async-trait v0.1.92
[INFO] [stderr]    Compiling zerotrie v0.2.5
[INFO] [stderr]    Compiling zerovec v0.11.8
[INFO] [stderr]    Compiling tinystr v0.8.4
[INFO] [stderr]    Compiling potential_utf v0.1.6
[INFO] [stderr]    Compiling tokio-stream v0.1.19
[INFO] [stderr]    Compiling icu_locale_core v2.3.0
[INFO] [stderr]    Compiling icu_collections v2.3.0
[INFO] [stderr]    Compiling clap v4.6.7
[INFO] [stderr]    Compiling icu_provider v2.3.1
[INFO] [stderr]    Compiling smallvec v1.16.0
[INFO] [stderr]    Compiling either v1.18.0
[INFO] [stderr]    Compiling toml_datetime v0.6.11
[INFO] [stderr]    Compiling serde_spanned v0.6.9
[INFO] [stderr]    Compiling serde_urlencoded v0.7.1
[INFO] [stderr]    Compiling http-serde v2.1.1
[INFO] [stderr]    Compiling tracing-serde v0.2.0
[INFO] [stderr]    Compiling secrecy v0.10.3
[INFO] [stderr]    Compiling humantime-serde v1.1.1
[INFO] [stderr]    Compiling icu_properties v2.3.0
[INFO] [stderr]    Compiling toml_edit v0.22.27
[INFO] [stderr]    Compiling icu_normalizer v2.3.0
[INFO] [stderr]    Compiling parking_lot_core v0.9.12
[INFO] [stderr]    Compiling tracing-subscriber v0.3.23
[INFO] [stderr]    Compiling parking_lot v0.12.5
[INFO] [stderr]    Compiling futures-intrusive v0.5.0
[INFO] [stderr]    Compiling idna_adapter v1.2.2
[INFO] [stderr]    Compiling idna v1.1.0
[INFO] [stderr]    Compiling url v2.5.8
[INFO] [stderr]    Compiling sqlx-core v0.9.0
[INFO] [stderr]    Compiling toml v0.8.23
[INFO] [stderr]    Compiling hyper v1.11.1
[INFO] [stderr]    Compiling tower v0.5.3
[INFO] [stderr]    Compiling tower-http v0.7.1
[INFO] [stderr]    Compiling hyper-util v0.1.20
[INFO] [stderr]    Compiling axum v0.8.9
[INFO] [stderr]    Compiling sqlx-postgres v0.9.0
[INFO] [stderr]    Compiling sqlx-macros-core v0.9.0
[INFO] [stderr]    Compiling problem_details v0.10.0
[INFO] [stderr]    Compiling sqlx-macros v0.9.0
[INFO] [stderr]    Compiling sqlx v0.9.0
[INFO] [stderr] warning: unused dependency `serde_json`
[INFO] [stderr]  --> Cargo.toml:5:21
[INFO] [stderr]   |
[INFO] [stderr] 5 | [build-dependencies.serde_json]
[INFO] [stderr]   |                     ^^^^^^^^^^^
[INFO] [stderr]   |
[INFO] [stderr]   = note: `cargo::unused_dependencies` is set to `warn` by default
[INFO] [stderr] help: consider removing the dependency on `serde_json`
[INFO] [stderr] warning: `zekurix-server` (manifest) generated 1 warning
[INFO] [stderr]     Finished `release` profile [optimized] target(s) in 2m 16s
[INFO] running `Command { std: "docker" "inspect" "817a254412f8e68aa86b7aa3c3ede9230932bbd9ddf97dca2748ac4178a2d331", kill_on_drop: false }`
[INFO] running `Command { std: "docker" "exec" "-e" "SOURCE_DIR=/opt/rustwide/workdir" "-e" "CARGO_HOME=/opt/rustwide/cargo-home" "-e" "RUSTUP_HOME=/opt/rustwide/rustup-home" "-e" "CARGO_TARGET_DIR=/opt/rustwide/target" "-e" "CARGO_INCREMENTAL=0" "-e" "RUST_BACKTRACE=full" "-e" "RUSTFLAGS=--cap-lints=warn" "-e" "RUSTDOCFLAGS=--cap-lints=warn" "-w" "/opt/rustwide/workdir" "--user" "0:0" "817a254412f8e68aa86b7aa3c3ede9230932bbd9ddf97dca2748ac4178a2d331" "/opt/rustwide/cargo-home/bin/cargo" "+1.100.0-beta.1" "test" "--frozen" "--no-run" "--message-format=json" "--release", kill_on_drop: false }`
[INFO] [stderr]    Compiling futures-util v0.3.34
[INFO] [stderr]    Compiling digest v0.11.3
[INFO] [stderr]    Compiling regex-automata v0.4.18
[INFO] [stderr]    Compiling hyper v1.11.1
[INFO] [stderr]    Compiling num-integer v0.1.47
[INFO] [stderr]    Compiling whoami v2.1.3
[INFO] [stderr]    Compiling typeid v1.0.3
[INFO] [stderr]    Compiling getrandom v0.3.4
[INFO] [stderr]    Compiling erased-serde v0.4.10
[INFO] [stderr]    Compiling atoi v2.0.0
[INFO] [stderr]    Compiling fallible-iterator v0.2.0
[INFO] [stderr]    Compiling siphasher v1.0.3
[INFO] [stderr]    Compiling typetag v0.2.23
[INFO] [stderr]    Compiling time-macros v0.2.32
[INFO] [stderr]    Compiling rustix v1.1.4
[INFO] [stderr]    Compiling num-complex v0.4.6
[INFO] [stderr]    Compiling rand_core v0.9.5
[INFO] [stderr]    Compiling hmac v0.13.0
[INFO] [stderr]    Compiling sha2 v0.11.0
[INFO] [stderr]    Compiling md-5 v0.11.0
[INFO] [stderr]    Compiling phf_shared v0.13.1
[INFO] [stderr]    Compiling typetag-impl v0.2.23
[INFO] [stderr]    Compiling num-bigint v0.4.8
[INFO] [stderr]    Compiling hkdf v0.13.0
[INFO] [stderr]    Compiling num-iter v0.1.46
[INFO] [stderr]    Compiling cookie v0.18.2
[INFO] [stderr]    Compiling enum-ordinalize-derive v4.4.2
[INFO] [stderr]    Compiling predicates-core v1.0.10
[INFO] [stderr]    Compiling chrono v0.4.45
[INFO] [stderr]    Compiling phf v0.13.1
[INFO] [stderr]    Compiling tokio-util v0.7.19
[INFO] [stderr]    Compiling email_address v0.2.9
[INFO] [stderr]    Compiling float-cmp v0.10.0
[INFO] [stderr]    Compiling test-case-core v3.3.1
[INFO] [stderr]    Compiling expect-json-macros v1.11.0
[INFO] [stderr]    Compiling difflib v0.4.0
[INFO] [stderr]    Compiling assert_cmd v2.2.2
[INFO] [stderr]    Compiling normalize-line-endings v0.3.0
[INFO] [stderr]    Compiling termtree v0.5.1
[INFO] [stderr]    Compiling enum-ordinalize v4.4.2
[INFO] [stderr]    Compiling pretty_assertions v1.4.1
[INFO] [stderr]    Compiling educe v0.7.6
[INFO] [stderr]    Compiling predicates-tree v1.0.13
[INFO] [stderr]    Compiling rand_chacha v0.9.0
[INFO] [stderr]    Compiling postgres-protocol v0.6.12
[INFO] [stderr]    Compiling test-case-macros v3.3.1
[INFO] [stderr]    Compiling time v0.3.55
[INFO] [stderr]    Compiling rand_xorshift v0.4.0
[INFO] [stderr]    Compiling rand v0.9.5
[INFO] [stderr]    Compiling reserve-port v2.5.0
[INFO] [stderr]    Compiling bytesize v2.7.0
[INFO] [stderr]    Compiling test-case v3.3.1
[INFO] [stderr]    Compiling postgres-types v0.2.14
[INFO] [stderr]    Compiling tempfile v3.27.0
[INFO] [stderr]    Compiling rusty-fork v0.3.1
[INFO] [stderr]    Compiling num-rational v0.4.2
[INFO] [stderr]    Compiling proptest v1.11.0
[INFO] [stderr]    Compiling num v0.4.3
[INFO] [stderr]    Compiling tower v0.5.3
[INFO] [stderr]    Compiling hyper-util v0.1.20
[INFO] [stderr]    Compiling sqlx-core v0.9.0
[INFO] [stderr]    Compiling rust-multipart-rfc7578_2 v0.9.0
[INFO] [stderr]    Compiling tokio-postgres v0.7.18
[INFO] [stderr]    Compiling tower-http v0.7.1
[INFO] [stderr]    Compiling regex v1.13.1
[INFO] [stderr]    Compiling matchers v0.2.0
[INFO] [stderr]    Compiling bstr v1.13.1
[INFO] [stderr]    Compiling tracing-subscriber v0.3.23
[INFO] [stderr]    Compiling axum v0.8.9
[INFO] [stderr]    Compiling predicates v3.1.4
[INFO] [stderr]    Compiling expect-json v1.11.0
[INFO] [stderr]    Compiling postgres v0.19.14
[INFO] [stderr]    Compiling sqlx-postgres v0.9.0
[INFO] [stderr]    Compiling problem_details v0.10.0
[INFO] [stderr]    Compiling axum-test v21.1.0
[INFO] [stderr]    Compiling sqlx v0.9.0
[INFO] [stderr]    Compiling zekurix-server v0.2.0 (/opt/rustwide/workdir)
[INFO] [stderr] warning: unused dependency `serde_json`
[INFO] [stderr]  --> Cargo.toml:5:21
[INFO] [stderr]   |
[INFO] [stderr] 5 | [build-dependencies.serde_json]
[INFO] [stderr]   |                     ^^^^^^^^^^^
[INFO] [stderr]   |
[INFO] [stderr]   = note: `cargo::unused_dependencies` is set to `warn` by default
[INFO] [stderr] help: consider removing the dependency on `serde_json`
[INFO] [stderr] warning: `zekurix-server` (manifest) generated 1 warning
[INFO] [stderr]     Finished `release` profile [optimized] target(s) in 2m 24s
[INFO] running `Command { std: "docker" "inspect" "817a254412f8e68aa86b7aa3c3ede9230932bbd9ddf97dca2748ac4178a2d331", kill_on_drop: false }`
[INFO] running `Command { std: "docker" "exec" "-e" "SOURCE_DIR=/opt/rustwide/workdir" "-e" "CARGO_HOME=/opt/rustwide/cargo-home" "-e" "RUSTUP_HOME=/opt/rustwide/rustup-home" "-e" "CARGO_TARGET_DIR=/opt/rustwide/target" "-e" "CARGO_INCREMENTAL=0" "-e" "RUST_BACKTRACE=full" "-e" "RUSTFLAGS=--cap-lints=warn" "-e" "RUSTDOCFLAGS=--cap-lints=warn" "-w" "/opt/rustwide/workdir" "--user" "0:0" "817a254412f8e68aa86b7aa3c3ede9230932bbd9ddf97dca2748ac4178a2d331" "/opt/rustwide/cargo-home/bin/cargo" "+1.100.0-beta.1" "test" "--frozen" "--release", kill_on_drop: false }`
[INFO] [stderr] warning: unused dependency `serde_json`
[INFO] [stderr]  --> Cargo.toml:5:21
[INFO] [stderr]   |
[INFO] [stderr] 5 | [build-dependencies.serde_json]
[INFO] [stderr]   |                     ^^^^^^^^^^^
[INFO] [stderr]   |
[INFO] [stderr]   = note: `cargo::unused_dependencies` is set to `warn` by default
[INFO] [stderr] help: consider removing the dependency on `serde_json`
[INFO] [stderr] warning: `zekurix-server` (manifest) generated 1 warning
[INFO] [stderr]     Finished `release` profile [optimized] target(s) in 0.57s
[INFO] [stderr]      Running unittests src/lib.rs (/opt/rustwide/target/release/build/zekurix-server/e0a682b218671b82/out/zekurix_server-e0a682b218671b82)
[INFO] [stdout] 
[INFO] [stdout] running 95 tests
[INFO] [stdout] test cli::tests::should_reject_invalid_bind_address ... ok
[INFO] [stdout] test cli::tests::should_reject_verbose_and_quiet_together ... ok
[INFO] [stdout] test cli::tests::should_parse_bind_ipv6_address ... ok
[INFO] [stdout] test error::app_error::tests::http_method_not_allowed_maps_to_method_not_allowed ... ok
[INFO] [stdout] test cli::tests::should_parse_bind_ipv4_address ... ok
[INFO] [stdout] test cli::tests::should_parse_bind_loopback ... ok
[INFO] [stdout] test error::app_error::tests::http_gateway_timeout_maps_to_gateway_timeout ... ok
[INFO] [stdout] test cli::tests::should_use_default_config_file ... ok
[INFO] [stdout] test cli::tests::should_parse_bind_any ... ok
[INFO] [stdout] test cli::tests::should_parse_bind_localhost ... ok
[INFO] [stdout] test cli::tests::should_override_config_file ... ok
[INFO] [stdout] test error::app_error::tests::path_rejection_maps_to_bad_request ... ok
[INFO] [stdout] test error::app_error::tests::http_not_found_maps_to_not_found ... ok
[INFO] [stdout] test error::app_error::tests::other_error_maps_to_internal_server_error::missing_environment_variable ... ok
[INFO] [stdout] test error::problem_type::tests::internal_server_error_uri::http_method_not_allowed ... ok
[INFO] [stdout] test error::problem_type::tests::internal_server_error_uri::internal_server_error ... ok
[INFO] [stdout] test error::app_error::tests::json_missing_content_type_maps_to_unsupported_media_type ... ok
[INFO] [stdout] test error::app_error::tests::user_already_exists_maps_to_conflict ... ok
[INFO] [stdout] test error::app_error::tests::other_error_maps_to_internal_server_error::invalid_user_name ... ok
[INFO] [stdout] test error::problem_type::tests::internal_server_error_uri::http_gateway_timeout ... ok
[INFO] [stdout] test error::problem_type::tests::internal_server_error_uri::json_bytes_rejection ... ok
[INFO] [stdout] test error::app_error::tests::json_data_error_maps_to_unprocessable_entity ... ok
[INFO] [stdout] test error::app_error::tests::user_not_found_maps_to_not_found ... ok
[INFO] [stdout] test error::app_error::tests::json_syntax_error_maps_to_bad_request ... ok
[INFO] [stdout] test error::app_error::tests::json_bytes_rejection_maps_to_bad_request ... ok
[INFO] [stdout] test error::problem_type::tests::internal_server_error_uri::user_not_found ... ok
[INFO] [stdout] test error::app_error::tests::other_error_maps_to_internal_server_error::internal_server_error ... ok
[INFO] [stdout] test settings::database::tests::should_accept_connection_max_greater_than_min ... ok
[INFO] [stdout] test error::problem_type::tests::internal_server_error_uri::json_syntax_error ... ok
[INFO] [stdout] test error::problem_type::tests::internal_server_error_uri::user_already_exists ... ok
[INFO] [stdout] test secrets::database::tests::should_create_secrets_from_static_password ... ok
[INFO] [stdout] test secrets::database::tests::should_return_error_when_password_is_empty ... ok
[INFO] [stdout] test error::problem_type::tests::internal_server_error_uri::json_data_error ... ok
[INFO] [stdout] test settings::database::tests::should_accept_max_lifetime_equal_idle_timeout ... ok
[INFO] [stdout] test error::problem_type::tests::internal_server_error_uri::http_not_found ... ok
[INFO] [stdout] test error::problem_type::tests::internal_server_error_uri::path_rejection ... ok
[INFO] [stdout] test error::app_error::tests::other_error_maps_to_internal_server_error::invalid_environment_variable ... ok
[INFO] [stdout] test settings::database::tests::should_reject_empty_username ... ok
[INFO] [stdout] test settings::database::tests::should_reject_only_spaces_username ... ok
[INFO] [stdout] test error::problem_type::tests::internal_server_error_uri::json_missing_content_type ... ok
[INFO] [stdout] test settings::database::tests::should_accept_connection_max_equal_min ... ok
[INFO] [stdout] test settings::logging::tests::test_default_enum_defaults ... ok
[INFO] [stdout] test settings::logging::tests::test_default_settings ... ok
[INFO] [stdout] test settings::logging::tests::test_merge_preserves_format ... ok
[INFO] [stdout] test settings::logging::tests::test_merge_with_no_flags ... ok
[INFO] [stdout] test settings::logging::tests::test_merge_with_quiet ... ok
[INFO] [stdout] test settings::logging::tests::test_merge_with_verbose ... ok
[INFO] [stdout] test settings::root::tests::should_keep_env_var_when_prefix_is_missing ... ok
[INFO] [stdout] test settings::root::tests::should_reject_invalid_settings ... ok
[INFO] [stdout] test settings::server::tests::merge_with_bind_overrides_settings ... ok
[INFO] [stdout] test settings::root::tests::should_strip_env_prefix ... ok
[INFO] [stdout] test settings::database::tests::should_verify_connection_max_greater_or_equal_than_min ... ok
[INFO] [stdout] test settings::server::tests::merge_with_none_leaves_settings_unchanged ... ok
[INFO] [stdout] test settings::database::tests::should_verify_max_lifetime_greater_or_equal_than_idle_timeout ... ok
[INFO] [stdout] test settings::server::tests::should_reject_empty_host ... ok
[INFO] [stdout] test settings::server::tests::should_build_socket_addr_ipv6 ... ok
[INFO] [stdout] test settings::database::tests::should_accept_static_username ... ok
[INFO] [stdout] test settings::logging::tests::test_level_to_string_all_variants ... ok
[INFO] [stdout] test settings::server::tests::should_build_socket_addr_ipv4 ... ok
[INFO] [stdout] test secrets::database::tests::should_reject_blank_password ... ok
[INFO] [stdout] test user::entity::tests::should_create_user_with_given_name ... ok
[INFO] [stdout] test settings::server::tests::should_reject_host_with_port ... ok
[INFO] [stdout] test secrets::database::tests::should_create_secrets_from_valid_password ... ok
[INFO] [stdout] test settings::server::tests::should_reject_invalid_host_with_space ... ok
[INFO] [stdout] test settings::server::tests::should_use_default_settings ... ok
[INFO] [stdout] test settings::server::tests::supports_port_boundaries ... ok
[INFO] [stdout] test settings::database::tests::should_reject_connection_max_lesser_than_min ... ok
[INFO] [stdout] test settings::database::tests::should_accept_max_lifetime_greater_than_idle_timeout ... ok
[INFO] [stdout] test settings::database::tests::should_reject_blank_username ... ok
[INFO] [stdout] test settings::database::tests::should_accept_max_lifetime_lesser_than_idle_timeout ... ok
[INFO] [stdout] test user::entity::tests::should_generate_different_uuid_for_each_user ... ok
[INFO] [stdout] test user::entity::tests::should_generate_non_nil_uuid ... ok
[INFO] [stdout] test user::id::tests::copy_does_not_change_userid_value ... ok
[INFO] [stdout] test settings::database::tests::should_accept_valid_username ... ok
[INFO] [stdout] test user::id::tests::display_userid_produces_valid_uuid_string ... ok
[INFO] [stdout] test user::id::tests::new_generates_userid_unique_ids ... ok
[INFO] [stdout] test user::id::tests::serde_roundtrip_preserves_userid_value ... ok
[INFO] [stdout] test user::username::tests::should_accept_minimum_length ... ok
[INFO] [stdout] test user::username::tests::should_accept_alice_username ... ok
[INFO] [stdout] test user::username::tests::should_accept_maximum_length ... ok
[INFO] [stdout] test user::username::tests::should_reject_username_longer_than_64_characters ... ok
[INFO] [stdout] test user::username::tests::should_reject_non_ascii_characters ... ok
[INFO] [stdout] test user::username::tests::should_reject_username_shorter_than_3_characters ... ok
[INFO] [stdout] test user::username::tests::should_reject_special_characters ... ok
[INFO] [stdout] test user::username::tests::should_reject_empty_username ... ok
[INFO] [stdout] test user::username::tests::should_reject_invalid_username_during_deserialization ... ok
[INFO] [stdout] test user::username::tests::should_deserialize_valid_username ... ok
[INFO] [stdout] test user::username::tests::should_implement_display ... ok
[INFO] [stdout] test secrets::database::tests::should_return_error_when_password_is_only_spaces ... ok
[INFO] [stdout] test user::username::tests::should_reject_space ... ok
[INFO] [stdout] test user::username::tests::should_reject_username_containing_invalid_character ... ok
[INFO] [stdout] test user::username::tests::should_round_trip_valid_username ... ok
[INFO] [stdout] test user::username::tests::should_accept_valid_username ... ok
[INFO] [stdout] test error::app_error::tests::other_error_maps_to_internal_server_error::invalid_settings ... ok
[INFO] [stdout] test router::routes::tests::should_return_timeout_for_slow_route ... ok
[INFO] [stdout] 
[INFO] [stdout] test result: ok. 95 passed; 0 failed; 0 ignored; 0 measured; 0 filtered out; finished in 1.10s
[INFO] [stdout] 
[INFO] [stderr]      Running unittests src/main.rs (/opt/rustwide/target/release/build/zekurix-server/21fc3dedeae134c8/out/zekurix_server-21fc3dedeae134c8)
[INFO] [stdout] 
[INFO] [stdout] running 0 tests
[INFO] [stdout] 
[INFO] [stdout] test result: ok. 0 passed; 0 failed; 0 ignored; 0 measured; 0 filtered out; finished in 0.00s
[INFO] [stdout] 
[INFO] [stderr]      Running tests/integrations.rs (/opt/rustwide/target/release/build/zekurix-server/963b5c50c8a5cd09/out/integrations-963b5c50c8a5cd09)
[INFO] [stdout] 
[INFO] [stdout] running 38 tests
[INFO] [stdout] test settings::fixtures::should_load_and_validate_test_configuration ... ok
[INFO] [stdout] test settings::should_load_settings_from_toml ... ok
[INFO] [stdout] test settings::should_override_toml_with_cli_bind ... ok
[INFO] [stdout] test settings::should_load_humantime_settings_from_toml ... ok
[INFO] [stdout] test router::api_json::should_return_problem_details_for_missing_json_content_type ... FAILED
[INFO] [stdout] test router::routes::should_return_method_not_allowed_for_invalid_method ... FAILED
[INFO] [stdout] test router::x_request_id::should_generate_request_id_when_missing ... FAILED
[INFO] [stdout] test router::api_json::should_return_problem_details_for_json_data_error ... FAILED
[INFO] [stdout] test health::should_return_health_response ... FAILED
[INFO] [stdout] test settings::should_return_error_for_invalid_toml ... ok
[INFO] [stdout] test router::api_json::should_return_problem_details_for_json_syntax_error ... FAILED
[INFO] [stdout] test router::api_path::should_return_problem_details_for_path_rejection ... FAILED
[INFO] [stdout] test cli::should_display_version ... ok
[INFO] [stdout] test router::api_json::should_return_problem_details_for_json_bytes_rejection ... FAILED
[INFO] [stdout] test router::x_request_id::should_echo_request_id_when_provided ... FAILED
[INFO] [stdout] test router::routes::should_return_not_found_for_unknown_route ... FAILED
[INFO] [stdout] test cli::should_fail_if_invalid_arg ... ok
[INFO] [stdout] test openapi::should_return_openapi_spec ... FAILED
[INFO] [stdout] test settings::toml::should_load_example_configuration ... ok
[INFO] [stdout] test cli::should_fail_if_explicit_config_does_not_exist ... ok
[INFO] [stdout] test settings::should_return_error_for_unknown_fields_settings_server ... ok
[INFO] [stdout] test user::create::should_reject_invalid_user::too_long ... FAILED
[INFO] [stdout] test user::create::should_reject_invalid_user::two_characters ... FAILED
[INFO] [stdout] test user::get::should_create_and_get_multiple_users ... FAILED
[INFO] [stdout] test user::get::should_get_user ... FAILED
[INFO] [stdout] test settings::should_return_error_for_unknown_fields_settings_logging ... ok
[INFO] [stdout] test user::get::should_return_not_found_for_invalid_user_id ... FAILED
[INFO] [stdout] test user::create::should_reject_invalid_user::one_character ... FAILED
[INFO] [stdout] test settings::toml::should_load_dev_configuration ... ok
[INFO] [stdout] test settings::should_return_error_for_unknown_fields_settings_database ... ok
[INFO] [stdout] test settings::toml::should_load_test_configuration ... ok
[INFO] [stdout] test settings::should_return_error_for_unknown_fields_settings ... ok
[INFO] [stdout] test user::create::should_create_user ... FAILED
[INFO] [stdout] test user::create::should_reject_invalid_user::empty_username ... FAILED
[INFO] [stderr] error: test failed, to rerun pass `--test integrations`
[INFO] [stdout] test user::create::should_reject_unknown_fields ... FAILED
[INFO] [stdout] test user::create::should_return_unprocessable_entity_for_invalid_payload ... FAILED
[INFO] [stdout] test user::create::should_reject_invalid_user::invalid_characters ... FAILED
[INFO] [stdout] test user::create::should_return_conflict_for_existing_user ... FAILED
[INFO] [stdout] 
[INFO] [stdout] failures:
[INFO] [stdout] 
[INFO] [stdout] ---- router::api_json::should_return_problem_details_for_missing_json_content_type stdout ----
[INFO] [stdout] 
[INFO] [stdout] thread 'router::api_json::should_return_problem_details_for_missing_json_content_type' (4288) panicked at tests/common/test_app.rs:23:39:
[INFO] [stdout] called `Result::unwrap()` on an `Err` value: MissingEnvironmentVariable("ZEKURIX_DATABASE__PASSWORD")
[INFO] [stdout] stack backtrace:
[INFO] [stdout]    0:     0x555cc9242581 - <<std[617be2ca0a6fd877]::sys::backtrace::BacktraceLock>::print::DisplayBacktrace as core[a373ad73a504971]::fmt::Display>::fmt
[INFO] [stdout]    1:     0x555cc925c2aa - core[a373ad73a504971]::fmt::write
[INFO] [stdout]    2:     0x555cc924886c - <alloc[2e1b2a31b91974c5]::vec::Vec<u8> as core[a373ad73a504971]::io::write::Write>::write_fmt
[INFO] [stdout]    3:     0x555cc921aed6 - std[617be2ca0a6fd877]::panicking::default_hook::{closure#0}
[INFO] [stdout]    4:     0x555cc92395c9 - std[617be2ca0a6fd877]::panicking::default_hook
[INFO] [stdout]    5:     0x555cc8da19a0 - test[aada8e7e76ba119b]::test_main_inner::{closure#0}
[INFO] [stdout]    6:     0x555cc92398f2 - std[617be2ca0a6fd877]::panicking::panic_with_hook
[INFO] [stdout]    7:     0x555cc921af82 - std[617be2ca0a6fd877]::panicking::panic_handler::{closure#0}
[INFO] [stdout]    8:     0x555cc92131e9 - std[617be2ca0a6fd877]::sys::backtrace::__rust_end_short_backtrace::<std[617be2ca0a6fd877]::panicking::panic_handler::{closure#0}, !>
[INFO] [stdout]    9:     0x555cc921bf2d - __rustc[ea4f61d10b84890b]::rust_begin_unwind
[INFO] [stdout]   10:     0x555cc925ca8c - core[a373ad73a504971]::panicking::panic_fmt
[INFO] [stdout]   11:     0x555cc925c862 - core[a373ad73a504971]::result::unwrap_failed
[INFO] [stdout]   12:     0x555cc8cd9e6c - <integrations[babb4f52a939c131]::common::test_app::TestApplication>::new::{closure#0}
[INFO] [stdout]   13:     0x555cc8ce203c - integrations[babb4f52a939c131]::router::api_json::should_return_problem_details_for_missing_json_content_type::{closure#0}
[INFO] [stdout]   14:     0x555cc8d054e3 - <tokio[3072a846ce3870c6]::runtime::scheduler::current_thread::Context>::enter::<core[a373ad73a504971]::task::poll::Poll<()>, <tokio[3072a846ce3870c6]::runtime::scheduler::current_thread::CoreGuard>::block_on<core[a373ad73a504971]::pin::Pin<&mut core[a373ad73a504971]::pin::Pin<&mut dyn core[a373ad73a504971]::future::future::Future<Output = ()>>>>::{closure#0}::{closure#0}>
[INFO] [stdout]   15:     0x555cc8c6201c - <tokio[3072a846ce3870c6]::runtime::context::scoped::Scoped<tokio[3072a846ce3870c6]::runtime::scheduler::Context>>::set::<<tokio[3072a846ce3870c6]::runtime::scheduler::current_thread::CoreGuard>::enter<<tokio[3072a846ce3870c6]::runtime::scheduler::current_thread::CoreGuard>::block_on<core[a373ad73a504971]::pin::Pin<&mut core[a373ad73a504971]::pin::Pin<&mut dyn core[a373ad73a504971]::future::future::Future<Output = ()>>>>::{closure#0}, core[a373ad73a504971]::option::Option<()>>::{closure#0}, (alloc[2e1b2a31b91974c5]::boxed::Box<tokio[3072a846ce3870c6]::runtime::scheduler::current_thread::Core>, core[a373ad73a504971]::option::Option<()>)>
[INFO] [stdout]   16:     0x555cc8d021a7 - <tokio[3072a846ce3870c6]::runtime::runtime::Runtime>::block_on::<core[a373ad73a504971]::pin::Pin<&mut dyn core[a373ad73a504971]::future::future::Future<Output = ()>>>
[INFO] [stdout]   17:     0x555cc8ce3ecc - <integrations[babb4f52a939c131]::router::api_json::should_return_problem_details_for_missing_json_content_type::{closure#0} as core[a373ad73a504971]::ops::function::FnOnce<()>>::call_once
[INFO] [stdout]   18:     0x555cc8d94deb - test[aada8e7e76ba119b]::__rust_begin_short_backtrace::<core[a373ad73a504971]::result::Result<(), alloc[2e1b2a31b91974c5]::string::String>, fn() -> core[a373ad73a504971]::result::Result<(), alloc[2e1b2a31b91974c5]::string::String>>
[INFO] [stdout]   19:     0x555cc8da1fc5 - test[aada8e7e76ba119b]::run_test::{closure#0}
[INFO] [stdout]   20:     0x555cc8d9b8b4 - std[617be2ca0a6fd877]::sys::backtrace::__rust_begin_short_backtrace::<test[aada8e7e76ba119b]::run_test::{closure#1}, ()>
[INFO] [stdout]   21:     0x555cc8da5052 - <std[617be2ca0a6fd877]::thread::lifecycle::spawn_unchecked<test[aada8e7e76ba119b]::run_test::{closure#1}, ()>::{closure#1} as core[a373ad73a504971]::ops::function::FnOnce<()>>::call_once::{shim:vtable#0}
[INFO] [stdout]   22:     0x555cc924146f - <std[617be2ca0a6fd877]::sys::thread::unix::Thread>::new::thread_start
[INFO] [stdout]   23:     0x74cd77cb6dfa - <unknown>
[INFO] [stdout]   24:     0x74cd77d4a3d4 - clone
[INFO] [stdout]   25:                0x0 - <unknown>
[INFO] [stdout] 
[INFO] [stdout] ---- router::routes::should_return_method_not_allowed_for_invalid_method stdout ----
[INFO] [stdout] 
[INFO] [stdout] thread 'router::routes::should_return_method_not_allowed_for_invalid_method' (4290) panicked at tests/common/test_app.rs:23:39:
[INFO] [stdout] called `Result::unwrap()` on an `Err` value: MissingEnvironmentVariable("ZEKURIX_DATABASE__PASSWORD")
[INFO] [stdout] stack backtrace:
[INFO] [stdout]    0:     0x555cc9242581 - <<std[617be2ca0a6fd877]::sys::backtrace::BacktraceLock>::print::DisplayBacktrace as core[a373ad73a504971]::fmt::Display>::fmt
[INFO] [stdout]    1:     0x555cc925c2aa - core[a373ad73a504971]::fmt::write
[INFO] [stdout]    2:     0x555cc924886c - <alloc[2e1b2a31b91974c5]::vec::Vec<u8> as core[a373ad73a504971]::io::write::Write>::write_fmt
[INFO] [stdout]    3:     0x555cc921aed6 - std[617be2ca0a6fd877]::panicking::default_hook::{closure#0}
[INFO] [stdout]    4:     0x555cc92395c9 - std[617be2ca0a6fd877]::panicking::default_hook
[INFO] [stdout]    5:     0x555cc8da19a0 - test[aada8e7e76ba119b]::test_main_inner::{closure#0}
[INFO] [stdout]    6:     0x555cc92398f2 - std[617be2ca0a6fd877]::panicking::panic_with_hook
[INFO] [stdout]    7:     0x555cc921af82 - std[617be2ca0a6fd877]::panicking::panic_handler::{closure#0}
[INFO] [stdout]    8:     0x555cc92131e9 - std[617be2ca0a6fd877]::sys::backtrace::__rust_end_short_backtrace::<std[617be2ca0a6fd877]::panicking::panic_handler::{closure#0}, !>
[INFO] [stdout]    9:     0x555cc921bf2d - __rustc[ea4f61d10b84890b]::rust_begin_unwind
[INFO] [stdout]   10:     0x555cc925ca8c - core[a373ad73a504971]::panicking::panic_fmt
[INFO] [stdout]   11:     0x555cc925c862 - core[a373ad73a504971]::result::unwrap_failed
[INFO] [stdout]   12:     0x555cc8c1416c - <integrations[babb4f52a939c131]::common::test_app::TestApplication>::new::{closure#0}
[INFO] [stdout]   13:     0x555cc8c1b70c - integrations[babb4f52a939c131]::router::routes::should_return_method_not_allowed_for_invalid_method::{closure#0}
[INFO] [stdout]   14:     0x555cc8d054e3 - <tokio[3072a846ce3870c6]::runtime::scheduler::current_thread::Context>::enter::<core[a373ad73a504971]::task::poll::Poll<()>, <tokio[3072a846ce3870c6]::runtime::scheduler::current_thread::CoreGuard>::block_on<core[a373ad73a504971]::pin::Pin<&mut core[a373ad73a504971]::pin::Pin<&mut dyn core[a373ad73a504971]::future::future::Future<Output = ()>>>>::{closure#0}::{closure#0}>
[INFO] [stdout]   15:     0x555cc8c6201c - <tokio[3072a846ce3870c6]::runtime::context::scoped::Scoped<tokio[3072a846ce3870c6]::runtime::scheduler::Context>>::set::<<tokio[3072a846ce3870c6]::runtime::scheduler::current_thread::CoreGuard>::enter<<tokio[3072a846ce3870c6]::runtime::scheduler::current_thread::CoreGuard>::block_on<core[a373ad73a504971]::pin::Pin<&mut core[a373ad73a504971]::pin::Pin<&mut dyn core[a373ad73a504971]::future::future::Future<Output = ()>>>>::{closure#0}, core[a373ad73a504971]::option::Option<()>>::{closure#0}, (alloc[2e1b2a31b91974c5]::boxed::Box<tokio[3072a846ce3870c6]::runtime::scheduler::current_thread::Core>, core[a373ad73a504971]::option::Option<()>)>
[INFO] [stdout]   16:     0x555cc8d021a7 - <tokio[3072a846ce3870c6]::runtime::runtime::Runtime>::block_on::<core[a373ad73a504971]::pin::Pin<&mut dyn core[a373ad73a504971]::future::future::Future<Output = ()>>>
[INFO] [stdout]   17:     0x555cc8c1c98c - <integrations[babb4f52a939c131]::router::routes::should_return_method_not_allowed_for_invalid_method::{closure#0} as core[a373ad73a504971]::ops::function::FnOnce<()>>::call_once
[INFO] [stdout]   18:     0x555cc8d94deb - test[aada8e7e76ba119b]::__rust_begin_short_backtrace::<core[a373ad73a504971]::result::Result<(), alloc[2e1b2a31b91974c5]::string::String>, fn() -> core[a373ad73a504971]::result::Result<(), alloc[2e1b2a31b91974c5]::string::String>>
[INFO] [stdout]   19:     0x555cc8da1fc5 - test[aada8e7e76ba119b]::run_test::{closure#0}
[INFO] [stdout]   20:     0x555cc8d9b8b4 - std[617be2ca0a6fd877]::sys::backtrace::__rust_begin_short_backtrace::<test[aada8e7e76ba119b]::run_test::{closure#1}, ()>
[INFO] [stdout]   21:     0x555cc8da5052 - <std[617be2ca0a6fd877]::thread::lifecycle::spawn_unchecked<test[aada8e7e76ba119b]::run_test::{closure#1}, ()>::{closure#1} as core[a373ad73a504971]::ops::function::FnOnce<()>>::call_once::{shim:vtable#0}
[INFO] [stdout]   22:     0x555cc924146f - <std[617be2ca0a6fd877]::sys::thread::unix::Thread>::new::thread_start
[INFO] [stdout]   23:     0x74cd77cb6dfa - <unknown>
[INFO] [stdout]   24:     0x74cd77d4a3d4 - clone
[INFO] [stdout]   25:                0x0 - <unknown>
[INFO] [stdout] 
[INFO] [stdout] ---- router::x_request_id::should_generate_request_id_when_missing stdout ----
[INFO] [stdout] 
[INFO] [stdout] thread 'router::x_request_id::should_generate_request_id_when_missing' (4295) panicked at tests/common/test_app.rs:23:39:
[INFO] [stdout] called `Result::unwrap()` on an `Err` value: MissingEnvironmentVariable("ZEKURIX_DATABASE__PASSWORD")
[INFO] [stdout] stack backtrace:
[INFO] [stdout]    0:     0x555cc9242581 - <<std[617be2ca0a6fd877]::sys::backtrace::BacktraceLock>::print::DisplayBacktrace as core[a373ad73a504971]::fmt::Display>::fmt
[INFO] [stdout]    1:     0x555cc925c2aa - core[a373ad73a504971]::fmt::write
[INFO] [stdout]    2:     0x555cc924886c - <alloc[2e1b2a31b91974c5]::vec::Vec<u8> as core[a373ad73a504971]::io::write::Write>::write_fmt
[INFO] [stdout]    3:     0x555cc921aed6 - std[617be2ca0a6fd877]::panicking::default_hook::{closure#0}
[INFO] [stdout]    4:     0x555cc92395c9 - std[617be2ca0a6fd877]::panicking::default_hook
[INFO] [stdout]    5:     0x555cc8da19a0 - test[aada8e7e76ba119b]::test_main_inner::{closure#0}
[INFO] [stdout]    6:     0x555cc92398f2 - std[617be2ca0a6fd877]::panicking::panic_with_hook
[INFO] [stdout]    7:     0x555cc921af82 - std[617be2ca0a6fd877]::panicking::panic_handler::{closure#0}
[INFO] [stdout]    8:     0x555cc92131e9 - std[617be2ca0a6fd877]::sys::backtrace::__rust_end_short_backtrace::<std[617be2ca0a6fd877]::panicking::panic_handler::{closure#0}, !>
[INFO] [stdout]    9:     0x555cc921bf2d - __rustc[ea4f61d10b84890b]::rust_begin_unwind
[INFO] [stdout]   10:     0x555cc925ca8c - core[a373ad73a504971]::panicking::panic_fmt
[INFO] [stdout]   11:     0x555cc925c862 - core[a373ad73a504971]::result::unwrap_failed
[INFO] [stdout]   12:     0x555cc8d8c1cc - <integrations[babb4f52a939c131]::common::test_app::TestApplication>::new::{closure#0}
[INFO] [stdout]   13:     0x555cc8d9385c - integrations[babb4f52a939c131]::router::x_request_id::should_generate_request_id_when_missing::{closure#0}
[INFO] [stdout]   14:     0x555cc8d054e3 - <tokio[3072a846ce3870c6]::runtime::scheduler::current_thread::Context>::enter::<core[a373ad73a504971]::task::poll::Poll<()>, <tokio[3072a846ce3870c6]::runtime::scheduler::current_thread::CoreGuard>::block_on<core[a373ad73a504971]::pin::Pin<&mut core[a373ad73a504971]::pin::Pin<&mut dyn core[a373ad73a504971]::future::future::Future<Output = ()>>>>::{closure#0}::{closure#0}>
[INFO] [stdout]   15:     0x555cc8c6201c - <tokio[3072a846ce3870c6]::runtime::context::scoped::Scoped<tokio[3072a846ce3870c6]::runtime::scheduler::Context>>::set::<<tokio[3072a846ce3870c6]::runtime::scheduler::current_thread::CoreGuard>::enter<<tokio[3072a846ce3870c6]::runtime::scheduler::current_thread::CoreGuard>::block_on<core[a373ad73a504971]::pin::Pin<&mut core[a373ad73a504971]::pin::Pin<&mut dyn core[a373ad73a504971]::future::future::Future<Output = ()>>>>::{closure#0}, core[a373ad73a504971]::option::Option<()>>::{closure#0}, (alloc[2e1b2a31b91974c5]::boxed::Box<tokio[3072a846ce3870c6]::runtime::scheduler::current_thread::Core>, core[a373ad73a504971]::option::Option<()>)>
[INFO] [stdout]   16:     0x555cc8d021a7 - <tokio[3072a846ce3870c6]::runtime::runtime::Runtime>::block_on::<core[a373ad73a504971]::pin::Pin<&mut dyn core[a373ad73a504971]::future::future::Future<Output = ()>>>
[INFO] [stdout]   17:     0x555cc8d94c9c - <integrations[babb4f52a939c131]::router::x_request_id::should_generate_request_id_when_missing::{closure#0} as core[a373ad73a504971]::ops::function::FnOnce<()>>::call_once
[INFO] [stdout]   18:     0x555cc8d94deb - test[aada8e7e76ba119b]::__rust_begin_short_backtrace::<core[a373ad73a504971]::result::Result<(), alloc[2e1b2a31b91974c5]::string::String>, fn() -> core[a373ad73a504971]::result::Result<(), alloc[2e1b2a31b91974c5]::string::String>>
[INFO] [stdout]   19:     0x555cc8da1fc5 - test[aada8e7e76ba119b]::run_test::{closure#0}
[INFO] [stdout]   20:     0x555cc8d9b8b4 - std[617be2ca0a6fd877]::sys::backtrace::__rust_begin_short_backtrace::<test[aada8e7e76ba119b]::run_test::{closure#1}, ()>
[INFO] [stdout]   21:     0x555cc8da5052 - <std[617be2ca0a6fd877]::thread::lifecycle::spawn_unchecked<test[aada8e7e76ba119b]::run_test::{closure#1}, ()>::{closure#1} as core[a373ad73a504971]::ops::function::FnOnce<()>>::call_once::{shim:vtable#0}
[INFO] [stdout]   22:     0x555cc924146f - <std[617be2ca0a6fd877]::sys::thread::unix::Thread>::new::thread_start
[INFO] [stdout]   23:     0x74cd77cb6dfa - <unknown>
[INFO] [stdout]   24:     0x74cd77d4a3d4 - clone
[INFO] [stdout]   25:                0x0 - <unknown>
[INFO] [stdout] 
[INFO] [stdout] ---- router::api_json::should_return_problem_details_for_json_data_error stdout ----
[INFO] [stdout] 
[INFO] [stdout] thread 'router::api_json::should_return_problem_details_for_json_data_error' (4286) panicked at tests/common/test_app.rs:23:39:
[INFO] [stdout] called `Result::unwrap()` on an `Err` value: MissingEnvironmentVariable("ZEKURIX_DATABASE__PASSWORD")
[INFO] [stdout] stack backtrace:
[INFO] [stdout]    0:     0x555cc9242581 - <<std[617be2ca0a6fd877]::sys::backtrace::BacktraceLock>::print::DisplayBacktrace as core[a373ad73a504971]::fmt::Display>::fmt
[INFO] [stdout]    1:     0x555cc925c2aa - core[a373ad73a504971]::fmt::write
[INFO] [stdout]    2:     0x555cc924886c - <alloc[2e1b2a31b91974c5]::vec::Vec<u8> as core[a373ad73a504971]::io::write::Write>::write_fmt
[INFO] [stdout]    3:     0x555cc921aed6 - std[617be2ca0a6fd877]::panicking::default_hook::{closure#0}
[INFO] [stdout]    4:     0x555cc92395c9 - std[617be2ca0a6fd877]::panicking::default_hook
[INFO] [stdout]    5:     0x555cc8da19a0 - test[aada8e7e76ba119b]::test_main_inner::{closure#0}
[INFO] [stdout]    6:     0x555cc92398f2 - std[617be2ca0a6fd877]::panicking::panic_with_hook
[INFO] [stdout]    7:     0x555cc921af82 - std[617be2ca0a6fd877]::panicking::panic_handler::{closure#0}
[INFO] [stdout]    8:     0x555cc92131e9 - std[617be2ca0a6fd877]::sys::backtrace::__rust_end_short_backtrace::<std[617be2ca0a6fd877]::panicking::panic_handler::{closure#0}, !>
[INFO] [stdout]    9:     0x555cc921bf2d - __rustc[ea4f61d10b84890b]::rust_begin_unwind
[INFO] [stdout]   10:     0x555cc925ca8c - core[a373ad73a504971]::panicking::panic_fmt
[INFO] [stdout]   11:     0x555cc925c862 - core[a373ad73a504971]::result::unwrap_failed
[INFO] [stdout]   12:     0x555cc8cd9e6c - <integrations[babb4f52a939c131]::common::test_app::TestApplication>::new::{closure#0}
[INFO] [stdout]   13:     0x555cc8ce0ebc - integrations[babb4f52a939c131]::router::api_json::should_return_problem_details_for_json_data_error::{closure#0}
[INFO] [stdout]   14:     0x555cc8d054e3 - <tokio[3072a846ce3870c6]::runtime::scheduler::current_thread::Context>::enter::<core[a373ad73a504971]::task::poll::Poll<()>, <tokio[3072a846ce3870c6]::runtime::scheduler::current_thread::CoreGuard>::block_on<core[a373ad73a504971]::pin::Pin<&mut core[a373ad73a504971]::pin::Pin<&mut dyn core[a373ad73a504971]::future::future::Future<Output = ()>>>>::{closure#0}::{closure#0}>
[INFO] [stdout]   15:     0x555cc8c6201c - <tokio[3072a846ce3870c6]::runtime::context::scoped::Scoped<tokio[3072a846ce3870c6]::runtime::scheduler::Context>>::set::<<tokio[3072a846ce3870c6]::runtime::scheduler::current_thread::CoreGuard>::enter<<tokio[3072a846ce3870c6]::runtime::scheduler::current_thread::CoreGuard>::block_on<core[a373ad73a504971]::pin::Pin<&mut core[a373ad73a504971]::pin::Pin<&mut dyn core[a373ad73a504971]::future::future::Future<Output = ()>>>>::{closure#0}, core[a373ad73a504971]::option::Option<()>>::{closure#0}, (alloc[2e1b2a31b91974c5]::boxed::Box<tokio[3072a846ce3870c6]::runtime::scheduler::current_thread::Core>, core[a373ad73a504971]::option::Option<()>)>
[INFO] [stdout]   16:     0x555cc8d021a7 - <tokio[3072a846ce3870c6]::runtime::runtime::Runtime>::block_on::<core[a373ad73a504971]::pin::Pin<&mut dyn core[a373ad73a504971]::future::future::Future<Output = ()>>>
[INFO] [stdout]   17:     0x555cc8ce3a7c - <integrations[babb4f52a939c131]::router::api_json::should_return_problem_details_for_json_data_error::{closure#0} as core[a373ad73a504971]::ops::function::FnOnce<()>>::call_once
[INFO] [stdout]   18:     0x555cc8d94deb - test[aada8e7e76ba119b]::__rust_begin_short_backtrace::<core[a373ad73a504971]::result::Result<(), alloc[2e1b2a31b91974c5]::string::String>, fn() -> core[a373ad73a504971]::result::Result<(), alloc[2e1b2a31b91974c5]::string::String>>
[INFO] [stdout]   19:     0x555cc8da1fc5 - test[aada8e7e76ba119b]::run_test::{closure#0}
[INFO] [stdout]   20:     0x555cc8d9b8b4 - std[617be2ca0a6fd877]::sys::backtrace::__rust_begin_short_backtrace::<test[aada8e7e76ba119b]::run_test::{closure#1}, ()>
[INFO] [stdout]   21:     0x555cc8da5052 - <std[617be2ca0a6fd877]::thread::lifecycle::spawn_unchecked<test[aada8e7e76ba119b]::run_test::{closure#1}, ()>::{closure#1} as core[a373ad73a504971]::ops::function::FnOnce<()>>::call_once::{shim:vtable#0}
[INFO] [stdout]   22:     0x555cc924146f - <std[617be2ca0a6fd877]::sys::thread::unix::Thread>::new::thread_start
[INFO] [stdout]   23:     0x74cd77cb6dfa - <unknown>
[INFO] [stdout]   24:     0x74cd77d4a3d4 - clone
[INFO] [stdout]   25:                0x0 - <unknown>
[INFO] [stdout] 
[INFO] [stdout] ---- health::should_return_health_response stdout ----
[INFO] [stdout] 
[INFO] [stdout] thread 'health::should_return_health_response' (4283) panicked at tests/common/test_app.rs:23:39:
[INFO] [stdout] called `Result::unwrap()` on an `Err` value: MissingEnvironmentVariable("ZEKURIX_DATABASE__PASSWORD")
[INFO] [stdout] stack backtrace:
[INFO] [stdout]    0:     0x555cc9242581 - <<std[617be2ca0a6fd877]::sys::backtrace::BacktraceLock>::print::DisplayBacktrace as core[a373ad73a504971]::fmt::Display>::fmt
[INFO] [stdout]    1:     0x555cc925c2aa - core[a373ad73a504971]::fmt::write
[INFO] [stdout]    2:     0x555cc924886c - <alloc[2e1b2a31b91974c5]::vec::Vec<u8> as core[a373ad73a504971]::io::write::Write>::write_fmt
[INFO] [stdout]    3:     0x555cc921aed6 - std[617be2ca0a6fd877]::panicking::default_hook::{closure#0}
[INFO] [stdout]    4:     0x555cc92395c9 - std[617be2ca0a6fd877]::panicking::default_hook
[INFO] [stdout]    5:     0x555cc8da19a0 - test[aada8e7e76ba119b]::test_main_inner::{closure#0}
[INFO] [stdout]    6:     0x555cc92398f2 - std[617be2ca0a6fd877]::panicking::panic_with_hook
[INFO] [stdout]    7:     0x555cc921af82 - std[617be2ca0a6fd877]::panicking::panic_handler::{closure#0}
[INFO] [stdout]    8:     0x555cc92131e9 - std[617be2ca0a6fd877]::sys::backtrace::__rust_end_short_backtrace::<std[617be2ca0a6fd877]::panicking::panic_handler::{closure#0}, !>
[INFO] [stdout]    9:     0x555cc921bf2d - __rustc[ea4f61d10b84890b]::rust_begin_unwind
[INFO] [stdout]   10:     0x555cc925ca8c - core[a373ad73a504971]::panicking::panic_fmt
[INFO] [stdout]   11:     0x555cc925c862 - core[a373ad73a504971]::result::unwrap_failed
[INFO] [stdout]   12:     0x555cc8cbf26c - <integrations[babb4f52a939c131]::common::test_app::TestApplication>::new::{closure#0}
[INFO] [stdout]   13:     0x555cc8cc62bc - integrations[babb4f52a939c131]::health::should_return_health_response::{closure#0}
[INFO] [stdout]   14:     0x555cc8d054e3 - <tokio[3072a846ce3870c6]::runtime::scheduler::current_thread::Context>::enter::<core[a373ad73a504971]::task::poll::Poll<()>, <tokio[3072a846ce3870c6]::runtime::scheduler::current_thread::CoreGuard>::block_on<core[a373ad73a504971]::pin::Pin<&mut core[a373ad73a504971]::pin::Pin<&mut dyn core[a373ad73a504971]::future::future::Future<Output = ()>>>>::{closure#0}::{closure#0}>
[INFO] [stdout]   15:     0x555cc8c6201c - <tokio[3072a846ce3870c6]::runtime::context::scoped::Scoped<tokio[3072a846ce3870c6]::runtime::scheduler::Context>>::set::<<tokio[3072a846ce3870c6]::runtime::scheduler::current_thread::CoreGuard>::enter<<tokio[3072a846ce3870c6]::runtime::scheduler::current_thread::CoreGuard>::block_on<core[a373ad73a504971]::pin::Pin<&mut core[a373ad73a504971]::pin::Pin<&mut dyn core[a373ad73a504971]::future::future::Future<Output = ()>>>>::{closure#0}, core[a373ad73a504971]::option::Option<()>>::{closure#0}, (alloc[2e1b2a31b91974c5]::boxed::Box<tokio[3072a846ce3870c6]::runtime::scheduler::current_thread::Core>, core[a373ad73a504971]::option::Option<()>)>
[INFO] [stdout]   16:     0x555cc8d021a7 - <tokio[3072a846ce3870c6]::runtime::runtime::Runtime>::block_on::<core[a373ad73a504971]::pin::Pin<&mut dyn core[a373ad73a504971]::future::future::Future<Output = ()>>>
[INFO] [stdout]   17:     0x555cc8cc7b2c - <integrations[babb4f52a939c131]::health::should_return_health_response::{closure#0} as core[a373ad73a504971]::ops::function::FnOnce<()>>::call_once
[INFO] [stdout]   18:     0x555cc8d94deb - test[aada8e7e76ba119b]::__rust_begin_short_backtrace::<core[a373ad73a504971]::result::Result<(), alloc[2e1b2a31b91974c5]::string::String>, fn() -> core[a373ad73a504971]::result::Result<(), alloc[2e1b2a31b91974c5]::string::String>>
[INFO] [stdout]   19:     0x555cc8da1fc5 - test[aada8e7e76ba119b]::run_test::{closure#0}
[INFO] [stdout]   20:     0x555cc8d9b8b4 - std[617be2ca0a6fd877]::sys::backtrace::__rust_begin_short_backtrace::<test[aada8e7e76ba119b]::run_test::{closure#1}, ()>
[INFO] [stdout]   21:     0x555cc8da5052 - <std[617be2ca0a6fd877]::thread::lifecycle::spawn_unchecked<test[aada8e7e76ba119b]::run_test::{closure#1}, ()>::{closure#1} as core[a373ad73a504971]::ops::function::FnOnce<()>>::call_once::{shim:vtable#0}
[INFO] [stdout]   22:     0x555cc924146f - <std[617be2ca0a6fd877]::sys::thread::unix::Thread>::new::thread_start
[INFO] [stdout]   23:     0x74cd77cb6dfa - <unknown>
[INFO] [stdout]   24:     0x74cd77d4a3d4 - clone
[INFO] [stdout]   25:                0x0 - <unknown>
[INFO] [stdout] 
[INFO] [stdout] ---- router::api_json::should_return_problem_details_for_json_syntax_error stdout ----
[INFO] [stdout] 
[INFO] [stdout] thread 'router::api_json::should_return_problem_details_for_json_syntax_error' (4287) panicked at tests/common/test_app.rs:23:39:
[INFO] [stdout] called `Result::unwrap()` on an `Err` value: MissingEnvironmentVariable("ZEKURIX_DATABASE__PASSWORD")
[INFO] [stdout] stack backtrace:
[INFO] [stdout]    0:     0x555cc9242581 - <<std[617be2ca0a6fd877]::sys::backtrace::BacktraceLock>::print::DisplayBacktrace as core[a373ad73a504971]::fmt::Display>::fmt
[INFO] [stdout]    1:     0x555cc925c2aa - core[a373ad73a504971]::fmt::write
[INFO] [stdout]    2:     0x555cc924886c - <alloc[2e1b2a31b91974c5]::vec::Vec<u8> as core[a373ad73a504971]::io::write::Write>::write_fmt
[INFO] [stdout]    3:     0x555cc921aed6 - std[617be2ca0a6fd877]::panicking::default_hook::{closure#0}
[INFO] [stdout]    4:     0x555cc92395c9 - std[617be2ca0a6fd877]::panicking::default_hook
[INFO] [stdout]    5:     0x555cc8da19a0 - test[aada8e7e76ba119b]::test_main_inner::{closure#0}
[INFO] [stdout]    6:     0x555cc92398f2 - std[617be2ca0a6fd877]::panicking::panic_with_hook
[INFO] [stdout]    7:     0x555cc921af82 - std[617be2ca0a6fd877]::panicking::panic_handler::{closure#0}
[INFO] [stdout]    8:     0x555cc92131e9 - std[617be2ca0a6fd877]::sys::backtrace::__rust_end_short_backtrace::<std[617be2ca0a6fd877]::panicking::panic_handler::{closure#0}, !>
[INFO] [stdout]    9:     0x555cc921bf2d - __rustc[ea4f61d10b84890b]::rust_begin_unwind
[INFO] [stdout]   10:     0x555cc925ca8c - core[a373ad73a504971]::panicking::panic_fmt
[INFO] [stdout]   11:     0x555cc925c862 - core[a373ad73a504971]::result::unwrap_failed
[INFO] [stdout]   12:     0x555cc8cd9e6c - <integrations[babb4f52a939c131]::common::test_app::TestApplication>::new::{closure#0}
[INFO] [stdout]   13:     0x555cc8ce144c - integrations[babb4f52a939c131]::router::api_json::should_return_problem_details_for_json_syntax_error::{closure#0}
[INFO] [stdout]   14:     0x555cc8d054e3 - <tokio[3072a846ce3870c6]::runtime::scheduler::current_thread::Context>::enter::<core[a373ad73a504971]::task::poll::Poll<()>, <tokio[3072a846ce3870c6]::runtime::scheduler::current_thread::CoreGuard>::block_on<core[a373ad73a504971]::pin::Pin<&mut core[a373ad73a504971]::pin::Pin<&mut dyn core[a373ad73a504971]::future::future::Future<Output = ()>>>>::{closure#0}::{closure#0}>
[INFO] [stdout]   15:     0x555cc8c6201c - <tokio[3072a846ce3870c6]::runtime::context::scoped::Scoped<tokio[3072a846ce3870c6]::runtime::scheduler::Context>>::set::<<tokio[3072a846ce3870c6]::runtime::scheduler::current_thread::CoreGuard>::enter<<tokio[3072a846ce3870c6]::runtime::scheduler::current_thread::CoreGuard>::block_on<core[a373ad73a504971]::pin::Pin<&mut core[a373ad73a504971]::pin::Pin<&mut dyn core[a373ad73a504971]::future::future::Future<Output = ()>>>>::{closure#0}, core[a373ad73a504971]::option::Option<()>>::{closure#0}, (alloc[2e1b2a31b91974c5]::boxed::Box<tokio[3072a846ce3870c6]::runtime::scheduler::current_thread::Core>, core[a373ad73a504971]::option::Option<()>)>
[INFO] [stdout]   16:     0x555cc8d021a7 - <tokio[3072a846ce3870c6]::runtime::runtime::Runtime>::block_on::<core[a373ad73a504971]::pin::Pin<&mut dyn core[a373ad73a504971]::future::future::Future<Output = ()>>>
[INFO] [stdout]   17:     0x555cc8ce3bec - <integrations[babb4f52a939c131]::router::api_json::should_return_problem_details_for_json_syntax_error::{closure#0} as core[a373ad73a504971]::ops::function::FnOnce<()>>::call_once
[INFO] [stdout]   18:     0x555cc8d94deb - test[aada8e7e76ba119b]::__rust_begin_short_backtrace::<core[a373ad73a504971]::result::Result<(), alloc[2e1b2a31b91974c5]::string::String>, fn() -> core[a373ad73a504971]::result::Result<(), alloc[2e1b2a31b91974c5]::string::String>>
[INFO] [stdout]   19:     0x555cc8da1fc5 - test[aada8e7e76ba119b]::run_test::{closure#0}
[INFO] [stdout]   20:     0x555cc8d9b8b4 - std[617be2ca0a6fd877]::sys::backtrace::__rust_begin_short_backtrace::<test[aada8e7e76ba119b]::run_test::{closure#1}, ()>
[INFO] [stdout]   21:     0x555cc8da5052 - <std[617be2ca0a6fd877]::thread::lifecycle::spawn_unchecked<test[aada8e7e76ba119b]::run_test::{closure#1}, ()>::{closure#1} as core[a373ad73a504971]::ops::function::FnOnce<()>>::call_once::{shim:vtable#0}
[INFO] [stdout]   22:     0x555cc924146f - <std[617be2ca0a6fd877]::sys::thread::unix::Thread>::new::thread_start
[INFO] [stdout]   23:     0x74cd77cb6dfa - <unknown>
[INFO] [stdout]   24:     0x74cd77d4a3d4 - clone
[INFO] [stdout]   25:                0x0 - <unknown>
[INFO] [stdout] 
[INFO] [stdout] ---- router::api_path::should_return_problem_details_for_path_rejection stdout ----
[INFO] [stdout] 
[INFO] [stdout] thread 'router::api_path::should_return_problem_details_for_path_rejection' (4289) panicked at tests/common/test_app.rs:23:39:
[INFO] [stdout] called `Result::unwrap()` on an `Err` value: MissingEnvironmentVariable("ZEKURIX_DATABASE__PASSWORD")
[INFO] [stdout] stack backtrace:
[INFO] [stdout]    0:     0x555cc9242581 - <<std[617be2ca0a6fd877]::sys::backtrace::BacktraceLock>::print::DisplayBacktrace as core[a373ad73a504971]::fmt::Display>::fmt
[INFO] [stdout]    1:     0x555cc925c2aa - core[a373ad73a504971]::fmt::write
[INFO] [stdout]    2:     0x555cc924886c - <alloc[2e1b2a31b91974c5]::vec::Vec<u8> as core[a373ad73a504971]::io::write::Write>::write_fmt
[INFO] [stdout]    3:     0x555cc921aed6 - std[617be2ca0a6fd877]::panicking::default_hook::{closure#0}
[INFO] [stdout]    4:     0x555cc92395c9 - std[617be2ca0a6fd877]::panicking::default_hook
[INFO] [stdout]    5:     0x555cc8da19a0 - test[aada8e7e76ba119b]::test_main_inner::{closure#0}
[INFO] [stdout]    6:     0x555cc92398f2 - std[617be2ca0a6fd877]::panicking::panic_with_hook
[INFO] [stdout]    7:     0x555cc921af82 - std[617be2ca0a6fd877]::panicking::panic_handler::{closure#0}
[INFO] [stdout]    8:     0x555cc92131e9 - std[617be2ca0a6fd877]::sys::backtrace::__rust_end_short_backtrace::<std[617be2ca0a6fd877]::panicking::panic_handler::{closure#0}, !>
[INFO] [stdout]    9:     0x555cc921bf2d - __rustc[ea4f61d10b84890b]::rust_begin_unwind
[INFO] [stdout]   10:     0x555cc925ca8c - core[a373ad73a504971]::panicking::panic_fmt
[INFO] [stdout]   11:     0x555cc925c862 - core[a373ad73a504971]::result::unwrap_failed
[INFO] [stdout]   12:     0x555cc8d2afbc - <integrations[babb4f52a939c131]::common::test_app::TestApplication>::new::{closure#0}
[INFO] [stdout]   13:     0x555cc8d3200c - integrations[babb4f52a939c131]::router::api_path::should_return_problem_details_for_path_rejection::{closure#0}
[INFO] [stdout]   14:     0x555cc8d054e3 - <tokio[3072a846ce3870c6]::runtime::scheduler::current_thread::Context>::enter::<core[a373ad73a504971]::task::poll::Poll<()>, <tokio[3072a846ce3870c6]::runtime::scheduler::current_thread::CoreGuard>::block_on<core[a373ad73a504971]::pin::Pin<&mut core[a373ad73a504971]::pin::Pin<&mut dyn core[a373ad73a504971]::future::future::Future<Output = ()>>>>::{closure#0}::{closure#0}>
[INFO] [stdout]   15:     0x555cc8c6201c - <tokio[3072a846ce3870c6]::runtime::context::scoped::Scoped<tokio[3072a846ce3870c6]::runtime::scheduler::Context>>::set::<<tokio[3072a846ce3870c6]::runtime::scheduler::current_thread::CoreGuard>::enter<<tokio[3072a846ce3870c6]::runtime::scheduler::current_thread::CoreGuard>::block_on<core[a373ad73a504971]::pin::Pin<&mut core[a373ad73a504971]::pin::Pin<&mut dyn core[a373ad73a504971]::future::future::Future<Output = ()>>>>::{closure#0}, core[a373ad73a504971]::option::Option<()>>::{closure#0}, (alloc[2e1b2a31b91974c5]::boxed::Box<tokio[3072a846ce3870c6]::runtime::scheduler::current_thread::Core>, core[a373ad73a504971]::option::Option<()>)>
[INFO] [stdout]   16:     0x555cc8d021a7 - <tokio[3072a846ce3870c6]::runtime::runtime::Runtime>::block_on::<core[a373ad73a504971]::pin::Pin<&mut dyn core[a373ad73a504971]::future::future::Future<Output = ()>>>
[INFO] [stdout]   17:     0x555cc8d33cec - <integrations[babb4f52a939c131]::router::api_path::should_return_problem_details_for_path_rejection::{closure#0} as core[a373ad73a504971]::ops::function::FnOnce<()>>::call_once
[INFO] [stdout]   18:     0x555cc8d94deb - test[aada8e7e76ba119b]::__rust_begin_short_backtrace::<core[a373ad73a504971]::result::Result<(), alloc[2e1b2a31b91974c5]::string::String>, fn() -> core[a373ad73a504971]::result::Result<(), alloc[2e1b2a31b91974c5]::string::String>>
[INFO] [stdout]   19:     0x555cc8da1fc5 - test[aada8e7e76ba119b]::run_test::{closure#0}
[INFO] [stdout]   20:     0x555cc8d9b8b4 - std[617be2ca0a6fd877]::sys::backtrace::__rust_begin_short_backtrace::<test[aada8e7e76ba119b]::run_test::{closure#1}, ()>
[INFO] [stdout]   21:     0x555cc8da5052 - <std[617be2ca0a6fd877]::thread::lifecycle::spawn_unchecked<test[aada8e7e76ba119b]::run_test::{closure#1}, ()>::{closure#1} as core[a373ad73a504971]::ops::function::FnOnce<()>>::call_once::{shim:vtable#0}
[INFO] [stdout]   22:     0x555cc924146f - <std[617be2ca0a6fd877]::sys::thread::unix::Thread>::new::thread_start
[INFO] [stdout]   23:     0x74cd77cb6dfa - <unknown>
[INFO] [stdout]   24:     0x74cd77d4a3d4 - clone
[INFO] [stdout]   25:                0x0 - <unknown>
[INFO] [stdout] 
[INFO] [stdout] ---- router::api_json::should_return_problem_details_for_json_bytes_rejection stdout ----
[INFO] [stdout] 
[INFO] [stdout] thread 'router::api_json::should_return_problem_details_for_json_bytes_rejection' (4285) panicked at tests/common/test_app.rs:23:39:
[INFO] [stdout] called `Result::unwrap()` on an `Err` value: MissingEnvironmentVariable("ZEKURIX_DATABASE__PASSWORD")
[INFO] [stdout] stack backtrace:
[INFO] [stdout]    0:     0x555cc9242581 - <<std[617be2ca0a6fd877]::sys::backtrace::BacktraceLock>::print::DisplayBacktrace as core[a373ad73a504971]::fmt::Display>::fmt
[INFO] [stdout]    1:     0x555cc925c2aa - core[a373ad73a504971]::fmt::write
[INFO] [stdout]    2:     0x555cc924886c - <alloc[2e1b2a31b91974c5]::vec::Vec<u8> as core[a373ad73a504971]::io::write::Write>::write_fmt
[INFO] [stdout]    3:     0x555cc921aed6 - std[617be2ca0a6fd877]::panicking::default_hook::{closure#0}
[INFO] [stdout]    4:     0x555cc92395c9 - std[617be2ca0a6fd877]::panicking::default_hook
[INFO] [stdout]    5:     0x555cc8da19a0 - test[aada8e7e76ba119b]::test_main_inner::{closure#0}
[INFO] [stdout]    6:     0x555cc92398f2 - std[617be2ca0a6fd877]::panicking::panic_with_hook
[INFO] [stdout]    7:     0x555cc921af82 - std[617be2ca0a6fd877]::panicking::panic_handler::{closure#0}
[INFO] [stdout]    8:     0x555cc92131e9 - std[617be2ca0a6fd877]::sys::backtrace::__rust_end_short_backtrace::<std[617be2ca0a6fd877]::panicking::panic_handler::{closure#0}, !>
[INFO] [stdout]    9:     0x555cc921bf2d - __rustc[ea4f61d10b84890b]::rust_begin_unwind
[INFO] [stdout]   10:     0x555cc925ca8c - core[a373ad73a504971]::panicking::panic_fmt
[INFO] [stdout]   11:     0x555cc925c862 - core[a373ad73a504971]::result::unwrap_failed
[INFO] [stdout]   12:     0x555cc8cd9e6c - <integrations[babb4f52a939c131]::common::test_app::TestApplication>::new::{closure#0}
[INFO] [stdout]   13:     0x555cc8ce1a1c - integrations[babb4f52a939c131]::router::api_json::should_return_problem_details_for_json_bytes_rejection::{closure#0}
[INFO] [stdout]   14:     0x555cc8d054e3 - <tokio[3072a846ce3870c6]::runtime::scheduler::current_thread::Context>::enter::<core[a373ad73a504971]::task::poll::Poll<()>, <tokio[3072a846ce3870c6]::runtime::scheduler::current_thread::CoreGuard>::block_on<core[a373ad73a504971]::pin::Pin<&mut core[a373ad73a504971]::pin::Pin<&mut dyn core[a373ad73a504971]::future::future::Future<Output = ()>>>>::{closure#0}::{closure#0}>
[INFO] [stdout]   15:     0x555cc8c6201c - <tokio[3072a846ce3870c6]::runtime::context::scoped::Scoped<tokio[3072a846ce3870c6]::runtime::scheduler::Context>>::set::<<tokio[3072a846ce3870c6]::runtime::scheduler::current_thread::CoreGuard>::enter<<tokio[3072a846ce3870c6]::runtime::scheduler::current_thread::CoreGuard>::block_on<core[a373ad73a504971]::pin::Pin<&mut core[a373ad73a504971]::pin::Pin<&mut dyn core[a373ad73a504971]::future::future::Future<Output = ()>>>>::{closure#0}, core[a373ad73a504971]::option::Option<()>>::{closure#0}, (alloc[2e1b2a31b91974c5]::boxed::Box<tokio[3072a846ce3870c6]::runtime::scheduler::current_thread::Core>, core[a373ad73a504971]::option::Option<()>)>
[INFO] [stdout]   16:     0x555cc8d021a7 - <tokio[3072a846ce3870c6]::runtime::runtime::Runtime>::block_on::<core[a373ad73a504971]::pin::Pin<&mut dyn core[a373ad73a504971]::future::future::Future<Output = ()>>>
[INFO] [stdout]   17:     0x555cc8ce3d5c - <integrations[babb4f52a939c131]::router::api_json::should_return_problem_details_for_json_bytes_rejection::{closure#0} as core[a373ad73a504971]::ops::function::FnOnce<()>>::call_once
[INFO] [stdout]   18:     0x555cc8d94deb - test[aada8e7e76ba119b]::__rust_begin_short_backtrace::<core[a373ad73a504971]::result::Result<(), alloc[2e1b2a31b91974c5]::string::String>, fn() -> core[a373ad73a504971]::result::Result<(), alloc[2e1b2a31b91974c5]::string::String>>
[INFO] [stdout]   19:     0x555cc8da1fc5 - test[aada8e7e76ba119b]::run_test::{closure#0}
[INFO] [stdout]   20:     0x555cc8d9b8b4 - std[617be2ca0a6fd877]::sys::backtrace::__rust_begin_short_backtrace::<test[aada8e7e76ba119b]::run_test::{closure#1}, ()>
[INFO] [stdout]   21:     0x555cc8da5052 - <std[617be2ca0a6fd877]::thread::lifecycle::spawn_unchecked<test[aada8e7e76ba119b]::run_test::{closure#1}, ()>::{closure#1} as core[a373ad73a504971]::ops::function::FnOnce<()>>::call_once::{shim:vtable#0}
[INFO] [stdout]   22:     0x555cc924146f - <std[617be2ca0a6fd877]::sys::thread::unix::Thread>::new::thread_start
[INFO] [stdout]   23:     0x74cd77cb6dfa - <unknown>
[INFO] [stdout]   24:     0x74cd77d4a3d4 - clone
[INFO] [stdout]   25:                0x0 - <unknown>
[INFO] [stdout] 
[INFO] [stdout] ---- router::x_request_id::should_echo_request_id_when_provided stdout ----
[INFO] [stdout] 
[INFO] [stdout] thread 'router::x_request_id::should_echo_request_id_when_provided' (4294) panicked at tests/common/test_app.rs:23:39:
[INFO] [stdout] called `Result::unwrap()` on an `Err` value: MissingEnvironmentVariable("ZEKURIX_DATABASE__PASSWORD")
[INFO] [stdout] stack backtrace:
[INFO] [stdout]    0:     0x555cc9242581 - <<std[617be2ca0a6fd877]::sys::backtrace::BacktraceLock>::print::DisplayBacktrace as core[a373ad73a504971]::fmt::Display>::fmt
[INFO] [stdout]    1:     0x555cc925c2aa - core[a373ad73a504971]::fmt::write
[INFO] [stdout]    2:     0x555cc924886c - <alloc[2e1b2a31b91974c5]::vec::Vec<u8> as core[a373ad73a504971]::io::write::Write>::write_fmt
[INFO] [stdout]    3:     0x555cc921aed6 - std[617be2ca0a6fd877]::panicking::default_hook::{closure#0}
[INFO] [stdout]    4:     0x555cc92395c9 - std[617be2ca0a6fd877]::panicking::default_hook
[INFO] [stdout]    5:     0x555cc8da19a0 - test[aada8e7e76ba119b]::test_main_inner::{closure#0}
[INFO] [stdout]    6:     0x555cc92398f2 - std[617be2ca0a6fd877]::panicking::panic_with_hook
[INFO] [stdout]    7:     0x555cc921af82 - std[617be2ca0a6fd877]::panicking::panic_handler::{closure#0}
[INFO] [stdout]    8:     0x555cc92131e9 - std[617be2ca0a6fd877]::sys::backtrace::__rust_end_short_backtrace::<std[617be2ca0a6fd877]::panicking::panic_handler::{closure#0}, !>
[INFO] [stdout]    9:     0x555cc921bf2d - __rustc[ea4f61d10b84890b]::rust_begin_unwind
[INFO] [stdout]   10:     0x555cc925ca8c - core[a373ad73a504971]::panicking::panic_fmt
[INFO] [stdout]   11:     0x555cc925c862 - core[a373ad73a504971]::result::unwrap_failed
[INFO] [stdout]   12:     0x555cc8d8c1cc - <integrations[babb4f52a939c131]::common::test_app::TestApplication>::new::{closure#0}
[INFO] [stdout]   13:     0x555cc8d9321c - integrations[babb4f52a939c131]::router::x_request_id::should_echo_request_id_when_provided::{closure#0}
[INFO] [stdout]   14:     0x555cc8d054e3 - <tokio[3072a846ce3870c6]::runtime::scheduler::current_thread::Context>::enter::<core[a373ad73a504971]::task::poll::Poll<()>, <tokio[3072a846ce3870c6]::runtime::scheduler::current_thread::CoreGuard>::block_on<core[a373ad73a504971]::pin::Pin<&mut core[a373ad73a504971]::pin::Pin<&mut dyn core[a373ad73a504971]::future::future::Future<Output = ()>>>>::{closure#0}::{closure#0}>
[INFO] [stdout]   15:     0x555cc8c6201c - <tokio[3072a846ce3870c6]::runtime::context::scoped::Scoped<tokio[3072a846ce3870c6]::runtime::scheduler::Context>>::set::<<tokio[3072a846ce3870c6]::runtime::scheduler::current_thread::CoreGuard>::enter<<tokio[3072a846ce3870c6]::runtime::scheduler::current_thread::CoreGuard>::block_on<core[a373ad73a504971]::pin::Pin<&mut core[a373ad73a504971]::pin::Pin<&mut dyn core[a373ad73a504971]::future::future::Future<Output = ()>>>>::{closure#0}, core[a373ad73a504971]::option::Option<()>>::{closure#0}, (alloc[2e1b2a31b91974c5]::boxed::Box<tokio[3072a846ce3870c6]::runtime::scheduler::current_thread::Core>, core[a373ad73a504971]::option::Option<()>)>
[INFO] [stdout]   16:     0x555cc8d021a7 - <tokio[3072a846ce3870c6]::runtime::runtime::Runtime>::block_on::<core[a373ad73a504971]::pin::Pin<&mut dyn core[a373ad73a504971]::future::future::Future<Output = ()>>>
[INFO] [stdout]   17:     0x555cc8d94b2c - <integrations[babb4f52a939c131]::router::x_request_id::should_echo_request_id_when_provided::{closure#0} as core[a373ad73a504971]::ops::function::FnOnce<()>>::call_once
[INFO] [stdout]   18:     0x555cc8d94deb - test[aada8e7e76ba119b]::__rust_begin_short_backtrace::<core[a373ad73a504971]::result::Result<(), alloc[2e1b2a31b91974c5]::string::String>, fn() -> core[a373ad73a504971]::result::Result<(), alloc[2e1b2a31b91974c5]::string::String>>
[INFO] [stdout]   19:     0x555cc8da1fc5 - test[aada8e7e76ba119b]::run_test::{closure#0}
[INFO] [stdout]   20:     0x555cc8d9b8b4 - std[617be2ca0a6fd877]::sys::backtrace::__rust_begin_short_backtrace::<test[aada8e7e76ba119b]::run_test::{closure#1}, ()>
[INFO] [stdout]   21:     0x555cc8da5052 - <std[617be2ca0a6fd877]::thread::lifecycle::spawn_unchecked<test[aada8e7e76ba119b]::run_test::{closure#1}, ()>::{closure#1} as core[a373ad73a504971]::ops::function::FnOnce<()>>::call_once::{shim:vtable#0}
[INFO] [stdout]   22:     0x555cc924146f - <std[617be2ca0a6fd877]::sys::thread::unix::Thread>::new::thread_start
[INFO] [stdout]   23:     0x74cd77cb6dfa - <unknown>
[INFO] [stdout]   24:     0x74cd77d4a3d4 - clone
[INFO] [stdout]   25:                0x0 - <unknown>
[INFO] [stdout] 
[INFO] [stdout] ---- router::routes::should_return_not_found_for_unknown_route stdout ----
[INFO] [stdout] 
[INFO] [stdout] thread 'router::routes::should_return_not_found_for_unknown_route' (4291) panicked at tests/common/test_app.rs:23:39:
[INFO] [stdout] called `Result::unwrap()` on an `Err` value: MissingEnvironmentVariable("ZEKURIX_DATABASE__PASSWORD")
[INFO] [stdout] stack backtrace:
[INFO] [stdout]    0:     0x555cc9242581 - <<std[617be2ca0a6fd877]::sys::backtrace::BacktraceLock>::print::DisplayBacktrace as core[a373ad73a504971]::fmt::Display>::fmt
[INFO] [stdout]    1:     0x555cc925c2aa - core[a373ad73a504971]::fmt::write
[INFO] [stdout]    2:     0x555cc924886c - <alloc[2e1b2a31b91974c5]::vec::Vec<u8> as core[a373ad73a504971]::io::write::Write>::write_fmt
[INFO] [stdout]    3:     0x555cc921aed6 - std[617be2ca0a6fd877]::panicking::default_hook::{closure#0}
[INFO] [stdout]    4:     0x555cc92395c9 - std[617be2ca0a6fd877]::panicking::default_hook
[INFO] [stdout]    5:     0x555cc8da19a0 - test[aada8e7e76ba119b]::test_main_inner::{closure#0}
[INFO] [stdout]    6:     0x555cc92398f2 - std[617be2ca0a6fd877]::panicking::panic_with_hook
[INFO] [stdout]    7:     0x555cc921af82 - std[617be2ca0a6fd877]::panicking::panic_handler::{closure#0}
[INFO] [stdout]    8:     0x555cc92131e9 - std[617be2ca0a6fd877]::sys::backtrace::__rust_end_short_backtrace::<std[617be2ca0a6fd877]::panicking::panic_handler::{closure#0}, !>
[INFO] [stdout]    9:     0x555cc921bf2d - __rustc[ea4f61d10b84890b]::rust_begin_unwind
[INFO] [stdout]   10:     0x555cc925ca8c - core[a373ad73a504971]::panicking::panic_fmt
[INFO] [stdout]   11:     0x555cc925c862 - core[a373ad73a504971]::result::unwrap_failed
[INFO] [stdout]   12:     0x555cc8c1416c - <integrations[babb4f52a939c131]::common::test_app::TestApplication>::new::{closure#0}
[INFO] [stdout]   13:     0x555cc8c1b1bc - integrations[babb4f52a939c131]::router::routes::should_return_not_found_for_unknown_route::{closure#0}
[INFO] [stdout]   14:     0x555cc8d054e3 - <tokio[3072a846ce3870c6]::runtime::scheduler::current_thread::Context>::enter::<core[a373ad73a504971]::task::poll::Poll<()>, <tokio[3072a846ce3870c6]::runtime::scheduler::current_thread::CoreGuard>::block_on<core[a373ad73a504971]::pin::Pin<&mut core[a373ad73a504971]::pin::Pin<&mut dyn core[a373ad73a504971]::future::future::Future<Output = ()>>>>::{closure#0}::{closure#0}>
[INFO] [stdout]   15:     0x555cc8c6201c - <tokio[3072a846ce3870c6]::runtime::context::scoped::Scoped<tokio[3072a846ce3870c6]::runtime::scheduler::Context>>::set::<<tokio[3072a846ce3870c6]::runtime::scheduler::current_thread::CoreGuard>::enter<<tokio[3072a846ce3870c6]::runtime::scheduler::current_thread::CoreGuard>::block_on<core[a373ad73a504971]::pin::Pin<&mut core[a373ad73a504971]::pin::Pin<&mut dyn core[a373ad73a504971]::future::future::Future<Output = ()>>>>::{closure#0}, core[a373ad73a504971]::option::Option<()>>::{closure#0}, (alloc[2e1b2a31b91974c5]::boxed::Box<tokio[3072a846ce3870c6]::runtime::scheduler::current_thread::Core>, core[a373ad73a504971]::option::Option<()>)>
[INFO] [stdout]   16:     0x555cc8d021a7 - <tokio[3072a846ce3870c6]::runtime::runtime::Runtime>::block_on::<core[a373ad73a504971]::pin::Pin<&mut dyn core[a373ad73a504971]::future::future::Future<Output = ()>>>
[INFO] [stdout]   17:     0x555cc8c1c81c - <integrations[babb4f52a939c131]::router::routes::should_return_not_found_for_unknown_route::{closure#0} as core[a373ad73a504971]::ops::function::FnOnce<()>>::call_once
[INFO] [stdout]   18:     0x555cc8d94deb - test[aada8e7e76ba119b]::__rust_begin_short_backtrace::<core[a373ad73a504971]::result::Result<(), alloc[2e1b2a31b91974c5]::string::String>, fn() -> core[a373ad73a504971]::result::Result<(), alloc[2e1b2a31b91974c5]::string::String>>
[INFO] [stdout]   19:     0x555cc8da1fc5 - test[aada8e7e76ba119b]::run_test::{closure#0}
[INFO] [stdout]   20:     0x555cc8d9b8b4 - std[617be2ca0a6fd877]::sys::backtrace::__rust_begin_short_backtrace::<test[aada8e7e76ba119b]::run_test::{closure#1}, ()>
[INFO] [stdout]   21:     0x555cc8da5052 - <std[617be2ca0a6fd877]::thread::lifecycle::spawn_unchecked<test[aada8e7e76ba119b]::run_test::{closure#1}, ()>::{closure#1} as core[a373ad73a504971]::ops::function::FnOnce<()>>::call_once::{shim:vtable#0}
[INFO] [stdout]   22:     0x555cc924146f - <std[617be2ca0a6fd877]::sys::thread::unix::Thread>::new::thread_start
[INFO] [stdout]   23:     0x74cd77cb6dfa - <unknown>
[INFO] [stdout]   24:     0x74cd77d4a3d4 - clone
[INFO] [stdout]   25:                0x0 - <unknown>
[INFO] [stdout] 
[INFO] [stdout] ---- openapi::should_return_openapi_spec stdout ----
[INFO] [stdout] 
[INFO] [stdout] thread 'openapi::should_return_openapi_spec' (4284) panicked at tests/common/test_app.rs:23:39:
[INFO] [stdout] called `Result::unwrap()` on an `Err` value: MissingEnvironmentVariable("ZEKURIX_DATABASE__PASSWORD")
[INFO] [stdout] stack backtrace:
[INFO] [stdout]    0:     0x555cc9242581 - <<std[617be2ca0a6fd877]::sys::backtrace::BacktraceLock>::print::DisplayBacktrace as core[a373ad73a504971]::fmt::Display>::fmt
[INFO] [stdout]    1:     0x555cc925c2aa - core[a373ad73a504971]::fmt::write
[INFO] [stdout]    2:     0x555cc924886c - <alloc[2e1b2a31b91974c5]::vec::Vec<u8> as core[a373ad73a504971]::io::write::Write>::write_fmt
[INFO] [stdout]    3:     0x555cc921aed6 - std[617be2ca0a6fd877]::panicking::default_hook::{closure#0}
[INFO] [stdout]    4:     0x555cc92395c9 - std[617be2ca0a6fd877]::panicking::default_hook
[INFO] [stdout]    5:     0x555cc8da19a0 - test[aada8e7e76ba119b]::test_main_inner::{closure#0}
[INFO] [stdout]    6:     0x555cc92398f2 - std[617be2ca0a6fd877]::panicking::panic_with_hook
[INFO] [stdout]    7:     0x555cc921af82 - std[617be2ca0a6fd877]::panicking::panic_handler::{closure#0}
[INFO] [stdout]    8:     0x555cc92131e9 - std[617be2ca0a6fd877]::sys::backtrace::__rust_end_short_backtrace::<std[617be2ca0a6fd877]::panicking::panic_handler::{closure#0}, !>
[INFO] [stdout]    9:     0x555cc921bf2d - __rustc[ea4f61d10b84890b]::rust_begin_unwind
[INFO] [stdout]   10:     0x555cc925ca8c - core[a373ad73a504971]::panicking::panic_fmt
[INFO] [stdout]   11:     0x555cc925c862 - core[a373ad73a504971]::result::unwrap_failed
[INFO] [stdout]   12:     0x555cc8ca3e5c - <integrations[babb4f52a939c131]::common::test_app::TestApplication>::new::{closure#0}
[INFO] [stdout]   13:     0x555cc8caaeac - integrations[babb4f52a939c131]::openapi::should_return_openapi_spec::{closure#0}
[INFO] [stdout]   14:     0x555cc8d054e3 - <tokio[3072a846ce3870c6]::runtime::scheduler::current_thread::Context>::enter::<core[a373ad73a504971]::task::poll::Poll<()>, <tokio[3072a846ce3870c6]::runtime::scheduler::current_thread::CoreGuard>::block_on<core[a373ad73a504971]::pin::Pin<&mut core[a373ad73a504971]::pin::Pin<&mut dyn core[a373ad73a504971]::future::future::Future<Output = ()>>>>::{closure#0}::{closure#0}>
[INFO] [stdout]   15:     0x555cc8c6201c - <tokio[3072a846ce3870c6]::runtime::context::scoped::Scoped<tokio[3072a846ce3870c6]::runtime::scheduler::Context>>::set::<<tokio[3072a846ce3870c6]::runtime::scheduler::current_thread::CoreGuard>::enter<<tokio[3072a846ce3870c6]::runtime::scheduler::current_thread::CoreGuard>::block_on<core[a373ad73a504971]::pin::Pin<&mut core[a373ad73a504971]::pin::Pin<&mut dyn core[a373ad73a504971]::future::future::Future<Output = ()>>>>::{closure#0}, core[a373ad73a504971]::option::Option<()>>::{closure#0}, (alloc[2e1b2a31b91974c5]::boxed::Box<tokio[3072a846ce3870c6]::runtime::scheduler::current_thread::Core>, core[a373ad73a504971]::option::Option<()>)>
[INFO] [stdout]   16:     0x555cc8d021a7 - <tokio[3072a846ce3870c6]::runtime::runtime::Runtime>::block_on::<core[a373ad73a504971]::pin::Pin<&mut dyn core[a373ad73a504971]::future::future::Future<Output = ()>>>
[INFO] [stdout]   17:     0x555cc8cad4fc - <integrations[babb4f52a939c131]::openapi::should_return_openapi_spec::{closure#0} as core[a373ad73a504971]::ops::function::FnOnce<()>>::call_once
[INFO] [stdout]   18:     0x555cc8d94deb - test[aada8e7e76ba119b]::__rust_begin_short_backtrace::<core[a373ad73a504971]::result::Result<(), alloc[2e1b2a31b91974c5]::string::String>, fn() -> core[a373ad73a504971]::result::Result<(), alloc[2e1b2a31b91974c5]::string::String>>
[INFO] [stdout]   19:     0x555cc8da1fc5 - test[aada8e7e76ba119b]::run_test::{closure#0}
[INFO] [stdout]   20:     0x555cc8d9b8b4 - std[617be2ca0a6fd877]::sys::backtrace::__rust_begin_short_backtrace::<test[aada8e7e76ba119b]::run_test::{closure#1}, ()>
[INFO] [stdout]   21:     0x555cc8da5052 - <std[617be2ca0a6fd877]::thread::lifecycle::spawn_unchecked<test[aada8e7e76ba119b]::run_test::{closure#1}, ()>::{closure#1} as core[a373ad73a504971]::ops::function::FnOnce<()>>::call_once::{shim:vtable#0}
[INFO] [stdout]   22:     0x555cc924146f - <std[617be2ca0a6fd877]::sys::thread::unix::Thread>::new::thread_start
[INFO] [stdout]   23:     0x74cd77cb6dfa - <unknown>
[INFO] [stdout]   24:     0x74cd77d4a3d4 - clone
[INFO] [stdout]   25:                0x0 - <unknown>
[INFO] [stdout] 
[INFO] [stdout] ---- user::create::should_reject_invalid_user::too_long stdout ----
[INFO] [stdout] 
[INFO] [stdout] thread 'user::create::should_reject_invalid_user::too_long' (4367) panicked at tests/common/test_app.rs:23:39:
[INFO] [stdout] called `Result::unwrap()` on an `Err` value: MissingEnvironmentVariable("ZEKURIX_DATABASE__PASSWORD")
[INFO] [stdout] stack backtrace:
[INFO] [stdout]    0:     0x555cc9242581 - <<std[617be2ca0a6fd877]::sys::backtrace::BacktraceLock>::print::DisplayBacktrace as core[a373ad73a504971]::fmt::Display>::fmt
[INFO] [stdout]    1:     0x555cc925c2aa - core[a373ad73a504971]::fmt::write
[INFO] [stdout]    2:     0x555cc924886c - <alloc[2e1b2a31b91974c5]::vec::Vec<u8> as core[a373ad73a504971]::io::write::Write>::write_fmt
[INFO] [stdout]    3:     0x555cc921aed6 - std[617be2ca0a6fd877]::panicking::default_hook::{closure#0}
[INFO] [stdout]    4:     0x555cc92395c9 - std[617be2ca0a6fd877]::panicking::default_hook
[INFO] [stdout]    5:     0x555cc8da19a0 - test[aada8e7e76ba119b]::test_main_inner::{closure#0}
[INFO] [stdout]    6:     0x555cc92398f2 - std[617be2ca0a6fd877]::panicking::panic_with_hook
[INFO] [stdout]    7:     0x555cc921af82 - std[617be2ca0a6fd877]::panicking::panic_handler::{closure#0}
[INFO] [stdout]    8:     0x555cc92131e9 - std[617be2ca0a6fd877]::sys::backtrace::__rust_end_short_backtrace::<std[617be2ca0a6fd877]::panicking::panic_handler::{closure#0}, !>
[INFO] [stdout]    9:     0x555cc921bf2d - __rustc[ea4f61d10b84890b]::rust_begin_unwind
[INFO] [stdout]   10:     0x555cc925ca8c - core[a373ad73a504971]::panicking::panic_fmt
[INFO] [stdout]   11:     0x555cc925c862 - core[a373ad73a504971]::result::unwrap_failed
[INFO] [stdout]   12:     0x555cc8d62a0c - <integrations[babb4f52a939c131]::common::test_app::TestApplication>::new::{closure#0}
[INFO] [stdout]   13:     0x555cc8d69a68 - integrations[babb4f52a939c131]::user::create::should_reject_invalid_user::{closure#0}
[INFO] [stdout]   14:     0x555cc8d6a42f - integrations[babb4f52a939c131]::user::create::should_reject_invalid_user::too_long::{closure#0}
[INFO] [stdout]   15:     0x555cc8d054e3 - <tokio[3072a846ce3870c6]::runtime::scheduler::current_thread::Context>::enter::<core[a373ad73a504971]::task::poll::Poll<()>, <tokio[3072a846ce3870c6]::runtime::scheduler::current_thread::CoreGuard>::block_on<core[a373ad73a504971]::pin::Pin<&mut core[a373ad73a504971]::pin::Pin<&mut dyn core[a373ad73a504971]::future::future::Future<Output = ()>>>>::{closure#0}::{closure#0}>
[INFO] [stdout]   16:     0x555cc8c6201c - <tokio[3072a846ce3870c6]::runtime::context::scoped::Scoped<tokio[3072a846ce3870c6]::runtime::scheduler::Context>>::set::<<tokio[3072a846ce3870c6]::runtime::scheduler::current_thread::CoreGuard>::enter<<tokio[3072a846ce3870c6]::runtime::scheduler::current_thread::CoreGuard>::block_on<core[a373ad73a504971]::pin::Pin<&mut core[a373ad73a504971]::pin::Pin<&mut dyn core[a373ad73a504971]::future::future::Future<Output = ()>>>>::{closure#0}, core[a373ad73a504971]::option::Option<()>>::{closure#0}, (alloc[2e1b2a31b91974c5]::boxed::Box<tokio[3072a846ce3870c6]::runtime::scheduler::current_thread::Core>, core[a373ad73a504971]::option::Option<()>)>
[INFO] [stdout]   17:     0x555cc8d021a7 - <tokio[3072a846ce3870c6]::runtime::runtime::Runtime>::block_on::<core[a373ad73a504971]::pin::Pin<&mut dyn core[a373ad73a504971]::future::future::Future<Output = ()>>>
[INFO] [stdout]   18:     0x555cc8d6ba5c - <integrations[babb4f52a939c131]::user::create::should_reject_invalid_user::too_long::{closure#0} as core[a373ad73a504971]::ops::function::FnOnce<()>>::call_once
[INFO] [stdout]   19:     0x555cc8d94deb - test[aada8e7e76ba119b]::__rust_begin_short_backtrace::<core[a373ad73a504971]::result::Result<(), alloc[2e1b2a31b91974c5]::string::String>, fn() -> core[a373ad73a504971]::result::Result<(), alloc[2e1b2a31b91974c5]::string::String>>
[INFO] [stdout]   20:     0x555cc8da1fc5 - test[aada8e7e76ba119b]::run_test::{closure#0}
[INFO] [stdout]   21:     0x555cc8d9b8b4 - std[617be2ca0a6fd877]::sys::backtrace::__rust_begin_short_backtrace::<test[aada8e7e76ba119b]::run_test::{closure#1}, ()>
[INFO] [stdout]   22:     0x555cc8da5052 - <std[617be2ca0a6fd877]::thread::lifecycle::spawn_unchecked<test[aada8e7e76ba119b]::run_test::{closure#1}, ()>::{closure#1} as core[a373ad73a504971]::ops::function::FnOnce<()>>::call_once::{shim:vtable#0}
[INFO] [stdout]   23:     0x555cc924146f - <std[617be2ca0a6fd877]::sys::thread::unix::Thread>::new::thread_start
[INFO] [stdout]   24:     0x74cd77cb6dfa - <unknown>
[INFO] [stdout]   25:     0x74cd77d4a3d4 - clone
[INFO] [stdout]   26:                0x0 - <unknown>
[INFO] [stdout] 
[INFO] [stdout] ---- user::create::should_reject_invalid_user::two_characters stdout ----
[INFO] [stdout] 
[INFO] [stdout] thread 'user::create::should_reject_invalid_user::two_characters' (4368) panicked at tests/common/test_app.rs:23:39:
[INFO] [stdout] called `Result::unwrap()` on an `Err` value: MissingEnvironmentVariable("ZEKURIX_DATABASE__PASSWORD")
[INFO] [stdout] stack backtrace:
[INFO] [stdout]    0:     0x555cc9242581 - <<std[617be2ca0a6fd877]::sys::backtrace::BacktraceLock>::print::DisplayBacktrace as core[a373ad73a504971]::fmt::Display>::fmt
[INFO] [stdout]    1:     0x555cc925c2aa - core[a373ad73a504971]::fmt::write
[INFO] [stdout]    2:     0x555cc924886c - <alloc[2e1b2a31b91974c5]::vec::Vec<u8> as core[a373ad73a504971]::io::write::Write>::write_fmt
[INFO] [stdout]    3:     0x555cc921aed6 - std[617be2ca0a6fd877]::panicking::default_hook::{closure#0}
[INFO] [stdout]    4:     0x555cc92395c9 - std[617be2ca0a6fd877]::panicking::default_hook
[INFO] [stdout]    5:     0x555cc8da19a0 - test[aada8e7e76ba119b]::test_main_inner::{closure#0}
[INFO] [stdout]    6:     0x555cc92398f2 - std[617be2ca0a6fd877]::panicking::panic_with_hook
[INFO] [stdout]    7:     0x555cc921af82 - std[617be2ca0a6fd877]::panicking::panic_handler::{closure#0}
[INFO] [stdout]    8:     0x555cc92131e9 - std[617be2ca0a6fd877]::sys::backtrace::__rust_end_short_backtrace::<std[617be2ca0a6fd877]::panicking::panic_handler::{closure#0}, !>
[INFO] [stdout]    9:     0x555cc921bf2d - __rustc[ea4f61d10b84890b]::rust_begin_unwind
[INFO] [stdout]   10:     0x555cc925ca8c - core[a373ad73a504971]::panicking::panic_fmt
[INFO] [stdout]   11:     0x555cc925c862 - core[a373ad73a504971]::result::unwrap_failed
[INFO] [stdout]   12:     0x555cc8d62a0c - <integrations[babb4f52a939c131]::common::test_app::TestApplication>::new::{closure#0}
[INFO] [stdout]   13:     0x555cc8d69a68 - integrations[babb4f52a939c131]::user::create::should_reject_invalid_user::{closure#0}
[INFO] [stdout]   14:     0x555cc8d6a2cf - integrations[babb4f52a939c131]::user::create::should_reject_invalid_user::two_characters::{closure#0}
[INFO] [stdout]   15:     0x555cc8d054e3 - <tokio[3072a846ce3870c6]::runtime::scheduler::current_thread::Context>::enter::<core[a373ad73a504971]::task::poll::Poll<()>, <tokio[3072a846ce3870c6]::runtime::scheduler::current_thread::CoreGuard>::block_on<core[a373ad73a504971]::pin::Pin<&mut core[a373ad73a504971]::pin::Pin<&mut dyn core[a373ad73a504971]::future::future::Future<Output = ()>>>>::{closure#0}::{closure#0}>
[INFO] [stdout]   16:     0x555cc8c6201c - <tokio[3072a846ce3870c6]::runtime::context::scoped::Scoped<tokio[3072a846ce3870c6]::runtime::scheduler::Context>>::set::<<tokio[3072a846ce3870c6]::runtime::scheduler::current_thread::CoreGuard>::enter<<tokio[3072a846ce3870c6]::runtime::scheduler::current_thread::CoreGuard>::block_on<core[a373ad73a504971]::pin::Pin<&mut core[a373ad73a504971]::pin::Pin<&mut dyn core[a373ad73a504971]::future::future::Future<Output = ()>>>>::{closure#0}, core[a373ad73a504971]::option::Option<()>>::{closure#0}, (alloc[2e1b2a31b91974c5]::boxed::Box<tokio[3072a846ce3870c6]::runtime::scheduler::current_thread::Core>, core[a373ad73a504971]::option::Option<()>)>
[INFO] [stdout]   17:     0x555cc8d021a7 - <tokio[3072a846ce3870c6]::runtime::runtime::Runtime>::block_on::<core[a373ad73a504971]::pin::Pin<&mut dyn core[a373ad73a504971]::future::future::Future<Output = ()>>>
[INFO] [stdout]   18:     0x555cc8d6b73c - <integrations[babb4f52a939c131]::user::create::should_reject_invalid_user::two_characters::{closure#0} as core[a373ad73a504971]::ops::function::FnOnce<()>>::call_once
[INFO] [stdout]   19:     0x555cc8d94deb - test[aada8e7e76ba119b]::__rust_begin_short_backtrace::<core[a373ad73a504971]::result::Result<(), alloc[2e1b2a31b91974c5]::string::String>, fn() -> core[a373ad73a504971]::result::Result<(), alloc[2e1b2a31b91974c5]::string::String>>
[INFO] [stdout]   20:     0x555cc8da1fc5 - test[aada8e7e76ba119b]::run_test::{closure#0}
[INFO] [stdout]   21:     0x555cc8d9b8b4 - std[617be2ca0a6fd877]::sys::backtrace::__rust_begin_short_backtrace::<test[aada8e7e76ba119b]::run_test::{closure#1}, ()>
[INFO] [stdout]   22:     0x555cc8da5052 - <std[617be2ca0a6fd877]::thread::lifecycle::spawn_unchecked<test[aada8e7e76ba119b]::run_test::{closure#1}, ()>::{closure#1} as core[a373ad73a504971]::ops::function::FnOnce<()>>::call_once::{shim:vtable#0}
[INFO] [stdout]   23:     0x555cc924146f - <std[617be2ca0a6fd877]::sys::thread::unix::Thread>::new::thread_start
[INFO] [stdout]   24:     0x74cd77cb6dfa - <unknown>
[INFO] [stdout]   25:     0x74cd77d4a3d4 - clone
[INFO] [stdout]   26:                0x0 - <unknown>
[INFO] [stdout] 
[INFO] [stdout] ---- user::get::should_create_and_get_multiple_users stdout ----
[INFO] [stdout] 
[INFO] [stdout] thread 'user::get::should_create_and_get_multiple_users' (4372) panicked at tests/common/test_app.rs:23:39:
[INFO] [stdout] called `Result::unwrap()` on an `Err` value: MissingEnvironmentVariable("ZEKURIX_DATABASE__PASSWORD")
[INFO] [stdout] stack backtrace:
[INFO] [stdout]    0:     0x555cc9242581 - <<std[617be2ca0a6fd877]::sys::backtrace::BacktraceLock>::print::DisplayBacktrace as core[a373ad73a504971]::fmt::Display>::fmt
[INFO] [stdout]    1:     0x555cc925c2aa - core[a373ad73a504971]::fmt::write
[INFO] [stdout]    2:     0x555cc924886c - <alloc[2e1b2a31b91974c5]::vec::Vec<u8> as core[a373ad73a504971]::io::write::Write>::write_fmt
[INFO] [stdout]    3:     0x555cc921aed6 - std[617be2ca0a6fd877]::panicking::default_hook::{closure#0}
[INFO] [stdout]    4:     0x555cc92395c9 - std[617be2ca0a6fd877]::panicking::default_hook
[INFO] [stdout]    5:     0x555cc8da19a0 - test[aada8e7e76ba119b]::test_main_inner::{closure#0}
[INFO] [stdout]    6:     0x555cc92398f2 - std[617be2ca0a6fd877]::panicking::panic_with_hook
[INFO] [stdout]    7:     0x555cc921af82 - std[617be2ca0a6fd877]::panicking::panic_handler::{closure#0}
[INFO] [stdout]    8:     0x555cc92131e9 - std[617be2ca0a6fd877]::sys::backtrace::__rust_end_short_backtrace::<std[617be2ca0a6fd877]::panicking::panic_handler::{closure#0}, !>
[INFO] [stdout]    9:     0x555cc921bf2d - __rustc[ea4f61d10b84890b]::rust_begin_unwind
[INFO] [stdout]   10:     0x555cc925ca8c - core[a373ad73a504971]::panicking::panic_fmt
[INFO] [stdout]   11:     0x555cc925c862 - core[a373ad73a504971]::result::unwrap_failed
[INFO] [stdout]   12:     0x555cc8d4652c - <integrations[babb4f52a939c131]::common::test_app::TestApplication>::new::{closure#0}
[INFO] [stdout]   13:     0x555cc8d4dd7f - integrations[babb4f52a939c131]::user::get::should_create_and_get_multiple_users::{closure#0}
[INFO] [stdout]   14:     0x555cc8d054e3 - <tokio[3072a846ce3870c6]::runtime::scheduler::current_thread::Context>::enter::<core[a373ad73a504971]::task::poll::Poll<()>, <tokio[3072a846ce3870c6]::runtime::scheduler::current_thread::CoreGuard>::block_on<core[a373ad73a504971]::pin::Pin<&mut core[a373ad73a504971]::pin::Pin<&mut dyn core[a373ad73a504971]::future::future::Future<Output = ()>>>>::{closure#0}::{closure#0}>
[INFO] [stdout]   15:     0x555cc8c6201c - <tokio[3072a846ce3870c6]::runtime::context::scoped::Scoped<tokio[3072a846ce3870c6]::runtime::scheduler::Context>>::set::<<tokio[3072a846ce3870c6]::runtime::scheduler::current_thread::CoreGuard>::enter<<tokio[3072a846ce3870c6]::runtime::scheduler::current_thread::CoreGuard>::block_on<core[a373ad73a504971]::pin::Pin<&mut core[a373ad73a504971]::pin::Pin<&mut dyn core[a373ad73a504971]::future::future::Future<Output = ()>>>>::{closure#0}, core[a373ad73a504971]::option::Option<()>>::{closure#0}, (alloc[2e1b2a31b91974c5]::boxed::Box<tokio[3072a846ce3870c6]::runtime::scheduler::current_thread::Core>, core[a373ad73a504971]::option::Option<()>)>
[INFO] [stdout]   16:     0x555cc8d021a7 - <tokio[3072a846ce3870c6]::runtime::runtime::Runtime>::block_on::<core[a373ad73a504971]::pin::Pin<&mut dyn core[a373ad73a504971]::future::future::Future<Output = ()>>>
[INFO] [stdout]   17:     0x555cc8d4fc5c - <integrations[babb4f52a939c131]::user::get::should_create_and_get_multiple_users::{closure#0} as core[a373ad73a504971]::ops::function::FnOnce<()>>::call_once
[INFO] [stdout]   18:     0x555cc8d94deb - test[aada8e7e76ba119b]::__rust_begin_short_backtrace::<core[a373ad73a504971]::result::Result<(), alloc[2e1b2a31b91974c5]::string::String>, fn() -> core[a373ad73a504971]::result::Result<(), alloc[2e1b2a31b91974c5]::string::String>>
[INFO] [stdout]   19:     0x555cc8da1fc5 - test[aada8e7e76ba119b]::run_test::{closure#0}
[INFO] [stdout]   20:     0x555cc8d9b8b4 - std[617be2ca0a6fd877]::sys::backtrace::__rust_begin_short_backtrace::<test[aada8e7e76ba119b]::run_test::{closure#1}, ()>
[INFO] [stdout]   21:     0x555cc8da5052 - <std[617be2ca0a6fd877]::thread::lifecycle::spawn_unchecked<test[aada8e7e76ba119b]::run_test::{closure#1}, ()>::{closure#1} as core[a373ad73a504971]::ops::function::FnOnce<()>>::call_once::{shim:vtable#0}
[INFO] [stdout]   22:     0x555cc924146f - <std[617be2ca0a6fd877]::sys::thread::unix::Thread>::new::thread_start
[INFO] [stdout]   23:     0x74cd77cb6dfa - <unknown>
[INFO] [stdout]   24:     0x74cd77d4a3d4 - clone
[INFO] [stdout]   25:                0x0 - <unknown>
[INFO] [stdout] 
[INFO] [stdout] ---- user::get::should_get_user stdout ----
[INFO] [stdout] 
[INFO] [stdout] thread 'user::get::should_get_user' (4373) panicked at tests/common/test_app.rs:23:39:
[INFO] [stdout] called `Result::unwrap()` on an `Err` value: MissingEnvironmentVariable("ZEKURIX_DATABASE__PASSWORD")
[INFO] [stdout] stack backtrace:
[INFO] [stdout]    0:     0x555cc9242581 - <<std[617be2ca0a6fd877]::sys::backtrace::BacktraceLock>::print::DisplayBacktrace as core[a373ad73a504971]::fmt::Display>::fmt
[INFO] [stdout]    1:     0x555cc925c2aa - core[a373ad73a504971]::fmt::write
[INFO] [stdout]    2:     0x555cc924886c - <alloc[2e1b2a31b91974c5]::vec::Vec<u8> as core[a373ad73a504971]::io::write::Write>::write_fmt
[INFO] [stdout]    3:     0x555cc921aed6 - std[617be2ca0a6fd877]::panicking::default_hook::{closure#0}
[INFO] [stdout]    4:     0x555cc92395c9 - std[617be2ca0a6fd877]::panicking::default_hook
[INFO] [stdout]    5:     0x555cc8da19a0 - test[aada8e7e76ba119b]::test_main_inner::{closure#0}
[INFO] [stdout]    6:     0x555cc92398f2 - std[617be2ca0a6fd877]::panicking::panic_with_hook
[INFO] [stdout]    7:     0x555cc921af82 - std[617be2ca0a6fd877]::panicking::panic_handler::{closure#0}
[INFO] [stdout]    8:     0x555cc92131e9 - std[617be2ca0a6fd877]::sys::backtrace::__rust_end_short_backtrace::<std[617be2ca0a6fd877]::panicking::panic_handler::{closure#0}, !>
[INFO] [stdout]    9:     0x555cc921bf2d - __rustc[ea4f61d10b84890b]::rust_begin_unwind
[INFO] [stdout]   10:     0x555cc925ca8c - core[a373ad73a504971]::panicking::panic_fmt
[INFO] [stdout]   11:     0x555cc925c862 - core[a373ad73a504971]::result::unwrap_failed
[INFO] [stdout]   12:     0x555cc8d4652c - <integrations[babb4f52a939c131]::common::test_app::TestApplication>::new::{closure#0}
[INFO] [stdout]   13:     0x555cc8d4d57e - integrations[babb4f52a939c131]::user::get::should_get_user::{closure#0}
[INFO] [stdout]   14:     0x555cc8d054e3 - <tokio[3072a846ce3870c6]::runtime::scheduler::current_thread::Context>::enter::<core[a373ad73a504971]::task::poll::Poll<()>, <tokio[3072a846ce3870c6]::runtime::scheduler::current_thread::CoreGuard>::block_on<core[a373ad73a504971]::pin::Pin<&mut core[a373ad73a504971]::pin::Pin<&mut dyn core[a373ad73a504971]::future::future::Future<Output = ()>>>>::{closure#0}::{closure#0}>
[INFO] [stdout]   15:     0x555cc8c6201c - <tokio[3072a846ce3870c6]::runtime::context::scoped::Scoped<tokio[3072a846ce3870c6]::runtime::scheduler::Context>>::set::<<tokio[3072a846ce3870c6]::runtime::scheduler::current_thread::CoreGuard>::enter<<tokio[3072a846ce3870c6]::runtime::scheduler::current_thread::CoreGuard>::block_on<core[a373ad73a504971]::pin::Pin<&mut core[a373ad73a504971]::pin::Pin<&mut dyn core[a373ad73a504971]::future::future::Future<Output = ()>>>>::{closure#0}, core[a373ad73a504971]::option::Option<()>>::{closure#0}, (alloc[2e1b2a31b91974c5]::boxed::Box<tokio[3072a846ce3870c6]::runtime::scheduler::current_thread::Core>, core[a373ad73a504971]::option::Option<()>)>
[INFO] [stdout]   16:     0x555cc8d021a7 - <tokio[3072a846ce3870c6]::runtime::runtime::Runtime>::block_on::<core[a373ad73a504971]::pin::Pin<&mut dyn core[a373ad73a504971]::future::future::Future<Output = ()>>>
[INFO] [stdout]   17:     0x555cc8d4faec - <integrations[babb4f52a939c131]::user::get::should_get_user::{closure#0} as core[a373ad73a504971]::ops::function::FnOnce<()>>::call_once
[INFO] [stdout]   18:     0x555cc8d94deb - test[aada8e7e76ba119b]::__rust_begin_short_backtrace::<core[a373ad73a504971]::result::Result<(), alloc[2e1b2a31b91974c5]::string::String>, fn() -> core[a373ad73a504971]::result::Result<(), alloc[2e1b2a31b91974c5]::string::String>>
[INFO] [stdout]   19:     0x555cc8da1fc5 - test[aada8e7e76ba119b]::run_test::{closure#0}
[INFO] [stdout]   20:     0x555cc8d9b8b4 - std[617be2ca0a6fd877]::sys::backtrace::__rust_begin_short_backtrace::<test[aada8e7e76ba119b]::run_test::{closure#1}, ()>
[INFO] [stdout]   21:     0x555cc8da5052 - <std[617be2ca0a6fd877]::thread::lifecycle::spawn_unchecked<test[aada8e7e76ba119b]::run_test::{closure#1}, ()>::{closure#1} as core[a373ad73a504971]::ops::function::FnOnce<()>>::call_once::{shim:vtable#0}
[INFO] [stdout]   22:     0x555cc924146f - <std[617be2ca0a6fd877]::sys::thread::unix::Thread>::new::thread_start
[INFO] [stdout]   23:     0x74cd77cb6dfa - <unknown>
[INFO] [stdout]   24:     0x74cd77d4a3d4 - clone
[INFO] [stdout]   25:                0x0 - <unknown>
[INFO] [stdout] 
[INFO] [stdout] ---- user::get::should_return_not_found_for_invalid_user_id stdout ----
[INFO] [stdout] 
[INFO] [stdout] thread 'user::get::should_return_not_found_for_invalid_user_id' (4374) panicked at tests/common/test_app.rs:23:39:
[INFO] [stdout] called `Result::unwrap()` on an `Err` value: MissingEnvironmentVariable("ZEKURIX_DATABASE__PASSWORD")
[INFO] [stdout] stack backtrace:
[INFO] [stdout]    0:     0x555cc9242581 - <<std[617be2ca0a6fd877]::sys::backtrace::BacktraceLock>::print::DisplayBacktrace as core[a373ad73a504971]::fmt::Display>::fmt
[INFO] [stdout]    1:     0x555cc925c2aa - core[a373ad73a504971]::fmt::write
[INFO] [stdout]    2:     0x555cc924886c - <alloc[2e1b2a31b91974c5]::vec::Vec<u8> as core[a373ad73a504971]::io::write::Write>::write_fmt
[INFO] [stdout]    3:     0x555cc921aed6 - std[617be2ca0a6fd877]::panicking::default_hook::{closure#0}
[INFO] [stdout]    4:     0x555cc92395c9 - std[617be2ca0a6fd877]::panicking::default_hook
[INFO] [stdout]    5:     0x555cc8da19a0 - test[aada8e7e76ba119b]::test_main_inner::{closure#0}
[INFO] [stdout]    6:     0x555cc92398f2 - std[617be2ca0a6fd877]::panicking::panic_with_hook
[INFO] [stdout]    7:     0x555cc921af82 - std[617be2ca0a6fd877]::panicking::panic_handler::{closure#0}
[INFO] [stdout]    8:     0x555cc92131e9 - std[617be2ca0a6fd877]::sys::backtrace::__rust_end_short_backtrace::<std[617be2ca0a6fd877]::panicking::panic_handler::{closure#0}, !>
[INFO] [stdout]    9:     0x555cc921bf2d - __rustc[ea4f61d10b84890b]::rust_begin_unwind
[INFO] [stdout]   10:     0x555cc925ca8c - core[a373ad73a504971]::panicking::panic_fmt
[INFO] [stdout]   11:     0x555cc925c862 - core[a373ad73a504971]::result::unwrap_failed
[INFO] [stdout]   12:     0x555cc8d4652c - <integrations[babb4f52a939c131]::common::test_app::TestApplication>::new::{closure#0}
[INFO] [stdout]   13:     0x555cc8d4e65c - integrations[babb4f52a939c131]::user::get::should_return_not_found_for_invalid_user_id::{closure#0}
[INFO] [stdout]   14:     0x555cc8d054e3 - <tokio[3072a846ce3870c6]::runtime::scheduler::current_thread::Context>::enter::<core[a373ad73a504971]::task::poll::Poll<()>, <tokio[3072a846ce3870c6]::runtime::scheduler::current_thread::CoreGuard>::block_on<core[a373ad73a504971]::pin::Pin<&mut core[a373ad73a504971]::pin::Pin<&mut dyn core[a373ad73a504971]::future::future::Future<Output = ()>>>>::{closure#0}::{closure#0}>
[INFO] [stdout]   15:     0x555cc8c6201c - <tokio[3072a846ce3870c6]::runtime::context::scoped::Scoped<tokio[3072a846ce3870c6]::runtime::scheduler::Context>>::set::<<tokio[3072a846ce3870c6]::runtime::scheduler::current_thread::CoreGuard>::enter<<tokio[3072a846ce3870c6]::runtime::scheduler::current_thread::CoreGuard>::block_on<core[a373ad73a504971]::pin::Pin<&mut core[a373ad73a504971]::pin::Pin<&mut dyn core[a373ad73a504971]::future::future::Future<Output = ()>>>>::{closure#0}, core[a373ad73a504971]::option::Option<()>>::{closure#0}, (alloc[2e1b2a31b91974c5]::boxed::Box<tokio[3072a846ce3870c6]::runtime::scheduler::current_thread::Core>, core[a373ad73a504971]::option::Option<()>)>
[INFO] [stdout]   16:     0x555cc8d021a7 - <tokio[3072a846ce3870c6]::runtime::runtime::Runtime>::block_on::<core[a373ad73a504971]::pin::Pin<&mut dyn core[a373ad73a504971]::future::future::Future<Output = ()>>>
[INFO] [stdout]   17:     0x555cc8d4fdcc - <integrations[babb4f52a939c131]::user::get::should_return_not_found_for_invalid_user_id::{closure#0} as core[a373ad73a504971]::ops::function::FnOnce<()>>::call_once
[INFO] [stdout]   18:     0x555cc8d94deb - test[aada8e7e76ba119b]::__rust_begin_short_backtrace::<core[a373ad73a504971]::result::Result<(), alloc[2e1b2a31b91974c5]::string::String>, fn() -> core[a373ad73a504971]::result::Result<(), alloc[2e1b2a31b91974c5]::string::String>>
[INFO] [stdout]   19:     0x555cc8da1fc5 - test[aada8e7e76ba119b]::run_test::{closure#0}
[INFO] [stdout]   20:     0x555cc8d9b8b4 - std[617be2ca0a6fd877]::sys::backtrace::__rust_begin_short_backtrace::<test[aada8e7e76ba119b]::run_test::{closure#1}, ()>
[INFO] [stdout]   21:     0x555cc8da5052 - <std[617be2ca0a6fd877]::thread::lifecycle::spawn_unchecked<test[aada8e7e76ba119b]::run_test::{closure#1}, ()>::{closure#1} as core[a373ad73a504971]::ops::function::FnOnce<()>>::call_once::{shim:vtable#0}
[INFO] [stdout]   22:     0x555cc924146f - <std[617be2ca0a6fd877]::sys::thread::unix::Thread>::new::thread_start
[INFO] [stdout]   23:     0x74cd77cb6dfa - <unknown>
[INFO] [stdout]   24:     0x74cd77d4a3d4 - clone
[INFO] [stdout]   25:                0x0 - <unknown>
[INFO] [stdout] 
[INFO] [stdout] ---- user::create::should_reject_invalid_user::one_character stdout ----
[INFO] [stdout] 
[INFO] [stdout] thread 'user::create::should_reject_invalid_user::one_character' (4366) panicked at tests/common/test_app.rs:23:39:
[INFO] [stdout] called `Result::unwrap()` on an `Err` value: MissingEnvironmentVariable("ZEKURIX_DATABASE__PASSWORD")
[INFO] [stdout] stack backtrace:
[INFO] [stdout]    0:     0x555cc9242581 - <<std[617be2ca0a6fd877]::sys::backtrace::BacktraceLock>::print::DisplayBacktrace as core[a373ad73a504971]::fmt::Display>::fmt
[INFO] [stdout]    1:     0x555cc925c2aa - core[a373ad73a504971]::fmt::write
[INFO] [stdout]    2:     0x555cc924886c - <alloc[2e1b2a31b91974c5]::vec::Vec<u8> as core[a373ad73a504971]::io::write::Write>::write_fmt
[INFO] [stdout]    3:     0x555cc921aed6 - std[617be2ca0a6fd877]::panicking::default_hook::{closure#0}
[INFO] [stdout]    4:     0x555cc92395c9 - std[617be2ca0a6fd877]::panicking::default_hook
[INFO] [stdout]    5:     0x555cc8da19a0 - test[aada8e7e76ba119b]::test_main_inner::{closure#0}
[INFO] [stdout]    6:     0x555cc92398f2 - std[617be2ca0a6fd877]::panicking::panic_with_hook
[INFO] [stdout]    7:     0x555cc921af82 - std[617be2ca0a6fd877]::panicking::panic_handler::{closure#0}
[INFO] [stdout]    8:     0x555cc92131e9 - std[617be2ca0a6fd877]::sys::backtrace::__rust_end_short_backtrace::<std[617be2ca0a6fd877]::panicking::panic_handler::{closure#0}, !>
[INFO] [stdout]    9:     0x555cc921bf2d - __rustc[ea4f61d10b84890b]::rust_begin_unwind
[INFO] [stdout]   10:     0x555cc925ca8c - core[a373ad73a504971]::panicking::panic_fmt
[INFO] [stdout]   11:     0x555cc925c862 - core[a373ad73a504971]::result::unwrap_failed
[INFO] [stdout]   12:     0x555cc8d62a0c - <integrations[babb4f52a939c131]::common::test_app::TestApplication>::new::{closure#0}
[INFO] [stdout]   13:     0x555cc8d69a68 - integrations[babb4f52a939c131]::user::create::should_reject_invalid_user::{closure#0}
[INFO] [stdout]   14:     0x555cc8d6a16f - integrations[babb4f52a939c131]::user::create::should_reject_invalid_user::one_character::{closure#0}
[INFO] [stdout]   15:     0x555cc8d054e3 - <tokio[3072a846ce3870c6]::runtime::scheduler::current_thread::Context>::enter::<core[a373ad73a504971]::task::poll::Poll<()>, <tokio[3072a846ce3870c6]::runtime::scheduler::current_thread::CoreGuard>::block_on<core[a373ad73a504971]::pin::Pin<&mut core[a373ad73a504971]::pin::Pin<&mut dyn core[a373ad73a504971]::future::future::Future<Output = ()>>>>::{closure#0}::{closure#0}>
[INFO] [stdout]   16:     0x555cc8c6201c - <tokio[3072a846ce3870c6]::runtime::context::scoped::Scoped<tokio[3072a846ce3870c6]::runtime::scheduler::Context>>::set::<<tokio[3072a846ce3870c6]::runtime::scheduler::current_thread::CoreGuard>::enter<<tokio[3072a846ce3870c6]::runtime::scheduler::current_thread::CoreGuard>::block_on<core[a373ad73a504971]::pin::Pin<&mut core[a373ad73a504971]::pin::Pin<&mut dyn core[a373ad73a504971]::future::future::Future<Output = ()>>>>::{closure#0}, core[a373ad73a504971]::option::Option<()>>::{closure#0}, (alloc[2e1b2a31b91974c5]::boxed::Box<tokio[3072a846ce3870c6]::runtime::scheduler::current_thread::Core>, core[a373ad73a504971]::option::Option<()>)>
[INFO] [stdout]   17:     0x555cc8d021a7 - <tokio[3072a846ce3870c6]::runtime::runtime::Runtime>::block_on::<core[a373ad73a504971]::pin::Pin<&mut dyn core[a373ad73a504971]::future::future::Future<Output = ()>>>
[INFO] [stdout]   18:     0x555cc8d6b41c - <integrations[babb4f52a939c131]::user::create::should_reject_invalid_user::one_character::{closure#0} as core[a373ad73a504971]::ops::function::FnOnce<()>>::call_once
[INFO] [stdout]   19:     0x555cc8d94deb - test[aada8e7e76ba119b]::__rust_begin_short_backtrace::<core[a373ad73a504971]::result::Result<(), alloc[2e1b2a31b91974c5]::string::String>, fn() -> core[a373ad73a504971]::result::Result<(), alloc[2e1b2a31b91974c5]::string::String>>
[INFO] [stdout]   20:     0x555cc8da1fc5 - test[aada8e7e76ba119b]::run_test::{closure#0}
[INFO] [stdout]   21:     0x555cc8d9b8b4 - std[617be2ca0a6fd877]::sys::backtrace::__rust_begin_short_backtrace::<test[aada8e7e76ba119b]::run_test::{closure#1}, ()>
[INFO] [stdout]   22:     0x555cc8da5052 - <std[617be2ca0a6fd877]::thread::lifecycle::spawn_unchecked<test[aada8e7e76ba119b]::run_test::{closure#1}, ()>::{closure#1} as core[a373ad73a504971]::ops::function::FnOnce<()>>::call_once::{shim:vtable#0}
[INFO] [stdout]   23:     0x555cc924146f - <std[617be2ca0a6fd877]::sys::thread::unix::Thread>::new::thread_start
[INFO] [stdout]   24:     0x74cd77cb6dfa - <unknown>
[INFO] [stdout]   25:     0x74cd77d4a3d4 - clone
[INFO] [stdout]   26:                0x0 - <unknown>
[INFO] [stdout] 
[INFO] [stdout] ---- user::create::should_create_user stdout ----
[INFO] [stdout] 
[INFO] [stdout] thread 'user::create::should_create_user' (4363) panicked at tests/common/test_app.rs:23:39:
[INFO] [stdout] called `Result::unwrap()` on an `Err` value: MissingEnvironmentVariable("ZEKURIX_DATABASE__PASSWORD")
[INFO] [stdout] stack backtrace:
[INFO] [stdout]    0:     0x555cc9242581 - <<std[617be2ca0a6fd877]::sys::backtrace::BacktraceLock>::print::DisplayBacktrace as core[a373ad73a504971]::fmt::Display>::fmt
[INFO] [stdout]    1:     0x555cc925c2aa - core[a373ad73a504971]::fmt::write
[INFO] [stdout]    2:     0x555cc924886c - <alloc[2e1b2a31b91974c5]::vec::Vec<u8> as core[a373ad73a504971]::io::write::Write>::write_fmt
[INFO] [stdout]    3:     0x555cc921aed6 - std[617be2ca0a6fd877]::panicking::default_hook::{closure#0}
[INFO] [stdout]    4:     0x555cc92395c9 - std[617be2ca0a6fd877]::panicking::default_hook
[INFO] [stdout]    5:     0x555cc8da19a0 - test[aada8e7e76ba119b]::test_main_inner::{closure#0}
[INFO] [stdout]    6:     0x555cc92398f2 - std[617be2ca0a6fd877]::panicking::panic_with_hook
[INFO] [stdout]    7:     0x555cc921af82 - std[617be2ca0a6fd877]::panicking::panic_handler::{closure#0}
[INFO] [stdout]    8:     0x555cc92131e9 - std[617be2ca0a6fd877]::sys::backtrace::__rust_end_short_backtrace::<std[617be2ca0a6fd877]::panicking::panic_handler::{closure#0}, !>
[INFO] [stdout]    9:     0x555cc921bf2d - __rustc[ea4f61d10b84890b]::rust_begin_unwind
[INFO] [stdout]   10:     0x555cc925ca8c - core[a373ad73a504971]::panicking::panic_fmt
[INFO] [stdout]   11:     0x555cc925c862 - core[a373ad73a504971]::result::unwrap_failed
[INFO] [stdout]   12:     0x555cc8cf64ec - <integrations[babb4f52a939c131]::common::test_app::TestApplication>::new::{closure#0}
[INFO] [stdout]   13:     0x555cc8cfd51c - integrations[babb4f52a939c131]::user::create::should_create_user::{closure#0}
[INFO] [stdout]   14:     0x555cc8d054e3 - <tokio[3072a846ce3870c6]::runtime::scheduler::current_thread::Context>::enter::<core[a373ad73a504971]::task::poll::Poll<()>, <tokio[3072a846ce3870c6]::runtime::scheduler::current_thread::CoreGuard>::block_on<core[a373ad73a504971]::pin::Pin<&mut core[a373ad73a504971]::pin::Pin<&mut dyn core[a373ad73a504971]::future::future::Future<Output = ()>>>>::{closure#0}::{closure#0}>
[INFO] [stdout]   15:     0x555cc8c6201c - <tokio[3072a846ce3870c6]::runtime::context::scoped::Scoped<tokio[3072a846ce3870c6]::runtime::scheduler::Context>>::set::<<tokio[3072a846ce3870c6]::runtime::scheduler::current_thread::CoreGuard>::enter<<tokio[3072a846ce3870c6]::runtime::scheduler::current_thread::CoreGuard>::block_on<core[a373ad73a504971]::pin::Pin<&mut core[a373ad73a504971]::pin::Pin<&mut dyn core[a373ad73a504971]::future::future::Future<Output = ()>>>>::{closure#0}, core[a373ad73a504971]::option::Option<()>>::{closure#0}, (alloc[2e1b2a31b91974c5]::boxed::Box<tokio[3072a846ce3870c6]::runtime::scheduler::current_thread::Core>, core[a373ad73a504971]::option::Option<()>)>
[INFO] [stdout]   16:     0x555cc8d021a7 - <tokio[3072a846ce3870c6]::runtime::runtime::Runtime>::block_on::<core[a373ad73a504971]::pin::Pin<&mut dyn core[a373ad73a504971]::future::future::Future<Output = ()>>>
[INFO] [stdout]   17:     0x555cc8cffd5c - <integrations[babb4f52a939c131]::user::create::should_create_user::{closure#0} as core[a373ad73a504971]::ops::function::FnOnce<()>>::call_once
[INFO] [stdout]   18:     0x555cc8d94deb - test[aada8e7e76ba119b]::__rust_begin_short_backtrace::<core[a373ad73a504971]::result::Result<(), alloc[2e1b2a31b91974c5]::string::String>, fn() -> core[a373ad73a504971]::result::Result<(), alloc[2e1b2a31b91974c5]::string::String>>
[INFO] [stdout]   19:     0x555cc8da1fc5 - test[aada8e7e76ba119b]::run_test::{closure#0}
[INFO] [stdout]   20:     0x555cc8d9b8b4 - std[617be2ca0a6fd877]::sys::backtrace::__rust_begin_short_backtrace::<test[aada8e7e76ba119b]::run_test::{closure#1}, ()>
[INFO] [stdout]   21:     0x555cc8da5052 - <std[617be2ca0a6fd877]::thread::lifecycle::spawn_unchecked<test[aada8e7e76ba119b]::run_test::{closure#1}, ()>::{closure#1} as core[a373ad73a504971]::ops::function::FnOnce<()>>::call_once::{shim:vtable#0}
[INFO] [stdout]   22:     0x555cc924146f - <std[617be2ca0a6fd877]::sys::thread::unix::Thread>::new::thread_start
[INFO] [stdout]   23:     0x74cd77cb6dfa - <unknown>
[INFO] [stdout]   24:     0x74cd77d4a3d4 - clone
[INFO] [stdout]   25:                0x0 - <unknown>
[INFO] [stdout] 
[INFO] [stdout] ---- user::create::should_reject_invalid_user::empty_username stdout ----
[INFO] [stdout] 
[INFO] [stdout] thread 'user::create::should_reject_invalid_user::empty_username' (4364) panicked at tests/common/test_app.rs:23:39:
[INFO] [stdout] called `Result::unwrap()` on an `Err` value: MissingEnvironmentVariable("ZEKURIX_DATABASE__PASSWORD")
[INFO] [stdout] stack backtrace:
[INFO] [stdout]    0:     0x555cc9242581 - <<std[617be2ca0a6fd877]::sys::backtrace::BacktraceLock>::print::DisplayBacktrace as core[a373ad73a504971]::fmt::Display>::fmt
[INFO] [stdout]    1:     0x555cc925c2aa - core[a373ad73a504971]::fmt::write
[INFO] [stdout]    2:     0x555cc924886c - <alloc[2e1b2a31b91974c5]::vec::Vec<u8> as core[a373ad73a504971]::io::write::Write>::write_fmt
[INFO] [stdout]    3:     0x555cc921aed6 - std[617be2ca0a6fd877]::panicking::default_hook::{closure#0}
[INFO] [stdout]    4:     0x555cc92395c9 - std[617be2ca0a6fd877]::panicking::default_hook
[INFO] [stdout]    5:     0x555cc8da19a0 - test[aada8e7e76ba119b]::test_main_inner::{closure#0}
[INFO] [stdout]    6:     0x555cc92398f2 - std[617be2ca0a6fd877]::panicking::panic_with_hook
[INFO] [stdout]    7:     0x555cc921af82 - std[617be2ca0a6fd877]::panicking::panic_handler::{closure#0}
[INFO] [stdout]    8:     0x555cc92131e9 - std[617be2ca0a6fd877]::sys::backtrace::__rust_end_short_backtrace::<std[617be2ca0a6fd877]::panicking::panic_handler::{closure#0}, !>
[INFO] [stdout]    9:     0x555cc921bf2d - __rustc[ea4f61d10b84890b]::rust_begin_unwind
[INFO] [stdout]   10:     0x555cc925ca8c - core[a373ad73a504971]::panicking::panic_fmt
[INFO] [stdout]   11:     0x555cc925c862 - core[a373ad73a504971]::result::unwrap_failed
[INFO] [stdout]   12:     0x555cc8d62a0c - <integrations[babb4f52a939c131]::common::test_app::TestApplication>::new::{closure#0}
[INFO] [stdout]   13:     0x555cc8d69a68 - integrations[babb4f52a939c131]::user::create::should_reject_invalid_user::{closure#0}
[INFO] [stdout]   14:     0x555cc8d6a21c - integrations[babb4f52a939c131]::user::create::should_reject_invalid_user::empty_username::{closure#0}
[INFO] [stdout]   15:     0x555cc8d054e3 - <tokio[3072a846ce3870c6]::runtime::scheduler::current_thread::Context>::enter::<core[a373ad73a504971]::task::poll::Poll<()>, <tokio[3072a846ce3870c6]::runtime::scheduler::current_thread::CoreGuard>::block_on<core[a373ad73a504971]::pin::Pin<&mut core[a373ad73a504971]::pin::Pin<&mut dyn core[a373ad73a504971]::future::future::Future<Output = ()>>>>::{closure#0}::{closure#0}>
[INFO] [stdout]   16:     0x555cc8c6201c - <tokio[3072a846ce3870c6]::runtime::context::scoped::Scoped<tokio[3072a846ce3870c6]::runtime::scheduler::Context>>::set::<<tokio[3072a846ce3870c6]::runtime::scheduler::current_thread::CoreGuard>::enter<<tokio[3072a846ce3870c6]::runtime::scheduler::current_thread::CoreGuard>::block_on<core[a373ad73a504971]::pin::Pin<&mut core[a373ad73a504971]::pin::Pin<&mut dyn core[a373ad73a504971]::future::future::Future<Output = ()>>>>::{closure#0}, core[a373ad73a504971]::option::Option<()>>::{closure#0}, (alloc[2e1b2a31b91974c5]::boxed::Box<tokio[3072a846ce3870c6]::runtime::scheduler::current_thread::Core>, core[a373ad73a504971]::option::Option<()>)>
[INFO] [stdout]   17:     0x555cc8d021a7 - <tokio[3072a846ce3870c6]::runtime::runtime::Runtime>::block_on::<core[a373ad73a504971]::pin::Pin<&mut dyn core[a373ad73a504971]::future::future::Future<Output = ()>>>
[INFO] [stdout]   18:     0x555cc8d6b5ac - <integrations[babb4f52a939c131]::user::create::should_reject_invalid_user::empty_username::{closure#0} as core[a373ad73a504971]::ops::function::FnOnce<()>>::call_once
[INFO] [stdout]   19:     0x555cc8d94deb - test[aada8e7e76ba119b]::__rust_begin_short_backtrace::<core[a373ad73a504971]::result::Result<(), alloc[2e1b2a31b91974c5]::string::String>, fn() -> core[a373ad73a504971]::result::Result<(), alloc[2e1b2a31b91974c5]::string::String>>
[INFO] [stdout]   20:     0x555cc8da1fc5 - test[aada8e7e76ba119b]::run_test::{closure#0}
[INFO] [stdout]   21:     0x555cc8d9b8b4 - std[617be2ca0a6fd877]::sys::backtrace::__rust_begin_short_backtrace::<test[aada8e7e76ba119b]::run_test::{closure#1}, ()>
[INFO] [stdout]   22:     0x555cc8da5052 - <std[617be2ca0a6fd877]::thread::lifecycle::spawn_unchecked<test[aada8e7e76ba119b]::run_test::{closure#1}, ()>::{closure#1} as core[a373ad73a504971]::ops::function::FnOnce<()>>::call_once::{shim:vtable#0}
[INFO] [stdout]   23:     0x555cc924146f - <std[617be2ca0a6fd877]::sys::thread::unix::Thread>::new::thread_start
[INFO] [stdout]   24:     0x74cd77cb6dfa - <unknown>
[INFO] [stdout]   25:     0x74cd77d4a3d4 - clone
[INFO] [stdout]   26:                0x0 - <unknown>
[INFO] [stdout] 
[INFO] [stdout] ---- user::create::should_reject_unknown_fields stdout ----
[INFO] [stdout] 
[INFO] [stdout] thread 'user::create::should_reject_unknown_fields' (4369) panicked at tests/common/test_app.rs:23:39:
[INFO] [stdout] called `Result::unwrap()` on an `Err` value: MissingEnvironmentVariable("ZEKURIX_DATABASE__PASSWORD")
[INFO] [stdout] stack backtrace:
[INFO] [stdout]    0:     0x555cc9242581 - <<std[617be2ca0a6fd877]::sys::backtrace::BacktraceLock>::print::DisplayBacktrace as core[a373ad73a504971]::fmt::Display>::fmt
[INFO] [stdout]    1:     0x555cc925c2aa - core[a373ad73a504971]::fmt::write
[INFO] [stdout]    2:     0x555cc924886c - <alloc[2e1b2a31b91974c5]::vec::Vec<u8> as core[a373ad73a504971]::io::write::Write>::write_fmt
[INFO] [stdout]    3:     0x555cc921aed6 - std[617be2ca0a6fd877]::panicking::default_hook::{closure#0}
[INFO] [stdout]    4:     0x555cc92395c9 - std[617be2ca0a6fd877]::panicking::default_hook
[INFO] [stdout]    5:     0x555cc8da19a0 - test[aada8e7e76ba119b]::test_main_inner::{closure#0}
[INFO] [stdout]    6:     0x555cc92398f2 - std[617be2ca0a6fd877]::panicking::panic_with_hook
[INFO] [stdout]    7:     0x555cc921af82 - std[617be2ca0a6fd877]::panicking::panic_handler::{closure#0}
[INFO] [stdout]    8:     0x555cc92131e9 - std[617be2ca0a6fd877]::sys::backtrace::__rust_end_short_backtrace::<std[617be2ca0a6fd877]::panicking::panic_handler::{closure#0}, !>
[INFO] [stdout]    9:     0x555cc921bf2d - __rustc[ea4f61d10b84890b]::rust_begin_unwind
[INFO] [stdout]   10:     0x555cc925ca8c - core[a373ad73a504971]::panicking::panic_fmt
[INFO] [stdout]   11:     0x555cc925c862 - core[a373ad73a504971]::result::unwrap_failed
[INFO] [stdout]   12:     0x555cc8cf64ec - <integrations[babb4f52a939c131]::common::test_app::TestApplication>::new::{closure#0}
[INFO] [stdout]   13:     0x555cc8cfdd6c - integrations[babb4f52a939c131]::user::create::should_reject_unknown_fields::{closure#0}
[INFO] [stdout]   14:     0x555cc8d054e3 - <tokio[3072a846ce3870c6]::runtime::scheduler::current_thread::Context>::enter::<core[a373ad73a504971]::task::poll::Poll<()>, <tokio[3072a846ce3870c6]::runtime::scheduler::current_thread::CoreGuard>::block_on<core[a373ad73a504971]::pin::Pin<&mut core[a373ad73a504971]::pin::Pin<&mut dyn core[a373ad73a504971]::future::future::Future<Output = ()>>>>::{closure#0}::{closure#0}>
[INFO] [stdout]   15:     0x555cc8c6201c - <tokio[3072a846ce3870c6]::runtime::context::scoped::Scoped<tokio[3072a846ce3870c6]::runtime::scheduler::Context>>::set::<<tokio[3072a846ce3870c6]::runtime::scheduler::current_thread::CoreGuard>::enter<<tokio[3072a846ce3870c6]::runtime::scheduler::current_thread::CoreGuard>::block_on<core[a373ad73a504971]::pin::Pin<&mut core[a373ad73a504971]::pin::Pin<&mut dyn core[a373ad73a504971]::future::future::Future<Output = ()>>>>::{closure#0}, core[a373ad73a504971]::option::Option<()>>::{closure#0}, (alloc[2e1b2a31b91974c5]::boxed::Box<tokio[3072a846ce3870c6]::runtime::scheduler::current_thread::Core>, core[a373ad73a504971]::option::Option<()>)>
[INFO] [stdout]   16:     0x555cc8d021a7 - <tokio[3072a846ce3870c6]::runtime::runtime::Runtime>::block_on::<core[a373ad73a504971]::pin::Pin<&mut dyn core[a373ad73a504971]::future::future::Future<Output = ()>>>
[INFO] [stdout]   17:     0x555cc8cffecc - <integrations[babb4f52a939c131]::user::create::should_reject_unknown_fields::{closure#0} as core[a373ad73a504971]::ops::function::FnOnce<()>>::call_once
[INFO] [stdout]   18:     0x555cc8d94deb - test[aada8e7e76ba119b]::__rust_begin_short_backtrace::<core[a373ad73a504971]::result::Result<(), alloc[2e1b2a31b91974c5]::string::String>, fn() -> core[a373ad73a504971]::result::Result<(), alloc[2e1b2a31b91974c5]::string::String>>
[INFO] [stdout]   19:     0x555cc8da1fc5 - test[aada8e7e76ba119b]::run_test::{closure#0}
[INFO] [stdout]   20:     0x555cc8d9b8b4 - std[617be2ca0a6fd877]::sys::backtrace::__rust_begin_short_backtrace::<test[aada8e7e76ba119b]::run_test::{closure#1}, ()>
[INFO] [stdout]   21:     0x555cc8da5052 - <std[617be2ca0a6fd877]::thread::lifecycle::spawn_unchecked<test[aada8e7e76ba119b]::run_test::{closure#1}, ()>::{closure#1} as core[a373ad73a504971]::ops::function::FnOnce<()>>::call_once::{shim:vtable#0}
[INFO] [stdout]   22:     0x555cc924146f - <std[617be2ca0a6fd877]::sys::thread::unix::Thread>::new::thread_start
[INFO] [stdout]   23:     0x74cd77cb6dfa - <unknown>
[INFO] [stdout]   24:     0x74cd77d4a3d4 - clone
[INFO] [stdout]   25:                0x0 - <unknown>
[INFO] [stdout] 
[INFO] [stdout] ---- user::create::should_return_unprocessable_entity_for_invalid_payload stdout ----
[INFO] [stdout] 
[INFO] [stdout] thread 'user::create::should_return_unprocessable_entity_for_invalid_payload' (4371) panicked at tests/common/test_app.rs:23:39:
[INFO] [stdout] called `Result::unwrap()` on an `Err` value: MissingEnvironmentVariable("ZEKURIX_DATABASE__PASSWORD")
[INFO] [stdout] stack backtrace:
[INFO] [stdout]    0:     0x555cc9242581 - <<std[617be2ca0a6fd877]::sys::backtrace::BacktraceLock>::print::DisplayBacktrace as core[a373ad73a504971]::fmt::Display>::fmt
[INFO] [stdout]    1:     0x555cc925c2aa - core[a373ad73a504971]::fmt::write
[INFO] [stdout]    2:     0x555cc924886c - <alloc[2e1b2a31b91974c5]::vec::Vec<u8> as core[a373ad73a504971]::io::write::Write>::write_fmt
[INFO] [stdout]    3:     0x555cc921aed6 - std[617be2ca0a6fd877]::panicking::default_hook::{closure#0}
[INFO] [stdout]    4:     0x555cc92395c9 - std[617be2ca0a6fd877]::panicking::default_hook
[INFO] [stdout]    5:     0x555cc8da19a0 - test[aada8e7e76ba119b]::test_main_inner::{closure#0}
[INFO] [stdout]    6:     0x555cc92398f2 - std[617be2ca0a6fd877]::panicking::panic_with_hook
[INFO] [stdout]    7:     0x555cc921af82 - std[617be2ca0a6fd877]::panicking::panic_handler::{closure#0}
[INFO] [stdout]    8:     0x555cc92131e9 - std[617be2ca0a6fd877]::sys::backtrace::__rust_end_short_backtrace::<std[617be2ca0a6fd877]::panicking::panic_handler::{closure#0}, !>
[INFO] [stdout]    9:     0x555cc921bf2d - __rustc[ea4f61d10b84890b]::rust_begin_unwind
[INFO] [stdout]   10:     0x555cc925ca8c - core[a373ad73a504971]::panicking::panic_fmt
[INFO] [stdout]   11:     0x555cc925c862 - core[a373ad73a504971]::result::unwrap_failed
[INFO] [stdout]   12:     0x555cc8cf64ec - <integrations[babb4f52a939c131]::common::test_app::TestApplication>::new::{closure#0}
[INFO] [stdout]   13:     0x555cc8cfeedc - integrations[babb4f52a939c131]::user::create::should_return_unprocessable_entity_for_invalid_payload::{closure#0}
[INFO] [stdout]   14:     0x555cc8d054e3 - <tokio[3072a846ce3870c6]::runtime::scheduler::current_thread::Context>::enter::<core[a373ad73a504971]::task::poll::Poll<()>, <tokio[3072a846ce3870c6]::runtime::scheduler::current_thread::CoreGuard>::block_on<core[a373ad73a504971]::pin::Pin<&mut core[a373ad73a504971]::pin::Pin<&mut dyn core[a373ad73a504971]::future::future::Future<Output = ()>>>>::{closure#0}::{closure#0}>
[INFO] [stdout]   15:     0x555cc8c6201c - <tokio[3072a846ce3870c6]::runtime::context::scoped::Scoped<tokio[3072a846ce3870c6]::runtime::scheduler::Context>>::set::<<tokio[3072a846ce3870c6]::runtime::scheduler::current_thread::CoreGuard>::enter<<tokio[3072a846ce3870c6]::runtime::scheduler::current_thread::CoreGuard>::block_on<core[a373ad73a504971]::pin::Pin<&mut core[a373ad73a504971]::pin::Pin<&mut dyn core[a373ad73a504971]::future::future::Future<Output = ()>>>>::{closure#0}, core[a373ad73a504971]::option::Option<()>>::{closure#0}, (alloc[2e1b2a31b91974c5]::boxed::Box<tokio[3072a846ce3870c6]::runtime::scheduler::current_thread::Core>, core[a373ad73a504971]::option::Option<()>)>
[INFO] [stdout]   16:     0x555cc8d021a7 - <tokio[3072a846ce3870c6]::runtime::runtime::Runtime>::block_on::<core[a373ad73a504971]::pin::Pin<&mut dyn core[a373ad73a504971]::future::future::Future<Output = ()>>>
[INFO] [stdout]   17:     0x555cc8d001ac - <integrations[babb4f52a939c131]::user::create::should_return_unprocessable_entity_for_invalid_payload::{closure#0} as core[a373ad73a504971]::ops::function::FnOnce<()>>::call_once
[INFO] [stdout]   18:     0x555cc8d94deb - test[aada8e7e76ba119b]::__rust_begin_short_backtrace::<core[a373ad73a504971]::result::Result<(), alloc[2e1b2a31b91974c5]::string::String>, fn() -> core[a373ad73a504971]::result::Result<(), alloc[2e1b2a31b91974c5]::string::String>>
[INFO] [stdout]   19:     0x555cc8da1fc5 - test[aada8e7e76ba119b]::run_test::{closure#0}
[INFO] [stdout]   20:     0x555cc8d9b8b4 - std[617be2ca0a6fd877]::sys::backtrace::__rust_begin_short_backtrace::<test[aada8e7e76ba119b]::run_test::{closure#1}, ()>
[INFO] [stdout]   21:     0x555cc8da5052 - <std[617be2ca0a6fd877]::thread::lifecycle::spawn_unchecked<test[aada8e7e76ba119b]::run_test::{closure#1}, ()>::{closure#1} as core[a373ad73a504971]::ops::function::FnOnce<()>>::call_once::{shim:vtable#0}
[INFO] [stdout]   22:     0x555cc924146f - <std[617be2ca0a6fd877]::sys::thread::unix::Thread>::new::thread_start
[INFO] [stdout]   23:     0x74cd77cb6dfa - <unknown>
[INFO] [stdout]   24:     0x74cd77d4a3d4 - clone
[INFO] [stdout]   25:                0x0 - <unknown>
[INFO] [stdout] 
[INFO] [stdout] ---- user::create::should_reject_invalid_user::invalid_characters stdout ----
[INFO] [stdout] 
[INFO] [stdout] thread 'user::create::should_reject_invalid_user::invalid_characters' (4365) panicked at tests/common/test_app.rs:23:39:
[INFO] [stdout] called `Result::unwrap()` on an `Err` value: MissingEnvironmentVariable("ZEKURIX_DATABASE__PASSWORD")
[INFO] [stdout] stack backtrace:
[INFO] [stdout]    0:     0x555cc9242581 - <<std[617be2ca0a6fd877]::sys::backtrace::BacktraceLock>::print::DisplayBacktrace as core[a373ad73a504971]::fmt::Display>::fmt
[INFO] [stdout]    1:     0x555cc925c2aa - core[a373ad73a504971]::fmt::write
[INFO] [stdout]    2:     0x555cc924886c - <alloc[2e1b2a31b91974c5]::vec::Vec<u8> as core[a373ad73a504971]::io::write::Write>::write_fmt
[INFO] [stdout]    3:     0x555cc921aed6 - std[617be2ca0a6fd877]::panicking::default_hook::{closure#0}
[INFO] [stdout]    4:     0x555cc92395c9 - std[617be2ca0a6fd877]::panicking::default_hook
[INFO] [stdout]    5:     0x555cc8da19a0 - test[aada8e7e76ba119b]::test_main_inner::{closure#0}
[INFO] [stdout]    6:     0x555cc92398f2 - std[617be2ca0a6fd877]::panicking::panic_with_hook
[INFO] [stdout]    7:     0x555cc921af82 - std[617be2ca0a6fd877]::panicking::panic_handler::{closure#0}
[INFO] [stdout]    8:     0x555cc92131e9 - std[617be2ca0a6fd877]::sys::backtrace::__rust_end_short_backtrace::<std[617be2ca0a6fd877]::panicking::panic_handler::{closure#0}, !>
[INFO] [stdout]    9:     0x555cc921bf2d - __rustc[ea4f61d10b84890b]::rust_begin_unwind
[INFO] [stdout]   10:     0x555cc925ca8c - core[a373ad73a504971]::panicking::panic_fmt
[INFO] [stdout]   11:     0x555cc925c862 - core[a373ad73a504971]::result::unwrap_failed
[INFO] [stdout]   12:     0x555cc8d62a0c - <integrations[babb4f52a939c131]::common::test_app::TestApplication>::new::{closure#0}
[INFO] [stdout]   13:     0x555cc8d69a68 - integrations[babb4f52a939c131]::user::create::should_reject_invalid_user::{closure#0}
[INFO] [stdout]   14:     0x555cc8d6a37f - integrations[babb4f52a939c131]::user::create::should_reject_invalid_user::invalid_characters::{closure#0}
[INFO] [stdout]   15:     0x555cc8d054e3 - <tokio[3072a846ce3870c6]::runtime::scheduler::current_thread::Context>::enter::<core[a373ad73a504971]::task::poll::Poll<()>, <tokio[3072a846ce3870c6]::runtime::scheduler::current_thread::CoreGuard>::block_on<core[a373ad73a504971]::pin::Pin<&mut core[a373ad73a504971]::pin::Pin<&mut dyn core[a373ad73a504971]::future::future::Future<Output = ()>>>>::{closure#0}::{closure#0}>
[INFO] [stdout]   16:     0x555cc8c6201c - <tokio[3072a846ce3870c6]::runtime::context::scoped::Scoped<tokio[3072a846ce3870c6]::runtime::scheduler::Context>>::set::<<tokio[3072a846ce3870c6]::runtime::scheduler::current_thread::CoreGuard>::enter<<tokio[3072a846ce3870c6]::runtime::scheduler::current_thread::CoreGuard>::block_on<core[a373ad73a504971]::pin::Pin<&mut core[a373ad73a504971]::pin::Pin<&mut dyn core[a373ad73a504971]::future::future::Future<Output = ()>>>>::{closure#0}, core[a373ad73a504971]::option::Option<()>>::{closure#0}, (alloc[2e1b2a31b91974c5]::boxed::Box<tokio[3072a846ce3870c6]::runtime::scheduler::current_thread::Core>, core[a373ad73a504971]::option::Option<()>)>
[INFO] [stdout]   17:     0x555cc8d021a7 - <tokio[3072a846ce3870c6]::runtime::runtime::Runtime>::block_on::<core[a373ad73a504971]::pin::Pin<&mut dyn core[a373ad73a504971]::future::future::Future<Output = ()>>>
[INFO] [stdout]   18:     0x555cc8d6b8cc - <integrations[babb4f52a939c131]::user::create::should_reject_invalid_user::invalid_characters::{closure#0} as core[a373ad73a504971]::ops::function::FnOnce<()>>::call_once
[INFO] [stdout]   19:     0x555cc8d94deb - test[aada8e7e76ba119b]::__rust_begin_short_backtrace::<core[a373ad73a504971]::result::Result<(), alloc[2e1b2a31b91974c5]::string::String>, fn() -> core[a373ad73a504971]::result::Result<(), alloc[2e1b2a31b91974c5]::string::String>>
[INFO] [stdout]   20:     0x555cc8da1fc5 - test[aada8e7e76ba119b]::run_test::{closure#0}
[INFO] [stdout]   21:     0x555cc8d9b8b4 - std[617be2ca0a6fd877]::sys::backtrace::__rust_begin_short_backtrace::<test[aada8e7e76ba119b]::run_test::{closure#1}, ()>
[INFO] [stdout]   22:     0x555cc8da5052 - <std[617be2ca0a6fd877]::thread::lifecycle::spawn_unchecked<test[aada8e7e76ba119b]::run_test::{closure#1}, ()>::{closure#1} as core[a373ad73a504971]::ops::function::FnOnce<()>>::call_once::{shim:vtable#0}
[INFO] [stdout]   23:     0x555cc924146f - <std[617be2ca0a6fd877]::sys::thread::unix::Thread>::new::thread_start
[INFO] [stdout]   24:     0x74cd77cb6dfa - <unknown>
[INFO] [stdout]   25:     0x74cd77d4a3d4 - clone
[INFO] [stdout]   26:                0x0 - <unknown>
[INFO] [stdout] 
[INFO] [stdout] ---- user::create::should_return_conflict_for_existing_user stdout ----
[INFO] [stdout] 
[INFO] [stdout] thread 'user::create::should_return_conflict_for_existing_user' (4370) panicked at tests/common/test_app.rs:23:39:
[INFO] [stdout] called `Result::unwrap()` on an `Err` value: MissingEnvironmentVariable("ZEKURIX_DATABASE__PASSWORD")
[INFO] [stdout] stack backtrace:
[INFO] [stdout]    0:     0x555cc9242581 - <<std[617be2ca0a6fd877]::sys::backtrace::BacktraceLock>::print::DisplayBacktrace as core[a373ad73a504971]::fmt::Display>::fmt
[INFO] [stdout]    1:     0x555cc925c2aa - core[a373ad73a504971]::fmt::write
[INFO] [stdout]    2:     0x555cc924886c - <alloc[2e1b2a31b91974c5]::vec::Vec<u8> as core[a373ad73a504971]::io::write::Write>::write_fmt
[INFO] [stdout]    3:     0x555cc921aed6 - std[617be2ca0a6fd877]::panicking::default_hook::{closure#0}
[INFO] [stdout]    4:     0x555cc92395c9 - std[617be2ca0a6fd877]::panicking::default_hook
[INFO] [stdout]    5:     0x555cc8da19a0 - test[aada8e7e76ba119b]::test_main_inner::{closure#0}
[INFO] [stdout]    6:     0x555cc92398f2 - std[617be2ca0a6fd877]::panicking::panic_with_hook
[INFO] [stdout]    7:     0x555cc921af82 - std[617be2ca0a6fd877]::panicking::panic_handler::{closure#0}
[INFO] [stdout]    8:     0x555cc92131e9 - std[617be2ca0a6fd877]::sys::backtrace::__rust_end_short_backtrace::<std[617be2ca0a6fd877]::panicking::panic_handler::{closure#0}, !>
[INFO] [stdout]    9:     0x555cc921bf2d - __rustc[ea4f61d10b84890b]::rust_begin_unwind
[INFO] [stdout]   10:     0x555cc925ca8c - core[a373ad73a504971]::panicking::panic_fmt
[INFO] [stdout]   11:     0x555cc925c862 - core[a373ad73a504971]::result::unwrap_failed
[INFO] [stdout]   12:     0x555cc8cf64ec - <integrations[babb4f52a939c131]::common::test_app::TestApplication>::new::{closure#0}
[INFO] [stdout]   13:     0x555cc8cfe50e - integrations[babb4f52a939c131]::user::create::should_return_conflict_for_existing_user::{closure#0}
[INFO] [stdout]   14:     0x555cc8d054e3 - <tokio[3072a846ce3870c6]::runtime::scheduler::current_thread::Context>::enter::<core[a373ad73a504971]::task::poll::Poll<()>, <tokio[3072a846ce3870c6]::runtime::scheduler::current_thread::CoreGuard>::block_on<core[a373ad73a504971]::pin::Pin<&mut core[a373ad73a504971]::pin::Pin<&mut dyn core[a373ad73a504971]::future::future::Future<Output = ()>>>>::{closure#0}::{closure#0}>
[INFO] [stdout]   15:     0x555cc8c6201c - <tokio[3072a846ce3870c6]::runtime::context::scoped::Scoped<tokio[3072a846ce3870c6]::runtime::scheduler::Context>>::set::<<tokio[3072a846ce3870c6]::runtime::scheduler::current_thread::CoreGuard>::enter<<tokio[3072a846ce3870c6]::runtime::scheduler::current_thread::CoreGuard>::block_on<core[a373ad73a504971]::pin::Pin<&mut core[a373ad73a504971]::pin::Pin<&mut dyn core[a373ad73a504971]::future::future::Future<Output = ()>>>>::{closure#0}, core[a373ad73a504971]::option::Option<()>>::{closure#0}, (alloc[2e1b2a31b91974c5]::boxed::Box<tokio[3072a846ce3870c6]::runtime::scheduler::current_thread::Core>, core[a373ad73a504971]::option::Option<()>)>
[INFO] [stdout]   16:     0x555cc8d021a7 - <tokio[3072a846ce3870c6]::runtime::runtime::Runtime>::block_on::<core[a373ad73a504971]::pin::Pin<&mut dyn core[a373ad73a504971]::future::future::Future<Output = ()>>>
[INFO] [stdout]   17:     0x555cc8d0003c - <integrations[babb4f52a939c131]::user::create::should_return_conflict_for_existing_user::{closure#0} as core[a373ad73a504971]::ops::function::FnOnce<()>>::call_once
[INFO] [stdout]   18:     0x555cc8d94deb - test[aada8e7e76ba119b]::__rust_begin_short_backtrace::<core[a373ad73a504971]::result::Result<(), alloc[2e1b2a31b91974c5]::string::String>, fn() -> core[a373ad73a504971]::result::Result<(), alloc[2e1b2a31b91974c5]::string::String>>
[INFO] [stdout]   19:     0x555cc8da1fc5 - test[aada8e7e76ba119b]::run_test::{closure#0}
[INFO] [stdout]   20:     0x555cc8d9b8b4 - std[617be2ca0a6fd877]::sys::backtrace::__rust_begin_short_backtrace::<test[aada8e7e76ba119b]::run_test::{closure#1}, ()>
[INFO] [stdout]   21:     0x555cc8da5052 - <std[617be2ca0a6fd877]::thread::lifecycle::spawn_unchecked<test[aada8e7e76ba119b]::run_test::{closure#1}, ()>::{closure#1} as core[a373ad73a504971]::ops::function::FnOnce<()>>::call_once::{shim:vtable#0}
[INFO] [stdout]   22:     0x555cc924146f - <std[617be2ca0a6fd877]::sys::thread::unix::Thread>::new::thread_start
[INFO] [stdout]   23:     0x74cd77cb6dfa - <unknown>
[INFO] [stdout]   24:     0x74cd77d4a3d4 - clone
[INFO] [stdout]   25:                0x0 - <unknown>
[INFO] [stdout] 
[INFO] [stdout] 
[INFO] [stdout] failures:
[INFO] [stdout]     health::should_return_health_response
[INFO] [stdout]     openapi::should_return_openapi_spec
[INFO] [stdout]     router::api_json::should_return_problem_details_for_json_bytes_rejection
[INFO] [stdout]     router::api_json::should_return_problem_details_for_json_data_error
[INFO] [stdout]     router::api_json::should_return_problem_details_for_json_syntax_error
[INFO] [stdout]     router::api_json::should_return_problem_details_for_missing_json_content_type
[INFO] [stdout]     router::api_path::should_return_problem_details_for_path_rejection
[INFO] [stdout]     router::routes::should_return_method_not_allowed_for_invalid_method
[INFO] [stdout]     router::routes::should_return_not_found_for_unknown_route
[INFO] [stdout]     router::x_request_id::should_echo_request_id_when_provided
[INFO] [stdout]     router::x_request_id::should_generate_request_id_when_missing
[INFO] [stdout]     user::create::should_create_user
[INFO] [stdout]     user::create::should_reject_invalid_user::empty_username
[INFO] [stdout]     user::create::should_reject_invalid_user::invalid_characters
[INFO] [stdout]     user::create::should_reject_invalid_user::one_character
[INFO] [stdout]     user::create::should_reject_invalid_user::too_long
[INFO] [stdout]     user::create::should_reject_invalid_user::two_characters
[INFO] [stdout]     user::create::should_reject_unknown_fields
[INFO] [stdout]     user::create::should_return_conflict_for_existing_user
[INFO] [stdout]     user::create::should_return_unprocessable_entity_for_invalid_payload
[INFO] [stdout]     user::get::should_create_and_get_multiple_users
[INFO] [stdout]     user::get::should_get_user
[INFO] [stdout]     user::get::should_return_not_found_for_invalid_user_id
[INFO] [stdout] 
[INFO] [stdout] test result: FAILED. 15 passed; 23 failed; 0 ignored; 0 measured; 0 filtered out; finished in 0.03s
[INFO] [stdout] 
[INFO] running `Command { std: "docker" "inspect" "817a254412f8e68aa86b7aa3c3ede9230932bbd9ddf97dca2748ac4178a2d331", kill_on_drop: false }`
[INFO] running `Command { std: "docker" "rm" "-f" "817a254412f8e68aa86b7aa3c3ede9230932bbd9ddf97dca2748ac4178a2d331", kill_on_drop: false }`
[INFO] [stdout] 817a254412f8e68aa86b7aa3c3ede9230932bbd9ddf97dca2748ac4178a2d331
