[INFO] fetching crate zeitgrep 0.8.0...
[INFO] testing zeitgrep-0.8.0 against 1.99.0-beta.8+cargoflags=--release for beta-release-1.100-2
[INFO] extracting crate zeitgrep 0.8.0 into /workspace/builds/worker-6-tc1/source
[INFO] started tweaking crates.io crate zeitgrep 0.8.0
[INFO] finished tweaking crates.io crate zeitgrep 0.8.0
[INFO] tweaked toml for crates.io crate zeitgrep 0.8.0 written to /workspace/builds/worker-6-tc1/source/Cargo.toml
[INFO] validating manifest of crates.io crate zeitgrep 0.8.0 on toolchain 1.99.0-beta.8
[INFO] running `Command { std: CARGO_HOME="/workspace/cargo-home" RUSTUP_HOME="/workspace/rustup-home" "/workspace/cargo-home/bin/cargo" "+1.99.0-beta.8" "metadata" "--manifest-path" "Cargo.toml" "--no-deps", kill_on_drop: false }`
[INFO] crate crates.io crate zeitgrep 0.8.0 already has a lockfile, it will not be regenerated
[INFO] running `Command { std: CARGO_HOME="/workspace/cargo-home" RUSTUP_HOME="/workspace/rustup-home" "/workspace/cargo-home/bin/cargo" "+1.99.0-beta.8" "fetch" "--manifest-path" "Cargo.toml", kill_on_drop: false }`
[INFO] [stderr]     Updating crates.io index
[INFO] [stderr]  Downloading crates ...
[INFO] [stderr]   Downloaded predicates v3.1.3
[INFO] [stderr]   Downloaded grep-matcher v0.1.7
[INFO] [stderr]   Downloaded grep-searcher v0.1.14
[INFO] [stderr]   Downloaded predicates-core v1.0.9
[INFO] [stderr]   Downloaded frecenfile v0.4.0
[INFO] [stderr]   Downloaded grep-printer v0.2.2
[INFO] [stderr]   Downloaded predicates-tree v1.0.12
[INFO] [stderr]   Downloaded grep-cli v0.1.11
[INFO] [stderr]   Downloaded grep v0.3.2
[INFO] [stderr]   Downloaded redox_users v0.5.0
[INFO] [stderr]   Downloaded grep-regex v0.1.13
[INFO] [stderr]   Downloaded assert_cmd v2.0.17
[INFO] running `Command { std: "docker" "create" "-v" "/var/lib/crater-agent-workspace/builds/worker-6-tc1/source:/opt/rustwide/workdir:ro,Z" "-v" "/var/lib/crater-agent-workspace/builds/worker-6-tc1/target:/opt/rustwide/target:rw,Z" "-v" "/var/lib/crater-agent-workspace/cargo-home:/opt/rustwide/cargo-home:ro,Z" "-v" "/var/lib/crater-agent-workspace/rustup-home:/opt/rustwide/rustup-home:ro,Z" "-m" "1610612736" "--network" "none" "ghcr.io/rust-lang/crates-build-env/linux@sha256:77db811e55d90add9212f6832c23229e3de5f1c1f9905e8cb07319ea15df73ac" "sleep" "infinity", kill_on_drop: false }`
[INFO] [stdout] 9bee7bd90d1a308e38fb580d8449242c61ad5df4da14bb1bf8d34a243048ac2b
[INFO] running `Command { std: "docker" "start" "9bee7bd90d1a308e38fb580d8449242c61ad5df4da14bb1bf8d34a243048ac2b", kill_on_drop: false }`
[INFO] running `Command { std: "docker" "inspect" "9bee7bd90d1a308e38fb580d8449242c61ad5df4da14bb1bf8d34a243048ac2b", kill_on_drop: false }`
[INFO] running `Command { std: "docker" "exec" "-e" "SOURCE_DIR=/opt/rustwide/workdir" "-e" "CARGO_HOME=/opt/rustwide/cargo-home" "-e" "RUSTUP_HOME=/opt/rustwide/rustup-home" "-e" "CARGO_TARGET_DIR=/opt/rustwide/target" "-w" "/opt/rustwide/workdir" "--user" "0:0" "9bee7bd90d1a308e38fb580d8449242c61ad5df4da14bb1bf8d34a243048ac2b" "/opt/rustwide/cargo-home/bin/cargo" "+1.99.0-beta.8" "metadata" "--no-deps" "--format-version=1", kill_on_drop: false }`
[INFO] running `Command { std: "docker" "inspect" "9bee7bd90d1a308e38fb580d8449242c61ad5df4da14bb1bf8d34a243048ac2b", kill_on_drop: false }`
[INFO] running `Command { std: "docker" "exec" "-e" "SOURCE_DIR=/opt/rustwide/workdir" "-e" "CARGO_HOME=/opt/rustwide/cargo-home" "-e" "RUSTUP_HOME=/opt/rustwide/rustup-home" "-e" "CARGO_TARGET_DIR=/opt/rustwide/target" "-e" "CARGO_INCREMENTAL=0" "-e" "RUST_BACKTRACE=full" "-e" "RUSTFLAGS=--cap-lints=warn" "-e" "RUSTDOCFLAGS=--cap-lints=warn" "-w" "/opt/rustwide/workdir" "--user" "0:0" "9bee7bd90d1a308e38fb580d8449242c61ad5df4da14bb1bf8d34a243048ac2b" "/opt/rustwide/cargo-home/bin/cargo" "+1.99.0-beta.8" "build" "--frozen" "--message-format=json" "--release", kill_on_drop: false }`
[INFO] [stderr]    Compiling syn v2.0.101
[INFO] [stderr]    Compiling smallvec v1.15.0
[INFO] [stderr]    Compiling aho-corasick v1.1.3
[INFO] [stderr]    Compiling icu_properties_data v2.0.0
[INFO] [stderr]    Compiling lock_api v0.4.12
[INFO] [stderr]    Compiling parking_lot_core v0.8.6
[INFO] [stderr]    Compiling num-traits v0.2.19
[INFO] [stderr]    Compiling grep-matcher v0.1.7
[INFO] [stderr]    Compiling jobserver v0.1.33
[INFO] [stderr]    Compiling instant v0.1.13
[INFO] [stderr]    Compiling crossbeam-epoch v0.9.18
[INFO] [stderr]    Compiling encoding_rs v0.8.35
[INFO] [stderr]    Compiling serde_json v1.0.140
[INFO] [stderr]    Compiling percent-encoding v2.3.1
[INFO] [stderr]    Compiling crypto-common v0.1.6
[INFO] [stderr]    Compiling memmap2 v0.9.5
[INFO] [stderr]    Compiling termcolor v1.4.1
[INFO] [stderr]    Compiling clap_builder v4.5.38
[INFO] [stderr]    Compiling fxhash v0.2.1
[INFO] [stderr]    Compiling crossbeam-deque v0.8.6
[INFO] [stderr]    Compiling form_urlencoded v1.2.1
[INFO] [stderr]    Compiling dirs-sys v0.5.0
[INFO] [stderr]    Compiling cc v1.2.22
[INFO] [stderr]    Compiling digest v0.10.7
[INFO] [stderr]    Compiling fs2 v0.4.3
[INFO] [stderr]    Compiling rayon-core v1.12.1
[INFO] [stderr]    Compiling crc32fast v1.4.2
[INFO] [stderr]    Compiling either v1.15.0
[INFO] [stderr]    Compiling bitflags v2.9.0
[INFO] [stderr]    Compiling sha2 v0.10.9
[INFO] [stderr]    Compiling directories v6.0.0
[INFO] [stderr]    Compiling rustc-hash v2.1.1
[INFO] [stderr]    Compiling parking_lot v0.11.2
[INFO] [stderr]    Compiling sled v0.34.7
[INFO] [stderr]    Compiling chrono v0.4.41
[INFO] [stderr]    Compiling rayon v1.10.0
[INFO] [stderr]    Compiling encoding_rs_io v0.1.7
[INFO] [stderr]    Compiling openssl-sys v0.9.108
[INFO] [stderr]    Compiling libz-sys v1.1.22
[INFO] [stderr]    Compiling libssh2-sys v0.3.1
[INFO] [stderr]    Compiling libgit2-sys v0.18.1+1.9.0
[INFO] [stderr]    Compiling regex-automata v0.4.9
[INFO] [stderr]    Compiling synstructure v0.13.2
[INFO] [stderr]    Compiling zerofrom-derive v0.1.6
[INFO] [stderr]    Compiling yoke-derive v0.8.0
[INFO] [stderr]    Compiling zerovec-derive v0.11.1
[INFO] [stderr]    Compiling displaydoc v0.2.5
[INFO] [stderr]    Compiling serde_derive v1.0.219
[INFO] [stderr]    Compiling clap_derive v4.5.32
[INFO] [stderr]    Compiling zerofrom v0.1.6
[INFO] [stderr]    Compiling yoke v0.8.0
[INFO] [stderr]    Compiling zerovec v0.11.2
[INFO] [stderr]    Compiling zerotrie v0.2.2
[INFO] [stderr]    Compiling clap v4.5.38
[INFO] [stderr]    Compiling tinystr v0.8.1
[INFO] [stderr]    Compiling icu_locale_core v2.0.0
[INFO] [stderr]    Compiling potential_utf v0.1.2
[INFO] [stderr]    Compiling icu_collections v2.0.0
[INFO] [stderr]    Compiling bstr v1.12.0
[INFO] [stderr]    Compiling serde v1.0.219
[INFO] [stderr]    Compiling icu_provider v2.0.0
[INFO] [stderr]    Compiling globset v0.4.16
[INFO] [stderr]    Compiling grep-searcher v0.1.14
[INFO] [stderr]    Compiling grep-regex v0.1.13
[INFO] [stderr]    Compiling icu_normalizer v2.0.0
[INFO] [stderr]    Compiling icu_properties v2.0.0
[INFO] [stderr]    Compiling grep-cli v0.1.11
[INFO] [stderr]    Compiling ignore v0.4.23
[INFO] [stderr]    Compiling idna_adapter v1.2.1
[INFO] [stderr]    Compiling idna v1.0.3
[INFO] [stderr]    Compiling url v2.5.4
[INFO] [stderr]    Compiling bincode v1.3.3
[INFO] [stderr]    Compiling grep-printer v0.2.2
[INFO] [stderr]    Compiling grep v0.3.2
[INFO] [stderr]    Compiling git2 v0.20.2
[INFO] [stderr]    Compiling frecenfile v0.4.0
[INFO] [stderr]    Compiling zeitgrep v0.8.0 (/opt/rustwide/workdir)
[INFO] [stderr]     Finished `release` profile [optimized] target(s) in 1m 54s
[INFO] running `Command { std: "docker" "inspect" "9bee7bd90d1a308e38fb580d8449242c61ad5df4da14bb1bf8d34a243048ac2b", kill_on_drop: false }`
[INFO] running `Command { std: "docker" "exec" "-e" "SOURCE_DIR=/opt/rustwide/workdir" "-e" "CARGO_HOME=/opt/rustwide/cargo-home" "-e" "RUSTUP_HOME=/opt/rustwide/rustup-home" "-e" "CARGO_TARGET_DIR=/opt/rustwide/target" "-e" "CARGO_INCREMENTAL=0" "-e" "RUST_BACKTRACE=full" "-e" "RUSTFLAGS=--cap-lints=warn" "-e" "RUSTDOCFLAGS=--cap-lints=warn" "-w" "/opt/rustwide/workdir" "--user" "0:0" "9bee7bd90d1a308e38fb580d8449242c61ad5df4da14bb1bf8d34a243048ac2b" "/opt/rustwide/cargo-home/bin/cargo" "+1.99.0-beta.8" "test" "--frozen" "--no-run" "--message-format=json" "--release", kill_on_drop: false }`
[INFO] [stderr]    Compiling bitflags v2.9.0
[INFO] [stderr]    Compiling predicates-core v1.0.9
[INFO] [stderr]    Compiling rustix v1.0.7
[INFO] [stderr]    Compiling float-cmp v0.10.0
[INFO] [stderr]    Compiling regex v1.11.1
[INFO] [stderr]    Compiling assert_cmd v2.0.17
[INFO] [stderr]    Compiling getrandom v0.3.3
[INFO] [stderr]    Compiling wait-timeout v0.2.1
[INFO] [stderr]    Compiling once_cell v1.21.3
[INFO] [stderr]    Compiling git2 v0.20.2
[INFO] [stderr]    Compiling predicates-tree v1.0.12
[INFO] [stderr]    Compiling predicates v3.1.3
[INFO] [stderr]    Compiling tempfile v3.20.0
[INFO] [stderr]    Compiling frecenfile v0.4.0
[INFO] [stderr]    Compiling zeitgrep v0.8.0 (/opt/rustwide/workdir)
[INFO] [stderr]     Finished `release` profile [optimized] target(s) in 13.02s
[INFO] running `Command { std: "docker" "inspect" "9bee7bd90d1a308e38fb580d8449242c61ad5df4da14bb1bf8d34a243048ac2b", kill_on_drop: false }`
[INFO] running `Command { std: "docker" "exec" "-e" "SOURCE_DIR=/opt/rustwide/workdir" "-e" "CARGO_HOME=/opt/rustwide/cargo-home" "-e" "RUSTUP_HOME=/opt/rustwide/rustup-home" "-e" "CARGO_TARGET_DIR=/opt/rustwide/target" "-e" "CARGO_INCREMENTAL=0" "-e" "RUST_BACKTRACE=full" "-e" "RUSTFLAGS=--cap-lints=warn" "-e" "RUSTDOCFLAGS=--cap-lints=warn" "-w" "/opt/rustwide/workdir" "--user" "0:0" "9bee7bd90d1a308e38fb580d8449242c61ad5df4da14bb1bf8d34a243048ac2b" "/opt/rustwide/cargo-home/bin/cargo" "+1.99.0-beta.8" "test" "--frozen" "--release", kill_on_drop: false }`
[INFO] [stderr]     Finished `release` profile [optimized] target(s) in 0.22s
[INFO] [stderr]      Running unittests src/main.rs (/opt/rustwide/target/release/deps/zg-c9fce61bf7971856)
[INFO] [stdout] 
[INFO] [stdout] running 11 tests
[INFO] [stdout] test tests::sorts_files_correctly_based_on_frecency ... FAILED
[INFO] [stdout] test tests::default_search_is_case_sensitive ... FAILED
[INFO] [stdout] test tests::color_never_disables_colored_output ... FAILED
[INFO] [stdout] test tests::smart_case_no_uppercase_letters ... FAILED
[INFO] [stdout] test tests::ignore_case_short_flag_matches_all_cases ... FAILED
[INFO] [stdout] test tests::sorts_files_correctly_ascending ... FAILED
[INFO] [stdout] test tests::smart_case_has_uppercase_letters ... FAILED
[INFO] [stdout] test tests::ignore_case_long_flag_matches_all_cases ... FAILED
[INFO] [stdout] test tests::column_flag_outputs_correct_columns ... FAILED
[INFO] [stdout] test tests::placeholder_scores_match_stdout ... FAILED
[INFO] [stdout] test tests::color_always_shows_color_output ... FAILED
[INFO] [stdout] 
[INFO] [stdout] failures:
[INFO] [stdout] 
[INFO] [stdout] ---- tests::sorts_files_correctly_based_on_frecency stdout ----
[INFO] [stdout] 
[INFO] [stdout] thread 'tests::sorts_files_correctly_based_on_frecency' (2699) panicked at src/tests/test_utils.rs:10:32:
[INFO] [stdout] called `Result::unwrap()` on an `Err` value: Error { code: -3, klass: 7, message: "config value 'user.name' was not found" }
[INFO] [stdout] stack backtrace:
[INFO] [stdout]    0:     0x62d481fe2bb1 - <<std[70759c8f55707aa4]::sys::backtrace::BacktraceLock>::print::DisplayBacktrace as core[df12db4294e9bfd3]::fmt::Display>::fmt
[INFO] [stdout]    1:     0x62d481ffa90a - core[df12db4294e9bfd3]::fmt::write
[INFO] [stdout]    2:     0x62d481fe870c - <alloc[2182bb758b4b3781]::vec::Vec<u8> as core[df12db4294e9bfd3]::io::write::Write>::write_fmt
[INFO] [stdout]    3:     0x62d481fbcf46 - std[70759c8f55707aa4]::panicking::default_hook::{closure#0}
[INFO] [stdout]    4:     0x62d481fda649 - std[70759c8f55707aa4]::panicking::default_hook
[INFO] [stdout]    5:     0x62d481ed9490 - test[9d35eded1c95d3be]::test_main_inner::<test[9d35eded1c95d3be]::test_main_static::{closure#0}>::{closure#0}
[INFO] [stdout]    6:     0x62d481fda972 - std[70759c8f55707aa4]::panicking::panic_with_hook
[INFO] [stdout]    7:     0x62d481fbcff2 - std[70759c8f55707aa4]::panicking::panic_handler::{closure#0}
[INFO] [stdout]    8:     0x62d481fb5ac9 - std[70759c8f55707aa4]::sys::backtrace::__rust_end_short_backtrace::<std[70759c8f55707aa4]::panicking::panic_handler::{closure#0}, !>
[INFO] [stdout]    9:     0x62d481fbdc8d - __rustc[8fa7c3cbc660c2b3]::rust_begin_unwind
[INFO] [stdout]   10:     0x62d481ffb0bc - core[df12db4294e9bfd3]::panicking::panic_fmt
[INFO] [stdout]   11:     0x62d481ffae92 - core[df12db4294e9bfd3]::result::unwrap_failed
[INFO] [stdout]   12:     0x62d481ec824b - zg[280033ec3eb51587]::tests::test_utils::create_mock_repo
[INFO] [stdout]   13:     0x62d481ecb8da - zg[280033ec3eb51587]::tests::sorts_files_correctly_based_on_frecency
[INFO] [stdout]   14:     0x62d481ec9499 - <zg[280033ec3eb51587]::tests::sorts_files_correctly_based_on_frecency::{closure#0} as core[df12db4294e9bfd3]::ops::function::FnOnce<()>>::call_once
[INFO] [stdout]   15:     0x62d481ecc77b - test[9d35eded1c95d3be]::__rust_begin_short_backtrace::<core[df12db4294e9bfd3]::result::Result<(), alloc[2182bb758b4b3781]::string::String>, fn() -> core[df12db4294e9bfd3]::result::Result<(), alloc[2182bb758b4b3781]::string::String>>
[INFO] [stdout]   16:     0x62d481ed9de5 - test[9d35eded1c95d3be]::run_test::{closure#0}
[INFO] [stdout]   17:     0x62d481ed36a4 - std[70759c8f55707aa4]::sys::backtrace::__rust_begin_short_backtrace::<test[9d35eded1c95d3be]::run_test::{closure#1}, ()>
[INFO] [stdout]   18:     0x62d481edcf42 - <std[70759c8f55707aa4]::thread::lifecycle::spawn_unchecked<test[9d35eded1c95d3be]::run_test::{closure#1}, ()>::{closure#1} as core[df12db4294e9bfd3]::ops::function::FnOnce<()>>::call_once::{shim:vtable#0}
[INFO] [stdout]   19:     0x62d481fe2209 - <std[70759c8f55707aa4]::sys::thread::unix::Thread>::new::thread_start
[INFO] [stdout]   20:     0x77133bfb1dfa - <unknown>
[INFO] [stdout]   21:     0x77133c0453d4 - clone
[INFO] [stdout]   22:                0x0 - <unknown>
[INFO] [stdout] 
[INFO] [stdout] ---- tests::default_search_is_case_sensitive stdout ----
[INFO] [stdout] 
[INFO] [stdout] thread 'tests::default_search_is_case_sensitive' (2692) panicked at src/tests/test_utils.rs:10:32:
[INFO] [stdout] called `Result::unwrap()` on an `Err` value: Error { code: -3, klass: 7, message: "config value 'user.name' was not found" }
[INFO] [stdout] stack backtrace:
[INFO] [stdout]    0:     0x62d481fe2bb1 - <<std[70759c8f55707aa4]::sys::backtrace::BacktraceLock>::print::DisplayBacktrace as core[df12db4294e9bfd3]::fmt::Display>::fmt
[INFO] [stdout]    1:     0x62d481ffa90a - core[df12db4294e9bfd3]::fmt::write
[INFO] [stdout]    2:     0x62d481fe870c - <alloc[2182bb758b4b3781]::vec::Vec<u8> as core[df12db4294e9bfd3]::io::write::Write>::write_fmt
[INFO] [stdout]    3:     0x62d481fbcf46 - std[70759c8f55707aa4]::panicking::default_hook::{closure#0}
[INFO] [stdout]    4:     0x62d481fda649 - std[70759c8f55707aa4]::panicking::default_hook
[INFO] [stdout]    5:     0x62d481ed9490 - test[9d35eded1c95d3be]::test_main_inner::<test[9d35eded1c95d3be]::test_main_static::{closure#0}>::{closure#0}
[INFO] [stdout]    6:     0x62d481fda972 - std[70759c8f55707aa4]::panicking::panic_with_hook
[INFO] [stdout]    7:     0x62d481fbcff2 - std[70759c8f55707aa4]::panicking::panic_handler::{closure#0}
[INFO] [stdout]    8:     0x62d481fb5ac9 - std[70759c8f55707aa4]::sys::backtrace::__rust_end_short_backtrace::<std[70759c8f55707aa4]::panicking::panic_handler::{closure#0}, !>
[INFO] [stdout]    9:     0x62d481fbdc8d - __rustc[8fa7c3cbc660c2b3]::rust_begin_unwind
[INFO] [stdout]   10:     0x62d481ffb0bc - core[df12db4294e9bfd3]::panicking::panic_fmt
[INFO] [stdout]   11:     0x62d481ffae92 - core[df12db4294e9bfd3]::result::unwrap_failed
[INFO] [stdout]   12:     0x62d481ec824b - zg[280033ec3eb51587]::tests::test_utils::create_mock_repo
[INFO] [stdout]   13:     0x62d481eca32f - zg[280033ec3eb51587]::tests::default_search_is_case_sensitive
[INFO] [stdout]   14:     0x62d481ec93f9 - <zg[280033ec3eb51587]::tests::default_search_is_case_sensitive::{closure#0} as core[df12db4294e9bfd3]::ops::function::FnOnce<()>>::call_once
[INFO] [stdout]   15:     0x62d481ecc77b - test[9d35eded1c95d3be]::__rust_begin_short_backtrace::<core[df12db4294e9bfd3]::result::Result<(), alloc[2182bb758b4b3781]::string::String>, fn() -> core[df12db4294e9bfd3]::result::Result<(), alloc[2182bb758b4b3781]::string::String>>
[INFO] [stdout]   16:     0x62d481ed9de5 - test[9d35eded1c95d3be]::run_test::{closure#0}
[INFO] [stdout]   17:     0x62d481ed36a4 - std[70759c8f55707aa4]::sys::backtrace::__rust_begin_short_backtrace::<test[9d35eded1c95d3be]::run_test::{closure#1}, ()>
[INFO] [stdout]   18:     0x62d481edcf42 - <std[70759c8f55707aa4]::thread::lifecycle::spawn_unchecked<test[9d35eded1c95d3be]::run_test::{closure#1}, ()>::{closure#1} as core[df12db4294e9bfd3]::ops::function::FnOnce<()>>::call_once::{shim:vtable#0}
[INFO] [stdout]   19:     0x62d481fe2209 - <std[70759c8f55707aa4]::sys::thread::unix::Thread>::new::thread_start
[INFO] [stdout]   20:     0x77133bfb1dfa - <unknown>
[INFO] [stdout]   21:     0x77133c0453d4 - clone
[INFO] [stdout]   22:                0x0 - <unknown>
[INFO] [stdout] 
[INFO] [stdout] ---- tests::color_never_disables_colored_output stdout ----
[INFO] [stdout] 
[INFO] [stdout] thread 'tests::color_never_disables_colored_output' (2690) panicked at src/tests/test_utils.rs:10:32:
[INFO] [stdout] called `Result::unwrap()` on an `Err` value: Error { code: -3, klass: 7, message: "config value 'user.name' was not found" }
[INFO] [stdout] stack backtrace:
[INFO] [stdout]    0:     0x62d481fe2bb1 - <<std[70759c8f55707aa4]::sys::backtrace::BacktraceLock>::print::DisplayBacktrace as core[df12db4294e9bfd3]::fmt::Display>::fmt
[INFO] [stdout]    1:     0x62d481ffa90a - core[df12db4294e9bfd3]::fmt::write
[INFO] [stdout]    2:     0x62d481fe870c - <alloc[2182bb758b4b3781]::vec::Vec<u8> as core[df12db4294e9bfd3]::io::write::Write>::write_fmt
[INFO] [stdout]    3:     0x62d481fbcf46 - std[70759c8f55707aa4]::panicking::default_hook::{closure#0}
[INFO] [stdout]    4:     0x62d481fda649 - std[70759c8f55707aa4]::panicking::default_hook
[INFO] [stdout]    5:     0x62d481ed9490 - test[9d35eded1c95d3be]::test_main_inner::<test[9d35eded1c95d3be]::test_main_static::{closure#0}>::{closure#0}
[INFO] [stdout]    6:     0x62d481fda972 - std[70759c8f55707aa4]::panicking::panic_with_hook
[INFO] [stdout]    7:     0x62d481fbcff2 - std[70759c8f55707aa4]::panicking::panic_handler::{closure#0}
[INFO] [stdout]    8:     0x62d481fb5ac9 - std[70759c8f55707aa4]::sys::backtrace::__rust_end_short_backtrace::<std[70759c8f55707aa4]::panicking::panic_handler::{closure#0}, !>
[INFO] [stdout]    9:     0x62d481fbdc8d - __rustc[8fa7c3cbc660c2b3]::rust_begin_unwind
[INFO] [stdout]   10:     0x62d481ffb0bc - core[df12db4294e9bfd3]::panicking::panic_fmt
[INFO] [stdout]   11:     0x62d481ffae92 - core[df12db4294e9bfd3]::result::unwrap_failed
[INFO] [stdout]   12:     0x62d481ec824b - zg[280033ec3eb51587]::tests::test_utils::create_mock_repo
[INFO] [stdout]   13:     0x62d481eca7dd - zg[280033ec3eb51587]::tests::color_never_disables_colored_output
[INFO] [stdout]   14:     0x62d481ec9439 - <zg[280033ec3eb51587]::tests::color_never_disables_colored_output::{closure#0} as core[df12db4294e9bfd3]::ops::function::FnOnce<()>>::call_once
[INFO] [stdout]   15:     0x62d481ecc77b - test[9d35eded1c95d3be]::__rust_begin_short_backtrace::<core[df12db4294e9bfd3]::result::Result<(), alloc[2182bb758b4b3781]::string::String>, fn() -> core[df12db4294e9bfd3]::result::Result<(), alloc[2182bb758b4b3781]::string::String>>
[INFO] [stdout]   16:     0x62d481ed9de5 - test[9d35eded1c95d3be]::run_test::{closure#0}
[INFO] [stdout]   17:     0x62d481ed36a4 - std[70759c8f55707aa4]::sys::backtrace::__rust_begin_short_backtrace::<test[9d35eded1c95d3be]::run_test::{closure#1}, ()>
[INFO] [stdout]   18:     0x62d481edcf42 - <std[70759c8f55707aa4]::thread::lifecycle::spawn_unchecked<test[9d35eded1c95d3be]::run_test::{closure#1}, ()>::{closure#1} as core[df12db4294e9bfd3]::ops::function::FnOnce<()>>::call_once::{shim:vtable#0}
[INFO] [stdout]   19:     0x62d481fe2209 - <std[70759c8f55707aa4]::sys::thread::unix::Thread>::new::thread_start
[INFO] [stdout]   20:     0x77133bfb1dfa - <unknown>
[INFO] [stdout]   21:     0x77133c0453d4 - clone
[INFO] [stdout]   22:                0x0 - <unknown>
[INFO] [stdout] 
[INFO] [stdout] ---- tests::smart_case_no_uppercase_letters stdout ----
[INFO] [stdout] 
[INFO] [stdout] thread 'tests::smart_case_no_uppercase_letters' (2697) panicked at src/tests/test_utils.rs:10:32:
[INFO] [stdout] called `Result::unwrap()` on an `Err` value: Error { code: -3, klass: 7, message: "config value 'user.name' was not found" }
[INFO] [stdout] stack backtrace:
[INFO] [stdout]    0:     0x62d481fe2bb1 - <<std[70759c8f55707aa4]::sys::backtrace::BacktraceLock>::print::DisplayBacktrace as core[df12db4294e9bfd3]::fmt::Display>::fmt
[INFO] [stdout]    1:     0x62d481ffa90a - core[df12db4294e9bfd3]::fmt::write
[INFO] [stdout]    2:     0x62d481fe870c - <alloc[2182bb758b4b3781]::vec::Vec<u8> as core[df12db4294e9bfd3]::io::write::Write>::write_fmt
[INFO] [stdout]    3:     0x62d481fbcf46 - std[70759c8f55707aa4]::panicking::default_hook::{closure#0}
[INFO] [stdout]    4:     0x62d481fda649 - std[70759c8f55707aa4]::panicking::default_hook
[INFO] [stdout]    5:     0x62d481ed9490 - test[9d35eded1c95d3be]::test_main_inner::<test[9d35eded1c95d3be]::test_main_static::{closure#0}>::{closure#0}
[INFO] [stdout]    6:     0x62d481fda972 - std[70759c8f55707aa4]::panicking::panic_with_hook
[INFO] [stdout]    7:     0x62d481fbcff2 - std[70759c8f55707aa4]::panicking::panic_handler::{closure#0}
[INFO] [stdout]    8:     0x62d481fb5ac9 - std[70759c8f55707aa4]::sys::backtrace::__rust_end_short_backtrace::<std[70759c8f55707aa4]::panicking::panic_handler::{closure#0}, !>
[INFO] [stdout]    9:     0x62d481fbdc8d - __rustc[8fa7c3cbc660c2b3]::rust_begin_unwind
[INFO] [stdout]   10:     0x62d481ffb0bc - core[df12db4294e9bfd3]::panicking::panic_fmt
[INFO] [stdout]   11:     0x62d481ffae92 - core[df12db4294e9bfd3]::result::unwrap_failed
[INFO] [stdout]   12:     0x62d481ec824b - zg[280033ec3eb51587]::tests::test_utils::create_mock_repo
[INFO] [stdout]   13:     0x62d481ec9edf - zg[280033ec3eb51587]::tests::smart_case_no_uppercase_letters
[INFO] [stdout]   14:     0x62d481ec93b9 - <zg[280033ec3eb51587]::tests::smart_case_no_uppercase_letters::{closure#0} as core[df12db4294e9bfd3]::ops::function::FnOnce<()>>::call_once
[INFO] [stdout]   15:     0x62d481ecc77b - test[9d35eded1c95d3be]::__rust_begin_short_backtrace::<core[df12db4294e9bfd3]::result::Result<(), alloc[2182bb758b4b3781]::string::String>, fn() -> core[df12db4294e9bfd3]::result::Result<(), alloc[2182bb758b4b3781]::string::String>>
[INFO] [stdout]   16:     0x62d481ed9de5 - test[9d35eded1c95d3be]::run_test::{closure#0}
[INFO] [stdout]   17:     0x62d481ed36a4 - std[70759c8f55707aa4]::sys::backtrace::__rust_begin_short_backtrace::<test[9d35eded1c95d3be]::run_test::{closure#1}, ()>
[INFO] [stdout]   18:     0x62d481edcf42 - <std[70759c8f55707aa4]::thread::lifecycle::spawn_unchecked<test[9d35eded1c95d3be]::run_test::{closure#1}, ()>::{closure#1} as core[df12db4294e9bfd3]::ops::function::FnOnce<()>>::call_once::{shim:vtable#0}
[INFO] [stdout]   19:     0x62d481fe2209 - <std[70759c8f55707aa4]::sys::thread::unix::Thread>::new::thread_start
[INFO] [stdout]   20:     0x77133bfb1dfa - <unknown>
[INFO] [stdout]   21:     0x77133c0453d4 - clone
[INFO] [stdout]   22:                0x0 - <unknown>
[INFO] [stdout] 
[INFO] [stdout] ---- tests::ignore_case_short_flag_matches_all_cases stdout ----
[INFO] [stdout] 
[INFO] [stdout] thread 'tests::ignore_case_short_flag_matches_all_cases' (2694) panicked at src/tests/test_utils.rs:10:32:
[INFO] [stdout] called `Result::unwrap()` on an `Err` value: Error { code: -3, klass: 7, message: "config value 'user.name' was not found" }
[INFO] [stdout] stack backtrace:
[INFO] [stdout]    0:     0x62d481fe2bb1 - <<std[70759c8f55707aa4]::sys::backtrace::BacktraceLock>::print::DisplayBacktrace as core[df12db4294e9bfd3]::fmt::Display>::fmt
[INFO] [stdout]    1:     0x62d481ffa90a - core[df12db4294e9bfd3]::fmt::write
[INFO] [stdout]    2:     0x62d481fe870c - <alloc[2182bb758b4b3781]::vec::Vec<u8> as core[df12db4294e9bfd3]::io::write::Write>::write_fmt
[INFO] [stdout]    3:     0x62d481fbcf46 - std[70759c8f55707aa4]::panicking::default_hook::{closure#0}
[INFO] [stdout]    4:     0x62d481fda649 - std[70759c8f55707aa4]::panicking::default_hook
[INFO] [stdout]    5:     0x62d481ed9490 - test[9d35eded1c95d3be]::test_main_inner::<test[9d35eded1c95d3be]::test_main_static::{closure#0}>::{closure#0}
[INFO] [stdout]    6:     0x62d481fda972 - std[70759c8f55707aa4]::panicking::panic_with_hook
[INFO] [stdout]    7:     0x62d481fbcff2 - std[70759c8f55707aa4]::panicking::panic_handler::{closure#0}
[INFO] [stdout]    8:     0x62d481fb5ac9 - std[70759c8f55707aa4]::sys::backtrace::__rust_end_short_backtrace::<std[70759c8f55707aa4]::panicking::panic_handler::{closure#0}, !>
[INFO] [stdout]    9:     0x62d481fbdc8d - __rustc[8fa7c3cbc660c2b3]::rust_begin_unwind
[INFO] [stdout]   10:     0x62d481ffb0bc - core[df12db4294e9bfd3]::panicking::panic_fmt
[INFO] [stdout]   11:     0x62d481ffae92 - core[df12db4294e9bfd3]::result::unwrap_failed
[INFO] [stdout]   12:     0x62d481ec824b - zg[280033ec3eb51587]::tests::test_utils::create_mock_repo
[INFO] [stdout]   13:     0x62d481ecbadf - zg[280033ec3eb51587]::tests::ignore_case_short_flag_matches_all_cases
[INFO] [stdout]   14:     0x62d481ec94b9 - <zg[280033ec3eb51587]::tests::ignore_case_short_flag_matches_all_cases::{closure#0} as core[df12db4294e9bfd3]::ops::function::FnOnce<()>>::call_once
[INFO] [stdout]   15:     0x62d481ecc77b - test[9d35eded1c95d3be]::__rust_begin_short_backtrace::<core[df12db4294e9bfd3]::result::Result<(), alloc[2182bb758b4b3781]::string::String>, fn() -> core[df12db4294e9bfd3]::result::Result<(), alloc[2182bb758b4b3781]::string::String>>
[INFO] [stdout]   16:     0x62d481ed9de5 - test[9d35eded1c95d3be]::run_test::{closure#0}
[INFO] [stdout]   17:     0x62d481ed36a4 - std[70759c8f55707aa4]::sys::backtrace::__rust_begin_short_backtrace::<test[9d35eded1c95d3be]::run_test::{closure#1}, ()>
[INFO] [stdout]   18:     0x62d481edcf42 - <std[70759c8f55707aa4]::thread::lifecycle::spawn_unchecked<test[9d35eded1c95d3be]::run_test::{closure#1}, ()>::{closure#1} as core[df12db4294e9bfd3]::ops::function::FnOnce<()>>::call_once::{shim:vtable#0}
[INFO] [stdout]   19:     0x62d481fe2209 - <std[70759c8f55707aa4]::sys::thread::unix::Thread>::new::thread_start
[INFO] [stdout]   20:     0x77133bfb1dfa - <unknown>
[INFO] [stdout]   21:     0x77133c0453d4 - clone
[INFO] [stdout]   22:                0x0 - <unknown>
[INFO] [stdout] 
[INFO] [stdout] ---- tests::sorts_files_correctly_ascending stdout ----
[INFO] [stdout] 
[INFO] [stdout] thread 'tests::sorts_files_correctly_ascending' (2698) panicked at src/tests/test_utils.rs:10:32:
[INFO] [stdout] called `Result::unwrap()` on an `Err` value: Error { code: -3, klass: 7, message: "config value 'user.name' was not found" }
[INFO] [stdout] stack backtrace:
[INFO] [stdout]    0:     0x62d481fe2bb1 - <<std[70759c8f55707aa4]::sys::backtrace::BacktraceLock>::print::DisplayBacktrace as core[df12db4294e9bfd3]::fmt::Display>::fmt
[INFO] [stdout]    1:     0x62d481ffa90a - core[df12db4294e9bfd3]::fmt::write
[INFO] [stdout]    2:     0x62d481fe870c - <alloc[2182bb758b4b3781]::vec::Vec<u8> as core[df12db4294e9bfd3]::io::write::Write>::write_fmt
[INFO] [stdout]    3:     0x62d481fbcf46 - std[70759c8f55707aa4]::panicking::default_hook::{closure#0}
[INFO] [stdout]    4:     0x62d481fda649 - std[70759c8f55707aa4]::panicking::default_hook
[INFO] [stdout]    5:     0x62d481ed9490 - test[9d35eded1c95d3be]::test_main_inner::<test[9d35eded1c95d3be]::test_main_static::{closure#0}>::{closure#0}
[INFO] [stdout]    6:     0x62d481fda972 - std[70759c8f55707aa4]::panicking::panic_with_hook
[INFO] [stdout]    7:     0x62d481fbcff2 - std[70759c8f55707aa4]::panicking::panic_handler::{closure#0}
[INFO] [stdout]    8:     0x62d481fb5ac9 - std[70759c8f55707aa4]::sys::backtrace::__rust_end_short_backtrace::<std[70759c8f55707aa4]::panicking::panic_handler::{closure#0}, !>
[INFO] [stdout]    9:     0x62d481fbdc8d - __rustc[8fa7c3cbc660c2b3]::rust_begin_unwind
[INFO] [stdout]   10:     0x62d481ffb0bc - core[df12db4294e9bfd3]::panicking::panic_fmt
[INFO] [stdout]   11:     0x62d481ffae92 - core[df12db4294e9bfd3]::result::unwrap_failed
[INFO] [stdout]   12:     0x62d481ec824b - zg[280033ec3eb51587]::tests::test_utils::create_mock_repo
[INFO] [stdout]   13:     0x62d481eca12a - zg[280033ec3eb51587]::tests::sorts_files_correctly_ascending
[INFO] [stdout]   14:     0x62d481ec93d9 - <zg[280033ec3eb51587]::tests::sorts_files_correctly_ascending::{closure#0} as core[df12db4294e9bfd3]::ops::function::FnOnce<()>>::call_once
[INFO] [stdout]   15:     0x62d481ecc77b - test[9d35eded1c95d3be]::__rust_begin_short_backtrace::<core[df12db4294e9bfd3]::result::Result<(), alloc[2182bb758b4b3781]::string::String>, fn() -> core[df12db4294e9bfd3]::result::Result<(), alloc[2182bb758b4b3781]::string::String>>
[INFO] [stdout]   16:     0x62d481ed9de5 - test[9d35eded1c95d3be]::run_test::{closure#0}
[INFO] [stdout]   17:     0x62d481ed36a4 - std[70759c8f55707aa4]::sys::backtrace::__rust_begin_short_backtrace::<test[9d35eded1c95d3be]::run_test::{closure#1}, ()>
[INFO] [stdout]   18:     0x62d481edcf42 - <std[70759c8f55707aa4]::thread::lifecycle::spawn_unchecked<test[9d35eded1c95d3be]::run_test::{closure#1}, ()>::{closure#1} as core[df12db4294e9bfd3]::ops::function::FnOnce<()>>::call_once::{shim:vtable#0}
[INFO] [stdout]   19:     0x62d481fe2209 - <std[70759c8f55707aa4]::sys::thread::unix::Thread>::new::thread_start
[INFO] [stdout]   20:     0x77133bfb1dfa - <unknown>
[INFO] [stdout]   21:     0x77133c0453d4 - clone
[INFO] [stdout]   22:                0x0 - <unknown>
[INFO] [stdout] 
[INFO] [stdout] ---- tests::smart_case_has_uppercase_letters stdout ----
[INFO] [stdout] 
[INFO] [stdout] thread 'tests::smart_case_has_uppercase_letters' (2696) panicked at src/tests/test_utils.rs:10:32:
[INFO] [stdout] called `Result::unwrap()` on an `Err` value: Error { code: -3, klass: 7, message: "config value 'user.name' was not found" }
[INFO] [stdout] stack backtrace:
[INFO] [stdout]    0:     0x62d481fe2bb1 - <<std[70759c8f55707aa4]::sys::backtrace::BacktraceLock>::print::DisplayBacktrace as core[df12db4294e9bfd3]::fmt::Display>::fmt
[INFO] [stdout]    1:     0x62d481ffa90a - core[df12db4294e9bfd3]::fmt::write
[INFO] [stdout]    2:     0x62d481fe870c - <alloc[2182bb758b4b3781]::vec::Vec<u8> as core[df12db4294e9bfd3]::io::write::Write>::write_fmt
[INFO] [stdout]    3:     0x62d481fbcf46 - std[70759c8f55707aa4]::panicking::default_hook::{closure#0}
[INFO] [stdout]    4:     0x62d481fda649 - std[70759c8f55707aa4]::panicking::default_hook
[INFO] [stdout]    5:     0x62d481ed9490 - test[9d35eded1c95d3be]::test_main_inner::<test[9d35eded1c95d3be]::test_main_static::{closure#0}>::{closure#0}
[INFO] [stdout]    6:     0x62d481fda972 - std[70759c8f55707aa4]::panicking::panic_with_hook
[INFO] [stdout]    7:     0x62d481fbcff2 - std[70759c8f55707aa4]::panicking::panic_handler::{closure#0}
[INFO] [stdout]    8:     0x62d481fb5ac9 - std[70759c8f55707aa4]::sys::backtrace::__rust_end_short_backtrace::<std[70759c8f55707aa4]::panicking::panic_handler::{closure#0}, !>
[INFO] [stdout]    9:     0x62d481fbdc8d - __rustc[8fa7c3cbc660c2b3]::rust_begin_unwind
[INFO] [stdout]   10:     0x62d481ffb0bc - core[df12db4294e9bfd3]::panicking::panic_fmt
[INFO] [stdout]   11:     0x62d481ffae92 - core[df12db4294e9bfd3]::result::unwrap_failed
[INFO] [stdout]   12:     0x62d481ec824b - zg[280033ec3eb51587]::tests::test_utils::create_mock_repo
[INFO] [stdout]   13:     0x62d481eca58f - zg[280033ec3eb51587]::tests::smart_case_has_uppercase_letters
[INFO] [stdout]   14:     0x62d481ec9419 - <zg[280033ec3eb51587]::tests::smart_case_has_uppercase_letters::{closure#0} as core[df12db4294e9bfd3]::ops::function::FnOnce<()>>::call_once
[INFO] [stdout]   15:     0x62d481ecc77b - test[9d35eded1c95d3be]::__rust_begin_short_backtrace::<core[df12db4294e9bfd3]::result::Result<(), alloc[2182bb758b4b3781]::string::String>, fn() -> core[df12db4294e9bfd3]::result::Result<(), alloc[2182bb758b4b3781]::string::String>>
[INFO] [stdout]   16:     0x62d481ed9de5 - test[9d35eded1c95d3be]::run_test::{closure#0}
[INFO] [stdout]   17:     0x62d481ed36a4 - std[70759c8f55707aa4]::sys::backtrace::__rust_begin_short_backtrace::<test[9d35eded1c95d3be]::run_test::{closure#1}, ()>
[INFO] [stdout]   18:     0x62d481edcf42 - <std[70759c8f55707aa4]::thread::lifecycle::spawn_unchecked<test[9d35eded1c95d3be]::run_test::{closure#1}, ()>::{closure#1} as core[df12db4294e9bfd3]::ops::function::FnOnce<()>>::call_once::{shim:vtable#0}
[INFO] [stdout]   19:     0x62d481fe2209 - <std[70759c8f55707aa4]::sys::thread::unix::Thread>::new::thread_start
[INFO] [stdout]   20:     0x77133bfb1dfa - <unknown>
[INFO] [stdout]   21:     0x77133c0453d4 - clone
[INFO] [stdout]   22:                0x0 - <unknown>
[INFO] [stdout] 
[INFO] [stdout] ---- tests::ignore_case_long_flag_matches_all_cases stdout ----
[INFO] [stdout] 
[INFO] [stdout] thread 'tests::ignore_case_long_flag_matches_all_cases' (2693) panicked at src/tests/test_utils.rs:10:32:
[INFO] [stdout] called `Result::unwrap()` on an `Err` value: Error { code: -3, klass: 7, message: "config value 'user.name' was not found" }
[INFO] [stdout] stack backtrace:
[INFO] [stdout]    0:     0x62d481fe2bb1 - <<std[70759c8f55707aa4]::sys::backtrace::BacktraceLock>::print::DisplayBacktrace as core[df12db4294e9bfd3]::fmt::Display>::fmt
[INFO] [stdout]    1:     0x62d481ffa90a - core[df12db4294e9bfd3]::fmt::write
[INFO] [stdout]    2:     0x62d481fe870c - <alloc[2182bb758b4b3781]::vec::Vec<u8> as core[df12db4294e9bfd3]::io::write::Write>::write_fmt
[INFO] [stdout]    3:     0x62d481fbcf46 - std[70759c8f55707aa4]::panicking::default_hook::{closure#0}
[INFO] [stdout]    4:     0x62d481fda649 - std[70759c8f55707aa4]::panicking::default_hook
[INFO] [stdout]    5:     0x62d481ed9490 - test[9d35eded1c95d3be]::test_main_inner::<test[9d35eded1c95d3be]::test_main_static::{closure#0}>::{closure#0}
[INFO] [stdout]    6:     0x62d481fda972 - std[70759c8f55707aa4]::panicking::panic_with_hook
[INFO] [stdout]    7:     0x62d481fbcff2 - std[70759c8f55707aa4]::panicking::panic_handler::{closure#0}
[INFO] [stdout]    8:     0x62d481fb5ac9 - std[70759c8f55707aa4]::sys::backtrace::__rust_end_short_backtrace::<std[70759c8f55707aa4]::panicking::panic_handler::{closure#0}, !>
[INFO] [stdout]    9:     0x62d481fbdc8d - __rustc[8fa7c3cbc660c2b3]::rust_begin_unwind
[INFO] [stdout]   10:     0x62d481ffb0bc - core[df12db4294e9bfd3]::panicking::panic_fmt
[INFO] [stdout]   11:     0x62d481ffae92 - core[df12db4294e9bfd3]::result::unwrap_failed
[INFO] [stdout]   12:     0x62d481ec824b - zg[280033ec3eb51587]::tests::test_utils::create_mock_repo
[INFO] [stdout]   13:     0x62d481ecb68f - zg[280033ec3eb51587]::tests::ignore_case_long_flag_matches_all_cases
[INFO] [stdout]   14:     0x62d481ec9479 - <zg[280033ec3eb51587]::tests::ignore_case_long_flag_matches_all_cases::{closure#0} as core[df12db4294e9bfd3]::ops::function::FnOnce<()>>::call_once
[INFO] [stdout]   15:     0x62d481ecc77b - test[9d35eded1c95d3be]::__rust_begin_short_backtrace::<core[df12db4294e9bfd3]::result::Result<(), alloc[2182bb758b4b3781]::string::String>, fn() -> core[df12db4294e9bfd3]::result::Result<(), alloc[2182bb758b4b3781]::string::String>>
[INFO] [stdout]   16:     0x62d481ed9de5 - test[9d35eded1c95d3be]::run_test::{closure#0}
[INFO] [stdout]   17:     0x62d481ed36a4 - std[70759c8f55707aa4]::sys::backtrace::__rust_begin_short_backtrace::<test[9d35eded1c95d3be]::run_test::{closure#1}, ()>
[INFO] [stdout]   18:     0x62d481edcf42 - <std[70759c8f55707aa4]::thread::lifecycle::spawn_unchecked<test[9d35eded1c95d3be]::run_test::{closure#1}, ()>::{closure#1} as core[df12db4294e9bfd3]::ops::function::FnOnce<()>>::call_once::{shim:vtable#0}
[INFO] [stdout]   19:     0x62d481fe2209 - <std[70759c8f55707aa4]::sys::thread::unix::Thread>::new::thread_start
[INFO] [stdout]   20:     0x77133bfb1dfa - <unknown>
[INFO] [stdout]   21:     0x77133c0453d4 - clone
[INFO] [stdout]   22:                0x0 - <unknown>
[INFO] [stdout] 
[INFO] [stdout] ---- tests::column_flag_outputs_correct_columns stdout ----
[INFO] [stdout] 
[INFO] [stdout] thread 'tests::column_flag_outputs_correct_columns' (2691) panicked at src/tests/test_utils.rs:10:32:
[INFO] [stdout] called `Result::unwrap()` on an `Err` value: Error { code: -3, klass: 7, message: "config value 'user.name' was not found" }
[INFO] [stdout] stack backtrace:
[INFO] [stdout]    0:     0x62d481fe2bb1 - <<std[70759c8f55707aa4]::sys::backtrace::BacktraceLock>::print::DisplayBacktrace as core[df12db4294e9bfd3]::fmt::Display>::fmt
[INFO] [stdout]    1:     0x62d481ffa90a - core[df12db4294e9bfd3]::fmt::write
[INFO] [stdout]    2:     0x62d481fe870c - <alloc[2182bb758b4b3781]::vec::Vec<u8> as core[df12db4294e9bfd3]::io::write::Write>::write_fmt
[INFO] [stdout]    3:     0x62d481fbcf46 - std[70759c8f55707aa4]::panicking::default_hook::{closure#0}
[INFO] [stdout]    4:     0x62d481fda649 - std[70759c8f55707aa4]::panicking::default_hook
[INFO] [stdout]    5:     0x62d481ed9490 - test[9d35eded1c95d3be]::test_main_inner::<test[9d35eded1c95d3be]::test_main_static::{closure#0}>::{closure#0}
[INFO] [stdout]    6:     0x62d481fda972 - std[70759c8f55707aa4]::panicking::panic_with_hook
[INFO] [stdout]    7:     0x62d481fbcff2 - std[70759c8f55707aa4]::panicking::panic_handler::{closure#0}
[INFO] [stdout]    8:     0x62d481fb5ac9 - std[70759c8f55707aa4]::sys::backtrace::__rust_end_short_backtrace::<std[70759c8f55707aa4]::panicking::panic_handler::{closure#0}, !>
[INFO] [stdout]    9:     0x62d481fbdc8d - __rustc[8fa7c3cbc660c2b3]::rust_begin_unwind
[INFO] [stdout]   10:     0x62d481ffb0bc - core[df12db4294e9bfd3]::panicking::panic_fmt
[INFO] [stdout]   11:     0x62d481ffae92 - core[df12db4294e9bfd3]::result::unwrap_failed
[INFO] [stdout]   12:     0x62d481ec824b - zg[280033ec3eb51587]::tests::test_utils::create_mock_repo
[INFO] [stdout]   13:     0x62d481eca9fa - zg[280033ec3eb51587]::tests::column_flag_outputs_correct_columns
[INFO] [stdout]   14:     0x62d481ec9459 - <zg[280033ec3eb51587]::tests::column_flag_outputs_correct_columns::{closure#0} as core[df12db4294e9bfd3]::ops::function::FnOnce<()>>::call_once
[INFO] [stdout]   15:     0x62d481ecc77b - test[9d35eded1c95d3be]::__rust_begin_short_backtrace::<core[df12db4294e9bfd3]::result::Result<(), alloc[2182bb758b4b3781]::string::String>, fn() -> core[df12db4294e9bfd3]::result::Result<(), alloc[2182bb758b4b3781]::string::String>>
[INFO] [stdout]   16:     0x62d481ed9de5 - test[9d35eded1c95d3be]::run_test::{closure#0}
[INFO] [stdout]   17:     0x62d481ed36a4 - std[70759c8f55707aa4]::sys::backtrace::__rust_begin_short_backtrace::<test[9d35eded1c95d3be]::run_test::{closure#1}, ()>
[INFO] [stdout]   18:     0x62d481edcf42 - <std[70759c8f55707aa4]::thread::lifecycle::spawn_unchecked<test[9d35eded1c95d3be]::run_test::{closure#1}, ()>::{closure#1} as core[df12db4294e9bfd3]::ops::function::FnOnce<()>>::call_once::{shim:vtable#0}
[INFO] [stdout]   19:     0x62d481fe2209 - <std[70759c8f55707aa4]::sys::thread::unix::Thread>::new::thread_start
[INFO] [stdout]   20:     0x77133bfb1dfa - <unknown>
[INFO] [stdout]   21:     0x77133c0453d4 - clone
[INFO] [stdout]   22:                0x0 - <unknown>
[INFO] [stdout] 
[INFO] [stdout] ---- tests::placeholder_scores_match_stdout stdout ----
[INFO] [stdout] 
[INFO] [stdout] thread 'tests::placeholder_scores_match_stdout' (2695) panicked at src/tests/test_utils.rs:10:32:
[INFO] [stdout] called `Result::unwrap()` on an `Err` value: Error { code: -3, klass: 7, message: "config value 'user.name' was not found" }
[INFO] [stdout] stack backtrace:
[INFO] [stdout]    0:     0x62d481fe2bb1 - <<std[70759c8f55707aa4]::sys::backtrace::BacktraceLock>::print::DisplayBacktrace as core[df12db4294e9bfd3]::fmt::Display>::fmt
[INFO] [stdout]    1:     0x62d481ffa90a - core[df12db4294e9bfd3]::fmt::write
[INFO] [stdout]    2:     0x62d481fe870c - <alloc[2182bb758b4b3781]::vec::Vec<u8> as core[df12db4294e9bfd3]::io::write::Write>::write_fmt
[INFO] [stdout]    3:     0x62d481fbcf46 - std[70759c8f55707aa4]::panicking::default_hook::{closure#0}
[INFO] [stdout]    4:     0x62d481fda649 - std[70759c8f55707aa4]::panicking::default_hook
[INFO] [stdout]    5:     0x62d481ed9490 - test[9d35eded1c95d3be]::test_main_inner::<test[9d35eded1c95d3be]::test_main_static::{closure#0}>::{closure#0}
[INFO] [stdout]    6:     0x62d481fda972 - std[70759c8f55707aa4]::panicking::panic_with_hook
[INFO] [stdout]    7:     0x62d481fbcff2 - std[70759c8f55707aa4]::panicking::panic_handler::{closure#0}
[INFO] [stdout]    8:     0x62d481fb5ac9 - std[70759c8f55707aa4]::sys::backtrace::__rust_end_short_backtrace::<std[70759c8f55707aa4]::panicking::panic_handler::{closure#0}, !>
[INFO] [stdout]    9:     0x62d481fbdc8d - __rustc[8fa7c3cbc660c2b3]::rust_begin_unwind
[INFO] [stdout]   10:     0x62d481ffb0bc - core[df12db4294e9bfd3]::panicking::panic_fmt
[INFO] [stdout]   11:     0x62d481ffae92 - core[df12db4294e9bfd3]::result::unwrap_failed
[INFO] [stdout]   12:     0x62d481ec824b - zg[280033ec3eb51587]::tests::test_utils::create_mock_repo
[INFO] [stdout]   13:     0x62d481ec9a1a - zg[280033ec3eb51587]::tests::placeholder_scores_match_stdout
[INFO] [stdout]   14:     0x62d481ec9399 - <zg[280033ec3eb51587]::tests::placeholder_scores_match_stdout::{closure#0} as core[df12db4294e9bfd3]::ops::function::FnOnce<()>>::call_once
[INFO] [stdout]   15:     0x62d481ecc77b - test[9d35eded1c95d3be]::__rust_begin_short_backtrace::<core[df12db4294e9bfd3]::result::Result<(), alloc[2182bb758b4b3781]::string::String>, fn() -> core[df12db4294e9bfd3]::result::Result<(), alloc[2182bb758b4b3781]::string::String>>
[INFO] [stdout]   16:     0x62d481ed9de5 - test[9d35eded1c95d3be]::run_test::{closure#0}
[INFO] [stdout]   17:     0x62d481ed36a4 - std[70759c8f55707aa4]::sys::backtrace::__rust_begin_short_backtrace::<test[9d35eded1c95d3be]::run_test::{closure#1}, ()>
[INFO] [stdout]   18:     0x62d481edcf42 - <std[70759c8f55707aa4]::thread::lifecycle::spawn_unchecked<test[9d35eded1c95d3be]::run_test::{closure#1}, ()>::{closure#1} as core[df12db4294e9bfd3]::ops::function::FnOnce<()>>::call_once::{shim:vtable#0}
[INFO] [stdout]   19:     0x62d481fe2209 - <std[70759c8f55707aa4]::sys::thread::unix::Thread>::new::thread_start
[INFO] [stdout]   20:     0x77133bfb1dfa - <unknown>
[INFO] [stdout]   21:     0x77133c0453d4 - clone
[INFO] [stdout]   22:                0x0 - <unknown>
[INFO] [stdout] 
[INFO] [stdout] ---- tests::color_always_shows_color_output stdout ----
[INFO] [stdout] 
[INFO] [stdout] thread 'tests::color_always_shows_color_output' (2689) panicked at src/tests/test_utils.rs:10:32:
[INFO] [stdout] called `Result::unwrap()` on an `Err` value: Error { code: -3, klass: 7, message: "config value 'user.name' was not found" }
[INFO] [stdout] stack backtrace:
[INFO] [stdout]    0:     0x62d481fe2bb1 - <<std[70759c8f55707aa4]::sys::backtrace::BacktraceLock>::print::DisplayBacktrace as core[df12db4294e9bfd3]::fmt::Display>::fmt
[INFO] [stdout]    1:     0x62d481ffa90a - core[df12db4294e9bfd3]::fmt::write
[INFO] [stdout]    2:     0x62d481fe870c - <alloc[2182bb758b4b3781]::vec::Vec<u8> as core[df12db4294e9bfd3]::io::write::Write>::write_fmt
[INFO] [stdout]    3:     0x62d481fbcf46 - std[70759c8f55707aa4]::panicking::default_hook::{closure#0}
[INFO] [stdout]    4:     0x62d481fda649 - std[70759c8f55707aa4]::panicking::default_hook
[INFO] [stdout]    5:     0x62d481ed9490 - test[9d35eded1c95d3be]::test_main_inner::<test[9d35eded1c95d3be]::test_main_static::{closure#0}>::{closure#0}
[INFO] [stdout]    6:     0x62d481fda972 - std[70759c8f55707aa4]::panicking::panic_with_hook
[INFO] [stdout]    7:     0x62d481fbcff2 - std[70759c8f55707aa4]::panicking::panic_handler::{closure#0}
[INFO] [stdout]    8:     0x62d481fb5ac9 - std[70759c8f55707aa4]::sys::backtrace::__rust_end_short_backtrace::<std[70759c8f55707aa4]::panicking::panic_handler::{closure#0}, !>
[INFO] [stdout]    9:     0x62d481fbdc8d - __rustc[8fa7c3cbc660c2b3]::rust_begin_unwind
[INFO] [stdout]   10:     0x62d481ffb0bc - core[df12db4294e9bfd3]::panicking::panic_fmt
[INFO] [stdout]   11:     0x62d481ffae92 - core[df12db4294e9bfd3]::result::unwrap_failed
[INFO] [stdout]   12:     0x62d481ec824b - zg[280033ec3eb51587]::tests::test_utils::create_mock_repo
[INFO] [stdout]   13:     0x62d481ec981d - zg[280033ec3eb51587]::tests::color_always_shows_color_output
[INFO] [stdout]   14:     0x62d481ec9379 - <zg[280033ec3eb51587]::tests::color_always_shows_color_output::{closure#0} as core[df12db4294e9bfd3]::ops::function::FnOnce<()>>::call_once
[INFO] [stdout]   15:     0x62d481ecc77b - test[9d35eded1c95d3be]::__rust_begin_short_backtrace::<core[df12db4294e9bfd3]::result::Result<(), alloc[2182bb758b4b3781]::string::String>, fn() -> core[df12db4294e9bfd3]::result::Result<(), alloc[2182bb758b4b3781]::string::String>>
[INFO] [stdout]   16:     0x62d481ed9de5 - test[9d35eded1c95d3be]::run_test::{closure#0}
[INFO] [stdout]   17:     0x62d481ed36a4 - std[70759c8f55707aa4]::sys::backtrace::__rust_begin_short_backtrace::<test[9d35eded1c95d3be]::run_test::{closure#1}, ()>
[INFO] [stdout]   18:     0x62d481edcf42 - <std[70759c8f55707aa4]::thread::lifecycle::spawn_unchecked<test[9d35eded1c95d3be]::run_test::{closure#1}, ()>::{closure#1} as core[df12db4294e9bfd3]::ops::function::FnOnce<()>>::call_once::{shim:vtable#0}
[INFO] [stdout]   19:     0x62d481fe2209 - <std[70759c8f55707aa4]::sys::thread::unix::Thread>::new::thread_start
[INFO] [stdout]   20:     0x77133bfb1dfa - <unknown>
[INFO] [stdout]   21:     0x77133c0453d4 - clone
[INFO] [stdout]   22:                0x0 - <unknown>
[INFO] [stdout] 
[INFO] [stdout] 
[INFO] [stdout] failures:
[INFO] [stdout]     tests::color_always_shows_color_output
[INFO] [stdout]     tests::color_never_disables_colored_output
[INFO] [stdout]     tests::column_flag_outputs_correct_columns
[INFO] [stdout]     tests::default_search_is_case_sensitive
[INFO] [stdout]     tests::ignore_case_long_flag_matches_all_cases
[INFO] [stdout]     tests::ignore_case_short_flag_matches_all_cases
[INFO] [stdout]     tests::placeholder_scores_match_stdout
[INFO] [stdout]     tests::smart_case_has_uppercase_letters
[INFO] [stdout]     tests::smart_case_no_uppercase_letters
[INFO] [stdout]     tests::sorts_files_correctly_ascending
[INFO] [stdout]     tests::sorts_files_correctly_based_on_frecency
[INFO] [stdout] 
[INFO] [stdout] test result: FAILED. 0 passed; 11 failed; 0 ignored; 0 measured; 0 filtered out; finished in 0.05s
[INFO] [stdout] 
[INFO] [stderr] error: test failed, to rerun pass `--bin zg`
[INFO] running `Command { std: "docker" "inspect" "9bee7bd90d1a308e38fb580d8449242c61ad5df4da14bb1bf8d34a243048ac2b", kill_on_drop: false }`
[INFO] running `Command { std: "docker" "rm" "-f" "9bee7bd90d1a308e38fb580d8449242c61ad5df4da14bb1bf8d34a243048ac2b", kill_on_drop: false }`
[INFO] [stdout] 9bee7bd90d1a308e38fb580d8449242c61ad5df4da14bb1bf8d34a243048ac2b
