[INFO] fetching crate zdev 1.6.0...
[INFO] testing zdev-1.6.0 against 1.100.0-beta.1+cargoflags=--release for beta-release-1.100-2
[INFO] extracting crate zdev 1.6.0 into /workspace/builds/worker-3-tc2/source
[INFO] started tweaking crates.io crate zdev 1.6.0
[INFO] removed 0 missing tests
[INFO] finished tweaking crates.io crate zdev 1.6.0
[INFO] tweaked toml for crates.io crate zdev 1.6.0 written to /workspace/builds/worker-3-tc2/source/Cargo.toml
[INFO] validating manifest of crates.io crate zdev 1.6.0 on toolchain 1.100.0-beta.1
[INFO] running `Command { std: CARGO_HOME="/workspace/cargo-home" RUSTUP_HOME="/workspace/rustup-home" "/workspace/cargo-home/bin/cargo" "+1.100.0-beta.1" "metadata" "--manifest-path" "Cargo.toml" "--no-deps", kill_on_drop: false }`
[INFO] crate crates.io crate zdev 1.6.0 already has a lockfile, it will not be regenerated
[INFO] running `Command { std: CARGO_HOME="/workspace/cargo-home" RUSTUP_HOME="/workspace/rustup-home" "/workspace/cargo-home/bin/cargo" "+1.100.0-beta.1" "fetch" "--manifest-path" "Cargo.toml", kill_on_drop: false }`
[INFO] running `Command { std: "docker" "create" "-v" "/var/lib/crater-agent-workspace/builds/worker-3-tc2/source:/opt/rustwide/workdir:ro,Z" "-v" "/var/lib/crater-agent-workspace/builds/worker-3-tc2/target:/opt/rustwide/target:rw,Z" "-v" "/var/lib/crater-agent-workspace/cargo-home:/opt/rustwide/cargo-home:ro,Z" "-v" "/var/lib/crater-agent-workspace/rustup-home:/opt/rustwide/rustup-home:ro,Z" "-m" "1610612736" "--network" "none" "ghcr.io/rust-lang/crates-build-env/linux@sha256:77db811e55d90add9212f6832c23229e3de5f1c1f9905e8cb07319ea15df73ac" "sleep" "infinity", kill_on_drop: false }`
[INFO] [stdout] a3d4fa539b15d082a9126f7166db18015d92dde4ad99977c4c1355a0dac2bd71
[INFO] running `Command { std: "docker" "start" "a3d4fa539b15d082a9126f7166db18015d92dde4ad99977c4c1355a0dac2bd71", kill_on_drop: false }`
[INFO] running `Command { std: "docker" "inspect" "a3d4fa539b15d082a9126f7166db18015d92dde4ad99977c4c1355a0dac2bd71", kill_on_drop: false }`
[INFO] running `Command { std: "docker" "exec" "-e" "SOURCE_DIR=/opt/rustwide/workdir" "-e" "CARGO_HOME=/opt/rustwide/cargo-home" "-e" "RUSTUP_HOME=/opt/rustwide/rustup-home" "-e" "CARGO_TARGET_DIR=/opt/rustwide/target" "-w" "/opt/rustwide/workdir" "--user" "0:0" "a3d4fa539b15d082a9126f7166db18015d92dde4ad99977c4c1355a0dac2bd71" "/opt/rustwide/cargo-home/bin/cargo" "+1.100.0-beta.1" "metadata" "--no-deps" "--format-version=1", kill_on_drop: false }`
[INFO] running `Command { std: "docker" "inspect" "a3d4fa539b15d082a9126f7166db18015d92dde4ad99977c4c1355a0dac2bd71", kill_on_drop: false }`
[INFO] running `Command { std: "docker" "exec" "-e" "SOURCE_DIR=/opt/rustwide/workdir" "-e" "CARGO_HOME=/opt/rustwide/cargo-home" "-e" "RUSTUP_HOME=/opt/rustwide/rustup-home" "-e" "CARGO_TARGET_DIR=/opt/rustwide/target" "-e" "CARGO_INCREMENTAL=0" "-e" "RUST_BACKTRACE=full" "-e" "RUSTFLAGS=--cap-lints=warn" "-e" "RUSTDOCFLAGS=--cap-lints=warn" "-w" "/opt/rustwide/workdir" "--user" "0:0" "a3d4fa539b15d082a9126f7166db18015d92dde4ad99977c4c1355a0dac2bd71" "/opt/rustwide/cargo-home/bin/cargo" "+1.100.0-beta.1" "build" "--frozen" "--message-format=json" "--release", kill_on_drop: false }`
[INFO] [stderr]    Compiling proc-macro2 v1.0.106
[INFO] [stderr]    Compiling quote v1.0.46
[INFO] [stderr]    Compiling unicode-ident v1.0.24
[INFO] [stderr]    Compiling serde_core v1.0.228
[INFO] [stderr]    Compiling serde v1.0.228
[INFO] [stderr]    Compiling libc v0.2.186
[INFO] [stderr]    Compiling utf8parse v0.2.2
[INFO] [stderr]    Compiling zmij v1.0.21
[INFO] [stderr]    Compiling anstyle-parse v1.0.0
[INFO] [stderr]    Compiling hashbrown v0.17.1
[INFO] [stderr]    Compiling anstyle v1.0.14
[INFO] [stderr]    Compiling colorchoice v1.0.5
[INFO] [stderr]    Compiling equivalent v1.0.2
[INFO] [stderr]    Compiling getrandom v0.4.3
[INFO] [stderr]    Compiling is_terminal_polyfill v1.70.2
[INFO] [stderr]    Compiling anstyle-query v1.1.5
[INFO] [stderr]    Compiling rustix v1.1.4
[INFO] [stderr]    Compiling serde_json v1.0.150
[INFO] [stderr]    Compiling anstream v1.0.0
[INFO] [stderr]    Compiling strsim v0.11.1
[INFO] [stderr]    Compiling winnow v0.7.15
[INFO] [stderr]    Compiling linux-raw-sys v0.12.1
[INFO] [stderr]    Compiling heck v0.5.0
[INFO] [stderr]    Compiling cfg-if v1.0.4
[INFO] [stderr]    Compiling clap_lex v1.1.0
[INFO] [stderr]    Compiling bitflags v2.13.0
[INFO] [stderr]    Compiling syn v2.0.118
[INFO] [stderr]    Compiling toml_write v0.1.2
[INFO] [stderr]    Compiling indexmap v2.14.0
[INFO] [stderr]    Compiling clap_builder v4.6.0
[INFO] [stderr]    Compiling fastrand v2.4.1
[INFO] [stderr]    Compiling once_cell v1.21.4
[INFO] [stderr]    Compiling itoa v1.0.18
[INFO] [stderr]    Compiling memo-map v0.3.3
[INFO] [stderr]    Compiling memchr v2.8.3
[INFO] [stderr]    Compiling tempfile v3.27.0
[INFO] [stderr]    Compiling serde_derive v1.0.228
[INFO] [stderr]    Compiling clap_derive v4.6.1
[INFO] [stderr]    Compiling clap v4.6.1
[INFO] [stderr]    Compiling serde_spanned v0.6.9
[INFO] [stderr]    Compiling toml_datetime v0.6.11
[INFO] [stderr]    Compiling minijinja v2.24.0
[INFO] [stderr]    Compiling toml_edit v0.22.27
[INFO] [stderr]    Compiling toml v0.8.23
[INFO] [stderr]    Compiling zdev v1.6.0 (/opt/rustwide/workdir)
[INFO] [stderr]     Finished `release` profile [optimized] target(s) in 2m 16s
[INFO] running `Command { std: "docker" "inspect" "a3d4fa539b15d082a9126f7166db18015d92dde4ad99977c4c1355a0dac2bd71", kill_on_drop: false }`
[INFO] running `Command { std: "docker" "exec" "-e" "SOURCE_DIR=/opt/rustwide/workdir" "-e" "CARGO_HOME=/opt/rustwide/cargo-home" "-e" "RUSTUP_HOME=/opt/rustwide/rustup-home" "-e" "CARGO_TARGET_DIR=/opt/rustwide/target" "-e" "CARGO_INCREMENTAL=0" "-e" "RUST_BACKTRACE=full" "-e" "RUSTFLAGS=--cap-lints=warn" "-e" "RUSTDOCFLAGS=--cap-lints=warn" "-w" "/opt/rustwide/workdir" "--user" "0:0" "a3d4fa539b15d082a9126f7166db18015d92dde4ad99977c4c1355a0dac2bd71" "/opt/rustwide/cargo-home/bin/cargo" "+1.100.0-beta.1" "test" "--frozen" "--no-run" "--message-format=json" "--release", kill_on_drop: false }`
[INFO] [stderr]    Compiling zdev v1.6.0 (/opt/rustwide/workdir)
[INFO] [stderr]     Finished `release` profile [optimized] target(s) in 1m 16s
[INFO] running `Command { std: "docker" "inspect" "a3d4fa539b15d082a9126f7166db18015d92dde4ad99977c4c1355a0dac2bd71", kill_on_drop: false }`
[INFO] running `Command { std: "docker" "exec" "-e" "SOURCE_DIR=/opt/rustwide/workdir" "-e" "CARGO_HOME=/opt/rustwide/cargo-home" "-e" "RUSTUP_HOME=/opt/rustwide/rustup-home" "-e" "CARGO_TARGET_DIR=/opt/rustwide/target" "-e" "CARGO_INCREMENTAL=0" "-e" "RUST_BACKTRACE=full" "-e" "RUSTFLAGS=--cap-lints=warn" "-e" "RUSTDOCFLAGS=--cap-lints=warn" "-w" "/opt/rustwide/workdir" "--user" "0:0" "a3d4fa539b15d082a9126f7166db18015d92dde4ad99977c4c1355a0dac2bd71" "/opt/rustwide/cargo-home/bin/cargo" "+1.100.0-beta.1" "test" "--frozen" "--release", kill_on_drop: false }`
[INFO] [stderr]     Finished `release` profile [optimized] target(s) in 0.07s
[INFO] [stderr]      Running unittests src/lib.rs (/opt/rustwide/target/release/build/zdev/7f49c662d11abc11/out/zdev-7f49c662d11abc11)
[INFO] [stdout] 
[INFO] [stdout] running 3 tests
[INFO] [stdout] test integrations::tests::json_destinations_prepare_trusted_values_before_rendering ... ok
[INFO] [stdout] test integrations::tests::template_failures_name_the_source_and_fail_realization ... ok
[INFO] [stdout] test project::tests::new_atomic_write_does_not_replace_a_concurrently_created_destination ... ok
[INFO] [stdout] 
[INFO] [stdout] test result: ok. 3 passed; 0 failed; 0 ignored; 0 measured; 0 filtered out; finished in 0.01s
[INFO] [stdout] 
[INFO] [stderr]      Running unittests src/main.rs (/opt/rustwide/target/release/build/zdev/ca0ebcfae6c75312/out/zdev-ca0ebcfae6c75312)
[INFO] [stdout] 
[INFO] [stdout] running 0 tests
[INFO] [stdout] 
[INFO] [stdout] test result: ok. 0 passed; 0 failed; 0 ignored; 0 measured; 0 filtered out; finished in 0.00s
[INFO] [stdout] 
[INFO] [stdout] 
[INFO] [stderr]      Running tests/lean.rs (/opt/rustwide/target/release/build/zdev/e9f24982a0658cab/out/lean-e9f24982a0658cab)
[INFO] [stdout] running 163 tests
[INFO] [stdout] test agents_guidance_without_markers_fails_before_bundle_publication ... ok
[INFO] [stdout] test assigned_worktree_contract_is_rendered_once_and_routed_from_codex ... ok
[INFO] [stdout] test area_execution_profiles_mutate_per_harness_and_preserve_precedence_and_bytes ... ok
[INFO] [stdout] test area_mode_parser_rejects_contradictions_and_legacy_owner_blocks_trunk ... ok
[INFO] [stdout] test audit_migration_is_allowlisted_and_invalid_profiles_fail_before_publication ... ok
[INFO] [stdout] test check_rejects_a_task_without_the_authored_contract ... ok
[INFO] [stdout] test area_binding_and_parent_configuration_validate_the_area_graph ... ok
[INFO] [stdout] test check_validates_slice_frontmatter_identity_and_required_sections ... ok
[INFO] [stdout] test auto_guidance_scaffolds_one_shared_fallback_and_preserves_authored_bytes ... ok
[INFO] [stdout] test area_bind_transitions_preserve_reachable_history_and_prior_bytes ... ok
[INFO] [stdout] test all_harness_task_workflows_are_discoverable_and_keep_coordinator_boundaries ... ok
[INFO] [stdout] test bounded_area_loop_aliases_share_one_stop_and_restart_contract ... ok
[INFO] [stdout] test check_validates_the_authored_brief_contract ... ok
[INFO] [stdout] test all_harness_audit_entrypoints_are_discoverable_and_use_the_verifier_contract ... ok
[INFO] [stdout] test claude_audit_uses_one_default_verifier_and_bounds_explicit_lenses ... ok
[INFO] [stdout] test claude_dispatch_spec_freezes_fable_and_custom_role_profiles_without_writes ... ok
[INFO] [stdout] test claude_parallel_workflow_bounds_lanes_maps_identity_and_serializes_destination ... ok
[INFO] [stdout] test claude_implementation_routes_complexity_planning_rework_and_escalation ... ok
[INFO] [stdout] test claude_standalone_verify_returns_only_valid_snapshot_locators ... ok
[INFO] [stdout] test child_rebase_excludes_parent_commits_rewritten_during_parent_rebase ... ok
[INFO] [stdout] test cleanup_squash_deletes_only_tracked_zdev_files_in_one_plain_commit ... ok
[INFO] [stdout] test cleanup_squash_refuses_configured_trunk ... ok
[INFO] [stdout] test claude_area_loop_executes_continuation_stop_rework_resume_and_failure ... ok
[INFO] [stdout] test codex_force_install_migrates_split_skills_to_one_router ... ok
[INFO] [stdout] test closed_work_context_is_branch_independent_and_never_invokes_git ... ok
[INFO] [stdout] test cleanup_squash_requires_pull_request_policy_clean_branch_and_tracked_files ... ok
[INFO] [stdout] test codex_skill_check_and_force_install_manage_ui_metadata ... ok
[INFO] [stdout] test commit_adds_a_stable_change_id_that_lookup_can_find ... ok
[INFO] [stdout] test commit_human_output_reports_the_commit_change_id_and_subject ... ok
[INFO] [stdout] test codex_plan_only_uses_real_explicit_context_and_makes_one_planner_call ... ok
[INFO] [stdout] test claude_task_workflows_extract_one_valid_structured_envelope ... ok
[INFO] [stdout] test commit_rejects_a_user_supplied_stable_change_id_before_committing ... ok
[INFO] [stdout] test codex_dispatch_spec_rejects_stale_dispatch_snapshots_for_plan_and_implementation ... ok
[INFO] [stdout] test commit_uses_requested_root_despite_inherited_git_environment ... ok
[INFO] [stdout] test area_lifecycle_distinguishes_queue_exhaustion_from_explicit_closure ... ok
[INFO] [stdout] test config_global_lock_failure_preserves_worker_bytes ... ok
[INFO] [stdout] test config_reads_reject_strict_or_absent_values_without_mutation ... ok
[INFO] [stdout] test committed_task_import_recovery_text_names_the_problem_and_action ... ok
[INFO] [stdout] test codex_unknown_profile_fails_before_dispatch_without_substitution ... ok
[INFO] [stdout] test config_show_and_get_render_effective_and_scoped_layers ... ok
[INFO] [stdout] test config_worker_mutations_are_atomic_and_unset_exposes_the_next_layer ... ok
[INFO] [stdout] test config_set_validates_typed_project_values_and_preserves_trunk_alias ... ok
[INFO] [stdout] test current_schema_rejects_unknown_and_missing_fields ... ok
[INFO] [stdout] test committed_task_import_rejects_invalid_or_partially_staged_briefs_before_publication ... ok
[INFO] [stdout] test custom_guidance_rejects_symlinks ... ok
[INFO] [stdout] test committed_task_import_preserves_unrelated_index_and_worktree_changes ... ok
[INFO] [stdout] test codex_implementation_reuses_applicable_plan_and_rejects_stale_plan_without_override_leak ... ok
[INFO] [stdout] test derived_apply_rejects_control_ownership_and_staged_managed_state ... ok
[INFO] [stdout] test derived_apply_accepts_a_pre_edit_split_with_no_retained_delta ... ok
[INFO] [stdout] test derived_apply_commits_investigation_result_and_children_together ... ok
[INFO] [stdout] test derived_review_rejects_malformed_nested_duplicate_and_mismatched_proposals ... ok
[INFO] [stdout] test conflicting_managed_rebase_preserves_git_recovery_state_and_guidance ... ok
[INFO] [stdout] test codex_run_freezes_concrete_profiles_and_one_off_role_choices_expire ... ok
[INFO] [stdout] test derived_review_accepts_follow_up_and_exact_post_edit_split_ownership ... ok
[INFO] [stdout] test derived_review_accepts_a_focused_non_default_ready_task ... ok
[INFO] [stdout] test executable_templates_realize_deterministically_and_match_generated_fixtures ... FAILED
[INFO] [stdout] test derived_apply_split_preserves_retained_bytes_and_uses_ordinary_ready_order ... ok
[INFO] [stdout] test every_help_page_explains_its_command_and_inputs ... ok
[INFO] [stdout] test default_ranking_and_explicit_frontier_selection_are_distinct ... ok
[INFO] [stdout] test explicit_branch_shorthand_is_canonicalized_before_storage_and_ownership_checks ... ok
[INFO] [stdout] test explicit_work_context_revalidates_selection_after_goal_read ... ok
[INFO] [stdout] test failed_task_write_removes_earlier_and_current_partial_files ... ok
[INFO] [stdout] test failed_summary_preflight_does_not_complete_the_task ... ok
[INFO] [stdout] test derived_review_reports_unsafe_or_ambiguous_split_as_mechanically_ineligible ... ok
[INFO] [stdout] test explicit_guidance_modes_report_markers_missing_files_and_safe_custom_paths ... ok
[INFO] [stdout] test global_options_work_after_commands_and_nested_commands ... ok
[INFO] [stdout] test failed_committed_task_import_rolls_back_planning_changes_and_preserves_index ... ok
[INFO] [stdout] test first_committed_task_import_rejects_a_partially_tracked_area ... ok
[INFO] [stdout] test first_committed_task_import_publishes_complete_project_record ... ok
[INFO] [stdout] test goal_handles_empty_unsliced_and_exhausted_states ... ok
[INFO] [stdout] test harnesses_have_distinct_native_zdev_integration_inventories ... ok
[INFO] [stdout] test first_committed_task_import_rejects_extra_files_and_rolls_back_commit_failure ... ok
[INFO] [stdout] test goal_projects_the_sliced_ready_task_exactly_and_deterministically ... ok
[INFO] [stdout] test failed_derived_apply_restores_tasks_index_and_retained_bytes ... ok
[INFO] [stdout] test explicit_task_complexity_round_trips_and_invalid_values_fail_closed ... ok
[INFO] [stdout] test initialization_requires_a_record_policy ... ok
[INFO] [stdout] test initialization_and_area_creation_record_the_checked_out_branches ... ok
[INFO] [stdout] test instructions_work_without_a_zdev_or_git_repository ... ok
[INFO] [stdout] test initialization_on_detached_head_explains_how_to_bind_trunk ... ok
[INFO] [stdout] test initialization_text_explains_what_changed_and_what_to_do_next ... ok
[INFO] [stdout] test malformed_dependencies_fail_before_any_task_file_is_created ... ok
[INFO] [stdout] test malformed_goal_graph_fails_without_mutation ... ok
[INFO] [stdout] test initialization_records_each_record_policy_and_explains_pull_request_cleanup ... ok
[INFO] [stdout] test legacy_unsliced_task_index_remains_valid ... ok
[INFO] [stdout] test missing_task_slice_references_fail_before_publication_and_during_check ... ok
[INFO] [stdout] test first_committed_task_import_accepts_tracked_config_and_pull_request_records ... ok
[INFO] [stdout] test named_execution_profiles_resolve_precedence_fallbacks_and_preserve_bytes ... ok
[INFO] [stdout] test legacy_task_entrypoints_require_forced_allowlisted_migration ... ok
[INFO] [stdout] test non_claude_worker_handoffs_are_compact_and_wrapper_tolerant ... ok
[INFO] [stdout] test native_loop_harnesses_install_one_skill_and_their_area_adapter ... ok
[INFO] [stdout] test named_profile_layers_seeds_dispatch_and_default_refresh_are_concrete ... ok
[INFO] [stdout] test non_git_task_import_remains_available_without_locking ... ok
[INFO] [stdout] test omp_planner_constrains_one_result_without_formatting_retries ... ok
[INFO] [stdout] test next_any_distinguishes_exhausted_work_from_unsafe_open_work ... ok
[INFO] [stdout] test managed_rebase_rejects_dirty_missing_and_merge_based_histories ... ok
[INFO] [stdout] test omp_parallel_roles_are_background_profile_twins_and_prompt_uses_owned_worktrees ... ok
[INFO] [stdout] test omp_project_install_inlines_guidance_at_native_destination ... ok
[INFO] [stdout] test omp_relocated_user_install_and_check_warn_without_failing ... ok
[INFO] [stdout] test opencode_project_install_inlines_guidance_at_native_destination ... ok
[INFO] [stdout] test ordinary_source_commit_preserves_git_delta_during_no_commit_integration ... ok
[INFO] [stdout] test managed_rebase_uses_a_parent_area_as_the_effective_base ... ok
[INFO] [stdout] test omp_skill_uses_native_shared_root_assets_without_replacing_user_config ... ok
[INFO] [stdout] test harness_destinations_respect_scope_and_config_home_variables ... ok
[INFO] [stdout] test opencode_skill_uses_native_shared_root_assets_without_replacing_user_config ... ok
[INFO] [stdout] test personal_first_import_stays_local_and_explicit_commit_is_rejected ... ok
[INFO] [stdout] test parent_link_rejects_predeclared_branches_that_do_not_exist_yet ... ok
[INFO] [stdout] test next_any_selects_ready_work_across_areas_without_changing_git_state ... ok
[INFO] [stdout] test pi_project_install_inlines_guidance_at_native_destination ... ok
[INFO] [stdout] test omp_destination_warning_exempts_default_project_and_explicit_destinations ... ok
[INFO] [stdout] test pi_subagent_preserves_single_calls_and_runs_attributed_bounded_batches ... ok
[INFO] [stdout] test pi_skill_uses_native_shared_root_assets_without_replacing_user_config ... ok
[INFO] [stdout] test project_check_reports_missing_or_unmarked_guidance_separately ... ok
[INFO] [stdout] test project_integration_install_requires_an_initialized_record ... ok
[INFO] [stdout] test project_check_says_current_bundle_is_not_ready_when_guidance_is_missing ... ok
[INFO] [stdout] test project_integration_check_requires_an_initialized_record ... ok
[INFO] [stdout] test parallel_route_is_shared_and_supported_harnesses_report_execution_support ... ok
[INFO] [stdout] test skill_help_describes_integrations_for_harnesses ... ok
[INFO] [stdout] test recorded_agents_guidance_rechecks_markers_on_default_check ... ok
[INFO] [stdout] test portable_native_installs_prepare_exact_custom_planner_metadata ... ok
[INFO] [stdout] test project_integrations_share_and_preserve_existing_agents_guidance ... ok
[INFO] [stdout] test skill_install_and_check_support_explicit_destinations_and_replacement ... ok
[INFO] [stdout] test slice_create_rejects_invalid_or_incomplete_input_without_replacing_a_slice ... ok
[INFO] [stdout] test slice_briefs_create_list_show_and_leave_existing_areas_valid ... ok
[INFO] [stdout] test skill_install_materializes_the_complete_embedded_skill_safely ... ok
[INFO] [stdout] test personal_task_completes_from_an_explicit_assigned_worktree ... ok
[INFO] [stdout] test parallel_sources_overlap_then_complete_out_of_order_serially ... ok
[INFO] [stdout] test state_lock_recovers_a_stale_file_without_stealing_a_live_lock ... ok
[INFO] [stdout] test status_reports_wrong_branch_and_a_stale_effective_base_without_failing ... ok
[INFO] [stdout] test skill_human_output_names_zdev_integrations_and_their_harnesses ... ok
[INFO] [stdout] test portable_dispatch_specs_freeze_custom_profiles_before_dispatch ... ok
[INFO] [stdout] test stored_task_review_accepts_pre_selection_field_markdown ... ok
[INFO] [stdout] test stored_task_review_can_be_shown_replaced_and_imported ... ok
[INFO] [stdout] test stored_derived_review_uses_the_linked_worktree_git_path ... ok
[INFO] [stdout] test stored_task_review_uses_the_linked_worktree_git_path ... ok
[INFO] [stdout] test project_skill_install_always_inlines_guidance_while_user_install_does_not ... ok
[INFO] [stdout] test task_import_returns_complete_ready_frontier_from_standard_input ... ok
[INFO] [stdout] test stored_task_review_failures_publish_no_tasks ... ok
[INFO] [stdout] test tasks_list_without_area_shows_open_areas_before_closed_areas ... ok
[INFO] [stdout] test task_order_uses_numeric_suffix_with_full_id_as_tie_breaker ... ok
[INFO] [stdout] test stored_derived_review_rejects_missing_cross_area_corrupt_and_wrong_source_state ... ok
[INFO] [stdout] test stored_derived_review_replaces_accepts_legacy_markdown_and_applies ... ok
[INFO] [stdout] test task_files_drive_selection_completion_and_generated_summary ... ok
[INFO] [stdout] test trunk_reconfiguration_publication_failure_preserves_config_bytes ... FAILED
[INFO] [stdout] test trunk_reconfiguration_does_not_override_uninspectable_ancestry ... ok
[INFO] [stdout] test unsupported_worker_adapter_config_preserves_an_installed_destination ... ok
[INFO] [stdout] test task_slice_membership_flows_through_selection_and_derived_progress ... ok
[INFO] [stdout] test trunk_area_create_projects_mode_and_allows_explicit_trunk_sharing ... ok
[INFO] [stdout] test work_context_rejects_unsafe_and_blocked_open_work_with_structured_errors ... ok
[INFO] [stdout] test work_context_returns_nested_ready_context_and_untrimmed_git_stdout ... ok
[INFO] [stdout] test stale_independent_base_is_advisory_for_task_work ... ok
[INFO] [stdout] test work_context_reports_git_collection_failure_without_partial_output ... ok
[INFO] [stdout] test work_context_comparison_detects_untracked_symlink_target_changes ... ok
[INFO] [stdout] test trunk_reconfiguration_requires_resolved_containment_or_explicit_divergence ... ok
[INFO] [stdout] test worker_profile_files_reject_strict_schema_errors_with_the_source_path ... ok
[INFO] [stdout] test work_context_snapshot_publication_failure_preserves_existing_store ... FAILED
[INFO] [stdout] test worker_roles_state_their_semantic_result_contracts ... ok
[INFO] [stdout] test work_context_snapshots_use_the_linked_worktree_git_path ... ok
[INFO] [stdout] test worker_profiles_use_whole_profile_layering_and_native_inheritance ... ok
[INFO] [stdout] test work_context_returns_open_empty_and_exhausted_contexts ... ok
[INFO] [stdout] test work_context_compares_untracked_nested_repository_contents ... ok
[INFO] [stdout] test trunk_task_workflows_resolve_config_and_isolate_shared_area_lifecycle ... ok
[INFO] [stdout] test work_context_snapshots_fail_closed_and_remain_available ... ok
[INFO] [stdout] test work_context_snapshots_round_trip_exact_json_and_compare_fresh_state ... ok
[INFO] [stdout] 
[INFO] [stdout] failures:
[INFO] [stdout] 
[INFO] [stdout] ---- executable_templates_realize_deterministically_and_match_generated_fixtures stdout ----
[INFO] [stdout] 
[INFO] [stdout] thread 'executable_templates_realize_deterministically_and_match_generated_fixtures' (4871) panicked at tests/lean.rs:10396:30:
[INFO] [stdout] checked-in integration file: Os { code: 2, kind: NotFound, message: "No such file or directory" }
[INFO] [stdout] stack backtrace:
[INFO] [stdout]    0:     0x5ae3c4d8fb36 - <unknown>
[INFO] [stdout]    1:     0x5ae3c4c3a2ba - <unknown>
[INFO] [stdout]    2:     0x5ae3c4d9546c - <unknown>
[INFO] [stdout]    3:     0x5ae3c4d68ea2 - <unknown>
[INFO] [stdout]    4:     0x5ae3c4d85b11 - <unknown>
[INFO] [stdout]    5:     0x5ae3c4d85cf2 - <unknown>
[INFO] [stdout]    6:     0x5ae3c4d68f52 - <unknown>
[INFO] [stdout]    7:     0x5ae3c4d619e9 - <unknown>
[INFO] [stdout]    8:     0x5ae3c4d69f5d - <unknown>
[INFO] [stdout]    9:     0x5ae3c4c3a9ac - <unknown>
[INFO] [stdout]   10:     0x5ae3c4c3a782 - <unknown>
[INFO] [stdout]   11:     0x5ae3c4d11740 - <unknown>
[INFO] [stdout]   12:     0x5ae3c4d9844b - <unknown>
[INFO] [stdout]   13:     0x5ae3c4da62f4 - <unknown>
[INFO] [stdout]   14:     0x5ae3c4d9fa24 - <unknown>
[INFO] [stdout]   15:     0x5ae3c4daa0b2 - <unknown>
[INFO] [stdout]   16:     0x5ae3c4d8e894 - <unknown>
[INFO] [stdout]   17:     0x70ad547e5dfa - <unknown>
[INFO] [stdout]   18:     0x70ad548793d4 - clone
[INFO] [stdout]   19:                0x0 - <unknown>
[INFO] [stdout] 
[INFO] [stdout] ---- trunk_reconfiguration_publication_failure_preserves_config_bytes stdout ----
[INFO] [stdout] 
[INFO] [stdout] thread 'trunk_reconfiguration_publication_failure_preserves_config_bytes' (8875) panicked at tests/lean.rs:2765:5:
[INFO] [stdout] assertion failed: !failed.status.success()
[INFO] [stdout] stack backtrace:
[INFO] [stdout]    0:     0x5ae3c4d8fb36 - <unknown>
[INFO] [stdout]    1:     0x5ae3c4c3a2ba - <unknown>
[INFO] [stdout]    2:     0x5ae3c4d9546c - <unknown>
[INFO] [stdout]    3:     0x5ae3c4d68ea2 - <unknown>
[INFO] [stdout]    4:     0x5ae3c4d85b11 - <unknown>
[INFO] [stdout]    5:     0x5ae3c4d85cf2 - <unknown>
[INFO] [stdout]    6:     0x5ae3c4d68f84 - <unknown>
[INFO] [stdout]    7:     0x5ae3c4d619e9 - <unknown>
[INFO] [stdout]    8:     0x5ae3c4d69f5d - <unknown>
[INFO] [stdout]    9:     0x5ae3c4c3a9ac - <unknown>
[INFO] [stdout]   10:     0x5ae3c4c3a972 - <unknown>
[INFO] [stdout]   11:     0x5ae3c4cd3fe2 - <unknown>
[INFO] [stdout]   12:     0x5ae3c4d9844b - <unknown>
[INFO] [stdout]   13:     0x5ae3c4da62f4 - <unknown>
[INFO] [stdout]   14:     0x5ae3c4d9fa24 - <unknown>
[INFO] [stdout]   15:     0x5ae3c4daa0b2 - <unknown>
[INFO] [stdout]   16:     0x5ae3c4d8e894 - <unknown>
[INFO] [stdout]   17:     0x70ad547e5dfa - <unknown>
[INFO] [stdout]   18:     0x70ad548793d4 - clone
[INFO] [stdout]   19:                0x0 - <unknown>
[INFO] [stdout] 
[INFO] [stdout] ---- work_context_snapshot_publication_failure_preserves_existing_store stdout ----
[INFO] [stdout] 
[INFO] [stdout] thread 'work_context_snapshot_publication_failure_preserves_existing_store' (9913) panicked at tests/lean.rs:1472:5:
[INFO] [stdout] assertion failed: !failed.status.success()
[INFO] [stdout] stack backtrace:
[INFO] [stdout]    0:     0x5ae3c4d8fb36 - <unknown>
[INFO] [stdout]    1:     0x5ae3c4c3a2ba - <unknown>
[INFO] [stdout]    2:     0x5ae3c4d9546c - <unknown>
[INFO] [stdout]    3:     0x5ae3c4d68ea2 - <unknown>
[INFO] [stdout]    4:     0x5ae3c4d85b11 - <unknown>
[INFO] [stdout]    5:     0x5ae3c4d85cf2 - <unknown>
[INFO] [stdout]    6:     0x5ae3c4d68f84 - <unknown>
[INFO] [stdout]    7:     0x5ae3c4d619e9 - <unknown>
[INFO] [stdout]    8:     0x5ae3c4d69f5d - <unknown>
[INFO] [stdout]    9:     0x5ae3c4c3a9ac - <unknown>
[INFO] [stdout]   10:     0x5ae3c4c3a972 - <unknown>
[INFO] [stdout]   11:     0x5ae3c4ce107c - <unknown>
[INFO] [stdout]   12:     0x5ae3c4d9844b - <unknown>
[INFO] [stdout]   13:     0x5ae3c4da62f4 - <unknown>
[INFO] [stdout]   14:     0x5ae3c4d9fa24 - <unknown>
[INFO] [stdout]   15:     0x5ae3c4daa0b2 - <unknown>
[INFO] [stdout]   16:     0x5ae3c4d8e894 - <unknown>
[INFO] [stdout]   17:     0x70ad547e5dfa - <unknown>
[INFO] [stdout]   18:     0x70ad548793d4 - clone
[INFO] [stdout]   19:                0x0 - <unknown>
[INFO] [stdout] 
[INFO] [stdout] 
[INFO] [stdout] failures:
[INFO] [stdout]     executable_templates_realize_deterministically_and_match_generated_fixtures
[INFO] [stdout]     trunk_reconfiguration_publication_failure_preserves_config_bytes
[INFO] [stdout]     work_context_snapshot_publication_failure_preserves_existing_store
[INFO] [stdout] 
[INFO] [stdout] test result: FAILED. 160 passed; 3 failed; 0 ignored; 0 measured; 0 filtered out; finished in 13.33s
[INFO] [stdout] 
[INFO] [stderr] error: test failed, to rerun pass `--test lean`
[INFO] running `Command { std: "docker" "inspect" "a3d4fa539b15d082a9126f7166db18015d92dde4ad99977c4c1355a0dac2bd71", kill_on_drop: false }`
[INFO] running `Command { std: "docker" "rm" "-f" "a3d4fa539b15d082a9126f7166db18015d92dde4ad99977c4c1355a0dac2bd71", kill_on_drop: false }`
[INFO] [stdout] a3d4fa539b15d082a9126f7166db18015d92dde4ad99977c4c1355a0dac2bd71
