[INFO] fetching crate zdc-diagnostics 0.1.0...
[INFO] testing zdc-diagnostics-0.1.0 against 1.100.0-beta.1+cargoflags=--release for beta-release-1.100-2
[INFO] extracting crate zdc-diagnostics 0.1.0 into /workspace/builds/worker-5-tc2/source
[INFO] started tweaking crates.io crate zdc-diagnostics 0.1.0
[INFO] removed 0 missing tests
[INFO] finished tweaking crates.io crate zdc-diagnostics 0.1.0
[INFO] tweaked toml for crates.io crate zdc-diagnostics 0.1.0 written to /workspace/builds/worker-5-tc2/source/Cargo.toml
[INFO] validating manifest of crates.io crate zdc-diagnostics 0.1.0 on toolchain 1.100.0-beta.1
[INFO] running `Command { std: CARGO_HOME="/workspace/cargo-home" RUSTUP_HOME="/workspace/rustup-home" "/workspace/cargo-home/bin/cargo" "+1.100.0-beta.1" "metadata" "--manifest-path" "Cargo.toml" "--no-deps", kill_on_drop: false }`
[INFO] crate crates.io crate zdc-diagnostics 0.1.0 already has a lockfile, it will not be regenerated
[INFO] running `Command { std: CARGO_HOME="/workspace/cargo-home" RUSTUP_HOME="/workspace/rustup-home" "/workspace/cargo-home/bin/cargo" "+1.100.0-beta.1" "fetch" "--manifest-path" "Cargo.toml", kill_on_drop: false }`
[INFO] running `Command { std: "docker" "create" "-v" "/var/lib/crater-agent-workspace/builds/worker-5-tc2/source:/opt/rustwide/workdir:ro,Z" "-v" "/var/lib/crater-agent-workspace/builds/worker-5-tc2/target:/opt/rustwide/target:rw,Z" "-v" "/var/lib/crater-agent-workspace/cargo-home:/opt/rustwide/cargo-home:ro,Z" "-v" "/var/lib/crater-agent-workspace/rustup-home:/opt/rustwide/rustup-home:ro,Z" "-m" "1610612736" "--network" "none" "ghcr.io/rust-lang/crates-build-env/linux@sha256:77db811e55d90add9212f6832c23229e3de5f1c1f9905e8cb07319ea15df73ac" "sleep" "infinity", kill_on_drop: false }`
[INFO] [stdout] ca97707ebc330893c15350057003bfed43d703249c4e15c7acd69e3b0ac1f4fb
[INFO] running `Command { std: "docker" "start" "ca97707ebc330893c15350057003bfed43d703249c4e15c7acd69e3b0ac1f4fb", kill_on_drop: false }`
[INFO] running `Command { std: "docker" "inspect" "ca97707ebc330893c15350057003bfed43d703249c4e15c7acd69e3b0ac1f4fb", kill_on_drop: false }`
[INFO] running `Command { std: "docker" "exec" "-e" "SOURCE_DIR=/opt/rustwide/workdir" "-e" "CARGO_HOME=/opt/rustwide/cargo-home" "-e" "RUSTUP_HOME=/opt/rustwide/rustup-home" "-e" "CARGO_TARGET_DIR=/opt/rustwide/target" "-w" "/opt/rustwide/workdir" "--user" "0:0" "ca97707ebc330893c15350057003bfed43d703249c4e15c7acd69e3b0ac1f4fb" "/opt/rustwide/cargo-home/bin/cargo" "+1.100.0-beta.1" "metadata" "--no-deps" "--format-version=1", kill_on_drop: false }`
[INFO] running `Command { std: "docker" "inspect" "ca97707ebc330893c15350057003bfed43d703249c4e15c7acd69e3b0ac1f4fb", kill_on_drop: false }`
[INFO] running `Command { std: "docker" "exec" "-e" "SOURCE_DIR=/opt/rustwide/workdir" "-e" "CARGO_HOME=/opt/rustwide/cargo-home" "-e" "RUSTUP_HOME=/opt/rustwide/rustup-home" "-e" "CARGO_TARGET_DIR=/opt/rustwide/target" "-e" "CARGO_INCREMENTAL=0" "-e" "RUST_BACKTRACE=full" "-e" "RUSTFLAGS=--cap-lints=warn" "-e" "RUSTDOCFLAGS=--cap-lints=warn" "-w" "/opt/rustwide/workdir" "--user" "0:0" "ca97707ebc330893c15350057003bfed43d703249c4e15c7acd69e3b0ac1f4fb" "/opt/rustwide/cargo-home/bin/cargo" "+1.100.0-beta.1" "build" "--frozen" "--message-format=json" "--release", kill_on_drop: false }`
[INFO] [stderr]    Compiling beef v0.5.2
[INFO] [stderr]    Compiling lazy_static v1.5.0
[INFO] [stderr]    Compiling zdc-runtime v0.1.0
[INFO] [stderr]    Compiling pulldown-cmark v0.13.4
[INFO] [stderr]    Compiling unicase v2.9.0
[INFO] [stderr]    Compiling zdc-codegen v0.1.0
[INFO] [stderr]    Compiling bitflags v2.13.1
[INFO] [stderr]    Compiling pulldown-cmark-escape v0.11.0
[INFO] [stderr]    Compiling yansi v1.0.1
[INFO] [stderr]    Compiling logos-codegen v0.14.4
[INFO] [stderr]    Compiling ariadne v0.4.1
[INFO] [stderr]    Compiling logos-derive v0.14.4
[INFO] [stderr]    Compiling logos v0.14.4
[INFO] [stderr]    Compiling zdc-lexer v0.1.0
[INFO] [stderr]    Compiling zdc-ast v0.1.0
[INFO] [stderr]    Compiling zdc-hir v0.1.0
[INFO] [stderr]    Compiling zdc-parser v0.1.0
[INFO] [stderr]    Compiling zdc-types v0.1.0
[INFO] [stderr]    Compiling zdc-resolve v0.1.0
[INFO] [stderr]    Compiling zdc-graph v0.1.0
[INFO] [stderr]    Compiling zdc-diagnostics v0.1.0 (/opt/rustwide/workdir)
[INFO] [stderr]     Finished `release` profile [optimized] target(s) in 1m 10s
[INFO] running `Command { std: "docker" "inspect" "ca97707ebc330893c15350057003bfed43d703249c4e15c7acd69e3b0ac1f4fb", kill_on_drop: false }`
[INFO] running `Command { std: "docker" "exec" "-e" "SOURCE_DIR=/opt/rustwide/workdir" "-e" "CARGO_HOME=/opt/rustwide/cargo-home" "-e" "RUSTUP_HOME=/opt/rustwide/rustup-home" "-e" "CARGO_TARGET_DIR=/opt/rustwide/target" "-e" "CARGO_INCREMENTAL=0" "-e" "RUST_BACKTRACE=full" "-e" "RUSTFLAGS=--cap-lints=warn" "-e" "RUSTDOCFLAGS=--cap-lints=warn" "-w" "/opt/rustwide/workdir" "--user" "0:0" "ca97707ebc330893c15350057003bfed43d703249c4e15c7acd69e3b0ac1f4fb" "/opt/rustwide/cargo-home/bin/cargo" "+1.100.0-beta.1" "test" "--frozen" "--no-run" "--message-format=json" "--release", kill_on_drop: false }`
[INFO] [stderr]    Compiling syn v2.0.119
[INFO] [stderr]    Compiling syn v3.0.3
[INFO] [stderr]    Compiling serde_core v1.0.229
[INFO] [stderr]    Compiling phf_shared v0.13.1
[INFO] [stderr]    Compiling foldhash v0.2.0
[INFO] [stderr]    Compiling fastrand v2.5.0
[INFO] [stderr]    Compiling winnow v1.0.4
[INFO] [stderr]    Compiling zerocopy v0.8.55
[INFO] [stderr]    Compiling phf_generator v0.13.1
[INFO] [stderr]    Compiling hashbrown v0.16.1
[INFO] [stderr]    Compiling serde v1.0.229
[INFO] [stderr]    Compiling fast-float2 v0.2.3
[INFO] [stderr]    Compiling litemap v0.8.2
[INFO] [stderr]    Compiling ryu-js v1.0.3
[INFO] [stderr]    Compiling rustc-hash v2.1.3
[INFO] [stderr]    Compiling writeable v0.6.3
[INFO] [stderr]    Compiling cow-utils v0.1.3
[INFO] [stderr]    Compiling boa_string v0.21.1
[INFO] [stderr]    Compiling icu_properties_data v2.0.1
[INFO] [stderr]    Compiling smallvec v1.15.2
[INFO] [stderr]    Compiling thin-vec v0.2.19
[INFO] [stderr]    Compiling indexmap v2.14.0
[INFO] [stderr]    Compiling num-integer v0.1.46
[INFO] [stderr]    Compiling toml_parser v1.1.3+spec-1.1.0
[INFO] [stderr]    Compiling getrandom v0.3.4
[INFO] [stderr]    Compiling toml_edit v0.25.13+spec-1.1.0
[INFO] [stderr]    Compiling futures-core v0.3.33
[INFO] [stderr]    Compiling icu_normalizer_data v2.0.0
[INFO] [stderr]    Compiling rand_core v0.9.5
[INFO] [stderr]    Compiling float16 v0.1.5
[INFO] [stderr]    Compiling portable-atomic v1.14.0
[INFO] [stderr]    Compiling futures-io v0.3.33
[INFO] [stderr]    Compiling thiserror v2.0.19
[INFO] [stderr]    Compiling time-macros v0.2.32
[INFO] [stderr]    Compiling futures-lite v2.6.1
[INFO] [stderr]    Compiling parking_lot_core v0.9.12
[INFO] [stderr]    Compiling displaydoc v0.2.7
[INFO] [stderr]    Compiling serde_derive v1.0.229
[INFO] [stderr]    Compiling proc-macro-crate v3.5.0
[INFO] [stderr]    Compiling thiserror-impl v2.0.19
[INFO] [stderr]    Compiling regress v0.10.5
[INFO] [stderr]    Compiling hashbrown v0.14.5
[INFO] [stderr]    Compiling time-core v0.1.9
[INFO] [stderr]    Compiling either v1.17.0
[INFO] [stderr]    Compiling fixedbitset v0.5.7
[INFO] [stderr]    Compiling num_threads v0.1.7
[INFO] [stderr]    Compiling small_btree v0.1.0
[INFO] [stderr]    Compiling time v0.3.55
[INFO] [stderr]    Compiling synstructure v0.13.2
[INFO] [stderr]    Compiling logos-codegen v0.14.4
[INFO] [stderr]    Compiling dashmap v6.2.1
[INFO] [stderr]    Compiling itertools v0.14.0
[INFO] [stderr]    Compiling serde_json v1.0.151
[INFO] [stderr]    Compiling intrusive-collections v0.9.7
[INFO] [stderr]    Compiling zerofrom-derive v0.1.7
[INFO] [stderr]    Compiling yoke-derive v0.8.2
[INFO] [stderr]    Compiling logos-derive v0.14.4
[INFO] [stderr]    Compiling zerovec-derive v0.11.3
[INFO] [stderr]    Compiling logos v0.14.4
[INFO] [stderr]    Compiling zdc-lexer v0.1.0
[INFO] [stderr]    Compiling boa_macros v0.21.1
[INFO] [stderr]    Compiling phf_macros v0.13.1
[INFO] [stderr]    Compiling zerofrom v0.1.8
[INFO] [stderr]    Compiling yoke v0.8.3
[INFO] [stderr]    Compiling zerotrie v0.2.4
[INFO] [stderr]    Compiling phf v0.13.1
[INFO] [stderr]    Compiling zerovec v0.11.6
[INFO] [stderr]    Compiling pin-project-internal v1.1.13
[INFO] [stderr]    Compiling equator-macro v0.4.2
[INFO] [stderr]    Compiling boa_gc v0.21.1
[INFO] [stderr]    Compiling num-bigint v0.4.8
[INFO] [stderr]    Compiling ppv-lite86 v0.2.21
[INFO] [stderr]    Compiling zdc-ast v0.1.0
[INFO] [stderr]    Compiling boa_interner v0.21.1
[INFO] [stderr]    Compiling tinystr v0.8.3
[INFO] [stderr]    Compiling potential_utf v0.1.5
[INFO] [stderr]    Compiling zdc-hir v0.1.0
[INFO] [stderr]    Compiling icu_collections v2.0.0
[INFO] [stderr]    Compiling icu_locale_core v2.2.0
[INFO] [stderr]    Compiling zdc-parser v0.1.0
[INFO] [stderr]    Compiling rand_chacha v0.9.0
[INFO] [stderr]    Compiling zdc-types v0.1.0
[INFO] [stderr]    Compiling equator v0.4.2
[INFO] [stderr]    Compiling pin-project v1.1.13
[INFO] [stderr]    Compiling dynify-macros v0.1.2
[INFO] [stderr]    Compiling bytemuck_derive v1.11.0
[INFO] [stderr]    Compiling num_enum_derive v0.7.6
[INFO] [stderr]    Compiling boa_ast v0.21.1
[INFO] [stderr]    Compiling icu_provider v2.2.0
[INFO] [stderr]    Compiling bytemuck v1.25.2
[INFO] [stderr]    Compiling icu_properties v2.0.2
[INFO] [stderr]    Compiling zdc-graph v0.1.0
[INFO] [stderr]    Compiling icu_normalizer v2.0.1
[INFO] [stderr]    Compiling num_enum v0.7.6
[INFO] [stderr]    Compiling dynify v0.1.2
[INFO] [stderr]    Compiling aligned-vec v0.6.4
[INFO] [stderr]    Compiling zdc-codegen v0.1.0
[INFO] [stderr]    Compiling boa_parser v0.21.1
[INFO] [stderr]    Compiling futures-concurrency v7.7.1
[INFO] [stderr]    Compiling zdc-resolve v0.1.0
[INFO] [stderr]    Compiling rand v0.9.5
[INFO] [stderr]    Compiling futures-channel v0.3.33
[INFO] [stderr]    Compiling tag_ptr v0.1.0
[INFO] [stderr]    Compiling xsum v0.1.6
[INFO] [stderr]    Compiling zdc-diagnostics v0.1.0 (/opt/rustwide/workdir)
[INFO] [stderr]    Compiling boa_engine v0.21.1
[INFO] [stderr]     Finished `release` profile [optimized] target(s) in 4m 17s
[INFO] running `Command { std: "docker" "inspect" "ca97707ebc330893c15350057003bfed43d703249c4e15c7acd69e3b0ac1f4fb", kill_on_drop: false }`
[INFO] running `Command { std: "docker" "exec" "-e" "SOURCE_DIR=/opt/rustwide/workdir" "-e" "CARGO_HOME=/opt/rustwide/cargo-home" "-e" "RUSTUP_HOME=/opt/rustwide/rustup-home" "-e" "CARGO_TARGET_DIR=/opt/rustwide/target" "-e" "CARGO_INCREMENTAL=0" "-e" "RUST_BACKTRACE=full" "-e" "RUSTFLAGS=--cap-lints=warn" "-e" "RUSTDOCFLAGS=--cap-lints=warn" "-w" "/opt/rustwide/workdir" "--user" "0:0" "ca97707ebc330893c15350057003bfed43d703249c4e15c7acd69e3b0ac1f4fb" "/opt/rustwide/cargo-home/bin/cargo" "+1.100.0-beta.1" "test" "--frozen" "--release", kill_on_drop: false }`
[INFO] [stderr]     Finished `release` profile [optimized] target(s) in 0.26s
[INFO] [stderr]      Running unittests src/lib.rs (/opt/rustwide/target/release/build/zdc-diagnostics/e18f118a00c101df/out/zdc_diagnostics-e18f118a00c101df)
[INFO] [stdout] 
[INFO] [stdout] running 14 tests
[INFO] [stdout] test tests::a_suggestion_pointing_outside_the_source_is_dropped_rather_than_fatal ... ok
[INFO] [stdout] test tests::a_suggestion_renders_the_readers_line_with_the_edit_made ... ok
[INFO] [stdout] test tests::a_diagnostic_rendered_without_colour_carries_no_escape_sequences ... ok
[INFO] [stdout] test tests::a_caret_lands_correctly_in_a_file_containing_non_ascii ... ok
[INFO] [stdout] test tests::a_diagnostic_with_no_label_draws_an_underline_and_no_words ... ok
[INFO] [stdout] test tests::rendered_output_contains_the_source_line_and_message ... ok
[INFO] [stdout] test tests::a_message_quoting_the_program_cannot_write_escape_sequences_either ... ok
[INFO] [stdout] test tests::every_note_is_rendered_as_its_own_numbered_label ... ok
[INFO] [stdout] test tests::a_source_file_cannot_write_escape_sequences_to_the_terminal ... ok
[INFO] [stdout] test tests::help_text_is_included_when_present ... ok
[INFO] [stdout] test tests::replacing_a_control_character_does_not_move_the_caret ... ok
[INFO] [stdout] test tests::rendering_a_spanless_diagnostic_does_not_panic ... ok
[INFO] [stdout] test tests::spanless_diagnostics_render_message_and_path_without_a_snippet ... ok
[INFO] [stdout] test tests::spanned_diagnostics_still_render_the_source_snippet ... ok
[INFO] [stdout] 
[INFO] [stdout] test result: ok. 14 passed; 0 failed; 0 ignored; 0 measured; 0 filtered out; finished in 0.01s
[INFO] [stdout] 
[INFO] [stderr]      Running tests/caret_labels.rs (/opt/rustwide/target/release/build/zdc-diagnostics/e779c2688cd6aff5/out/caret_labels-e779c2688cd6aff5)
[INFO] [stdout] 
[INFO] [stdout] running 7 tests
[INFO] [stdout] test the_missing_placement_names_the_word_written_and_shows_the_repaired_line ... ok
[INFO] [stdout] test every_parse_message_fits_the_inline_budget ... ok
[INFO] [stdout] test a_different_keyword_gets_its_own_description ... ok
[INFO] [stdout] test a_keyword_in_a_name_position_states_the_rule_and_the_keyword_s_own_job ... ok
[INFO] [stdout] test no_diagnostic_labels_its_caret_with_the_word_here ... ok
[INFO] [stdout] test every_parse_error_carries_a_code_that_zdc_explain_answers ... ok
[INFO] [stdout] test the_caret_carries_the_label_the_site_supplied ... ok
[INFO] [stdout] 
[INFO] [stdout] test result: ok. 7 passed; 0 failed; 0 ignored; 0 measured; 0 filtered out; finished in 0.00s
[INFO] [stdout] 
[INFO] [stderr]      Running tests/conversion_contract.rs (/opt/rustwide/target/release/build/zdc-diagnostics/e515d4587139fc48/out/conversion_contract-e515d4587139fc48)
[INFO] [stdout] 
[INFO] [stdout] running 7 tests
[INFO] [stdout] test type_error_conversion_preserves_its_actionable_help ... ok
[INFO] [stdout] test rendered_secondary_labels_retain_reading_order_in_their_messages ... ok
[INFO] [stdout] test codegen_error_conversion_preserves_span_without_inventing_help ... ok
[INFO] [stdout] test every_explanation_code_has_the_same_generated_inline_help ... ok
[INFO] [stdout] test file_errors_do_not_echo_control_sequences_from_paths_or_messages ... ok
[INFO] [stdout] test graph_error_conversion_preserves_code_and_ordered_path ... ok
[INFO] [stdout] test resolve_error_conversion_preserves_location_and_claim_only ... ok
[INFO] [stdout] 
[INFO] [stdout] test result: ok. 7 passed; 0 failed; 0 ignored; 0 measured; 0 filtered out; finished in 0.00s
[INFO] [stdout] 
[INFO] [stderr]      Running tests/explanations.rs (/opt/rustwide/target/release/build/zdc-diagnostics/0725f090a81d3a96/out/explanations-0725f090a81d3a96)
[INFO] [stdout] 
[INFO] [stdout] running 5 tests
[INFO] [stdout] test no_two_explanations_claim_the_same_code ... ok
[INFO] [stdout] test a_code_can_be_looked_up_and_an_unknown_one_cannot ... ok
[INFO] [stdout] test the_code_list_has_one_entry_per_explanation ... ok
[INFO] [stdout] test every_code_in_the_source_has_an_explanation ... FAILED
[INFO] [stderr] error: test failed, to rerun pass `--test explanations`
[INFO] [stdout] test every_explanation_says_something_in_all_three_sections ... ok
[INFO] [stdout] 
[INFO] [stdout] failures:
[INFO] [stdout] 
[INFO] [stdout] ---- every_code_in_the_source_has_an_explanation stdout ----
[INFO] [stdout] 
[INFO] [stdout] thread 'every_code_in_the_source_has_an_explanation' (2629) panicked at tests/explanations.rs:51:42:
[INFO] [stdout] the zdc-graph source directory is readable: Os { code: 2, kind: NotFound, message: "No such file or directory" }
[INFO] [stdout] stack backtrace:
[INFO] [stdout]    0:     0x5f80920fe441 - <<std[617be2ca0a6fd877]::sys::backtrace::BacktraceLock>::print::DisplayBacktrace as core[a373ad73a504971]::fmt::Display>::fmt
[INFO] [stdout]    1:     0x5f809211276a - core[a373ad73a504971]::fmt::write
[INFO] [stdout]    2:     0x5f809210292c - <alloc[2e1b2a31b91974c5]::vec::Vec<u8> as core[a373ad73a504971]::io::write::Write>::write_fmt
[INFO] [stdout]    3:     0x5f80920da036 - std[617be2ca0a6fd877]::panicking::default_hook::{closure#0}
[INFO] [stdout]    4:     0x5f80920f6569 - std[617be2ca0a6fd877]::panicking::default_hook
[INFO] [stdout]    5:     0x5f8092090e40 - test[aada8e7e76ba119b]::test_main_inner::{closure#0}
[INFO] [stdout]    6:     0x5f80920f6722 - std[617be2ca0a6fd877]::panicking::panic_with_hook
[INFO] [stdout]    7:     0x5f80920da0e2 - std[617be2ca0a6fd877]::panicking::panic_handler::{closure#0}
[INFO] [stdout]    8:     0x5f80920d2bc9 - std[617be2ca0a6fd877]::sys::backtrace::__rust_end_short_backtrace::<std[617be2ca0a6fd877]::panicking::panic_handler::{closure#0}, !>
[INFO] [stdout]    9:     0x5f80920daced - __rustc[ea4f61d10b84890b]::rust_begin_unwind
[INFO] [stdout]   10:     0x5f8092112e9c - core[a373ad73a504971]::panicking::panic_fmt
[INFO] [stdout]   11:     0x5f8092112c72 - core[a373ad73a504971]::result::unwrap_failed
[INFO] [stdout]   12:     0x5f809207cf25 - explanations[13184e07874540f9]::codes_in_source
[INFO] [stdout]   13:     0x5f8092081d02 - <core[a373ad73a504971]::iter::adapters::flatten::FlatMap<core[a373ad73a504971]::slice::iter::Iter<std[617be2ca0a6fd877]::path::PathBuf>, alloc[2e1b2a31b91974c5]::collections::btree::set::BTreeSet<alloc[2e1b2a31b91974c5]::string::String>, explanations[13184e07874540f9]::every_code_in_the_source_has_an_explanation::{closure#0}> as core[a373ad73a504971]::iter::traits::iterator::Iterator>::next
[INFO] [stdout]   14:     0x5f8092081141 - <alloc[2e1b2a31b91974c5]::vec::Vec<alloc[2e1b2a31b91974c5]::string::String> as alloc[2e1b2a31b91974c5]::vec::spec_from_iter::SpecFromIter<alloc[2e1b2a31b91974c5]::string::String, core[a373ad73a504971]::iter::adapters::flatten::FlatMap<core[a373ad73a504971]::slice::iter::Iter<std[617be2ca0a6fd877]::path::PathBuf>, alloc[2e1b2a31b91974c5]::collections::btree::set::BTreeSet<alloc[2e1b2a31b91974c5]::string::String>, explanations[13184e07874540f9]::every_code_in_the_source_has_an_explanation::{closure#0}>>>::from_iter
[INFO] [stdout]   15:     0x5f809208352f - <alloc[2e1b2a31b91974c5]::collections::btree::set::BTreeSet<alloc[2e1b2a31b91974c5]::string::String> as core[a373ad73a504971]::iter::traits::collect::FromIterator<alloc[2e1b2a31b91974c5]::string::String>>::from_iter::<core[a373ad73a504971]::iter::adapters::flatten::FlatMap<core[a373ad73a504971]::slice::iter::Iter<std[617be2ca0a6fd877]::path::PathBuf>, alloc[2e1b2a31b91974c5]::collections::btree::set::BTreeSet<alloc[2e1b2a31b91974c5]::string::String>, explanations[13184e07874540f9]::every_code_in_the_source_has_an_explanation::{closure#0}>>
[INFO] [stdout]   16:     0x5f809207df2a - <explanations[13184e07874540f9]::every_code_in_the_source_has_an_explanation::{closure#0} as core[a373ad73a504971]::ops::function::FnOnce<()>>::call_once
[INFO] [stdout]   17:     0x5f809208428b - test[aada8e7e76ba119b]::__rust_begin_short_backtrace::<core[a373ad73a504971]::result::Result<(), alloc[2e1b2a31b91974c5]::string::String>, fn() -> core[a373ad73a504971]::result::Result<(), alloc[2e1b2a31b91974c5]::string::String>>
[INFO] [stdout]   18:     0x5f8092091465 - test[aada8e7e76ba119b]::run_test::{closure#0}
[INFO] [stdout]   19:     0x5f809208ad54 - std[617be2ca0a6fd877]::sys::backtrace::__rust_begin_short_backtrace::<test[aada8e7e76ba119b]::run_test::{closure#1}, ()>
[INFO] [stdout]   20:     0x5f80920944f2 - <std[617be2ca0a6fd877]::thread::lifecycle::spawn_unchecked<test[aada8e7e76ba119b]::run_test::{closure#1}, ()>::{closure#1} as core[a373ad73a504971]::ops::function::FnOnce<()>>::call_once::{shim:vtable#0}
[INFO] [stdout]   21:     0x5f80920fd93f - <std[617be2ca0a6fd877]::sys::thread::unix::Thread>::new::thread_start
[INFO] [stdout]   22:     0x7a0106688dfa - <unknown>
[INFO] [stdout]   23:     0x7a010671c3d4 - clone
[INFO] [stdout]   24:                0x0 - <unknown>
[INFO] [stdout] 
[INFO] [stdout] 
[INFO] [stdout] failures:
[INFO] [stdout]     every_code_in_the_source_has_an_explanation
[INFO] [stdout] 
[INFO] [stdout] test result: FAILED. 4 passed; 1 failed; 0 ignored; 0 measured; 0 filtered out; finished in 0.00s
[INFO] [stdout] 
[INFO] running `Command { std: "docker" "inspect" "ca97707ebc330893c15350057003bfed43d703249c4e15c7acd69e3b0ac1f4fb", kill_on_drop: false }`
[INFO] running `Command { std: "docker" "rm" "-f" "ca97707ebc330893c15350057003bfed43d703249c4e15c7acd69e3b0ac1f4fb", kill_on_drop: false }`
[INFO] [stdout] ca97707ebc330893c15350057003bfed43d703249c4e15c7acd69e3b0ac1f4fb
