[INFO] fetching crate zdc-dev 0.1.0...
[INFO] testing zdc-dev-0.1.0 against 1.100.0-beta.1+cargoflags=--release for beta-release-1.100-2
[INFO] extracting crate zdc-dev 0.1.0 into /workspace/builds/worker-4-tc2/source
[INFO] started tweaking crates.io crate zdc-dev 0.1.0
[INFO] removed 0 missing tests
[INFO] finished tweaking crates.io crate zdc-dev 0.1.0
[INFO] tweaked toml for crates.io crate zdc-dev 0.1.0 written to /workspace/builds/worker-4-tc2/source/Cargo.toml
[INFO] validating manifest of crates.io crate zdc-dev 0.1.0 on toolchain 1.100.0-beta.1
[INFO] running `Command { std: CARGO_HOME="/workspace/cargo-home" RUSTUP_HOME="/workspace/rustup-home" "/workspace/cargo-home/bin/cargo" "+1.100.0-beta.1" "metadata" "--manifest-path" "Cargo.toml" "--no-deps", kill_on_drop: false }`
[INFO] crate crates.io crate zdc-dev 0.1.0 already has a lockfile, it will not be regenerated
[INFO] running `Command { std: CARGO_HOME="/workspace/cargo-home" RUSTUP_HOME="/workspace/rustup-home" "/workspace/cargo-home/bin/cargo" "+1.100.0-beta.1" "fetch" "--manifest-path" "Cargo.toml", kill_on_drop: false }`
[INFO] running `Command { std: "docker" "create" "-v" "/var/lib/crater-agent-workspace/builds/worker-4-tc2/source:/opt/rustwide/workdir:ro,Z" "-v" "/var/lib/crater-agent-workspace/builds/worker-4-tc2/target:/opt/rustwide/target:rw,Z" "-v" "/var/lib/crater-agent-workspace/cargo-home:/opt/rustwide/cargo-home:ro,Z" "-v" "/var/lib/crater-agent-workspace/rustup-home:/opt/rustwide/rustup-home:ro,Z" "-m" "1610612736" "--network" "none" "ghcr.io/rust-lang/crates-build-env/linux@sha256:77db811e55d90add9212f6832c23229e3de5f1c1f9905e8cb07319ea15df73ac" "sleep" "infinity", kill_on_drop: false }`
[INFO] [stdout] 0e467057b7badf98896a30e3703142165f4181941c2a6c1609a2d658bee28d2a
[INFO] running `Command { std: "docker" "start" "0e467057b7badf98896a30e3703142165f4181941c2a6c1609a2d658bee28d2a", kill_on_drop: false }`
[INFO] running `Command { std: "docker" "inspect" "0e467057b7badf98896a30e3703142165f4181941c2a6c1609a2d658bee28d2a", kill_on_drop: false }`
[INFO] running `Command { std: "docker" "exec" "-e" "SOURCE_DIR=/opt/rustwide/workdir" "-e" "CARGO_HOME=/opt/rustwide/cargo-home" "-e" "RUSTUP_HOME=/opt/rustwide/rustup-home" "-e" "CARGO_TARGET_DIR=/opt/rustwide/target" "-w" "/opt/rustwide/workdir" "--user" "0:0" "0e467057b7badf98896a30e3703142165f4181941c2a6c1609a2d658bee28d2a" "/opt/rustwide/cargo-home/bin/cargo" "+1.100.0-beta.1" "metadata" "--no-deps" "--format-version=1", kill_on_drop: false }`
[INFO] running `Command { std: "docker" "inspect" "0e467057b7badf98896a30e3703142165f4181941c2a6c1609a2d658bee28d2a", kill_on_drop: false }`
[INFO] running `Command { std: "docker" "exec" "-e" "SOURCE_DIR=/opt/rustwide/workdir" "-e" "CARGO_HOME=/opt/rustwide/cargo-home" "-e" "RUSTUP_HOME=/opt/rustwide/rustup-home" "-e" "CARGO_TARGET_DIR=/opt/rustwide/target" "-e" "CARGO_INCREMENTAL=0" "-e" "RUST_BACKTRACE=full" "-e" "RUSTFLAGS=--cap-lints=warn" "-e" "RUSTDOCFLAGS=--cap-lints=warn" "-w" "/opt/rustwide/workdir" "--user" "0:0" "0e467057b7badf98896a30e3703142165f4181941c2a6c1609a2d658bee28d2a" "/opt/rustwide/cargo-home/bin/cargo" "+1.100.0-beta.1" "build" "--frozen" "--message-format=json" "--release", kill_on_drop: false }`
[INFO] [stderr]    Compiling siphasher v1.0.3
[INFO] [stderr]    Compiling serde_core v1.0.229
[INFO] [stderr]    Compiling syn v3.0.3
[INFO] [stderr]    Compiling zerovec-derive v0.11.3
[INFO] [stderr]    Compiling logos-codegen v0.14.4
[INFO] [stderr]    Compiling writeable v0.6.3
[INFO] [stderr]    Compiling zerofrom v0.1.8
[INFO] [stderr]    Compiling cow-utils v0.1.3
[INFO] [stderr]    Compiling yoke v0.8.3
[INFO] [stderr]    Compiling fast-float2 v0.2.3
[INFO] [stderr]    Compiling phf_shared v0.13.1
[INFO] [stderr]    Compiling serde v1.0.229
[INFO] [stderr]    Compiling ryu-js v1.0.3
[INFO] [stderr]    Compiling rustc-hash v2.1.3
[INFO] [stderr]    Compiling phf_generator v0.13.1
[INFO] [stderr]    Compiling zerocopy v0.8.55
[INFO] [stderr]    Compiling boa_macros v0.21.1
[INFO] [stderr]    Compiling phf_macros v0.13.1
[INFO] [stderr]    Compiling boa_string v0.21.1
[INFO] [stderr]    Compiling zerovec v0.11.6
[INFO] [stderr]    Compiling thin-vec v0.2.19
[INFO] [stderr]    Compiling toml_edit v0.25.13+spec-1.1.0
[INFO] [stderr]    Compiling phf v0.13.1
[INFO] [stderr]    Compiling logos-derive v0.14.4
[INFO] [stderr]    Compiling indexmap v2.14.0
[INFO] [stderr]    Compiling logos v0.14.4
[INFO] [stderr]    Compiling zdc-lexer v0.1.0
[INFO] [stderr]    Compiling num-integer v0.1.46
[INFO] [stderr]    Compiling potential_utf v0.1.5
[INFO] [stderr]    Compiling boa_gc v0.21.1
[INFO] [stderr]    Compiling getrandom v0.3.4
[INFO] [stderr]    Compiling memoffset v0.9.1
[INFO] [stderr]    Compiling futures-core v0.3.33
[INFO] [stderr]    Compiling crossbeam-utils v0.8.22
[INFO] [stderr]    Compiling rand_core v0.9.5
[INFO] [stderr]    Compiling float16 v0.1.5
[INFO] [stderr]    Compiling proc-macro-crate v3.5.0
[INFO] [stderr]    Compiling pin-project-internal v1.1.13
[INFO] [stderr]    Compiling equator-macro v0.4.2
[INFO] [stderr]    Compiling displaydoc v0.2.7
[INFO] [stderr]    Compiling serde_derive v1.0.229
[INFO] [stderr]    Compiling boa_interner v0.21.1
[INFO] [stderr]    Compiling tinystr v0.8.3
[INFO] [stderr]    Compiling zerotrie v0.2.4
[INFO] [stderr]    Compiling icu_locale_core v2.2.0
[INFO] [stderr]    Compiling icu_collections v2.0.0
[INFO] [stderr]    Compiling zdc-ast v0.1.0
[INFO] [stderr]    Compiling thiserror v2.0.19
[INFO] [stderr]    Compiling portable-atomic v1.14.0
[INFO] [stderr]    Compiling futures-io v0.3.33
[INFO] [stderr]    Compiling fastrand v2.5.0
[INFO] [stderr]    Compiling futures-lite v2.6.1
[INFO] [stderr]    Compiling time-macros v0.2.32
[INFO] [stderr]    Compiling pin-project v1.1.13
[INFO] [stderr]    Compiling equator v0.4.2
[INFO] [stderr]    Compiling num_enum_derive v0.7.6
[INFO] [stderr]    Compiling icu_provider v2.2.0
[INFO] [stderr]    Compiling thiserror-impl v2.0.19
[INFO] [stderr]    Compiling icu_properties v2.0.2
[INFO] [stderr]    Compiling parking_lot_core v0.9.12
[INFO] [stderr]    Compiling regress v0.10.5
[INFO] [stderr]    Compiling bytemuck_derive v1.11.0
[INFO] [stderr]    Compiling dynify-macros v0.1.2
[INFO] [stderr]    Compiling num-bigint v0.4.8
[INFO] [stderr]    Compiling arrayvec v0.7.8
[INFO] [stderr]    Compiling time-core v0.1.9
[INFO] [stderr]    Compiling deranged v0.5.8
[INFO] [stderr]    Compiling either v1.17.0
[INFO] [stderr]    Compiling ppv-lite86 v0.2.21
[INFO] [stderr]    Compiling futures-concurrency v7.7.1
[INFO] [stderr]    Compiling itertools v0.14.0
[INFO] [stderr]    Compiling dashmap v6.2.1
[INFO] [stderr]    Compiling rand_chacha v0.9.0
[INFO] [stderr]    Compiling rand v0.9.5
[INFO] [stderr]    Compiling icu_normalizer v2.0.1
[INFO] [stderr]    Compiling time v0.3.55
[INFO] [stderr]    Compiling boa_ast v0.21.1
[INFO] [stderr]    Compiling small_btree v0.1.0
[INFO] [stderr]    Compiling bytemuck v1.25.2
[INFO] [stderr]    Compiling dynify v0.1.2
[INFO] [stderr]    Compiling serde_json v1.0.151
[INFO] [stderr]    Compiling num_enum v0.7.6
[INFO] [stderr]    Compiling intrusive-collections v0.9.7
[INFO] [stderr]    Compiling aligned-vec v0.6.4
[INFO] [stderr]    Compiling zdc-hir v0.1.0
[INFO] [stderr]    Compiling futures-channel v0.3.33
[INFO] [stderr]    Compiling xsum v0.1.6
[INFO] [stderr]    Compiling tag_ptr v0.1.0
[INFO] [stderr]    Compiling zdc-runtime v0.1.0
[INFO] [stderr]    Compiling redb v4.1.0
[INFO] [stderr]    Compiling pulldown-cmark v0.13.4
[INFO] [stderr]    Compiling zdc-types v0.1.0
[INFO] [stderr]    Compiling zdc-parser v0.1.0
[INFO] [stderr]    Compiling pulldown-cmark-escape v0.11.0
[INFO] [stderr]    Compiling zdc-codegen v0.1.0
[INFO] [stderr]    Compiling boa_parser v0.21.1
[INFO] [stderr]    Compiling ariadne v0.4.1
[INFO] [stderr]    Compiling zdc-graph v0.1.0
[INFO] [stderr]    Compiling zdc-resolve v0.1.0
[INFO] [stderr]    Compiling chunked_transfer v1.5.0
[INFO] [stderr]    Compiling ascii v1.1.0
[INFO] [stderr]    Compiling zdc-store v0.1.0
[INFO] [stderr]    Compiling tiny_http v0.12.0
[INFO] [stderr]    Compiling zdc-lib v0.1.0
[INFO] [stderr]    Compiling boa_engine v0.21.1
[INFO] [stderr]    Compiling zdc-host v0.1.0
[INFO] [stderr]    Compiling zdc-diagnostics v0.1.0
[INFO] [stderr]    Compiling zdc-dev v0.1.0 (/opt/rustwide/workdir)
[INFO] [stderr]     Finished `release` profile [optimized] target(s) in 5m 07s
[INFO] running `Command { std: "docker" "inspect" "0e467057b7badf98896a30e3703142165f4181941c2a6c1609a2d658bee28d2a", kill_on_drop: false }`
[INFO] running `Command { std: "docker" "exec" "-e" "SOURCE_DIR=/opt/rustwide/workdir" "-e" "CARGO_HOME=/opt/rustwide/cargo-home" "-e" "RUSTUP_HOME=/opt/rustwide/rustup-home" "-e" "CARGO_TARGET_DIR=/opt/rustwide/target" "-e" "CARGO_INCREMENTAL=0" "-e" "RUST_BACKTRACE=full" "-e" "RUSTFLAGS=--cap-lints=warn" "-e" "RUSTDOCFLAGS=--cap-lints=warn" "-w" "/opt/rustwide/workdir" "--user" "0:0" "0e467057b7badf98896a30e3703142165f4181941c2a6c1609a2d658bee28d2a" "/opt/rustwide/cargo-home/bin/cargo" "+1.100.0-beta.1" "test" "--frozen" "--no-run" "--message-format=json" "--release", kill_on_drop: false }`
[INFO] [stderr]    Compiling zdc-dev v0.1.0 (/opt/rustwide/workdir)
[INFO] [stderr]     Finished `release` profile [optimized] target(s) in 15.82s
[INFO] running `Command { std: "docker" "inspect" "0e467057b7badf98896a30e3703142165f4181941c2a6c1609a2d658bee28d2a", kill_on_drop: false }`
[INFO] running `Command { std: "docker" "exec" "-e" "SOURCE_DIR=/opt/rustwide/workdir" "-e" "CARGO_HOME=/opt/rustwide/cargo-home" "-e" "RUSTUP_HOME=/opt/rustwide/rustup-home" "-e" "CARGO_TARGET_DIR=/opt/rustwide/target" "-e" "CARGO_INCREMENTAL=0" "-e" "RUST_BACKTRACE=full" "-e" "RUSTFLAGS=--cap-lints=warn" "-e" "RUSTDOCFLAGS=--cap-lints=warn" "-w" "/opt/rustwide/workdir" "--user" "0:0" "0e467057b7badf98896a30e3703142165f4181941c2a6c1609a2d658bee28d2a" "/opt/rustwide/cargo-home/bin/cargo" "+1.100.0-beta.1" "test" "--frozen" "--release", kill_on_drop: false }`
[INFO] [stderr]     Finished `release` profile [optimized] target(s) in 0.14s
[INFO] [stderr]      Running unittests src/lib.rs (/opt/rustwide/target/release/build/zdc-dev/c19d905e1167bb81/out/zdc_dev-c19d905e1167bb81)
[INFO] [stdout] 
[INFO] [stdout] running 59 tests
[INFO] [stdout] test ansi::tests::a_lone_escape_at_the_end_of_input_does_not_panic_or_print ... ok
[INFO] [stdout] test ansi::tests::a_truecolour_sequence_becomes_that_exact_colour ... ok
[INFO] [stdout] test ansi::tests::an_unknown_escape_degrades_to_unstyled_text ... ok
[INFO] [stdout] test ansi::tests::bold_is_carried_alongside_colour ... ok
[INFO] [stdout] test ansi::tests::escape_covers_the_characters_that_would_break_out_of_text ... ok
[INFO] [stdout] test ansi::tests::every_opened_span_is_closed ... ok
[INFO] [stdout] test ansi::tests::markup_in_the_quoted_source_is_escaped_not_executed ... ok
[INFO] [stdout] test ansi::tests::a_256_colour_gutter_becomes_a_span_of_that_grey ... ok
[INFO] [stdout] test ansi::tests::no_escape_sequence_survives_into_the_output ... ok
[INFO] [stdout] test ansi::tests::plain_text_passes_through_unchanged ... ok
[INFO] [stdout] test assets::tests::a_module_is_served_as_javascript_not_plain_text ... ok
[INFO] [stdout] test assets::tests::a_query_string_does_not_hide_the_asset ... ok
[INFO] [stdout] test assets::tests::a_trailing_slash_does_not_create_a_second_key ... ok
[INFO] [stdout] test assets::tests::an_emitted_file_is_served_as_its_own_type ... ok
[INFO] [stdout] test endpoints::tests::a_delete_is_announced_as_a_null_value ... ok
[INFO] [stdout] test assets::tests::the_root_path_resolves_to_the_index ... ok
[INFO] [stdout] test endpoints::tests::a_generated_call_is_recognised_by_its_prefix ... ok
[INFO] [stdout] test ansi::tests::a_basic_colour_becomes_a_span ... ok
[INFO] [stdout] test ansi::tests::adjacent_characters_of_one_colour_share_a_single_span ... ok
[INFO] [stdout] test endpoints::tests::a_missing_or_unusable_cursor_is_a_fresh_subscriber ... ok
[INFO] [stdout] test endpoints::tests::an_escaped_endpoint_name_is_decoded ... ok
[INFO] [stdout] test endpoints::tests::an_update_carries_the_value_and_not_only_the_key ... ok
[INFO] [stdout] test endpoints::tests::the_only_transport_spelling_is_the_one_the_client_asks_for ... ok
[INFO] [stdout] test endpoints::tests::a_subscription_query_carries_keys_and_a_cursor ... ok
[INFO] [stdout] test endpoints::tests::the_transport_paths_are_not_endpoints ... ok
[INFO] [stdout] test page::tests::a_diagnostic_quoting_markup_is_shown_not_executed ... ok
[INFO] [stdout] test page::tests::a_path_containing_markup_is_escaped_in_the_title_and_the_body ... ok
[INFO] [stdout] test assets::tests::an_unknown_path_is_absent_rather_than_guessed_at ... ok
[INFO] [stdout] test endpoints::tests::a_resync_says_where_a_re_read_would_be_current_as_of ... ok
[INFO] [stdout] test page::tests::injection_appends_the_client_without_disturbing_the_page ... ok
[INFO] [stdout] test page::tests::the_error_page_keeps_the_colours_the_terminal_shows ... ok
[INFO] [stdout] test page::tests::the_error_page_reloads_itself_when_the_program_is_fixed ... ok
[INFO] [stdout] test page::tests::the_injected_element_is_a_src_and_not_an_inline_script ... ok
[INFO] [stdout] test page::tests::the_live_script_subscribes_to_the_stream_the_server_publishes ... ok
[INFO] [stdout] test page::tests::the_error_page_shows_the_diagnostic_and_the_path ... ok
[INFO] [stdout] test page::tests::the_live_script_listens_for_both_event_names_the_server_sends ... ok
[INFO] [stdout] test server::tests::a_404_names_what_the_bundle_does_contain ... ok
[INFO] [stdout] test server::tests::only_the_page_itself_counts_as_a_document ... ok
[INFO] [stdout] test page::tests::injection_does_not_run_two_lines_together ... ok
[INFO] [stdout] test server::tests::the_event_stream_path_is_recognised_with_or_without_a_query ... ok
[INFO] [stdout] test sse::tests::a_client_behind_the_current_generation_missed_a_rebuild ... ok
[INFO] [stdout] test sse::tests::a_client_that_saw_the_current_generation_is_up_to_date ... ok
[INFO] [stdout] test sse::tests::a_fresh_client_without_a_last_event_id_is_up_to_date ... ok
[INFO] [stdout] test sse::tests::empty_data_still_produces_a_data_field ... ok
[INFO] [stdout] test sse::tests::a_frame_ends_with_a_blank_line_so_the_client_dispatches_it ... ok
[INFO] [stdout] test sse::tests::multi_line_data_becomes_one_data_field_per_line ... ok
[INFO] [stdout] test sse::tests::the_preamble_sets_the_reconnection_delay ... ok
[INFO] [stdout] test sse::tests::a_comment_is_a_colon_line_and_dispatches_nothing ... ok
[INFO] [stdout] test sse::tests::a_last_event_id_that_is_not_a_number_is_not_treated_as_behind ... ok
[INFO] [stdout] test sse::tests::a_last_event_id_is_trimmed_before_it_is_parsed ... ok
[INFO] [stdout] test sse::tests::a_frame_carries_an_id_an_event_and_a_data_line ... ok
[INFO] [stdout] test watch::tests::the_watch_set_of_a_single_file_program_is_that_file ... ok
[INFO] [stdout] test watch::tests::a_fresh_watcher_reports_no_change ... ok
[INFO] [stdout] test watch::tests::a_change_of_length_alone_is_noticed ... ok
[INFO] [stdout] test watch::tests::a_watcher_on_a_file_that_does_not_exist_yet_notices_it_appearing ... ok
[INFO] [stdout] test watch::tests::rewriting_the_file_reports_a_change_exactly_once ... ok
[INFO] [stdout] test watch::tests::deleting_and_restoring_the_file_are_both_changes ... ok
[INFO] [stderr]      Running tests/bundle.rs (/opt/rustwide/target/release/build/zdc-dev/f53233e8bb6e5e73/out/bundle-f53233e8bb6e5e73)
[INFO] [stdout] test watch::tests::an_atomic_rename_over_the_file_is_noticed ... ok
[INFO] [stdout] test watch::tests::a_change_to_any_watched_path_is_a_change ... ok
[INFO] [stdout] 
[INFO] [stdout] test result: ok. 59 passed; 0 failed; 0 ignored; 0 measured; 0 filtered out; finished in 0.02s
[INFO] [stdout] 
[INFO] [stdout] 
[INFO] [stdout] running 11 tests
[INFO] [stdout] test a_missing_file_is_a_diagnostic_not_a_panic ... ok
[INFO] [stdout] test a_syntax_error_produces_diagnostics_rather_than_a_bundle ... ok
[INFO] [stdout] test a_refusal_is_the_one_zdc_build_would_have_given ... FAILED
[INFO] [stdout] test a_rendered_secret_is_refused_before_anything_is_emitted ... FAILED
[INFO] [stdout] test every_runtime_module_the_client_imports_is_served ... FAILED
[INFO] [stdout] test a_client_only_program_produces_every_file_the_page_links_to ... FAILED
[INFO] [stdout] test a_module_with_no_view_builds_and_says_it_has_no_page ... FAILED
[INFO] [stdout] test the_served_client_is_the_compiler_output_not_a_placeholder ... FAILED
[INFO] [stdout] test guestbook_itself_is_not_refused_for_its_secret ... FAILED
[INFO] [stdout] test the_served_page_carries_the_live_reload_client ... FAILED
[INFO] [stdout] test every_unresolved_name_is_reported_from_one_build ... ok
[INFO] [stdout] 
[INFO] [stdout] failures:
[INFO] [stdout] 
[INFO] [stdout] ---- a_refusal_is_the_one_zdc_build_would_have_given stdout ----
[INFO] [stdout] 
[INFO] [stdout] thread 'a_refusal_is_the_one_zdc_build_would_have_given' (2377) panicked at tests/bundle.rs:213:65:
[INFO] [stdout] guestbook is readable: Os { code: 2, kind: NotFound, message: "No such file or directory" }
[INFO] [stdout] stack backtrace:
[INFO] [stdout]    0:     0x5be0300a64f1 - <<std[617be2ca0a6fd877]::sys::backtrace::BacktraceLock>::print::DisplayBacktrace as core[a373ad73a504971]::fmt::Display>::fmt
[INFO] [stdout]    1:     0x5be0300bdf7a - core[a373ad73a504971]::fmt::write
[INFO] [stdout]    2:     0x5be0300aaafc - <alloc[2e1b2a31b91974c5]::vec::Vec<u8> as core[a373ad73a504971]::io::write::Write>::write_fmt
[INFO] [stdout]    3:     0x5be030080f26 - std[617be2ca0a6fd877]::panicking::default_hook::{closure#0}
[INFO] [stdout]    4:     0x5be03009dbe9 - std[617be2ca0a6fd877]::panicking::default_hook
[INFO] [stdout]    5:     0x5be02f7bfa10 - test[aada8e7e76ba119b]::test_main_inner::{closure#0}
[INFO] [stdout]    6:     0x5be03009df12 - std[617be2ca0a6fd877]::panicking::panic_with_hook
[INFO] [stdout]    7:     0x5be030080fd2 - std[617be2ca0a6fd877]::panicking::panic_handler::{closure#0}
[INFO] [stdout]    8:     0x5be0300799d9 - std[617be2ca0a6fd877]::sys::backtrace::__rust_end_short_backtrace::<std[617be2ca0a6fd877]::panicking::panic_handler::{closure#0}, !>
[INFO] [stdout]    9:     0x5be030081bdd - __rustc[ea4f61d10b84890b]::rust_begin_unwind
[INFO] [stdout]   10:     0x5be0300be71c - core[a373ad73a504971]::panicking::panic_fmt
[INFO] [stdout]   11:     0x5be0300be4f2 - core[a373ad73a504971]::result::unwrap_failed
[INFO] [stdout]   12:     0x5be02f7a2d6b - bundle[840c3f3e0127dc5e]::leaking_guestbook
[INFO] [stdout]   13:     0x5be02f7a444d - <bundle[840c3f3e0127dc5e]::a_refusal_is_the_one_zdc_build_would_have_given::{closure#0} as core[a373ad73a504971]::ops::function::FnOnce<()>>::call_once
[INFO] [stdout]   14:     0x5be02f7b2e5b - test[aada8e7e76ba119b]::__rust_begin_short_backtrace::<core[a373ad73a504971]::result::Result<(), alloc[2e1b2a31b91974c5]::string::String>, fn() -> core[a373ad73a504971]::result::Result<(), alloc[2e1b2a31b91974c5]::string::String>>
[INFO] [stdout]   15:     0x5be02f7c0035 - test[aada8e7e76ba119b]::run_test::{closure#0}
[INFO] [stdout]   16:     0x5be02f7b9924 - std[617be2ca0a6fd877]::sys::backtrace::__rust_begin_short_backtrace::<test[aada8e7e76ba119b]::run_test::{closure#1}, ()>
[INFO] [stdout]   17:     0x5be02f7c30c2 - <std[617be2ca0a6fd877]::thread::lifecycle::spawn_unchecked<test[aada8e7e76ba119b]::run_test::{closure#1}, ()>::{closure#1} as core[a373ad73a504971]::ops::function::FnOnce<()>>::call_once::{shim:vtable#0}
[INFO] [stdout]   18:     0x5be0300a54bf - <std[617be2ca0a6fd877]::sys::thread::unix::Thread>::new::thread_start
[INFO] [stdout]   19:     0x7f882dedddfa - <unknown>
[INFO] [stdout]   20:     0x7f882df713d4 - clone
[INFO] [stdout]   21:                0x0 - <unknown>
[INFO] [stdout] 
[INFO] [stdout] ---- a_rendered_secret_is_refused_before_anything_is_emitted stdout ----
[INFO] [stdout] 
[INFO] [stdout] thread 'a_rendered_secret_is_refused_before_anything_is_emitted' (2378) panicked at tests/bundle.rs:213:65:
[INFO] [stdout] guestbook is readable: Os { code: 2, kind: NotFound, message: "No such file or directory" }
[INFO] [stdout] stack backtrace:
[INFO] [stdout]    0:     0x5be0300a64f1 - <<std[617be2ca0a6fd877]::sys::backtrace::BacktraceLock>::print::DisplayBacktrace as core[a373ad73a504971]::fmt::Display>::fmt
[INFO] [stdout]    1:     0x5be0300bdf7a - core[a373ad73a504971]::fmt::write
[INFO] [stdout]    2:     0x5be0300aaafc - <alloc[2e1b2a31b91974c5]::vec::Vec<u8> as core[a373ad73a504971]::io::write::Write>::write_fmt
[INFO] [stdout]    3:     0x5be030080f26 - std[617be2ca0a6fd877]::panicking::default_hook::{closure#0}
[INFO] [stdout]    4:     0x5be03009dbe9 - std[617be2ca0a6fd877]::panicking::default_hook
[INFO] [stdout]    5:     0x5be02f7bfa10 - test[aada8e7e76ba119b]::test_main_inner::{closure#0}
[INFO] [stdout]    6:     0x5be03009df12 - std[617be2ca0a6fd877]::panicking::panic_with_hook
[INFO] [stdout]    7:     0x5be030080fd2 - std[617be2ca0a6fd877]::panicking::panic_handler::{closure#0}
[INFO] [stdout]    8:     0x5be0300799d9 - std[617be2ca0a6fd877]::sys::backtrace::__rust_end_short_backtrace::<std[617be2ca0a6fd877]::panicking::panic_handler::{closure#0}, !>
[INFO] [stdout]    9:     0x5be030081bdd - __rustc[ea4f61d10b84890b]::rust_begin_unwind
[INFO] [stdout]   10:     0x5be0300be71c - core[a373ad73a504971]::panicking::panic_fmt
[INFO] [stdout]   11:     0x5be0300be4f2 - core[a373ad73a504971]::result::unwrap_failed
[INFO] [stdout]   12:     0x5be02f7a2d6b - bundle[840c3f3e0127dc5e]::leaking_guestbook
[INFO] [stdout]   13:     0x5be02f7a6966 - <bundle[840c3f3e0127dc5e]::a_rendered_secret_is_refused_before_anything_is_emitted::{closure#0} as core[a373ad73a504971]::ops::function::FnOnce<()>>::call_once
[INFO] [stdout]   14:     0x5be02f7b2e5b - test[aada8e7e76ba119b]::__rust_begin_short_backtrace::<core[a373ad73a504971]::result::Result<(), alloc[2e1b2a31b91974c5]::string::String>, fn() -> core[a373ad73a504971]::result::Result<(), alloc[2e1b2a31b91974c5]::string::String>>
[INFO] [stdout]   15:     0x5be02f7c0035 - test[aada8e7e76ba119b]::run_test::{closure#0}
[INFO] [stdout]   16:     0x5be02f7b9924 - std[617be2ca0a6fd877]::sys::backtrace::__rust_begin_short_backtrace::<test[aada8e7e76ba119b]::run_test::{closure#1}, ()>
[INFO] [stdout]   17:     0x5be02f7c30c2 - <std[617be2ca0a6fd877]::thread::lifecycle::spawn_unchecked<test[aada8e7e76ba119b]::run_test::{closure#1}, ()>::{closure#1} as core[a373ad73a504971]::ops::function::FnOnce<()>>::call_once::{shim:vtable#0}
[INFO] [stdout]   18:     0x5be0300a54bf - <std[617be2ca0a6fd877]::sys::thread::unix::Thread>::new::thread_start
[INFO] [stdout]   19:     0x7f882dedddfa - <unknown>
[INFO] [stdout]   20:     0x7f882df713d4 - clone
[INFO] [stdout]   21:                0x0 - <unknown>
[INFO] [stdout] 
[INFO] [stdout] ---- every_runtime_module_the_client_imports_is_served stdout ----
[INFO] [stdout] 
[INFO] [stdout] thread 'every_runtime_module_the_client_imports_is_served' (2380) panicked at tests/bundle.rs:36:40:
[INFO] [stdout] expected a build, got diagnostics:
[INFO] [stdout] [31mError:[0m Could not read `/opt/rustwide/workdir/../../examples/counter.zd`: No such file or directory (os error 2).
[INFO] [stdout] 
[INFO] [stdout] stack backtrace:
[INFO] [stdout]    0:     0x5be0300a64f1 - <<std[617be2ca0a6fd877]::sys::backtrace::BacktraceLock>::print::DisplayBacktrace as core[a373ad73a504971]::fmt::Display>::fmt
[INFO] [stdout]    1:     0x5be0300bdf7a - core[a373ad73a504971]::fmt::write
[INFO] [stdout]    2:     0x5be0300aaafc - <alloc[2e1b2a31b91974c5]::vec::Vec<u8> as core[a373ad73a504971]::io::write::Write>::write_fmt
[INFO] [stdout]    3:     0x5be030080f26 - std[617be2ca0a6fd877]::panicking::default_hook::{closure#0}
[INFO] [stdout]    4:     0x5be03009dbe9 - std[617be2ca0a6fd877]::panicking::default_hook
[INFO] [stdout]    5:     0x5be02f7bfa10 - test[aada8e7e76ba119b]::test_main_inner::{closure#0}
[INFO] [stdout]    6:     0x5be03009df12 - std[617be2ca0a6fd877]::panicking::panic_with_hook
[INFO] [stdout]    7:     0x5be030080fd2 - std[617be2ca0a6fd877]::panicking::panic_handler::{closure#0}
[INFO] [stdout]    8:     0x5be0300799d9 - std[617be2ca0a6fd877]::sys::backtrace::__rust_end_short_backtrace::<std[617be2ca0a6fd877]::panicking::panic_handler::{closure#0}, !>
[INFO] [stdout]    9:     0x5be030081bdd - __rustc[ea4f61d10b84890b]::rust_begin_unwind
[INFO] [stdout]   10:     0x5be0300be71c - core[a373ad73a504971]::panicking::panic_fmt
[INFO] [stdout]   11:     0x5be02f7a30cb - bundle[840c3f3e0127dc5e]::text
[INFO] [stdout]   12:     0x5be02f7a5bde - <bundle[840c3f3e0127dc5e]::every_runtime_module_the_client_imports_is_served::{closure#0} as core[a373ad73a504971]::ops::function::FnOnce<()>>::call_once
[INFO] [stdout]   13:     0x5be02f7b2e5b - test[aada8e7e76ba119b]::__rust_begin_short_backtrace::<core[a373ad73a504971]::result::Result<(), alloc[2e1b2a31b91974c5]::string::String>, fn() -> core[a373ad73a504971]::result::Result<(), alloc[2e1b2a31b91974c5]::string::String>>
[INFO] [stdout]   14:     0x5be02f7c0035 - test[aada8e7e76ba119b]::run_test::{closure#0}
[INFO] [stdout]   15:     0x5be02f7b9924 - std[617be2ca0a6fd877]::sys::backtrace::__rust_begin_short_backtrace::<test[aada8e7e76ba119b]::run_test::{closure#1}, ()>
[INFO] [stdout]   16:     0x5be02f7c30c2 - <std[617be2ca0a6fd877]::thread::lifecycle::spawn_unchecked<test[aada8e7e76ba119b]::run_test::{closure#1}, ()>::{closure#1} as core[a373ad73a504971]::ops::function::FnOnce<()>>::call_once::{shim:vtable#0}
[INFO] [stdout]   17:     0x5be0300a54bf - <std[617be2ca0a6fd877]::sys::thread::unix::Thread>::new::thread_start
[INFO] [stdout]   18:     0x7f882dedddfa - <unknown>
[INFO] [stdout]   19:     0x7f882df713d4 - clone
[INFO] [stdout]   20:                0x0 - <unknown>
[INFO] [stdout] 
[INFO] [stdout] ---- a_client_only_program_produces_every_file_the_page_links_to stdout ----
[INFO] [stdout] 
[INFO] [stdout] thread 'a_client_only_program_produces_every_file_the_page_links_to' (2374) panicked at tests/bundle.rs:36:40:
[INFO] [stdout] expected a build, got diagnostics:
[INFO] [stdout] [31mError:[0m Could not read `/opt/rustwide/workdir/../../examples/counter.zd`: No such file or directory (os error 2).
[INFO] [stdout] 
[INFO] [stdout] stack backtrace:
[INFO] [stdout]    0:     0x5be0300a64f1 - <<std[617be2ca0a6fd877]::sys::backtrace::BacktraceLock>::print::DisplayBacktrace as core[a373ad73a504971]::fmt::Display>::fmt
[INFO] [stdout]    1:     0x5be0300bdf7a - core[a373ad73a504971]::fmt::write
[INFO] [stdout]    2:     0x5be0300aaafc - <alloc[2e1b2a31b91974c5]::vec::Vec<u8> as core[a373ad73a504971]::io::write::Write>::write_fmt
[INFO] [stdout]    3:     0x5be030080f26 - std[617be2ca0a6fd877]::panicking::default_hook::{closure#0}
[INFO] [stdout]    4:     0x5be03009dbe9 - std[617be2ca0a6fd877]::panicking::default_hook
[INFO] [stdout]    5:     0x5be02f7bfa10 - test[aada8e7e76ba119b]::test_main_inner::{closure#0}
[INFO] [stdout]    6:     0x5be03009df12 - std[617be2ca0a6fd877]::panicking::panic_with_hook
[INFO] [stdout]    7:     0x5be030080fd2 - std[617be2ca0a6fd877]::panicking::panic_handler::{closure#0}
[INFO] [stdout]    8:     0x5be0300799d9 - std[617be2ca0a6fd877]::sys::backtrace::__rust_end_short_backtrace::<std[617be2ca0a6fd877]::panicking::panic_handler::{closure#0}, !>
[INFO] [stdout]    9:     0x5be030081bdd - __rustc[ea4f61d10b84890b]::rust_begin_unwind
[INFO] [stdout]   10:     0x5be0300be71c - core[a373ad73a504971]::panicking::panic_fmt
[INFO] [stdout]   11:     0x5be02f7a742c - <bundle[840c3f3e0127dc5e]::a_client_only_program_produces_every_file_the_page_links_to::{closure#0} as core[a373ad73a504971]::ops::function::FnOnce<()>>::call_once
[INFO] [stdout]   12:     0x5be02f7b2e5b - test[aada8e7e76ba119b]::__rust_begin_short_backtrace::<core[a373ad73a504971]::result::Result<(), alloc[2e1b2a31b91974c5]::string::String>, fn() -> core[a373ad73a504971]::result::Result<(), alloc[2e1b2a31b91974c5]::string::String>>
[INFO] [stdout]   13:     0x5be02f7c0035 - test[aada8e7e76ba119b]::run_test::{closure#0}
[INFO] [stdout]   14:     0x5be02f7b9924 - std[617be2ca0a6fd877]::sys::backtrace::__rust_begin_short_backtrace::<test[aada8e7e76ba119b]::run_test::{closure#1}, ()>
[INFO] [stdout]   15:     0x5be02f7c30c2 - <std[617be2ca0a6fd877]::thread::lifecycle::spawn_unchecked<test[aada8e7e76ba119b]::run_test::{closure#1}, ()>::{closure#1} as core[a373ad73a504971]::ops::function::FnOnce<()>>::call_once::{shim:vtable#0}
[INFO] [stdout]   16:     0x5be0300a54bf - <std[617be2ca0a6fd877]::sys::thread::unix::Thread>::new::thread_start
[INFO] [stdout]   17:     0x7f882dedddfa - <unknown>
[INFO] [stdout]   18:     0x7f882df713d4 - clone
[INFO] [stdout]   19:                0x0 - <unknown>
[INFO] [stdout] 
[INFO] [stdout] ---- a_module_with_no_view_builds_and_says_it_has_no_page stdout ----
[INFO] [stdout] 
[INFO] [stdout] thread 'a_module_with_no_view_builds_and_says_it_has_no_page' (2376) panicked at tests/bundle.rs:36:40:
[INFO] [stdout] expected a build, got diagnostics:
[INFO] [stdout] [31mError:[0m Could not read `/opt/rustwide/workdir/../../examples/model.zd`: No such file or directory (os error 2).
[INFO] [stdout] 
[INFO] [stdout] stack backtrace:
[INFO] [stdout]    0:     0x5be0300a64f1 - <<std[617be2ca0a6fd877]::sys::backtrace::BacktraceLock>::print::DisplayBacktrace as core[a373ad73a504971]::fmt::Display>::fmt
[INFO] [stdout]    1:     0x5be0300bdf7a - core[a373ad73a504971]::fmt::write
[INFO] [stdout]    2:     0x5be0300aaafc - <alloc[2e1b2a31b91974c5]::vec::Vec<u8> as core[a373ad73a504971]::io::write::Write>::write_fmt
[INFO] [stdout]    3:     0x5be030080f26 - std[617be2ca0a6fd877]::panicking::default_hook::{closure#0}
[INFO] [stdout]    4:     0x5be03009dbe9 - std[617be2ca0a6fd877]::panicking::default_hook
[INFO] [stdout]    5:     0x5be02f7bfa10 - test[aada8e7e76ba119b]::test_main_inner::{closure#0}
[INFO] [stdout]    6:     0x5be03009df12 - std[617be2ca0a6fd877]::panicking::panic_with_hook
[INFO] [stdout]    7:     0x5be030080fd2 - std[617be2ca0a6fd877]::panicking::panic_handler::{closure#0}
[INFO] [stdout]    8:     0x5be0300799d9 - std[617be2ca0a6fd877]::sys::backtrace::__rust_end_short_backtrace::<std[617be2ca0a6fd877]::panicking::panic_handler::{closure#0}, !>
[INFO] [stdout]    9:     0x5be030081bdd - __rustc[ea4f61d10b84890b]::rust_begin_unwind
[INFO] [stdout]   10:     0x5be0300be71c - core[a373ad73a504971]::panicking::panic_fmt
[INFO] [stdout]   11:     0x5be02f7a30cb - bundle[840c3f3e0127dc5e]::text
[INFO] [stdout]   12:     0x5be02f7a661b - <bundle[840c3f3e0127dc5e]::a_module_with_no_view_builds_and_says_it_has_no_page::{closure#0} as core[a373ad73a504971]::ops::function::FnOnce<()>>::call_once
[INFO] [stdout]   13:     0x5be02f7b2e5b - test[aada8e7e76ba119b]::__rust_begin_short_backtrace::<core[a373ad73a504971]::result::Result<(), alloc[2e1b2a31b91974c5]::string::String>, fn() -> core[a373ad73a504971]::result::Result<(), alloc[2e1b2a31b91974c5]::string::String>>
[INFO] [stdout]   14:     0x5be02f7c0035 - test[aada8e7e76ba119b]::run_test::{closure#0}
[INFO] [stdout]   15:     0x5be02f7b9924 - std[617be2ca0a6fd877]::sys::backtrace::__rust_begin_short_backtrace::<test[aada8e7e76ba119b]::run_test::{closure#1}, ()>
[INFO] [stdout]   16:     0x5be02f7c30c2 - <std[617be2ca0a6fd877]::thread::lifecycle::spawn_unchecked<test[aada8e7e76ba119b]::run_test::{closure#1}, ()>::{closure#1} as core[a373ad73a504971]::ops::function::FnOnce<()>>::call_once::{shim:vtable#0}
[INFO] [stdout]   17:     0x5be0300a54bf - <std[617be2ca0a6fd877]::sys::thread::unix::Thread>::new::thread_start
[INFO] [stdout]   18:     0x7f882dedddfa - <unknown>
[INFO] [stdout]   19:     0x7f882df713d4 - clone
[INFO] [stdout]   20:                0x0 - <unknown>
[INFO] [stdout] 
[INFO] [stdout] ---- the_served_client_is_the_compiler_output_not_a_placeholder stdout ----
[INFO] [stdout] 
[INFO] [stdout] thread 'the_served_client_is_the_compiler_output_not_a_placeholder' (2383) panicked at tests/bundle.rs:36:40:
[INFO] [stdout] expected a build, got diagnostics:
[INFO] [stdout] [31mError:[0m Could not read `/opt/rustwide/workdir/../../examples/counter.zd`: No such file or directory (os error 2).
[INFO] [stdout] 
[INFO] [stdout] stack backtrace:
[INFO] [stdout]    0:     0x5be0300a64f1 - <<std[617be2ca0a6fd877]::sys::backtrace::BacktraceLock>::print::DisplayBacktrace as core[a373ad73a504971]::fmt::Display>::fmt
[INFO] [stdout]    1:     0x5be0300bdf7a - core[a373ad73a504971]::fmt::write
[INFO] [stdout]    2:     0x5be0300aaafc - <alloc[2e1b2a31b91974c5]::vec::Vec<u8> as core[a373ad73a504971]::io::write::Write>::write_fmt
[INFO] [stdout]    3:     0x5be030080f26 - std[617be2ca0a6fd877]::panicking::default_hook::{closure#0}
[INFO] [stdout]    4:     0x5be03009dbe9 - std[617be2ca0a6fd877]::panicking::default_hook
[INFO] [stdout]    5:     0x5be02f7bfa10 - test[aada8e7e76ba119b]::test_main_inner::{closure#0}
[INFO] [stdout]    6:     0x5be03009df12 - std[617be2ca0a6fd877]::panicking::panic_with_hook
[INFO] [stdout]    7:     0x5be030080fd2 - std[617be2ca0a6fd877]::panicking::panic_handler::{closure#0}
[INFO] [stdout]    8:     0x5be0300799d9 - std[617be2ca0a6fd877]::sys::backtrace::__rust_end_short_backtrace::<std[617be2ca0a6fd877]::panicking::panic_handler::{closure#0}, !>
[INFO] [stdout]    9:     0x5be030081bdd - __rustc[ea4f61d10b84890b]::rust_begin_unwind
[INFO] [stdout]   10:     0x5be0300be71c - core[a373ad73a504971]::panicking::panic_fmt
[INFO] [stdout]   11:     0x5be02f7a30cb - bundle[840c3f3e0127dc5e]::text
[INFO] [stdout]   12:     0x5be02f7a6eb3 - <bundle[840c3f3e0127dc5e]::the_served_client_is_the_compiler_output_not_a_placeholder::{closure#0} as core[a373ad73a504971]::ops::function::FnOnce<()>>::call_once
[INFO] [stdout]   13:     0x5be02f7b2e5b - test[aada8e7e76ba119b]::__rust_begin_short_backtrace::<core[a373ad73a504971]::result::Result<(), alloc[2e1b2a31b91974c5]::string::String>, fn() -> core[a373ad73a504971]::result::Result<(), alloc[2e1b2a31b91974c5]::string::String>>
[INFO] [stdout]   14:     0x5be02f7c0035 - test[aada8e7e76ba119b]::run_test::{closure#0}
[INFO] [stdout]   15:     0x5be02f7b9924 - std[617be2ca0a6fd877]::sys::backtrace::__rust_begin_short_backtrace::<test[aada8e7e76ba119b]::run_test::{closure#1}, ()>
[INFO] [stdout]   16:     0x5be02f7c30c2 - <std[617be2ca0a6fd877]::thread::lifecycle::spawn_unchecked<test[aada8e7e76ba119b]::run_test::{closure#1}, ()>::{closure#1} as core[a373ad73a504971]::ops::function::FnOnce<()>>::call_once::{shim:vtable#0}
[INFO] [stdout]   17:     0x5be0300a54bf - <std[617be2ca0a6fd877]::sys::thread::unix::Thread>::new::thread_start
[INFO] [stdout]   18:     0x7f882dedddfa - <unknown>
[INFO] [stdout]   19:     0x7f882df713d4 - clone
[INFO] [stdout]   20:                0x0 - <unknown>
[INFO] [stdout] 
[INFO] [stdout] ---- guestbook_itself_is_not_refused_for_its_secret stdout ----
[INFO] [stdout] 
[INFO] [stdout] thread 'guestbook_itself_is_not_refused_for_its_secret' (2382) panicked at tests/bundle.rs:253:5:
[INFO] [stdout] guestbook's secret is used correctly and must not be reported:
[INFO] [stdout] [31mError:[0m Could not read `/opt/rustwide/workdir/../../examples/guestbook.zd`: No such file or directory (os error 2).
[INFO] [stdout] 
[INFO] [stdout] stack backtrace:
[INFO] [stdout]    0:     0x5be0300a64f1 - <<std[617be2ca0a6fd877]::sys::backtrace::BacktraceLock>::print::DisplayBacktrace as core[a373ad73a504971]::fmt::Display>::fmt
[INFO] [stdout]    1:     0x5be0300bdf7a - core[a373ad73a504971]::fmt::write
[INFO] [stdout]    2:     0x5be0300aaafc - <alloc[2e1b2a31b91974c5]::vec::Vec<u8> as core[a373ad73a504971]::io::write::Write>::write_fmt
[INFO] [stdout]    3:     0x5be030080f26 - std[617be2ca0a6fd877]::panicking::default_hook::{closure#0}
[INFO] [stdout]    4:     0x5be03009dbe9 - std[617be2ca0a6fd877]::panicking::default_hook
[INFO] [stdout]    5:     0x5be02f7bfa10 - test[aada8e7e76ba119b]::test_main_inner::{closure#0}
[INFO] [stdout]    6:     0x5be03009df12 - std[617be2ca0a6fd877]::panicking::panic_with_hook
[INFO] [stdout]    7:     0x5be030080fd2 - std[617be2ca0a6fd877]::panicking::panic_handler::{closure#0}
[INFO] [stdout]    8:     0x5be0300799d9 - std[617be2ca0a6fd877]::sys::backtrace::__rust_end_short_backtrace::<std[617be2ca0a6fd877]::panicking::panic_handler::{closure#0}, !>
[INFO] [stdout]    9:     0x5be030081bdd - __rustc[ea4f61d10b84890b]::rust_begin_unwind
[INFO] [stdout]   10:     0x5be0300be71c - core[a373ad73a504971]::panicking::panic_fmt
[INFO] [stdout]   11:     0x5be02f7a4092 - <bundle[840c3f3e0127dc5e]::guestbook_itself_is_not_refused_for_its_secret::{closure#0} as core[a373ad73a504971]::ops::function::FnOnce<()>>::call_once
[INFO] [stdout]   12:     0x5be02f7b2e5b - test[aada8e7e76ba119b]::__rust_begin_short_backtrace::<core[a373ad73a504971]::result::Result<(), alloc[2e1b2a31b91974c5]::string::String>, fn() -> core[a373ad73a504971]::result::Result<(), alloc[2e1b2a31b91974c5]::string::String>>
[INFO] [stdout]   13:     0x5be02f7c0035 - test[aada8e7e76ba119b]::run_test::{closure#0}
[INFO] [stdout]   14:     0x5be02f7b9924 - std[617be2ca0a6fd877]::sys::backtrace::__rust_begin_short_backtrace::<test[aada8e7e76ba119b]::run_test::{closure#1}, ()>
[INFO] [stdout]   15:     0x5be02f7c30c2 - <std[617be2ca0a6fd877]::thread::lifecycle::spawn_unchecked<test[aada8e7e76ba119b]::run_test::{closure#1}, ()>::{closure#1} as core[a373ad73a504971]::ops::function::FnOnce<()>>::call_once::{shim:vtable#0}
[INFO] [stdout]   16:     0x5be0300a54bf - <std[617be2ca0a6fd877]::sys::thread::unix::Thread>::new::thread_start
[INFO] [stdout]   17:     0x7f882dedddfa - <unknown>
[INFO] [stdout]   18:     0x7f882df713d4 - clone
[INFO] [stdout]   19:                0x0 - <unknown>
[INFO] [stdout] 
[INFO] [stdout] ---- the_served_page_carries_the_live_reload_client stdout ----
[INFO] [stdout] 
[INFO] [stdout] thread 'the_served_page_carries_the_live_reload_client' (2384) panicked at tests/bundle.rs:36:40:
[INFO] [stdout] expected a build, got diagnostics:
[INFO] [stdout] [31mError:[0m Could not read `/opt/rustwide/workdir/../../examples/counter.zd`: No such file or directory (os error 2).
[INFO] [stdout] 
[INFO] [stdout] stack backtrace:
[INFO] [stdout]    0:     0x5be0300a64f1 - <<std[617be2ca0a6fd877]::sys::backtrace::BacktraceLock>::print::DisplayBacktrace as core[a373ad73a504971]::fmt::Display>::fmt
[INFO] [stdout]    1:     0x5be0300bdf7a - core[a373ad73a504971]::fmt::write
[INFO] [stdout]    2:     0x5be0300aaafc - <alloc[2e1b2a31b91974c5]::vec::Vec<u8> as core[a373ad73a504971]::io::write::Write>::write_fmt
[INFO] [stdout]    3:     0x5be030080f26 - std[617be2ca0a6fd877]::panicking::default_hook::{closure#0}
[INFO] [stdout]    4:     0x5be03009dbe9 - std[617be2ca0a6fd877]::panicking::default_hook
[INFO] [stdout]    5:     0x5be02f7bfa10 - test[aada8e7e76ba119b]::test_main_inner::{closure#0}
[INFO] [stdout]    6:     0x5be03009df12 - std[617be2ca0a6fd877]::panicking::panic_with_hook
[INFO] [stdout]    7:     0x5be030080fd2 - std[617be2ca0a6fd877]::panicking::panic_handler::{closure#0}
[INFO] [stdout]    8:     0x5be0300799d9 - std[617be2ca0a6fd877]::sys::backtrace::__rust_end_short_backtrace::<std[617be2ca0a6fd877]::panicking::panic_handler::{closure#0}, !>
[INFO] [stdout]    9:     0x5be030081bdd - __rustc[ea4f61d10b84890b]::rust_begin_unwind
[INFO] [stdout]   10:     0x5be0300be71c - core[a373ad73a504971]::panicking::panic_fmt
[INFO] [stdout]   11:     0x5be02f7a30cb - bundle[840c3f3e0127dc5e]::text
[INFO] [stdout]   12:     0x5be02f7a41b1 - <bundle[840c3f3e0127dc5e]::the_served_page_carries_the_live_reload_client::{closure#0} as core[a373ad73a504971]::ops::function::FnOnce<()>>::call_once
[INFO] [stdout]   13:     0x5be02f7b2e5b - test[aada8e7e76ba119b]::__rust_begin_short_backtrace::<core[a373ad73a504971]::result::Result<(), alloc[2e1b2a31b91974c5]::string::String>, fn() -> core[a373ad73a504971]::result::Result<(), alloc[2e1b2a31b91974c5]::string::String>>
[INFO] [stdout]   14:     0x5be02f7c0035 - test[aada8e7e76ba119b]::run_test::{closure#0}
[INFO] [stdout]   15:     0x5be02f7b9924 - std[617be2ca0a6fd877]::sys::backtrace::__rust_begin_short_backtrace::<test[aada8e7e76ba119b]::run_test::{closure#1}, ()>
[INFO] [stdout]   16:     0x5be02f7c30c2 - <std[617be2ca0a6fd877]::thread::lifecycle::spawn_unchecked<test[aada8e7e76ba119b]::run_test::{closure#1}, ()>::{closure#1} as core[a373ad73a504971]::ops::function::FnOnce<()>>::call_once::{shim:vtable#0}
[INFO] [stdout]   17:     0x5be0300a54bf - <std[617be2ca0a6fd877]::sys::thread::unix::Thread>::new::thread_start
[INFO] [stdout]   18:     0x7f882dedddfa - <unknown>
[INFO] [stdout]   19:     0x7f882df713d4 - clone
[INFO] [stdout]   20:                0x0 - <unknown>
[INFO] [stdout] 
[INFO] [stdout] 
[INFO] [stdout] failures:
[INFO] [stdout]     a_client_only_program_produces_every_file_the_page_links_to
[INFO] [stdout]     a_module_with_no_view_builds_and_says_it_has_no_page
[INFO] [stdout]     a_refusal_is_the_one_zdc_build_would_have_given
[INFO] [stdout]     a_rendered_secret_is_refused_before_anything_is_emitted
[INFO] [stdout]     every_runtime_module_the_client_imports_is_served
[INFO] [stdout]     guestbook_itself_is_not_refused_for_its_secret
[INFO] [stdout]     the_served_client_is_the_compiler_output_not_a_placeholder
[INFO] [stdout]     the_served_page_carries_the_live_reload_client
[INFO] [stdout] 
[INFO] [stdout] test result: FAILED. 3 passed; 8 failed; 0 ignored; 0 measured; 0 filtered out; finished in 0.02s
[INFO] [stdout] 
[INFO] [stderr] error: test failed, to rerun pass `--test bundle`
[INFO] running `Command { std: "docker" "inspect" "0e467057b7badf98896a30e3703142165f4181941c2a6c1609a2d658bee28d2a", kill_on_drop: false }`
[INFO] running `Command { std: "docker" "rm" "-f" "0e467057b7badf98896a30e3703142165f4181941c2a6c1609a2d658bee28d2a", kill_on_drop: false }`
[INFO] [stdout] 0e467057b7badf98896a30e3703142165f4181941c2a6c1609a2d658bee28d2a
