[INFO] fetching crate zccache-core 1.9.0...
[INFO] testing zccache-core-1.9.0 against 1.99.0-beta.8+cargoflags=--release for beta-release-1.100-2
[INFO] extracting crate zccache-core 1.9.0 into /workspace/builds/worker-0-tc1/source
[INFO] started tweaking crates.io crate zccache-core 1.9.0
[INFO] finished tweaking crates.io crate zccache-core 1.9.0
[INFO] tweaked toml for crates.io crate zccache-core 1.9.0 written to /workspace/builds/worker-0-tc1/source/Cargo.toml
[INFO] validating manifest of crates.io crate zccache-core 1.9.0 on toolchain 1.99.0-beta.8
[INFO] running `Command { std: CARGO_HOME="/workspace/cargo-home" RUSTUP_HOME="/workspace/rustup-home" "/workspace/cargo-home/bin/cargo" "+1.99.0-beta.8" "metadata" "--manifest-path" "Cargo.toml" "--no-deps", kill_on_drop: false }`
[INFO] crate crates.io crate zccache-core 1.9.0 already has a lockfile, it will not be regenerated
[INFO] running `Command { std: CARGO_HOME="/workspace/cargo-home" RUSTUP_HOME="/workspace/rustup-home" "/workspace/cargo-home/bin/cargo" "+1.99.0-beta.8" "fetch" "--manifest-path" "Cargo.toml", kill_on_drop: false }`
[INFO] [stderr]     Updating crates.io index
[INFO] [stderr]  Downloading crates ...
[INFO] [stderr]   Downloaded crash-handler v0.6.3
[INFO] [stderr]   Downloaded crash-context v0.6.3
[INFO] running `Command { std: "docker" "create" "-v" "/var/lib/crater-agent-workspace/builds/worker-0-tc1/source:/opt/rustwide/workdir:ro,Z" "-v" "/var/lib/crater-agent-workspace/builds/worker-0-tc1/target:/opt/rustwide/target:rw,Z" "-v" "/var/lib/crater-agent-workspace/cargo-home:/opt/rustwide/cargo-home:ro,Z" "-v" "/var/lib/crater-agent-workspace/rustup-home:/opt/rustwide/rustup-home:ro,Z" "-m" "1610612736" "--network" "none" "ghcr.io/rust-lang/crates-build-env/linux@sha256:77db811e55d90add9212f6832c23229e3de5f1c1f9905e8cb07319ea15df73ac" "sleep" "infinity", kill_on_drop: false }`
[INFO] [stdout] 662db10ac0c11b5c8ff9aa4ae9a2afd1ad9f509efa8e91901b219e0e8d5015b4
[INFO] running `Command { std: "docker" "start" "662db10ac0c11b5c8ff9aa4ae9a2afd1ad9f509efa8e91901b219e0e8d5015b4", kill_on_drop: false }`
[INFO] running `Command { std: "docker" "inspect" "662db10ac0c11b5c8ff9aa4ae9a2afd1ad9f509efa8e91901b219e0e8d5015b4", kill_on_drop: false }`
[INFO] running `Command { std: "docker" "exec" "-e" "SOURCE_DIR=/opt/rustwide/workdir" "-e" "CARGO_HOME=/opt/rustwide/cargo-home" "-e" "RUSTUP_HOME=/opt/rustwide/rustup-home" "-e" "CARGO_TARGET_DIR=/opt/rustwide/target" "-w" "/opt/rustwide/workdir" "--user" "0:0" "662db10ac0c11b5c8ff9aa4ae9a2afd1ad9f509efa8e91901b219e0e8d5015b4" "/opt/rustwide/cargo-home/bin/cargo" "+1.99.0-beta.8" "metadata" "--no-deps" "--format-version=1", kill_on_drop: false }`
[INFO] running `Command { std: "docker" "inspect" "662db10ac0c11b5c8ff9aa4ae9a2afd1ad9f509efa8e91901b219e0e8d5015b4", kill_on_drop: false }`
[INFO] running `Command { std: "docker" "exec" "-e" "SOURCE_DIR=/opt/rustwide/workdir" "-e" "CARGO_HOME=/opt/rustwide/cargo-home" "-e" "RUSTUP_HOME=/opt/rustwide/rustup-home" "-e" "CARGO_TARGET_DIR=/opt/rustwide/target" "-e" "CARGO_INCREMENTAL=0" "-e" "RUST_BACKTRACE=full" "-e" "RUSTFLAGS=--cap-lints=warn" "-e" "RUSTDOCFLAGS=--cap-lints=warn" "-w" "/opt/rustwide/workdir" "--user" "0:0" "662db10ac0c11b5c8ff9aa4ae9a2afd1ad9f509efa8e91901b219e0e8d5015b4" "/opt/rustwide/cargo-home/bin/cargo" "+1.99.0-beta.8" "build" "--frozen" "--message-format=json" "--release", kill_on_drop: false }`
[INFO] [stderr]    Compiling syn v2.0.117
[INFO] [stderr]    Compiling serde_core v1.0.228
[INFO] [stderr]    Compiling serde v1.0.228
[INFO] [stderr]    Compiling parking_lot_core v0.9.12
[INFO] [stderr]    Compiling crash-context v0.6.3
[INFO] [stderr]    Compiling parking_lot v0.12.5
[INFO] [stderr]    Compiling crash-handler v0.6.3
[INFO] [stderr]    Compiling serde_json v1.0.149
[INFO] [stderr]    Compiling serde_derive v1.0.228
[INFO] [stderr]    Compiling thiserror-impl v2.0.18
[INFO] [stderr]    Compiling tracing-attributes v0.1.31
[INFO] [stderr]    Compiling thiserror v2.0.18
[INFO] [stderr]    Compiling tracing v0.1.44
[INFO] [stderr]    Compiling zccache-core v1.9.0 (/opt/rustwide/workdir)
[INFO] [stderr]     Finished `release` profile [optimized] target(s) in 12.84s
[INFO] running `Command { std: "docker" "inspect" "662db10ac0c11b5c8ff9aa4ae9a2afd1ad9f509efa8e91901b219e0e8d5015b4", kill_on_drop: false }`
[INFO] running `Command { std: "docker" "exec" "-e" "SOURCE_DIR=/opt/rustwide/workdir" "-e" "CARGO_HOME=/opt/rustwide/cargo-home" "-e" "RUSTUP_HOME=/opt/rustwide/rustup-home" "-e" "CARGO_TARGET_DIR=/opt/rustwide/target" "-e" "CARGO_INCREMENTAL=0" "-e" "RUST_BACKTRACE=full" "-e" "RUSTFLAGS=--cap-lints=warn" "-e" "RUSTDOCFLAGS=--cap-lints=warn" "-w" "/opt/rustwide/workdir" "--user" "0:0" "662db10ac0c11b5c8ff9aa4ae9a2afd1ad9f509efa8e91901b219e0e8d5015b4" "/opt/rustwide/cargo-home/bin/cargo" "+1.99.0-beta.8" "test" "--frozen" "--no-run" "--message-format=json" "--release", kill_on_drop: false }`
[INFO] [stderr]    Compiling getrandom v0.4.2
[INFO] [stderr]    Compiling tempfile v3.27.0
[INFO] [stderr]    Compiling zccache-core v1.9.0 (/opt/rustwide/workdir)
[INFO] [stderr]     Finished `release` profile [optimized] target(s) in 4.48s
[INFO] running `Command { std: "docker" "inspect" "662db10ac0c11b5c8ff9aa4ae9a2afd1ad9f509efa8e91901b219e0e8d5015b4", kill_on_drop: false }`
[INFO] running `Command { std: "docker" "exec" "-e" "SOURCE_DIR=/opt/rustwide/workdir" "-e" "CARGO_HOME=/opt/rustwide/cargo-home" "-e" "RUSTUP_HOME=/opt/rustwide/rustup-home" "-e" "CARGO_TARGET_DIR=/opt/rustwide/target" "-e" "CARGO_INCREMENTAL=0" "-e" "RUST_BACKTRACE=full" "-e" "RUSTFLAGS=--cap-lints=warn" "-e" "RUSTDOCFLAGS=--cap-lints=warn" "-w" "/opt/rustwide/workdir" "--user" "0:0" "662db10ac0c11b5c8ff9aa4ae9a2afd1ad9f509efa8e91901b219e0e8d5015b4" "/opt/rustwide/cargo-home/bin/cargo" "+1.99.0-beta.8" "test" "--frozen" "--release", kill_on_drop: false }`
[INFO] [stderr]     Finished `release` profile [optimized] target(s) in 0.08s
[INFO] [stderr]      Running unittests src/lib.rs (/opt/rustwide/target/release/deps/zccache_core-d0ff8be9691dcb8b)
[INFO] [stdout] 
[INFO] [stdout] running 74 tests
[INFO] [stdout] test config::tests::cleanup_stale_depfile_dirs_empty ... ok
[INFO] [stdout] test config::tests::cache_dir_override_ignores_empty_env_value ... ok
[INFO] [stdout] test config::tests::cache_root_source_display_matches_as_str ... ok
[INFO] [stdout] test config::tests::cache_dir_override_uses_non_empty_env_value ... ok
[INFO] [stdout] test config::tests::colocate_basename_appears_in_path ... ok
[INFO] [stdout] test config::tests::cache_root_invariant_all_subpaths_rooted ... ok
[INFO] [stdout] test config::tests::disk_gc_interval_default ... ok
[INFO] [stdout] test config::tests::cleanup_stale_depfile_dirs_skips_alive ... ok
[INFO] [stdout] test config::tests::crash_dump_dir_is_under_cache_dir ... ok
[INFO] [stdout] test config::tests::colocate_disabled_returns_home_path ... ok
[INFO] [stdout] test config::tests::artifacts_dir_ends_with_artifacts ... ok
[INFO] [stdout] test config::tests::cleanup_stale_depfile_dirs_removes_dead ... ok
[INFO] [stdout] test config::tests::home_dir_short_hash_is_stable_and_8_hex ... ok
[INFO] [stdout] test config::tests::crash_dump_dir_ends_with_crashes ... ok
[INFO] [stdout] test config::tests::resolve_cache_root_default_branch_when_env_unset ... ok
[INFO] [stdout] test config::tests::home_dir_short_hash_is_case_insensitive_on_windows ... ok
[INFO] [stdout] test config::tests::cleanup_legacy_temp_root_state_removes_legacy_dirs ... ok
[INFO] [stdout] test config::tests::depfile_dir_under_tmp ... ok
[INFO] [stdout] test config::tests::volume_root_extracts_drive_or_root ... ok
[INFO] [stdout] test config::tests::resolve_cache_root_env_branch ... ok
[INFO] [stdout] test config::tests::depgraph_dir_ends_with_depgraph ... ok
[INFO] [stdout] test config::tests::sanitize_path_component_strips_oddities ... ok
[INFO] [stdout] test crash::tests::read_crash_summary_extracts_key_lines ... ok
[INFO] [stdout] test crash::tests::list_dumps_filters_and_sorts ... ok
[INFO] [stdout] test config::tests::same_volume_root_is_case_insensitive_on_windows ... ok
[INFO] [stdout] test config::tests::index_path_ends_with_bin ... ok
[INFO] [stdout] test crash::tests::unique_dump_path_disambiguates_existing_file ... ok
[INFO] [stdout] test config::tests::log_dir_is_under_cache_dir ... ok
[INFO] [stdout] test config::tests::tmp_dir_ends_with_tmp ... ok
[INFO] [stdout] test defender::tests::compute_paths_includes_cache_root ... ok
[INFO] [stdout] test config::tests::log_dir_ends_with_logs ... ok
[INFO] [stdout] test crash::tests::unique_dump_path_includes_bin_and_kind ... ok
[INFO] [stdout] test config::tests::metadata_path_is_sibling_of_index_path ... ok
[INFO] [stdout] test config::tests::relative_cache_dir_override_is_made_absolute ... ok
[INFO] [stdout] test config::tests::resolve_cache_root_default_branch_when_env_empty ... ok
[INFO] [stdout] test config::tests::cleanup_legacy_temp_root_state_skips_current_cache_dir ... ok
[INFO] [stdout] test crash::tests::clear_dumps_drops_reported_markers_too ... ok
[INFO] [stdout] test defender::tests::compute_paths_is_deduped_and_sorted ... ok
[INFO] [stdout] test config::tests::cleanup_legacy_temp_root_state_skips_parent_of_current_cache_dir ... ok
[INFO] [stdout] test defender::tests::quiet_value_silences_only_for_meaningful_values ... ok
[INFO] [stdout] test config::tests::default_cache_dir_ends_with_zccache ... ok
[INFO] [stdout] test path::tests::msys_path_bare_drive ... ok
[INFO] [stdout] test lifecycle::tests::archive_path_appends_dot_one_alongside_parent ... ok
[INFO] [stdout] test defender::tests::compute_paths_skips_missing_runtime ... ok
[INFO] [stdout] test defender::tests::non_windows_is_elevated_true ... ok
[INFO] [stdout] test defender::tests::non_windows_query_returns_unsupported ... ok
[INFO] [stdout] test path::tests::empty_path_unchanged ... ok
[INFO] [stdout] test path::tests::msys_path_drive_letter ... ok
[INFO] [stdout] test defender::tests::compute_paths_picks_up_sibling_runtime ... ok
[INFO] [stdout] test path::tests::msys_path_uppercase_drive ... ok
[INFO] [stdout] test path::tests::normalize_resolves_dotdot ... ok
[INFO] [stdout] test path::tests::normalize_removes_dot ... ok
[INFO] [stdout] test path::tests::native_windows_path_unchanged ... ok
[INFO] [stdout] test path::tests::relative_path_unchanged ... ok
[INFO] [stdout] test path::tests::stable_path_id_is_compact_and_deterministic ... ok
[INFO] [stdout] test path::tests::unix_absolute_path_not_drive ... ok
[INFO] [stdout] test lifecycle::tests::write_event_rotates_when_live_log_exceeds_max ... ok
[INFO] [stdout] test version::tests::current_version_parses ... ok
[INFO] [stdout] test version::tests::parse_large_numbers ... ok
[INFO] [stdout] test version::tests::ordering_by_major ... ok
[INFO] [stdout] test version::tests::ordering_by_minor ... ok
[INFO] [stdout] test version::tests::ordering_equal ... ok
[INFO] [stdout] test version::tests::parse_rejects_two_components ... ok
[INFO] [stdout] test version::tests::parse_valid ... ok
[INFO] [stdout] test version::tests::ordering_by_patch ... ok
[INFO] [stdout] test version::tests::parse_rejects_negative ... ok
[INFO] [stdout] test version::tests::parse_rejects_non_numeric ... ok
[INFO] [stdout] test version::tests::parse_rejects_one_component ... ok
[INFO] [stdout] test version::tests::parse_zeros ... ok
[INFO] [stdout] test version::tests::parse_rejects_empty ... ok
[INFO] [stdout] test version::tests::parse_rejects_four_components ... ok
[INFO] [stdout] test lifecycle::tests::write_event_does_not_rotate_when_under_max ... ok
[INFO] [stdout] test lifecycle::tests::write_event_appends_jsonl_with_envelope_and_extras ... ok
[INFO] [stdout] test tests::pyproject_version_is_dynamic ... FAILED
[INFO] [stdout] 
[INFO] [stdout] failures:
[INFO] [stdout] 
[INFO] [stdout] ---- tests::pyproject_version_is_dynamic stdout ----
[INFO] [stdout] 
[INFO] [stdout] thread 'tests::pyproject_version_is_dynamic' (565) panicked at src/lib.rs:38:14:
[INFO] [stdout] failed to read pyproject.toml: Os { code: 2, kind: NotFound, message: "No such file or directory" }
[INFO] [stdout] stack backtrace:
[INFO] [stdout]    0:     0x5f8cf4d07831 - <<std[70759c8f55707aa4]::sys::backtrace::BacktraceLock>::print::DisplayBacktrace as core[df12db4294e9bfd3]::fmt::Display>::fmt
[INFO] [stdout]    1:     0x5f8cf4d1cd7a - core[df12db4294e9bfd3]::fmt::write
[INFO] [stdout]    2:     0x5f8cf4d0c06c - <alloc[2182bb758b4b3781]::vec::Vec<u8> as core[df12db4294e9bfd3]::io::write::Write>::write_fmt
[INFO] [stdout]    3:     0x5f8cf4ce0f96 - std[70759c8f55707aa4]::panicking::default_hook::{closure#0}
[INFO] [stdout]    4:     0x5f8cf4cfe9c9 - std[70759c8f55707aa4]::panicking::default_hook
[INFO] [stdout]    5:     0x5f8cf4c95d10 - test[9d35eded1c95d3be]::test_main_inner::<test[9d35eded1c95d3be]::test_main_static::{closure#0}>::{closure#0}
[INFO] [stdout]    6:     0x5f8cf4cfeb82 - std[70759c8f55707aa4]::panicking::panic_with_hook
[INFO] [stdout]    7:     0x5f8cf4ce1042 - std[70759c8f55707aa4]::panicking::panic_handler::{closure#0}
[INFO] [stdout]    8:     0x5f8cf4cd9889 - std[70759c8f55707aa4]::sys::backtrace::__rust_end_short_backtrace::<std[70759c8f55707aa4]::panicking::panic_handler::{closure#0}, !>
[INFO] [stdout]    9:     0x5f8cf4ce1f4d - __rustc[8fa7c3cbc660c2b3]::rust_begin_unwind
[INFO] [stdout]   10:     0x5f8cf4d1d4dc - core[df12db4294e9bfd3]::panicking::panic_fmt
[INFO] [stdout]   11:     0x5f8cf4d1d2b2 - core[df12db4294e9bfd3]::result::unwrap_failed
[INFO] [stdout]   12:     0x5f8cf4c70e2b - zccache_core[c0e20ef0ce52939a]::tests::pyproject_version_is_dynamic
[INFO] [stdout]   13:     0x5f8cf4c7fbf9 - <zccache_core[c0e20ef0ce52939a]::tests::pyproject_version_is_dynamic::{closure#0} as core[df12db4294e9bfd3]::ops::function::FnOnce<()>>::call_once
[INFO] [stdout]   14:     0x5f8cf4c88ffb - test[9d35eded1c95d3be]::__rust_begin_short_backtrace::<core[df12db4294e9bfd3]::result::Result<(), alloc[2182bb758b4b3781]::string::String>, fn() -> core[df12db4294e9bfd3]::result::Result<(), alloc[2182bb758b4b3781]::string::String>>
[INFO] [stdout]   15:     0x5f8cf4c96665 - test[9d35eded1c95d3be]::run_test::{closure#0}
[INFO] [stdout]   16:     0x5f8cf4c8ff24 - std[70759c8f55707aa4]::sys::backtrace::__rust_begin_short_backtrace::<test[9d35eded1c95d3be]::run_test::{closure#1}, ()>
[INFO] [stdout]   17:     0x5f8cf4c997c2 - <std[70759c8f55707aa4]::thread::lifecycle::spawn_unchecked<test[9d35eded1c95d3be]::run_test::{closure#1}, ()>::{closure#1} as core[df12db4294e9bfd3]::ops::function::FnOnce<()>>::call_once::{shim:vtable#0}
[INFO] [stdout]   18:     0x5f8cf4d06b79 - <std[70759c8f55707aa4]::sys::thread::unix::Thread>::new::thread_start
[INFO] [stdout]   19:     0x5f8cf4c82965 - set_alt_signal_stack_and_start
[INFO] [stdout]   20:     0x7204a86a1dfa - <unknown>
[INFO] [stdout]   21:     0x7204a87353d4 - clone
[INFO] [stdout]   22:                0x0 - <unknown>
[INFO] [stdout] 
[INFO] [stdout] 
[INFO] [stdout] failures:
[INFO] [stdout]     tests::pyproject_version_is_dynamic
[INFO] [stdout] 
[INFO] [stdout] test result: FAILED. 73 passed; 1 failed; 0 ignored; 0 measured; 0 filtered out; finished in 0.02s
[INFO] [stdout] 
[INFO] [stderr] error: test failed, to rerun pass `--lib`
[INFO] running `Command { std: "docker" "inspect" "662db10ac0c11b5c8ff9aa4ae9a2afd1ad9f509efa8e91901b219e0e8d5015b4", kill_on_drop: false }`
[INFO] running `Command { std: "docker" "rm" "-f" "662db10ac0c11b5c8ff9aa4ae9a2afd1ad9f509efa8e91901b219e0e8d5015b4", kill_on_drop: false }`
[INFO] [stdout] 662db10ac0c11b5c8ff9aa4ae9a2afd1ad9f509efa8e91901b219e0e8d5015b4
