[INFO] fetching crate zcash_keys 0.17.0-pre.2...
[INFO] testing zcash_keys-0.17.0-pre.2 against 1.99.0-beta.8+cargoflags=--release for beta-release-1.100-2
[INFO] extracting crate zcash_keys 0.17.0-pre.2 into /workspace/builds/worker-7-tc1/source
[INFO] started tweaking crates.io crate zcash_keys 0.17.0-pre.2
[INFO] finished tweaking crates.io crate zcash_keys 0.17.0-pre.2
[INFO] tweaked toml for crates.io crate zcash_keys 0.17.0-pre.2 written to /workspace/builds/worker-7-tc1/source/Cargo.toml
[INFO] validating manifest of crates.io crate zcash_keys 0.17.0-pre.2 on toolchain 1.99.0-beta.8
[INFO] running `Command { std: CARGO_HOME="/workspace/cargo-home" RUSTUP_HOME="/workspace/rustup-home" "/workspace/cargo-home/bin/cargo" "+1.99.0-beta.8" "metadata" "--manifest-path" "Cargo.toml" "--no-deps", kill_on_drop: false }`
[INFO] crate crates.io crate zcash_keys 0.17.0-pre.2 already has a lockfile, it will not be regenerated
[INFO] running `Command { std: CARGO_HOME="/workspace/cargo-home" RUSTUP_HOME="/workspace/rustup-home" "/workspace/cargo-home/bin/cargo" "+1.99.0-beta.8" "fetch" "--manifest-path" "Cargo.toml", kill_on_drop: false }`
[INFO] [stderr]     Updating crates.io index
[INFO] [stderr]  Downloading crates ...
[INFO] [stderr]   Downloaded zip32 v0.3.0
[INFO] [stderr]   Downloaded bech32 v0.11.0
[INFO] [stderr]   Downloaded memuse v0.2.2
[INFO] [stderr]   Downloaded sinsemilla v0.2.0
[INFO] [stderr]   Downloaded halo2_proofs v0.4.0
[INFO] [stderr]   Downloaded bip32 v0.6.0
[INFO] [stderr]   Downloaded zcash_protocol v0.11.0-pre.1
[INFO] [stderr]   Downloaded sapling-crypto v0.9.0
[INFO] [stderr]   Downloaded proptest v1.4.0
[INFO] [stderr]   Downloaded litrs v0.4.1
[INFO] [stderr]   Downloaded zcash_encoding v0.5.0
[INFO] [stderr]   Downloaded bounded-vec v0.9.0
[INFO] [stderr]   Downloaded incrementalmerkletree v0.9.0
[INFO] [stderr]   Downloaded redjubjub v0.9.0
[INFO] [stderr]   Downloaded secp256k1 v0.33.1
[INFO] [stderr]   Downloaded f4jumble v0.1.2
[INFO] [stderr]   Downloaded halo2_poseidon v0.2.0
[INFO] [stderr]   Downloaded zcash_script v0.6.0
[INFO] [stderr]   Downloaded pasta_curves v0.6.0
[INFO] [stderr]   Downloaded num-bigint v0.4.5
[INFO] [stderr]   Downloaded incrementalmerkletree-testing v0.4.0
[INFO] [stderr]   Downloaded orchard v0.16.0
[INFO] [stderr]   Downloaded fpe v0.7.0
[INFO] [stderr]   Downloaded sha1 v0.10.5
[INFO] [stderr]   Downloaded nonempty v0.11.0
[INFO] [stderr]   Downloaded reddsa v0.6.1
[INFO] [stderr]   Downloaded bls12_381 v0.9.0
[INFO] [stderr]   Downloaded bip0039 v0.12.0
[INFO] [stderr]   Downloaded zcash_address v0.14.0-pre.2
[INFO] [stderr]   Downloaded halo2_legacy_pdqsort v0.1.0
[INFO] [stderr]   Downloaded zcash_transparent v0.11.0-pre.2
[INFO] [stderr]   Downloaded secp256k1-sys v0.14.1
[INFO] [stderr]   Downloaded zcash_spec v0.2.1
[INFO] [stderr]   Downloaded corez v0.1.1
[INFO] [stderr]   Downloaded document-features v0.2.8
[INFO] [stderr]   Downloaded halo2_gadgets v0.6.0
[INFO] [stderr]   Downloaded jubjub v0.11.1
[INFO] [stderr]   Downloaded zcash_note_encryption v0.5.1
[INFO] [stderr]   Downloaded pairing v0.24.0
[INFO] [stderr]   Downloaded getset v0.1.6
[INFO] running `Command { std: "docker" "create" "-v" "/var/lib/crater-agent-workspace/builds/worker-7-tc1/source:/opt/rustwide/workdir:ro,Z" "-v" "/var/lib/crater-agent-workspace/builds/worker-7-tc1/target:/opt/rustwide/target:rw,Z" "-v" "/var/lib/crater-agent-workspace/cargo-home:/opt/rustwide/cargo-home:ro,Z" "-v" "/var/lib/crater-agent-workspace/rustup-home:/opt/rustwide/rustup-home:ro,Z" "-m" "1610612736" "--network" "none" "ghcr.io/rust-lang/crates-build-env/linux@sha256:77db811e55d90add9212f6832c23229e3de5f1c1f9905e8cb07319ea15df73ac" "sleep" "infinity", kill_on_drop: false }`
[INFO] [stdout] 388ebbba545821b0921a0108f5ce132464654ea5cd94a2a75f4f566a17cdc1dc
[INFO] running `Command { std: "docker" "start" "388ebbba545821b0921a0108f5ce132464654ea5cd94a2a75f4f566a17cdc1dc", kill_on_drop: false }`
[INFO] running `Command { std: "docker" "inspect" "388ebbba545821b0921a0108f5ce132464654ea5cd94a2a75f4f566a17cdc1dc", kill_on_drop: false }`
[INFO] running `Command { std: "docker" "exec" "-e" "SOURCE_DIR=/opt/rustwide/workdir" "-e" "CARGO_HOME=/opt/rustwide/cargo-home" "-e" "RUSTUP_HOME=/opt/rustwide/rustup-home" "-e" "CARGO_TARGET_DIR=/opt/rustwide/target" "-w" "/opt/rustwide/workdir" "--user" "0:0" "388ebbba545821b0921a0108f5ce132464654ea5cd94a2a75f4f566a17cdc1dc" "/opt/rustwide/cargo-home/bin/cargo" "+1.99.0-beta.8" "metadata" "--no-deps" "--format-version=1", kill_on_drop: false }`
[INFO] running `Command { std: "docker" "inspect" "388ebbba545821b0921a0108f5ce132464654ea5cd94a2a75f4f566a17cdc1dc", kill_on_drop: false }`
[INFO] running `Command { std: "docker" "exec" "-e" "SOURCE_DIR=/opt/rustwide/workdir" "-e" "CARGO_HOME=/opt/rustwide/cargo-home" "-e" "RUSTUP_HOME=/opt/rustwide/rustup-home" "-e" "CARGO_TARGET_DIR=/opt/rustwide/target" "-e" "CARGO_INCREMENTAL=0" "-e" "RUST_BACKTRACE=full" "-e" "RUSTFLAGS=--cap-lints=warn" "-e" "RUSTDOCFLAGS=--cap-lints=warn" "-w" "/opt/rustwide/workdir" "--user" "0:0" "388ebbba545821b0921a0108f5ce132464654ea5cd94a2a75f4f566a17cdc1dc" "/opt/rustwide/cargo-home/bin/cargo" "+1.99.0-beta.8" "build" "--frozen" "--message-format=json" "--release", kill_on_drop: false }`
[INFO] [stderr]    Compiling typenum v1.17.0
[INFO] [stderr]    Compiling subtle v2.6.1
[INFO] [stderr]    Compiling memuse v0.2.2
[INFO] [stderr]    Compiling constant_time_eq v0.3.0
[INFO] [stderr]    Compiling arrayref v0.3.7
[INFO] [stderr]    Compiling arrayvec v0.7.4
[INFO] [stderr]    Compiling proc-macro2 v1.0.106
[INFO] [stderr]    Compiling generic-array v0.14.7
[INFO] [stderr]    Compiling hex v0.4.3
[INFO] [stderr]    Compiling rand v0.10.3
[INFO] [stderr]    Compiling serde_core v1.0.228
[INFO] [stderr]    Compiling bitvec v1.0.1
[INFO] [stderr]    Compiling num-traits v0.2.19
[INFO] [stderr]    Compiling cc v1.2.17
[INFO] [stderr]    Compiling cpufeatures v0.2.12
[INFO] [stderr]    Compiling serde v1.0.228
[INFO] [stderr]    Compiling corez v0.1.1
[INFO] [stderr]    Compiling litrs v0.4.1
[INFO] [stderr]    Compiling nonempty v0.11.0
[INFO] [stderr]    Compiling libm v0.2.8
[INFO] [stderr]    Compiling bech32 v0.11.0
[INFO] [stderr]    Compiling cpubits v0.1.1
[INFO] [stderr]    Compiling either v1.13.0
[INFO] [stderr]    Compiling bitflags v2.9.0
[INFO] [stderr]    Compiling pin-project-lite v0.2.14
[INFO] [stderr]    Compiling tracing-core v0.1.34
[INFO] [stderr]    Compiling blake2b_simd v1.0.2
[INFO] [stderr]    Compiling blake2s_simd v1.0.2
[INFO] [stderr]    Compiling quote v1.0.45
[INFO] [stderr]    Compiling syn v2.0.118
[INFO] [stderr]    Compiling zcash_encoding v0.5.0
[INFO] [stderr]    Compiling proc-macro-error-attr2 v2.0.0
[INFO] [stderr]    Compiling incrementalmerkletree v0.9.0
[INFO] [stderr]    Compiling document-features v0.2.8
[INFO] [stderr]    Compiling tracing v0.1.41
[INFO] [stderr]    Compiling zcash_spec v0.2.1
[INFO] [stderr]    Compiling f4jumble v0.1.2
[INFO] [stderr]    Compiling hybrid-array v0.4.10
[INFO] [stderr]    Compiling zcash_protocol v0.11.0-pre.1
[INFO] [stderr]    Compiling num-integer v0.1.46
[INFO] [stderr]    Compiling crypto-common v0.2.2
[INFO] [stderr]    Compiling block-buffer v0.12.1
[INFO] [stderr]    Compiling inout v0.2.2
[INFO] [stderr]    Compiling secp256k1-sys v0.14.1
[INFO] [stderr]    Compiling num-bigint v0.5.1
[INFO] [stderr]    Compiling block-buffer v0.10.4
[INFO] [stderr]    Compiling crypto-common v0.1.6
[INFO] [stderr]    Compiling digest v0.10.7
[INFO] [stderr]    Compiling sha2 v0.10.8
[INFO] [stderr]    Compiling ripemd v0.1.3
[INFO] [stderr]    Compiling sha1 v0.10.5
[INFO] [stderr]    Compiling cipher v0.5.2
[INFO] [stderr]    Compiling digest v0.11.3
[INFO] [stderr]    Compiling universal-hash v0.6.1
[INFO] [stderr]    Compiling poly1305 v0.9.1
[INFO] [stderr]    Compiling aead v0.6.1
[INFO] [stderr]    Compiling bs58 v0.5.1
[INFO] [stderr]    Compiling hmac v0.13.0
[INFO] [stderr]    Compiling chacha20 v0.10.2
[INFO] [stderr]    Compiling cbc v0.2.1
[INFO] [stderr]    Compiling sha2 v0.11.0
[INFO] [stderr]    Compiling ripemd v0.2.0
[INFO] [stderr]    Compiling aes v0.9.2
[INFO] [stderr]    Compiling chacha20poly1305 v0.11.0
[INFO] [stderr]    Compiling zcash_address v0.14.0-pre.2
[INFO] [stderr]    Compiling zcash_note_encryption v0.5.1
[INFO] [stderr]    Compiling ff v0.14.0
[INFO] [stderr]    Compiling fpe v0.7.0
[INFO] [stderr]    Compiling group v0.14.0
[INFO] [stderr]    Compiling pairing v0.24.0
[INFO] [stderr]    Compiling proc-macro-error2 v2.0.1
[INFO] [stderr]    Compiling zeroize_derive v1.4.2
[INFO] [stderr]    Compiling thiserror-impl v2.0.12
[INFO] [stderr]    Compiling serde_derive v1.0.228
[INFO] [stderr]    Compiling getset v0.1.6
[INFO] [stderr]    Compiling visibility v0.1.1
[INFO] [stderr]    Compiling zeroize v1.7.0
[INFO] [stderr]    Compiling pasta_curves v0.6.0
[INFO] [stderr]    Compiling bls12_381 v0.9.0
[INFO] [stderr]    Compiling zip32 v0.3.0
[INFO] [stderr]    Compiling secrecy v0.8.0
[INFO] [stderr]    Compiling thiserror v2.0.12
[INFO] [stderr]    Compiling bounded-vec v0.9.0
[INFO] [stderr]    Compiling jubjub v0.11.1
[INFO] [stderr]    Compiling sinsemilla v0.2.0
[INFO] [stderr]    Compiling halo2_poseidon v0.2.0
[INFO] [stderr]    Compiling reddsa v0.6.1
[INFO] [stderr]    Compiling redjubjub v0.9.0
[INFO] [stderr]    Compiling orchard v0.16.0
[INFO] [stderr]    Compiling sapling-crypto v0.9.0
[INFO] [stderr]    Compiling secp256k1 v0.33.1
[INFO] [stderr]    Compiling bip32 v0.6.0
[INFO] [stderr]    Compiling zcash_script v0.6.0
[INFO] [stderr]    Compiling zcash_transparent v0.11.0-pre.2
[INFO] [stderr]    Compiling zcash_keys v0.17.0-pre.2 (/opt/rustwide/workdir)
[INFO] [stderr]     Finished `release` profile [optimized] target(s) in 1m 13s
[INFO] [stderr] warning: the following packages contain code that will be rejected by a future version of Rust: document-features v0.2.8, proc-macro-error2 v2.0.1
[INFO] [stderr] note: to see what the problems were, use the option `--future-incompat-report`, or run `cargo report future-incompatibilities --id 3`
[INFO] running `Command { std: "docker" "inspect" "388ebbba545821b0921a0108f5ce132464654ea5cd94a2a75f4f566a17cdc1dc", kill_on_drop: false }`
[INFO] running `Command { std: "docker" "exec" "-e" "SOURCE_DIR=/opt/rustwide/workdir" "-e" "CARGO_HOME=/opt/rustwide/cargo-home" "-e" "RUSTUP_HOME=/opt/rustwide/rustup-home" "-e" "CARGO_TARGET_DIR=/opt/rustwide/target" "-e" "CARGO_INCREMENTAL=0" "-e" "RUST_BACKTRACE=full" "-e" "RUSTFLAGS=--cap-lints=warn" "-e" "RUSTDOCFLAGS=--cap-lints=warn" "-w" "/opt/rustwide/workdir" "--user" "0:0" "388ebbba545821b0921a0108f5ce132464654ea5cd94a2a75f4f566a17cdc1dc" "/opt/rustwide/cargo-home/bin/cargo" "+1.99.0-beta.8" "test" "--frozen" "--no-run" "--message-format=json" "--release", kill_on_drop: false }`
[INFO] [stderr]    Compiling getrandom v0.4.3
[INFO] [stderr]    Compiling arrayvec v0.7.4
[INFO] [stderr]    Compiling syn v2.0.118
[INFO] [stderr]    Compiling bitflags v2.9.0
[INFO] [stderr]    Compiling linux-raw-sys v0.4.13
[INFO] [stderr]    Compiling chacha20 v0.10.2
[INFO] [stderr]    Compiling num-traits v0.2.19
[INFO] [stderr]    Compiling hex v0.4.3
[INFO] [stderr]    Compiling getrandom v0.2.15
[INFO] [stderr]    Compiling wait-timeout v0.2.0
[INFO] [stderr]    Compiling ff v0.14.0
[INFO] [stderr]    Compiling bit-vec v0.6.3
[INFO] [stderr]    Compiling byteorder v1.5.0
[INFO] [stderr]    Compiling crunchy v0.2.2
[INFO] [stderr]    Compiling rand_core v0.9.3
[INFO] [stderr]    Compiling once_cell v1.19.0
[INFO] [stderr]    Compiling blake2b_simd v1.0.2
[INFO] [stderr]    Compiling group v0.14.0
[INFO] [stderr]    Compiling equivalent v1.0.1
[INFO] [stderr]    Compiling bit-set v0.5.3
[INFO] [stderr]    Compiling tracing-core v0.1.34
[INFO] [stderr]    Compiling rand_core v0.6.4
[INFO] [stderr]    Compiling rand v0.9.2
[INFO] [stderr]    Compiling indexmap v2.12.0
[INFO] [stderr]    Compiling rustix v0.38.34
[INFO] [stderr]    Compiling maybe-rayon v0.1.1
[INFO] [stderr]    Compiling pairing v0.24.0
[INFO] [stderr]    Compiling halo2_legacy_pdqsort v0.1.0
[INFO] [stderr]    Compiling rand_chacha v0.3.1
[INFO] [stderr]    Compiling rand_xorshift v0.3.0
[INFO] [stderr]    Compiling blake2s_simd v1.0.2
[INFO] [stderr]    Compiling rand_chacha v0.10.0
[INFO] [stderr]    Compiling zcash_encoding v0.5.0
[INFO] [stderr]    Compiling uint v0.9.5
[INFO] [stderr]    Compiling rand v0.10.3
[INFO] [stderr]    Compiling chacha20poly1305 v0.11.0
[INFO] [stderr]    Compiling zcash_note_encryption v0.5.1
[INFO] [stderr]    Compiling zcash_spec v0.2.1
[INFO] [stderr]    Compiling rand v0.8.5
[INFO] [stderr]    Compiling f4jumble v0.1.2
[INFO] [stderr]    Compiling secp256k1 v0.33.1
[INFO] [stderr]    Compiling num-integer v0.1.46
[INFO] [stderr]    Compiling num-bigint v0.5.1
[INFO] [stderr]    Compiling tempfile v3.10.1
[INFO] [stderr]    Compiling rusty-fork v0.3.0
[INFO] [stderr]    Compiling proptest v1.4.0
[INFO] [stderr]    Compiling fpe v0.7.0
[INFO] [stderr]    Compiling proc-macro-error2 v2.0.1
[INFO] [stderr]    Compiling zeroize_derive v1.4.2
[INFO] [stderr]    Compiling thiserror-impl v2.0.12
[INFO] [stderr]    Compiling serde_derive v1.0.228
[INFO] [stderr]    Compiling tracing-attributes v0.1.30
[INFO] [stderr]    Compiling getset v0.1.6
[INFO] [stderr]    Compiling visibility v0.1.1
[INFO] [stderr]    Compiling zeroize v1.7.0
[INFO] [stderr]    Compiling pasta_curves v0.6.0
[INFO] [stderr]    Compiling bls12_381 v0.9.0
[INFO] [stderr]    Compiling zip32 v0.3.0
[INFO] [stderr]    Compiling bip32 v0.6.0
[INFO] [stderr]    Compiling secrecy v0.8.0
[INFO] [stderr]    Compiling tracing v0.1.41
[INFO] [stderr]    Compiling thiserror v2.0.12
[INFO] [stderr]    Compiling bounded-vec v0.9.0
[INFO] [stderr]    Compiling jubjub v0.11.1
[INFO] [stderr]    Compiling zcash_script v0.6.0
[INFO] [stderr]    Compiling halo2_poseidon v0.2.0
[INFO] [stderr]    Compiling sinsemilla v0.2.0
[INFO] [stderr]    Compiling halo2_proofs v0.4.0
[INFO] [stderr]    Compiling incrementalmerkletree v0.9.0
[INFO] [stderr]    Compiling incrementalmerkletree-testing v0.4.0
[INFO] [stderr]    Compiling zcash_protocol v0.11.0-pre.1
[INFO] [stderr]    Compiling zcash_address v0.14.0-pre.2
[INFO] [stderr]    Compiling zcash_transparent v0.11.0-pre.2
[INFO] [stderr]    Compiling serde v1.0.228
[INFO] [stderr]    Compiling reddsa v0.6.1
[INFO] [stderr]    Compiling redjubjub v0.9.0
[INFO] [stderr]    Compiling sapling-crypto v0.9.0
[INFO] [stderr]    Compiling halo2_gadgets v0.6.0
[INFO] [stderr]    Compiling orchard v0.16.0
[INFO] [stderr]    Compiling zcash_keys v0.17.0-pre.2 (/opt/rustwide/workdir)
[INFO] [stderr]     Finished `release` profile [optimized] target(s) in 1m 54s
[INFO] [stderr] warning: the following packages contain code that will be rejected by a future version of Rust: document-features v0.2.8, proc-macro-error2 v2.0.1
[INFO] [stderr] note: to see what the problems were, use the option `--future-incompat-report`, or run `cargo report future-incompatibilities --id 3`
[INFO] running `Command { std: "docker" "inspect" "388ebbba545821b0921a0108f5ce132464654ea5cd94a2a75f4f566a17cdc1dc", kill_on_drop: false }`
[INFO] running `Command { std: "docker" "exec" "-e" "SOURCE_DIR=/opt/rustwide/workdir" "-e" "CARGO_HOME=/opt/rustwide/cargo-home" "-e" "RUSTUP_HOME=/opt/rustwide/rustup-home" "-e" "CARGO_TARGET_DIR=/opt/rustwide/target" "-e" "CARGO_INCREMENTAL=0" "-e" "RUST_BACKTRACE=full" "-e" "RUSTFLAGS=--cap-lints=warn" "-e" "RUSTDOCFLAGS=--cap-lints=warn" "-w" "/opt/rustwide/workdir" "--user" "0:0" "388ebbba545821b0921a0108f5ce132464654ea5cd94a2a75f4f566a17cdc1dc" "/opt/rustwide/cargo-home/bin/cargo" "+1.99.0-beta.8" "test" "--frozen" "--release", kill_on_drop: false }`
[INFO] [stderr]     Finished `release` profile [optimized] target(s) in 0.23s
[INFO] [stderr] warning: the following packages contain code that will be rejected by a future version of Rust: document-features v0.2.8, proc-macro-error2 v2.0.1
[INFO] [stderr] note: to see what the problems were, use the option `--future-incompat-report`, or run `cargo report future-incompatibilities --id 3`
[INFO] [stderr]      Running unittests src/lib.rs (/opt/rustwide/target/release/deps/zcash_keys-de9613ea00b07f3c)
[INFO] [stdout] 
[INFO] [stdout] running 26 tests
[INFO] [stdout] test address::tests::prune_retaining_to_every_item_type_is_identity ... ok
[INFO] [stdout] test address::tests::decode_reports_structured_errors ... ok
[INFO] [stdout] test address::tests::prune_retaining_to_unencodable_address_is_error ... ok
[INFO] [stdout] test address::tests::prune_retaining_removes_unrequested_items ... ok
[INFO] [stdout] test address::tests::transparent_only_address_has_no_r0_encoding ... ok
[INFO] [stdout] test address::tests::prune_retaining_without_receivers_is_none ... ok
[INFO] [stdout] test encoding::tests_sapling::invalid_diversifier ... ok
[INFO] [stdout] test encoding::tests_sapling::payment_address ... ok
[INFO] [stdout] test address::tests::prune_retaining_retains_must_understand_metadata ... ok
[INFO] [stdout] test keys::tests::ovk_debug_redaction ... ok
[INFO] [stdout] test encoding::tests_sapling::extended_spending_key ... ok
[INFO] [stdout] test encoding::tests_sapling::extended_full_viewing_key ... ok
[INFO] [stdout] test constants::tests::zcash_protocol_copies_match ... ok
[INFO] [stdout] test keys::tests::p2sh_item_is_unconverted_without_transparent_inputs ... FAILED
[INFO] [stdout] test keys::tests::shielded_spending_keys_zeroize_on_drop ... ok
[INFO] [stdout] test address::tests::ua_parsing ... ok
[INFO] [stdout] test keys::tests::spending_key_panics_on_short_seed - should panic ... ok
[INFO] [stdout] test keys::tests::ufvk_debug_redaction ... ok
[INFO] [stdout] test address::tests::prune_retaining_removes_transparent_receiver ... ok
[INFO] [stdout] test address::tests::ua_round_trip ... ok
[INFO] [stdout] test address::tests::r0_test_vectors_reencode_identically ... ok
[INFO] [stdout] test keys::tests::uivk_debug_redaction ... ok
[INFO] [stdout] test keys::tests::subsumes_uivk_from_same_ufvk ... ok
[INFO] [stdout] test keys::tests::subsumes_ufvk_subset ... ok
[INFO] [stdout] test keys::tests::subsumes_ufvk_same_key ... ok
[INFO] [stderr] error: test failed, to rerun pass `--lib`
[INFO] [stdout] test keys::tests::subsumes_ufvk_different_keys ... ok
[INFO] [stdout] 
[INFO] [stdout] failures:
[INFO] [stdout] 
[INFO] [stdout] ---- keys::tests::p2sh_item_is_unconverted_without_transparent_inputs stdout ----
[INFO] [stdout] 
[INFO] [stdout] thread 'keys::tests::p2sh_item_is_unconverted_without_transparent_inputs' (2898) panicked at src/keys.rs:3442:18:
[INFO] [stdout] called `Result::unwrap()` on an `Err` value: InvalidEncodedLength(26)
[INFO] [stdout] stack backtrace:
[INFO] [stdout]    0:     0x5b9a35e3acc1 - <<std[70759c8f55707aa4]::sys::backtrace::BacktraceLock>::print::DisplayBacktrace as core[df12db4294e9bfd3]::fmt::Display>::fmt
[INFO] [stdout]    1:     0x5b9a35e4fb9a - core[df12db4294e9bfd3]::fmt::write
[INFO] [stdout]    2:     0x5b9a35e3f15c - <alloc[2182bb758b4b3781]::vec::Vec<u8> as core[df12db4294e9bfd3]::io::write::Write>::write_fmt
[INFO] [stdout]    3:     0x5b9a35e172b6 - std[70759c8f55707aa4]::panicking::default_hook::{closure#0}
[INFO] [stdout]    4:     0x5b9a35e33429 - std[70759c8f55707aa4]::panicking::default_hook
[INFO] [stdout]    5:     0x5b9a35d63460 - test[9d35eded1c95d3be]::test_main_inner::<test[9d35eded1c95d3be]::test_main_static::{closure#0}>::{closure#0}
[INFO] [stdout]    6:     0x5b9a35e335e2 - std[70759c8f55707aa4]::panicking::panic_with_hook
[INFO] [stdout]    7:     0x5b9a35e17362 - std[70759c8f55707aa4]::panicking::panic_handler::{closure#0}
[INFO] [stdout]    8:     0x5b9a35e100e9 - std[70759c8f55707aa4]::sys::backtrace::__rust_end_short_backtrace::<std[70759c8f55707aa4]::panicking::panic_handler::{closure#0}, !>
[INFO] [stdout]    9:     0x5b9a35e17f5d - __rustc[8fa7c3cbc660c2b3]::rust_begin_unwind
[INFO] [stdout]   10:     0x5b9a35e502cc - core[df12db4294e9bfd3]::panicking::panic_fmt
[INFO] [stdout]   11:     0x5b9a35e500a2 - core[df12db4294e9bfd3]::result::unwrap_failed
[INFO] [stdout]   12:     0x5b9a35d4b329 - zcash_keys[35a4397bcbcd07ac]::keys::tests::p2sh_item_is_unconverted_without_transparent_inputs
[INFO] [stdout]   13:     0x5b9a35d3c919 - <zcash_keys[35a4397bcbcd07ac]::keys::tests::p2sh_item_is_unconverted_without_transparent_inputs::{closure#0} as core[df12db4294e9bfd3]::ops::function::FnOnce<()>>::call_once
[INFO] [stdout]   14:     0x5b9a35d5674b - test[9d35eded1c95d3be]::__rust_begin_short_backtrace::<core[df12db4294e9bfd3]::result::Result<(), alloc[2182bb758b4b3781]::string::String>, fn() -> core[df12db4294e9bfd3]::result::Result<(), alloc[2182bb758b4b3781]::string::String>>
[INFO] [stdout]   15:     0x5b9a35d63db5 - test[9d35eded1c95d3be]::run_test::{closure#0}
[INFO] [stdout]   16:     0x5b9a35d5d674 - std[70759c8f55707aa4]::sys::backtrace::__rust_begin_short_backtrace::<test[9d35eded1c95d3be]::run_test::{closure#1}, ()>
[INFO] [stdout]   17:     0x5b9a35d66f12 - <std[70759c8f55707aa4]::thread::lifecycle::spawn_unchecked<test[9d35eded1c95d3be]::run_test::{closure#1}, ()>::{closure#1} as core[df12db4294e9bfd3]::ops::function::FnOnce<()>>::call_once::{shim:vtable#0}
[INFO] [stdout]   18:     0x5b9a35e3a599 - <std[70759c8f55707aa4]::sys::thread::unix::Thread>::new::thread_start
[INFO] [stdout]   19:     0x7c71b6fc3dfa - <unknown>
[INFO] [stdout]   20:     0x7c71b70573d4 - clone
[INFO] [stdout]   21:                0x0 - <unknown>
[INFO] [stdout] 
[INFO] [stdout] 
[INFO] [stdout] failures:
[INFO] [stdout]     keys::tests::p2sh_item_is_unconverted_without_transparent_inputs
[INFO] [stdout] 
[INFO] [stdout] test result: FAILED. 25 passed; 1 failed; 0 ignored; 0 measured; 0 filtered out; finished in 0.13s
[INFO] [stdout] 
[INFO] running `Command { std: "docker" "inspect" "388ebbba545821b0921a0108f5ce132464654ea5cd94a2a75f4f566a17cdc1dc", kill_on_drop: false }`
[INFO] running `Command { std: "docker" "rm" "-f" "388ebbba545821b0921a0108f5ce132464654ea5cd94a2a75f4f566a17cdc1dc", kill_on_drop: false }`
[INFO] [stdout] 388ebbba545821b0921a0108f5ce132464654ea5cd94a2a75f4f566a17cdc1dc
