[INFO] fetching crate zbus-lockstep 0.7.0...
[INFO] testing zbus-lockstep-0.7.0 against 1.99.0-beta.8+cargoflags=--release for beta-release-1.100-2
[INFO] extracting crate zbus-lockstep 0.7.0 into /workspace/builds/worker-4-tc1/source
[INFO] started tweaking crates.io crate zbus-lockstep 0.7.0
[INFO] finished tweaking crates.io crate zbus-lockstep 0.7.0
[INFO] tweaked toml for crates.io crate zbus-lockstep 0.7.0 written to /workspace/builds/worker-4-tc1/source/Cargo.toml
[INFO] validating manifest of crates.io crate zbus-lockstep 0.7.0 on toolchain 1.99.0-beta.8
[INFO] running `Command { std: CARGO_HOME="/workspace/cargo-home" RUSTUP_HOME="/workspace/rustup-home" "/workspace/cargo-home/bin/cargo" "+1.99.0-beta.8" "metadata" "--manifest-path" "Cargo.toml" "--no-deps", kill_on_drop: false }`
[INFO] crate crates.io crate zbus-lockstep 0.7.0 already has a lockfile, it will not be regenerated
[INFO] running `Command { std: CARGO_HOME="/workspace/cargo-home" RUSTUP_HOME="/workspace/rustup-home" "/workspace/cargo-home/bin/cargo" "+1.99.0-beta.8" "fetch" "--manifest-path" "Cargo.toml", kill_on_drop: false }`
[INFO] [stderr]     Updating crates.io index
[INFO] [stderr]  Downloading crates ...
[INFO] [stderr]   Downloaded zvariant v5.13.0
[INFO] [stderr]   Downloaded proc-macro-crate v3.4.0
[INFO] [stderr]   Downloaded zvariant_utils v3.5.0
[INFO] [stderr]   Downloaded zvariant_derive v5.13.1
[INFO] [stderr]   Downloaded zbus_names v4.3.3
[INFO] [stderr]   Downloaded zbus-lockstep-macros v0.7.0
[INFO] [stderr]   Downloaded toml v0.7.8
[INFO] [stderr]   Downloaded zbus_xml v5.2.0
[INFO] [stderr]   Downloaded version-sync v0.9.5
[INFO] [stderr]   Downloaded toml_edit v0.23.4
[INFO] [stderr]   Downloaded pulldown-cmark v0.9.6
[INFO] [stderr]   Downloaded syn v2.0.64
[INFO] running `Command { std: "docker" "create" "-v" "/var/lib/crater-agent-workspace/builds/worker-4-tc1/source:/opt/rustwide/workdir:ro,Z" "-v" "/var/lib/crater-agent-workspace/builds/worker-4-tc1/target:/opt/rustwide/target:rw,Z" "-v" "/var/lib/crater-agent-workspace/cargo-home:/opt/rustwide/cargo-home:ro,Z" "-v" "/var/lib/crater-agent-workspace/rustup-home:/opt/rustwide/rustup-home:ro,Z" "-m" "1610612736" "--network" "none" "ghcr.io/rust-lang/crates-build-env/linux@sha256:77db811e55d90add9212f6832c23229e3de5f1c1f9905e8cb07319ea15df73ac" "sleep" "infinity", kill_on_drop: false }`
[INFO] [stdout] 86418265150acd6ef62198eb9ecafabe49a3ea116161417137dc37f8d3ef1245
[INFO] running `Command { std: "docker" "start" "86418265150acd6ef62198eb9ecafabe49a3ea116161417137dc37f8d3ef1245", kill_on_drop: false }`
[INFO] running `Command { std: "docker" "inspect" "86418265150acd6ef62198eb9ecafabe49a3ea116161417137dc37f8d3ef1245", kill_on_drop: false }`
[INFO] running `Command { std: "docker" "exec" "-e" "SOURCE_DIR=/opt/rustwide/workdir" "-e" "CARGO_HOME=/opt/rustwide/cargo-home" "-e" "RUSTUP_HOME=/opt/rustwide/rustup-home" "-e" "CARGO_TARGET_DIR=/opt/rustwide/target" "-w" "/opt/rustwide/workdir" "--user" "0:0" "86418265150acd6ef62198eb9ecafabe49a3ea116161417137dc37f8d3ef1245" "/opt/rustwide/cargo-home/bin/cargo" "+1.99.0-beta.8" "metadata" "--no-deps" "--format-version=1", kill_on_drop: false }`
[INFO] running `Command { std: "docker" "inspect" "86418265150acd6ef62198eb9ecafabe49a3ea116161417137dc37f8d3ef1245", kill_on_drop: false }`
[INFO] running `Command { std: "docker" "exec" "-e" "SOURCE_DIR=/opt/rustwide/workdir" "-e" "CARGO_HOME=/opt/rustwide/cargo-home" "-e" "RUSTUP_HOME=/opt/rustwide/rustup-home" "-e" "CARGO_TARGET_DIR=/opt/rustwide/target" "-e" "CARGO_INCREMENTAL=0" "-e" "RUST_BACKTRACE=full" "-e" "RUSTFLAGS=--cap-lints=warn" "-e" "RUSTDOCFLAGS=--cap-lints=warn" "-w" "/opt/rustwide/workdir" "--user" "0:0" "86418265150acd6ef62198eb9ecafabe49a3ea116161417137dc37f8d3ef1245" "/opt/rustwide/cargo-home/bin/cargo" "+1.99.0-beta.8" "build" "--frozen" "--message-format=json" "--release", kill_on_drop: false }`
[INFO] [stderr]    Compiling proc-macro2 v1.0.81
[INFO] [stderr]    Compiling serde v1.0.210
[INFO] [stderr]    Compiling winnow v1.0.4
[INFO] [stderr]    Compiling winnow v0.7.15
[INFO] [stderr]    Compiling toml_datetime v0.7.0
[INFO] [stderr]    Compiling quote v1.0.36
[INFO] [stderr]    Compiling syn v2.0.64
[INFO] [stderr]    Compiling toml_parser v1.1.2+spec-1.1.0
[INFO] [stderr]    Compiling toml_edit v0.23.4
[INFO] [stderr]    Compiling proc-macro-crate v3.4.0
[INFO] [stderr]    Compiling serde_derive v1.0.210
[INFO] [stderr]    Compiling enumflags2_derive v0.7.12
[INFO] [stderr]    Compiling enumflags2 v0.7.12
[INFO] [stderr]    Compiling zvariant_utils v3.5.0
[INFO] [stderr]    Compiling zvariant_derive v5.13.1
[INFO] [stderr]    Compiling zvariant v5.13.0
[INFO] [stderr]    Compiling zbus_names v4.3.3
[INFO] [stderr]    Compiling zbus_xml v5.2.0
[INFO] [stderr]    Compiling zbus-lockstep v0.7.0 (/opt/rustwide/workdir)
[INFO] [stderr]     Finished `release` profile [optimized] target(s) in 42.62s
[INFO] running `Command { std: "docker" "inspect" "86418265150acd6ef62198eb9ecafabe49a3ea116161417137dc37f8d3ef1245", kill_on_drop: false }`
[INFO] running `Command { std: "docker" "exec" "-e" "SOURCE_DIR=/opt/rustwide/workdir" "-e" "CARGO_HOME=/opt/rustwide/cargo-home" "-e" "RUSTUP_HOME=/opt/rustwide/rustup-home" "-e" "CARGO_TARGET_DIR=/opt/rustwide/target" "-e" "CARGO_INCREMENTAL=0" "-e" "RUST_BACKTRACE=full" "-e" "RUSTFLAGS=--cap-lints=warn" "-e" "RUSTDOCFLAGS=--cap-lints=warn" "-w" "/opt/rustwide/workdir" "--user" "0:0" "86418265150acd6ef62198eb9ecafabe49a3ea116161417137dc37f8d3ef1245" "/opt/rustwide/cargo-home/bin/cargo" "+1.99.0-beta.8" "test" "--frozen" "--no-run" "--message-format=json" "--release", kill_on_drop: false }`
[INFO] [stderr]    Compiling syn v2.0.64
[INFO] [stderr]    Compiling proc-macro2 v1.0.81
[INFO] [stderr]    Compiling smallvec v1.15.2
[INFO] [stderr]    Compiling libc v0.2.186
[INFO] [stderr]    Compiling bitflags v2.13.1
[INFO] [stderr]    Compiling regex-syntax v0.8.11
[INFO] [stderr]    Compiling getrandom v0.4.3
[INFO] [stderr]    Compiling pulldown-cmark v0.9.6
[INFO] [stderr]    Compiling winnow v0.5.40
[INFO] [stderr]    Compiling unicase v2.9.0
[INFO] [stderr]    Compiling semver v1.0.28
[INFO] [stderr]    Compiling fastrand v2.5.0
[INFO] [stderr]    Compiling rustix v1.1.4
[INFO] [stderr]    Compiling quote v1.0.36
[INFO] [stderr]    Compiling regex-automata v0.4.16
[INFO] [stderr]    Compiling tempfile v3.27.0
[INFO] [stderr]    Compiling regex v1.13.1
[INFO] [stderr]    Compiling synstructure v0.13.2
[INFO] [stderr]    Compiling zerofrom-derive v0.1.6
[INFO] [stderr]    Compiling serde_derive v1.0.210
[INFO] [stderr]    Compiling yoke-derive v0.8.1
[INFO] [stderr]    Compiling zerovec-derive v0.11.2
[INFO] [stderr]    Compiling displaydoc v0.2.6
[INFO] [stderr]    Compiling enumflags2_derive v0.7.12
[INFO] [stderr]    Compiling zerofrom v0.1.8
[INFO] [stderr]    Compiling yoke v0.8.1
[INFO] [stderr]    Compiling zerovec v0.11.5
[INFO] [stderr]    Compiling zerotrie v0.2.3
[INFO] [stderr]    Compiling tinystr v0.8.2
[INFO] [stderr]    Compiling potential_utf v0.1.4
[INFO] [stderr]    Compiling icu_locale_core v2.1.1
[INFO] [stderr]    Compiling icu_collections v2.1.1
[INFO] [stderr]    Compiling serde v1.0.210
[INFO] [stderr]    Compiling icu_provider v2.1.1
[INFO] [stderr]    Compiling icu_normalizer v2.1.1
[INFO] [stderr]    Compiling icu_properties v2.1.2
[INFO] [stderr]    Compiling idna_adapter v1.2.1
[INFO] [stderr]    Compiling idna v1.1.0
[INFO] [stderr]    Compiling url v2.5.8
[INFO] [stderr]    Compiling zvariant_utils v3.5.0
[INFO] [stderr]    Compiling enumflags2 v0.7.12
[INFO] [stderr]    Compiling toml_datetime v0.6.11
[INFO] [stderr]    Compiling serde_spanned v0.6.9
[INFO] [stderr]    Compiling zvariant_derive v5.13.1
[INFO] [stderr]    Compiling toml_edit v0.19.15
[INFO] [stderr]    Compiling zvariant v5.13.0
[INFO] [stderr]    Compiling toml v0.7.8
[INFO] [stderr]    Compiling version-sync v0.9.5
[INFO] [stderr]    Compiling zbus_names v4.3.3
[INFO] [stderr]    Compiling zbus_xml v5.2.0
[INFO] [stderr]    Compiling zbus-lockstep v0.7.0 (/opt/rustwide/workdir)
[INFO] [stderr]     Finished `release` profile [optimized] target(s) in 1m 03s
[INFO] running `Command { std: "docker" "inspect" "86418265150acd6ef62198eb9ecafabe49a3ea116161417137dc37f8d3ef1245", kill_on_drop: false }`
[INFO] running `Command { std: "docker" "exec" "-e" "SOURCE_DIR=/opt/rustwide/workdir" "-e" "CARGO_HOME=/opt/rustwide/cargo-home" "-e" "RUSTUP_HOME=/opt/rustwide/rustup-home" "-e" "CARGO_TARGET_DIR=/opt/rustwide/target" "-e" "CARGO_INCREMENTAL=0" "-e" "RUST_BACKTRACE=full" "-e" "RUSTFLAGS=--cap-lints=warn" "-e" "RUSTDOCFLAGS=--cap-lints=warn" "-w" "/opt/rustwide/workdir" "--user" "0:0" "86418265150acd6ef62198eb9ecafabe49a3ea116161417137dc37f8d3ef1245" "/opt/rustwide/cargo-home/bin/cargo" "+1.99.0-beta.8" "test" "--frozen" "--release", kill_on_drop: false }`
[INFO] [stderr]     Finished `release` profile [optimized] target(s) in 0.09s
[INFO] [stderr]      Running unittests src/lib.rs (/opt/rustwide/target/release/deps/zbus_lockstep-d7eedd991b99896b)
[INFO] [stdout] 
[INFO] [stdout] running 25 tests
[INFO] [stdout] test macros::test::test_method_return_signature_macro ... FAILED
[INFO] [stdout] test macros::test::test_property_type_signature_macro ... FAILED
[INFO] [stdout] test macros::test::test_method_args_signature_macro_with_interface_and_identifiers ... FAILED
[INFO] [stdout] test macros::test::test_method_return_signature_macro_with_identifier ... FAILED
[INFO] [stdout] test macros::test::test_property_type_signature_macro_with_identifier ... FAILED
[INFO] [stdout] test macros::test::test_method_args_signature_macro_with_interface ... FAILED
[INFO] [stdout] test macros::test::test_method_return_signature_macro_with_argument_and_identifiers_and_interface ... FAILED
[INFO] [stdout] test macros::test::test_method_args_signature_macro_with_identifier ... FAILED
[INFO] [stdout] test macros::test::test_method_return_signature_macro_with_argument_and_interface ... FAILED
[INFO] [stdout] test macros::test::test_signal_body_signature_macro_with_argument_and_identifiers_and_interface ... FAILED
[INFO] [stdout] test macros::test::test_method_return_signature_macro_with_interface_and_identifiers ... FAILED
[INFO] [stdout] test macros::test::test_property_type_signature_macro_with_interface ... FAILED
[INFO] [stdout] test macros::test::test_method_args_signature_macro_with_argument_and_interface ... FAILED
[INFO] [stdout] test macros::test::test_method_args_signature_macro_with_argument_and_identifiers_and_interface ... FAILED
[INFO] [stdout] test macros::test::test_method_args_signature_macro ... FAILED
[INFO] [stdout] test macros::test::test_property_type_signature_macro_with_interface_and_identifiers ... FAILED
[INFO] [stdout] test macros::test::test_signal_body_signature_macro ... FAILED
[INFO] [stdout] test macros::test::test_signal_body_signature_macro_with_argument_and_interface ... FAILED
[INFO] [stdout] test macros::test::test_signal_body_signature_macro_with_identifier ... FAILED
[INFO] [stdout] test test::test_get_signature_of_cache_add_accessible ... ok
[INFO] [stdout] test test::test_overlapping_names_args_type_swapped ... ok
[INFO] [stdout] test macros::test::test_signal_body_signature_macro_with_interface ... FAILED
[INFO] [stdout] test test::test_overlapping_names_return_type ... ok
[INFO] [stdout] test macros::test::test_signal_body_signature_macro_with_interface_and_identifiers ... FAILED
[INFO] [stdout] test macros::test::test_method_return_signature_macro_with_interface ... FAILED
[INFO] [stdout] 
[INFO] [stdout] failures:
[INFO] [stdout] 
[INFO] [stdout] ---- macros::test::test_method_return_signature_macro stdout ----
[INFO] [stdout] 
[INFO] [stdout] thread 'macros::test::test_method_return_signature_macro' (1676) panicked at src/macros.rs:686:19:
[INFO] [stdout] Failed to resolve XML path: No XML path provided and default XML path not found. Searched directory: "/opt/rustwide/workdir"
[INFO] [stderr] error: test failed, to rerun pass `--lib`
[INFO] [stdout] stack backtrace:
[INFO] [stdout]    0:     0x577f0c627811 - <<std[70759c8f55707aa4]::sys::backtrace::BacktraceLock>::print::DisplayBacktrace as core[df12db4294e9bfd3]::fmt::Display>::fmt
[INFO] [stdout]    1:     0x577f0c63bf3a - core[df12db4294e9bfd3]::fmt::write
[INFO] [stdout]    2:     0x577f0c62c0cc - <alloc[2182bb758b4b3781]::vec::Vec<u8> as core[df12db4294e9bfd3]::io::write::Write>::write_fmt
[INFO] [stdout]    3:     0x577f0c603586 - std[70759c8f55707aa4]::panicking::default_hook::{closure#0}
[INFO] [stdout]    4:     0x577f0c61fba9 - std[70759c8f55707aa4]::panicking::default_hook
[INFO] [stdout]    5:     0x577f0c59d160 - test[9d35eded1c95d3be]::test_main_inner::<test[9d35eded1c95d3be]::test_main_static::{closure#0}>::{closure#0}
[INFO] [stdout]    6:     0x577f0c61fd62 - std[70759c8f55707aa4]::panicking::panic_with_hook
[INFO] [stdout]    7:     0x577f0c603632 - std[70759c8f55707aa4]::panicking::panic_handler::{closure#0}
[INFO] [stdout]    8:     0x577f0c5fc269 - std[70759c8f55707aa4]::sys::backtrace::__rust_end_short_backtrace::<std[70759c8f55707aa4]::panicking::panic_handler::{closure#0}, !>
[INFO] [stdout]    9:     0x577f0c60422d - __rustc[8fa7c3cbc660c2b3]::rust_begin_unwind
[INFO] [stdout]   10:     0x577f0c63c66c - core[df12db4294e9bfd3]::panicking::panic_fmt
[INFO] [stdout]   11:     0x577f0c5709a4 - zbus_lockstep[b47a8900e6804fda]::macros::test::test_method_return_signature_macro::{closure#0}
[INFO] [stdout]   12:     0x577f0c573aba - zbus_lockstep[b47a8900e6804fda]::macros::test::test_method_return_signature_macro
[INFO] [stdout]   13:     0x577f0c58a879 - <zbus_lockstep[b47a8900e6804fda]::macros::test::test_method_return_signature_macro::{closure#0} as core[df12db4294e9bfd3]::ops::function::FnOnce<()>>::call_once
[INFO] [stdout]   14:     0x577f0c59044b - test[9d35eded1c95d3be]::__rust_begin_short_backtrace::<core[df12db4294e9bfd3]::result::Result<(), alloc[2182bb758b4b3781]::string::String>, fn() -> core[df12db4294e9bfd3]::result::Result<(), alloc[2182bb758b4b3781]::string::String>>
[INFO] [stdout]   15:     0x577f0c59dab5 - test[9d35eded1c95d3be]::run_test::{closure#0}
[INFO] [stdout]   16:     0x577f0c597374 - std[70759c8f55707aa4]::sys::backtrace::__rust_begin_short_backtrace::<test[9d35eded1c95d3be]::run_test::{closure#1}, ()>
[INFO] [stdout]   17:     0x577f0c5a0c12 - <std[70759c8f55707aa4]::thread::lifecycle::spawn_unchecked<test[9d35eded1c95d3be]::run_test::{closure#1}, ()>::{closure#1} as core[df12db4294e9bfd3]::ops::function::FnOnce<()>>::call_once::{shim:vtable#0}
[INFO] [stdout]   18:     0x577f0c6270e9 - <std[70759c8f55707aa4]::sys::thread::unix::Thread>::new::thread_start
[INFO] [stdout]   19:     0x7b7b531fbdfa - <unknown>
[INFO] [stdout]   20:     0x7b7b5328f3d4 - clone
[INFO] [stdout]   21:                0x0 - <unknown>
[INFO] [stdout] 
[INFO] [stdout] ---- macros::test::test_property_type_signature_macro stdout ----
[INFO] [stdout] 
[INFO] [stdout] thread 'macros::test::test_property_type_signature_macro' (1682) panicked at src/macros.rs:745:19:
[INFO] [stdout] Failed to resolve XML path: No XML path provided and default XML path not found. Searched directory: "/opt/rustwide/workdir"
[INFO] [stdout] stack backtrace:
[INFO] [stdout]    0:     0x577f0c627811 - <<std[70759c8f55707aa4]::sys::backtrace::BacktraceLock>::print::DisplayBacktrace as core[df12db4294e9bfd3]::fmt::Display>::fmt
[INFO] [stdout]    1:     0x577f0c63bf3a - core[df12db4294e9bfd3]::fmt::write
[INFO] [stdout]    2:     0x577f0c62c0cc - <alloc[2182bb758b4b3781]::vec::Vec<u8> as core[df12db4294e9bfd3]::io::write::Write>::write_fmt
[INFO] [stdout]    3:     0x577f0c603586 - std[70759c8f55707aa4]::panicking::default_hook::{closure#0}
[INFO] [stdout]    4:     0x577f0c61fba9 - std[70759c8f55707aa4]::panicking::default_hook
[INFO] [stdout]    5:     0x577f0c59d160 - test[9d35eded1c95d3be]::test_main_inner::<test[9d35eded1c95d3be]::test_main_static::{closure#0}>::{closure#0}
[INFO] [stdout]    6:     0x577f0c61fd62 - std[70759c8f55707aa4]::panicking::panic_with_hook
[INFO] [stdout]    7:     0x577f0c603632 - std[70759c8f55707aa4]::panicking::panic_handler::{closure#0}
[INFO] [stdout]    8:     0x577f0c5fc269 - std[70759c8f55707aa4]::sys::backtrace::__rust_end_short_backtrace::<std[70759c8f55707aa4]::panicking::panic_handler::{closure#0}, !>
[INFO] [stdout]    9:     0x577f0c60422d - __rustc[8fa7c3cbc660c2b3]::rust_begin_unwind
[INFO] [stdout]   10:     0x577f0c63c66c - core[df12db4294e9bfd3]::panicking::panic_fmt
[INFO] [stdout]   11:     0x577f0c5709f4 - zbus_lockstep[b47a8900e6804fda]::macros::test::test_property_type_signature_macro::{closure#0}
[INFO] [stdout]   12:     0x577f0c5749b2 - zbus_lockstep[b47a8900e6804fda]::macros::test::test_property_type_signature_macro
[INFO] [stdout]   13:     0x577f0c58a899 - <zbus_lockstep[b47a8900e6804fda]::macros::test::test_property_type_signature_macro::{closure#0} as core[df12db4294e9bfd3]::ops::function::FnOnce<()>>::call_once
[INFO] [stdout]   14:     0x577f0c59044b - test[9d35eded1c95d3be]::__rust_begin_short_backtrace::<core[df12db4294e9bfd3]::result::Result<(), alloc[2182bb758b4b3781]::string::String>, fn() -> core[df12db4294e9bfd3]::result::Result<(), alloc[2182bb758b4b3781]::string::String>>
[INFO] [stdout]   15:     0x577f0c59dab5 - test[9d35eded1c95d3be]::run_test::{closure#0}
[INFO] [stdout]   16:     0x577f0c597374 - std[70759c8f55707aa4]::sys::backtrace::__rust_begin_short_backtrace::<test[9d35eded1c95d3be]::run_test::{closure#1}, ()>
[INFO] [stdout]   17:     0x577f0c5a0c12 - <std[70759c8f55707aa4]::thread::lifecycle::spawn_unchecked<test[9d35eded1c95d3be]::run_test::{closure#1}, ()>::{closure#1} as core[df12db4294e9bfd3]::ops::function::FnOnce<()>>::call_once::{shim:vtable#0}
[INFO] [stdout]   18:     0x577f0c6270e9 - <std[70759c8f55707aa4]::sys::thread::unix::Thread>::new::thread_start
[INFO] [stdout]   19:     0x7b7b531fbdfa - <unknown>
[INFO] [stdout]   20:     0x7b7b5328f3d4 - clone
[INFO] [stdout]   21:                0x0 - <unknown>
[INFO] [stdout] 
[INFO] [stdout] ---- macros::test::test_method_args_signature_macro_with_interface_and_identifiers stdout ----
[INFO] [stdout] 
[INFO] [stdout] thread 'macros::test::test_method_args_signature_macro_with_interface_and_identifiers' (1675) panicked at src/macros.rs:655:13:
[INFO] [stdout] Failed to resolve XML path: No XML path provided and default XML path not found. Searched directory: "/opt/rustwide/workdir"
[INFO] [stdout] stack backtrace:
[INFO] [stdout]    0:     0x577f0c627811 - <<std[70759c8f55707aa4]::sys::backtrace::BacktraceLock>::print::DisplayBacktrace as core[df12db4294e9bfd3]::fmt::Display>::fmt
[INFO] [stdout]    1:     0x577f0c63bf3a - core[df12db4294e9bfd3]::fmt::write
[INFO] [stdout]    2:     0x577f0c62c0cc - <alloc[2182bb758b4b3781]::vec::Vec<u8> as core[df12db4294e9bfd3]::io::write::Write>::write_fmt
[INFO] [stdout]    3:     0x577f0c603586 - std[70759c8f55707aa4]::panicking::default_hook::{closure#0}
[INFO] [stdout]    4:     0x577f0c61fba9 - std[70759c8f55707aa4]::panicking::default_hook
[INFO] [stdout]    5:     0x577f0c59d160 - test[9d35eded1c95d3be]::test_main_inner::<test[9d35eded1c95d3be]::test_main_static::{closure#0}>::{closure#0}
[INFO] [stdout]    6:     0x577f0c61fd62 - std[70759c8f55707aa4]::panicking::panic_with_hook
[INFO] [stdout]    7:     0x577f0c603632 - std[70759c8f55707aa4]::panicking::panic_handler::{closure#0}
[INFO] [stdout]    8:     0x577f0c5fc269 - std[70759c8f55707aa4]::sys::backtrace::__rust_end_short_backtrace::<std[70759c8f55707aa4]::panicking::panic_handler::{closure#0}, !>
[INFO] [stdout]    9:     0x577f0c60422d - __rustc[8fa7c3cbc660c2b3]::rust_begin_unwind
[INFO] [stdout]   10:     0x577f0c63c66c - core[df12db4294e9bfd3]::panicking::panic_fmt
[INFO] [stdout]   11:     0x577f0c570db4 - zbus_lockstep[b47a8900e6804fda]::macros::test::test_method_args_signature_macro_with_interface_and_identifiers::{closure#0}
[INFO] [stdout]   12:     0x577f0c5811c6 - zbus_lockstep[b47a8900e6804fda]::macros::test::test_method_args_signature_macro_with_interface_and_identifiers
[INFO] [stdout]   13:     0x577f0c58aa19 - <zbus_lockstep[b47a8900e6804fda]::macros::test::test_method_args_signature_macro_with_interface_and_identifiers::{closure#0} as core[df12db4294e9bfd3]::ops::function::FnOnce<()>>::call_once
[INFO] [stdout]   14:     0x577f0c59044b - test[9d35eded1c95d3be]::__rust_begin_short_backtrace::<core[df12db4294e9bfd3]::result::Result<(), alloc[2182bb758b4b3781]::string::String>, fn() -> core[df12db4294e9bfd3]::result::Result<(), alloc[2182bb758b4b3781]::string::String>>
[INFO] [stdout]   15:     0x577f0c59dab5 - test[9d35eded1c95d3be]::run_test::{closure#0}
[INFO] [stdout]   16:     0x577f0c597374 - std[70759c8f55707aa4]::sys::backtrace::__rust_begin_short_backtrace::<test[9d35eded1c95d3be]::run_test::{closure#1}, ()>
[INFO] [stdout]   17:     0x577f0c5a0c12 - <std[70759c8f55707aa4]::thread::lifecycle::spawn_unchecked<test[9d35eded1c95d3be]::run_test::{closure#1}, ()>::{closure#1} as core[df12db4294e9bfd3]::ops::function::FnOnce<()>>::call_once::{shim:vtable#0}
[INFO] [stdout]   18:     0x577f0c6270e9 - <std[70759c8f55707aa4]::sys::thread::unix::Thread>::new::thread_start
[INFO] [stdout]   19:     0x7b7b531fbdfa - <unknown>
[INFO] [stdout]   20:     0x7b7b5328f3d4 - clone
[INFO] [stdout]   21:                0x0 - <unknown>
[INFO] [stdout] 
[INFO] [stdout] ---- macros::test::test_method_return_signature_macro_with_identifier stdout ----
[INFO] [stdout] 
[INFO] [stdout] thread 'macros::test::test_method_return_signature_macro_with_identifier' (1679) panicked at src/macros.rs:695:19:
[INFO] [stdout] Failed to resolve XML path: No XML path provided and default XML path not found. Searched directory: "/opt/rustwide/workdir"
[INFO] [stdout] stack backtrace:
[INFO] [stdout]    0:     0x577f0c627811 - <<std[70759c8f55707aa4]::sys::backtrace::BacktraceLock>::print::DisplayBacktrace as core[df12db4294e9bfd3]::fmt::Display>::fmt
[INFO] [stdout]    1:     0x577f0c63bf3a - core[df12db4294e9bfd3]::fmt::write
[INFO] [stdout]    2:     0x577f0c62c0cc - <alloc[2182bb758b4b3781]::vec::Vec<u8> as core[df12db4294e9bfd3]::io::write::Write>::write_fmt
[INFO] [stdout]    3:     0x577f0c603586 - std[70759c8f55707aa4]::panicking::default_hook::{closure#0}
[INFO] [stdout]    4:     0x577f0c61fba9 - std[70759c8f55707aa4]::panicking::default_hook
[INFO] [stdout]    5:     0x577f0c59d160 - test[9d35eded1c95d3be]::test_main_inner::<test[9d35eded1c95d3be]::test_main_static::{closure#0}>::{closure#0}
[INFO] [stdout]    6:     0x577f0c61fd62 - std[70759c8f55707aa4]::panicking::panic_with_hook
[INFO] [stdout]    7:     0x577f0c603632 - std[70759c8f55707aa4]::panicking::panic_handler::{closure#0}
[INFO] [stdout]    8:     0x577f0c5fc269 - std[70759c8f55707aa4]::sys::backtrace::__rust_end_short_backtrace::<std[70759c8f55707aa4]::panicking::panic_handler::{closure#0}, !>
[INFO] [stdout]    9:     0x577f0c60422d - __rustc[8fa7c3cbc660c2b3]::rust_begin_unwind
[INFO] [stdout]   10:     0x577f0c63c66c - core[df12db4294e9bfd3]::panicking::panic_fmt
[INFO] [stdout]   11:     0x577f0c570c24 - zbus_lockstep[b47a8900e6804fda]::macros::test::test_method_return_signature_macro_with_identifier::{closure#0}
[INFO] [stdout]   12:     0x577f0c57bd4a - zbus_lockstep[b47a8900e6804fda]::macros::test::test_method_return_signature_macro_with_identifier
[INFO] [stdout]   13:     0x577f0c58a979 - <zbus_lockstep[b47a8900e6804fda]::macros::test::test_method_return_signature_macro_with_identifier::{closure#0} as core[df12db4294e9bfd3]::ops::function::FnOnce<()>>::call_once
[INFO] [stdout]   14:     0x577f0c59044b - test[9d35eded1c95d3be]::__rust_begin_short_backtrace::<core[df12db4294e9bfd3]::result::Result<(), alloc[2182bb758b4b3781]::string::String>, fn() -> core[df12db4294e9bfd3]::result::Result<(), alloc[2182bb758b4b3781]::string::String>>
[INFO] [stdout]   15:     0x577f0c59dab5 - test[9d35eded1c95d3be]::run_test::{closure#0}
[INFO] [stdout]   16:     0x577f0c597374 - std[70759c8f55707aa4]::sys::backtrace::__rust_begin_short_backtrace::<test[9d35eded1c95d3be]::run_test::{closure#1}, ()>
[INFO] [stdout]   17:     0x577f0c5a0c12 - <std[70759c8f55707aa4]::thread::lifecycle::spawn_unchecked<test[9d35eded1c95d3be]::run_test::{closure#1}, ()>::{closure#1} as core[df12db4294e9bfd3]::ops::function::FnOnce<()>>::call_once::{shim:vtable#0}
[INFO] [stdout]   18:     0x577f0c6270e9 - <std[70759c8f55707aa4]::sys::thread::unix::Thread>::new::thread_start
[INFO] [stdout]   19:     0x7b7b531fbdfa - <unknown>
[INFO] [stdout]   20:     0x7b7b5328f3d4 - clone
[INFO] [stdout]   21:                0x0 - <unknown>
[INFO] [stdout] 
[INFO] [stdout] ---- macros::test::test_property_type_signature_macro_with_identifier stdout ----
[INFO] [stdout] 
[INFO] [stdout] thread 'macros::test::test_property_type_signature_macro_with_identifier' (1683) panicked at src/macros.rs:754:19:
[INFO] [stdout] Failed to resolve XML path: No XML path provided and default XML path not found. Searched directory: "/opt/rustwide/workdir"
[INFO] [stdout] stack backtrace:
[INFO] [stdout]    0:     0x577f0c627811 - <<std[70759c8f55707aa4]::sys::backtrace::BacktraceLock>::print::DisplayBacktrace as core[df12db4294e9bfd3]::fmt::Display>::fmt
[INFO] [stdout]    1:     0x577f0c63bf3a - core[df12db4294e9bfd3]::fmt::write
[INFO] [stdout]    2:     0x577f0c62c0cc - <alloc[2182bb758b4b3781]::vec::Vec<u8> as core[df12db4294e9bfd3]::io::write::Write>::write_fmt
[INFO] [stdout]    3:     0x577f0c603586 - std[70759c8f55707aa4]::panicking::default_hook::{closure#0}
[INFO] [stdout]    4:     0x577f0c61fba9 - std[70759c8f55707aa4]::panicking::default_hook
[INFO] [stdout]    5:     0x577f0c59d160 - test[9d35eded1c95d3be]::test_main_inner::<test[9d35eded1c95d3be]::test_main_static::{closure#0}>::{closure#0}
[INFO] [stdout]    6:     0x577f0c61fd62 - std[70759c8f55707aa4]::panicking::panic_with_hook
[INFO] [stdout]    7:     0x577f0c603632 - std[70759c8f55707aa4]::panicking::panic_handler::{closure#0}
[INFO] [stdout]    8:     0x577f0c5fc269 - std[70759c8f55707aa4]::sys::backtrace::__rust_end_short_backtrace::<std[70759c8f55707aa4]::panicking::panic_handler::{closure#0}, !>
[INFO] [stdout]    9:     0x577f0c60422d - __rustc[8fa7c3cbc660c2b3]::rust_begin_unwind
[INFO] [stdout]   10:     0x577f0c63c66c - core[df12db4294e9bfd3]::panicking::panic_fmt
[INFO] [stdout]   11:     0x577f0c570c74 - zbus_lockstep[b47a8900e6804fda]::macros::test::test_property_type_signature_macro_with_identifier::{closure#0}
[INFO] [stdout]   12:     0x577f0c57cc42 - zbus_lockstep[b47a8900e6804fda]::macros::test::test_property_type_signature_macro_with_identifier
[INFO] [stdout]   13:     0x577f0c58a999 - <zbus_lockstep[b47a8900e6804fda]::macros::test::test_property_type_signature_macro_with_identifier::{closure#0} as core[df12db4294e9bfd3]::ops::function::FnOnce<()>>::call_once
[INFO] [stdout]   14:     0x577f0c59044b - test[9d35eded1c95d3be]::__rust_begin_short_backtrace::<core[df12db4294e9bfd3]::result::Result<(), alloc[2182bb758b4b3781]::string::String>, fn() -> core[df12db4294e9bfd3]::result::Result<(), alloc[2182bb758b4b3781]::string::String>>
[INFO] [stdout]   15:     0x577f0c59dab5 - test[9d35eded1c95d3be]::run_test::{closure#0}
[INFO] [stdout]   16:     0x577f0c597374 - std[70759c8f55707aa4]::sys::backtrace::__rust_begin_short_backtrace::<test[9d35eded1c95d3be]::run_test::{closure#1}, ()>
[INFO] [stdout]   17:     0x577f0c5a0c12 - <std[70759c8f55707aa4]::thread::lifecycle::spawn_unchecked<test[9d35eded1c95d3be]::run_test::{closure#1}, ()>::{closure#1} as core[df12db4294e9bfd3]::ops::function::FnOnce<()>>::call_once::{shim:vtable#0}
[INFO] [stdout]   18:     0x577f0c6270e9 - <std[70759c8f55707aa4]::sys::thread::unix::Thread>::new::thread_start
[INFO] [stdout]   19:     0x7b7b531fbdfa - <unknown>
[INFO] [stdout]   20:     0x7b7b5328f3d4 - clone
[INFO] [stdout]   21:                0x0 - <unknown>
[INFO] [stdout] 
[INFO] [stdout] ---- macros::test::test_method_args_signature_macro_with_interface stdout ----
[INFO] [stdout] 
[INFO] [stdout] thread 'macros::test::test_method_args_signature_macro_with_interface' (1674) panicked at src/macros.rs:645:19:
[INFO] [stdout] Failed to resolve XML path: No XML path provided and default XML path not found. Searched directory: "/opt/rustwide/workdir"
[INFO] [stdout] stack backtrace:
[INFO] [stdout]    0:     0x577f0c627811 - <<std[70759c8f55707aa4]::sys::backtrace::BacktraceLock>::print::DisplayBacktrace as core[df12db4294e9bfd3]::fmt::Display>::fmt
[INFO] [stdout]    1:     0x577f0c63bf3a - core[df12db4294e9bfd3]::fmt::write
[INFO] [stdout]    2:     0x577f0c62c0cc - <alloc[2182bb758b4b3781]::vec::Vec<u8> as core[df12db4294e9bfd3]::io::write::Write>::write_fmt
[INFO] [stdout]    3:     0x577f0c603586 - std[70759c8f55707aa4]::panicking::default_hook::{closure#0}
[INFO] [stdout]    4:     0x577f0c61fba9 - std[70759c8f55707aa4]::panicking::default_hook
[INFO] [stdout]    5:     0x577f0c59d160 - test[9d35eded1c95d3be]::test_main_inner::<test[9d35eded1c95d3be]::test_main_static::{closure#0}>::{closure#0}
[INFO] [stdout]    6:     0x577f0c61fd62 - std[70759c8f55707aa4]::panicking::panic_with_hook
[INFO] [stdout]    7:     0x577f0c603632 - std[70759c8f55707aa4]::panicking::panic_handler::{closure#0}
[INFO] [stdout]    8:     0x577f0c5fc269 - std[70759c8f55707aa4]::sys::backtrace::__rust_end_short_backtrace::<std[70759c8f55707aa4]::panicking::panic_handler::{closure#0}, !>
[INFO] [stdout]    9:     0x577f0c60422d - __rustc[8fa7c3cbc660c2b3]::rust_begin_unwind
[INFO] [stdout]   10:     0x577f0c63c66c - core[df12db4294e9bfd3]::panicking::panic_fmt
[INFO] [stdout]   11:     0x577f0c570a44 - zbus_lockstep[b47a8900e6804fda]::macros::test::test_method_args_signature_macro_with_interface::{closure#0}
[INFO] [stdout]   12:     0x577f0c575a96 - zbus_lockstep[b47a8900e6804fda]::macros::test::test_method_args_signature_macro_with_interface
[INFO] [stdout]   13:     0x577f0c58a8b9 - <zbus_lockstep[b47a8900e6804fda]::macros::test::test_method_args_signature_macro_with_interface::{closure#0} as core[df12db4294e9bfd3]::ops::function::FnOnce<()>>::call_once
[INFO] [stdout]   14:     0x577f0c59044b - test[9d35eded1c95d3be]::__rust_begin_short_backtrace::<core[df12db4294e9bfd3]::result::Result<(), alloc[2182bb758b4b3781]::string::String>, fn() -> core[df12db4294e9bfd3]::result::Result<(), alloc[2182bb758b4b3781]::string::String>>
[INFO] [stdout]   15:     0x577f0c59dab5 - test[9d35eded1c95d3be]::run_test::{closure#0}
[INFO] [stdout]   16:     0x577f0c597374 - std[70759c8f55707aa4]::sys::backtrace::__rust_begin_short_backtrace::<test[9d35eded1c95d3be]::run_test::{closure#1}, ()>
[INFO] [stdout]   17:     0x577f0c5a0c12 - <std[70759c8f55707aa4]::thread::lifecycle::spawn_unchecked<test[9d35eded1c95d3be]::run_test::{closure#1}, ()>::{closure#1} as core[df12db4294e9bfd3]::ops::function::FnOnce<()>>::call_once::{shim:vtable#0}
[INFO] [stdout]   18:     0x577f0c6270e9 - <std[70759c8f55707aa4]::sys::thread::unix::Thread>::new::thread_start
[INFO] [stdout]   19:     0x7b7b531fbdfa - <unknown>
[INFO] [stdout]   20:     0x7b7b5328f3d4 - clone
[INFO] [stdout]   21:                0x0 - <unknown>
[INFO] [stdout] 
[INFO] [stdout] ---- macros::test::test_method_return_signature_macro_with_argument_and_identifiers_and_interface stdout ----
[INFO] [stdout] 
[INFO] [stdout] thread 'macros::test::test_method_return_signature_macro_with_argument_and_identifiers_and_interface' (1677) panicked at src/macros.rs:732:19:
[INFO] [stdout] Failed to resolve XML path: No XML path provided and default XML path not found. Searched directory: "/opt/rustwide/workdir"
[INFO] [stdout] stack backtrace:
[INFO] [stdout]    0:     0x577f0c627811 - <<std[70759c8f55707aa4]::sys::backtrace::BacktraceLock>::print::DisplayBacktrace as core[df12db4294e9bfd3]::fmt::Display>::fmt
[INFO] [stdout]    1:     0x577f0c63bf3a - core[df12db4294e9bfd3]::fmt::write
[INFO] [stdout]    2:     0x577f0c62c0cc - <alloc[2182bb758b4b3781]::vec::Vec<u8> as core[df12db4294e9bfd3]::io::write::Write>::write_fmt
[INFO] [stdout]    3:     0x577f0c603586 - std[70759c8f55707aa4]::panicking::default_hook::{closure#0}
[INFO] [stdout]    4:     0x577f0c61fba9 - std[70759c8f55707aa4]::panicking::default_hook
[INFO] [stdout]    5:     0x577f0c59d160 - test[9d35eded1c95d3be]::test_main_inner::<test[9d35eded1c95d3be]::test_main_static::{closure#0}>::{closure#0}
[INFO] [stdout]    6:     0x577f0c61fd62 - std[70759c8f55707aa4]::panicking::panic_with_hook
[INFO] [stdout]    7:     0x577f0c603632 - std[70759c8f55707aa4]::panicking::panic_handler::{closure#0}
[INFO] [stdout]    8:     0x577f0c5fc269 - std[70759c8f55707aa4]::sys::backtrace::__rust_end_short_backtrace::<std[70759c8f55707aa4]::panicking::panic_handler::{closure#0}, !>
[INFO] [stdout]    9:     0x577f0c60422d - __rustc[8fa7c3cbc660c2b3]::rust_begin_unwind
[INFO] [stdout]   10:     0x577f0c63c66c - core[df12db4294e9bfd3]::panicking::panic_fmt
[INFO] [stdout]   11:     0x577f0c570f94 - zbus_lockstep[b47a8900e6804fda]::macros::test::test_method_return_signature_macro_with_argument_and_identifiers_and_interface::{closure#0}
[INFO] [stdout]   12:     0x577f0c5879ab - zbus_lockstep[b47a8900e6804fda]::macros::test::test_method_return_signature_macro_with_argument_and_identifiers_and_interface
[INFO] [stdout]   13:     0x577f0c58aad9 - <zbus_lockstep[b47a8900e6804fda]::macros::test::test_method_return_signature_macro_with_argument_and_identifiers_and_interface::{closure#0} as core[df12db4294e9bfd3]::ops::function::FnOnce<()>>::call_once
[INFO] [stdout]   14:     0x577f0c59044b - test[9d35eded1c95d3be]::__rust_begin_short_backtrace::<core[df12db4294e9bfd3]::result::Result<(), alloc[2182bb758b4b3781]::string::String>, fn() -> core[df12db4294e9bfd3]::result::Result<(), alloc[2182bb758b4b3781]::string::String>>
[INFO] [stdout]   15:     0x577f0c59dab5 - test[9d35eded1c95d3be]::run_test::{closure#0}
[INFO] [stdout]   16:     0x577f0c597374 - std[70759c8f55707aa4]::sys::backtrace::__rust_begin_short_backtrace::<test[9d35eded1c95d3be]::run_test::{closure#1}, ()>
[INFO] [stdout]   17:     0x577f0c5a0c12 - <std[70759c8f55707aa4]::thread::lifecycle::spawn_unchecked<test[9d35eded1c95d3be]::run_test::{closure#1}, ()>::{closure#1} as core[df12db4294e9bfd3]::ops::function::FnOnce<()>>::call_once::{shim:vtable#0}
[INFO] [stdout]   18:     0x577f0c6270e9 - <std[70759c8f55707aa4]::sys::thread::unix::Thread>::new::thread_start
[INFO] [stdout]   19:     0x7b7b531fbdfa - <unknown>
[INFO] [stdout]   20:     0x7b7b5328f3d4 - clone
[INFO] [stdout]   21:                0x0 - <unknown>
[INFO] [stdout] 
[INFO] [stdout] ---- macros::test::test_method_args_signature_macro_with_identifier stdout ----
[INFO] [stdout] 
[INFO] [stdout] thread 'macros::test::test_method_args_signature_macro_with_identifier' (1673) panicked at src/macros.rs:636:19:
[INFO] [stdout] Failed to resolve XML path: No XML path provided and default XML path not found. Searched directory: "/opt/rustwide/workdir"
[INFO] [stdout] stack backtrace:
[INFO] [stdout]    0:     0x577f0c627811 - <<std[70759c8f55707aa4]::sys::backtrace::BacktraceLock>::print::DisplayBacktrace as core[df12db4294e9bfd3]::fmt::Display>::fmt
[INFO] [stdout]    1:     0x577f0c63bf3a - core[df12db4294e9bfd3]::fmt::write
[INFO] [stdout]    2:     0x577f0c62c0cc - <alloc[2182bb758b4b3781]::vec::Vec<u8> as core[df12db4294e9bfd3]::io::write::Write>::write_fmt
[INFO] [stdout]    3:     0x577f0c603586 - std[70759c8f55707aa4]::panicking::default_hook::{closure#0}
[INFO] [stdout]    4:     0x577f0c61fba9 - std[70759c8f55707aa4]::panicking::default_hook
[INFO] [stdout]    5:     0x577f0c59d160 - test[9d35eded1c95d3be]::test_main_inner::<test[9d35eded1c95d3be]::test_main_static::{closure#0}>::{closure#0}
[INFO] [stdout]    6:     0x577f0c61fd62 - std[70759c8f55707aa4]::panicking::panic_with_hook
[INFO] [stdout]    7:     0x577f0c603632 - std[70759c8f55707aa4]::panicking::panic_handler::{closure#0}
[INFO] [stdout]    8:     0x577f0c5fc269 - std[70759c8f55707aa4]::sys::backtrace::__rust_end_short_backtrace::<std[70759c8f55707aa4]::panicking::panic_handler::{closure#0}, !>
[INFO] [stdout]    9:     0x577f0c60422d - __rustc[8fa7c3cbc660c2b3]::rust_begin_unwind
[INFO] [stdout]   10:     0x577f0c63c66c - core[df12db4294e9bfd3]::panicking::panic_fmt
[INFO] [stdout]   11:     0x577f0c570ae4 - zbus_lockstep[b47a8900e6804fda]::macros::test::test_method_args_signature_macro_with_identifier::{closure#0}
[INFO] [stdout]   12:     0x577f0c577bba - zbus_lockstep[b47a8900e6804fda]::macros::test::test_method_args_signature_macro_with_identifier
[INFO] [stdout]   13:     0x577f0c58a8f9 - <zbus_lockstep[b47a8900e6804fda]::macros::test::test_method_args_signature_macro_with_identifier::{closure#0} as core[df12db4294e9bfd3]::ops::function::FnOnce<()>>::call_once
[INFO] [stdout]   14:     0x577f0c59044b - test[9d35eded1c95d3be]::__rust_begin_short_backtrace::<core[df12db4294e9bfd3]::result::Result<(), alloc[2182bb758b4b3781]::string::String>, fn() -> core[df12db4294e9bfd3]::result::Result<(), alloc[2182bb758b4b3781]::string::String>>
[INFO] [stdout]   15:     0x577f0c59dab5 - test[9d35eded1c95d3be]::run_test::{closure#0}
[INFO] [stdout]   16:     0x577f0c597374 - std[70759c8f55707aa4]::sys::backtrace::__rust_begin_short_backtrace::<test[9d35eded1c95d3be]::run_test::{closure#1}, ()>
[INFO] [stdout]   17:     0x577f0c5a0c12 - <std[70759c8f55707aa4]::thread::lifecycle::spawn_unchecked<test[9d35eded1c95d3be]::run_test::{closure#1}, ()>::{closure#1} as core[df12db4294e9bfd3]::ops::function::FnOnce<()>>::call_once::{shim:vtable#0}
[INFO] [stdout]   18:     0x577f0c6270e9 - <std[70759c8f55707aa4]::sys::thread::unix::Thread>::new::thread_start
[INFO] [stdout]   19:     0x7b7b531fbdfa - <unknown>
[INFO] [stdout]   20:     0x7b7b5328f3d4 - clone
[INFO] [stdout]   21:                0x0 - <unknown>
[INFO] [stdout] 
[INFO] [stdout] ---- macros::test::test_method_return_signature_macro_with_argument_and_interface stdout ----
[INFO] [stdout] 
[INFO] [stdout] thread 'macros::test::test_method_return_signature_macro_with_argument_and_interface' (1678) panicked at src/macros.rs:723:19:
[INFO] [stdout] Failed to resolve XML path: No XML path provided and default XML path not found. Searched directory: "/opt/rustwide/workdir"
[INFO] [stdout] stack backtrace:
[INFO] [stdout]    0:     0x577f0c627811 - <<std[70759c8f55707aa4]::sys::backtrace::BacktraceLock>::print::DisplayBacktrace as core[df12db4294e9bfd3]::fmt::Display>::fmt
[INFO] [stdout]    1:     0x577f0c63bf3a - core[df12db4294e9bfd3]::fmt::write
[INFO] [stdout]    2:     0x577f0c62c0cc - <alloc[2182bb758b4b3781]::vec::Vec<u8> as core[df12db4294e9bfd3]::io::write::Write>::write_fmt
[INFO] [stdout]    3:     0x577f0c603586 - std[70759c8f55707aa4]::panicking::default_hook::{closure#0}
[INFO] [stdout]    4:     0x577f0c61fba9 - std[70759c8f55707aa4]::panicking::default_hook
[INFO] [stdout]    5:     0x577f0c59d160 - test[9d35eded1c95d3be]::test_main_inner::<test[9d35eded1c95d3be]::test_main_static::{closure#0}>::{closure#0}
[INFO] [stdout]    6:     0x577f0c61fd62 - std[70759c8f55707aa4]::panicking::panic_with_hook
[INFO] [stdout]    7:     0x577f0c603632 - std[70759c8f55707aa4]::panicking::panic_handler::{closure#0}
[INFO] [stdout]    8:     0x577f0c5fc269 - std[70759c8f55707aa4]::sys::backtrace::__rust_end_short_backtrace::<std[70759c8f55707aa4]::panicking::panic_handler::{closure#0}, !>
[INFO] [stdout]    9:     0x577f0c60422d - __rustc[8fa7c3cbc660c2b3]::rust_begin_unwind
[INFO] [stdout]   10:     0x577f0c63c66c - core[df12db4294e9bfd3]::panicking::panic_fmt
[INFO] [stdout]   11:     0x577f0c570d64 - zbus_lockstep[b47a8900e6804fda]::macros::test::test_method_return_signature_macro_with_argument_and_interface::{closure#0}
[INFO] [stdout]   12:     0x577f0c58005b - zbus_lockstep[b47a8900e6804fda]::macros::test::test_method_return_signature_macro_with_argument_and_interface
[INFO] [stdout]   13:     0x577f0c58a9f9 - <zbus_lockstep[b47a8900e6804fda]::macros::test::test_method_return_signature_macro_with_argument_and_interface::{closure#0} as core[df12db4294e9bfd3]::ops::function::FnOnce<()>>::call_once
[INFO] [stdout]   14:     0x577f0c59044b - test[9d35eded1c95d3be]::__rust_begin_short_backtrace::<core[df12db4294e9bfd3]::result::Result<(), alloc[2182bb758b4b3781]::string::String>, fn() -> core[df12db4294e9bfd3]::result::Result<(), alloc[2182bb758b4b3781]::string::String>>
[INFO] [stdout]   15:     0x577f0c59dab5 - test[9d35eded1c95d3be]::run_test::{closure#0}
[INFO] [stdout]   16:     0x577f0c597374 - std[70759c8f55707aa4]::sys::backtrace::__rust_begin_short_backtrace::<test[9d35eded1c95d3be]::run_test::{closure#1}, ()>
[INFO] [stdout]   17:     0x577f0c5a0c12 - <std[70759c8f55707aa4]::thread::lifecycle::spawn_unchecked<test[9d35eded1c95d3be]::run_test::{closure#1}, ()>::{closure#1} as core[df12db4294e9bfd3]::ops::function::FnOnce<()>>::call_once::{shim:vtable#0}
[INFO] [stdout]   18:     0x577f0c6270e9 - <std[70759c8f55707aa4]::sys::thread::unix::Thread>::new::thread_start
[INFO] [stdout]   19:     0x7b7b531fbdfa - <unknown>
[INFO] [stdout]   20:     0x7b7b5328f3d4 - clone
[INFO] [stdout]   21:                0x0 - <unknown>
[INFO] [stdout] 
[INFO] [stdout] ---- macros::test::test_signal_body_signature_macro_with_argument_and_identifiers_and_interface stdout ----
[INFO] [stdout] 
[INFO] [stdout] thread 'macros::test::test_signal_body_signature_macro_with_argument_and_identifiers_and_interface' (1687) panicked at src/macros.rs:614:19:
[INFO] [stdout] Failed to resolve XML path: No XML path provided and default XML path not found. Searched directory: "/opt/rustwide/workdir"
[INFO] [stdout] stack backtrace:
[INFO] [stdout]    0:     0x577f0c627811 - <<std[70759c8f55707aa4]::sys::backtrace::BacktraceLock>::print::DisplayBacktrace as core[df12db4294e9bfd3]::fmt::Display>::fmt
[INFO] [stdout]    1:     0x577f0c63bf3a - core[df12db4294e9bfd3]::fmt::write
[INFO] [stdout]    2:     0x577f0c62c0cc - <alloc[2182bb758b4b3781]::vec::Vec<u8> as core[df12db4294e9bfd3]::io::write::Write>::write_fmt
[INFO] [stdout]    3:     0x577f0c603586 - std[70759c8f55707aa4]::panicking::default_hook::{closure#0}
[INFO] [stdout]    4:     0x577f0c61fba9 - std[70759c8f55707aa4]::panicking::default_hook
[INFO] [stdout]    5:     0x577f0c59d160 - test[9d35eded1c95d3be]::test_main_inner::<test[9d35eded1c95d3be]::test_main_static::{closure#0}>::{closure#0}
[INFO] [stdout]    6:     0x577f0c61fd62 - std[70759c8f55707aa4]::panicking::panic_with_hook
[INFO] [stdout]    7:     0x577f0c603632 - std[70759c8f55707aa4]::panicking::panic_handler::{closure#0}
[INFO] [stdout]    8:     0x577f0c5fc269 - std[70759c8f55707aa4]::sys::backtrace::__rust_end_short_backtrace::<std[70759c8f55707aa4]::panicking::panic_handler::{closure#0}, !>
[INFO] [stdout]    9:     0x577f0c60422d - __rustc[8fa7c3cbc660c2b3]::rust_begin_unwind
[INFO] [stdout]   10:     0x577f0c63c66c - core[df12db4294e9bfd3]::panicking::panic_fmt
[INFO] [stdout]   11:     0x577f0c570f44 - zbus_lockstep[b47a8900e6804fda]::macros::test::test_signal_body_signature_macro_with_argument_and_identifiers_and_interface::{closure#0}
[INFO] [stdout]   12:     0x577f0c586819 - zbus_lockstep[b47a8900e6804fda]::macros::test::test_signal_body_signature_macro_with_argument_and_identifiers_and_interface
[INFO] [stdout]   13:     0x577f0c58aab9 - <zbus_lockstep[b47a8900e6804fda]::macros::test::test_signal_body_signature_macro_with_argument_and_identifiers_and_interface::{closure#0} as core[df12db4294e9bfd3]::ops::function::FnOnce<()>>::call_once
[INFO] [stdout]   14:     0x577f0c59044b - test[9d35eded1c95d3be]::__rust_begin_short_backtrace::<core[df12db4294e9bfd3]::result::Result<(), alloc[2182bb758b4b3781]::string::String>, fn() -> core[df12db4294e9bfd3]::result::Result<(), alloc[2182bb758b4b3781]::string::String>>
[INFO] [stdout]   15:     0x577f0c59dab5 - test[9d35eded1c95d3be]::run_test::{closure#0}
[INFO] [stdout]   16:     0x577f0c597374 - std[70759c8f55707aa4]::sys::backtrace::__rust_begin_short_backtrace::<test[9d35eded1c95d3be]::run_test::{closure#1}, ()>
[INFO] [stdout]   17:     0x577f0c5a0c12 - <std[70759c8f55707aa4]::thread::lifecycle::spawn_unchecked<test[9d35eded1c95d3be]::run_test::{closure#1}, ()>::{closure#1} as core[df12db4294e9bfd3]::ops::function::FnOnce<()>>::call_once::{shim:vtable#0}
[INFO] [stdout]   18:     0x577f0c6270e9 - <std[70759c8f55707aa4]::sys::thread::unix::Thread>::new::thread_start
[INFO] [stdout]   19:     0x7b7b531fbdfa - <unknown>
[INFO] [stdout]   20:     0x7b7b5328f3d4 - clone
[INFO] [stdout]   21:                0x0 - <unknown>
[INFO] [stdout] 
[INFO] [stdout] ---- macros::test::test_method_return_signature_macro_with_interface_and_identifiers stdout ----
[INFO] [stdout] 
[INFO] [stdout] thread 'macros::test::test_method_return_signature_macro_with_interface_and_identifiers' (1681) panicked at src/macros.rs:714:13:
[INFO] [stdout] Failed to resolve XML path: No XML path provided and default XML path not found. Searched directory: "/opt/rustwide/workdir"
[INFO] [stdout] stack backtrace:
[INFO] [stdout]    0:     0x577f0c627811 - <<std[70759c8f55707aa4]::sys::backtrace::BacktraceLock>::print::DisplayBacktrace as core[df12db4294e9bfd3]::fmt::Display>::fmt
[INFO] [stdout]    1:     0x577f0c63bf3a - core[df12db4294e9bfd3]::fmt::write
[INFO] [stdout]    2:     0x577f0c62c0cc - <alloc[2182bb758b4b3781]::vec::Vec<u8> as core[df12db4294e9bfd3]::io::write::Write>::write_fmt
[INFO] [stdout]    3:     0x577f0c603586 - std[70759c8f55707aa4]::panicking::default_hook::{closure#0}
[INFO] [stdout]    4:     0x577f0c61fba9 - std[70759c8f55707aa4]::panicking::default_hook
[INFO] [stdout]    5:     0x577f0c59d160 - test[9d35eded1c95d3be]::test_main_inner::<test[9d35eded1c95d3be]::test_main_static::{closure#0}>::{closure#0}
[INFO] [stdout]    6:     0x577f0c61fd62 - std[70759c8f55707aa4]::panicking::panic_with_hook
[INFO] [stdout]    7:     0x577f0c603632 - std[70759c8f55707aa4]::panicking::panic_handler::{closure#0}
[INFO] [stdout]    8:     0x577f0c5fc269 - std[70759c8f55707aa4]::sys::backtrace::__rust_end_short_backtrace::<std[70759c8f55707aa4]::panicking::panic_handler::{closure#0}, !>
[INFO] [stdout]    9:     0x577f0c60422d - __rustc[8fa7c3cbc660c2b3]::rust_begin_unwind
[INFO] [stdout]   10:     0x577f0c63c66c - core[df12db4294e9bfd3]::panicking::panic_fmt
[INFO] [stdout]   11:     0x577f0c570e54 - zbus_lockstep[b47a8900e6804fda]::macros::test::test_method_return_signature_macro_with_interface_and_identifiers::{closure#0}
[INFO] [stdout]   12:     0x577f0c583436 - zbus_lockstep[b47a8900e6804fda]::macros::test::test_method_return_signature_macro_with_interface_and_identifiers
[INFO] [stdout]   13:     0x577f0c58aa59 - <zbus_lockstep[b47a8900e6804fda]::macros::test::test_method_return_signature_macro_with_interface_and_identifiers::{closure#0} as core[df12db4294e9bfd3]::ops::function::FnOnce<()>>::call_once
[INFO] [stdout]   14:     0x577f0c59044b - test[9d35eded1c95d3be]::__rust_begin_short_backtrace::<core[df12db4294e9bfd3]::result::Result<(), alloc[2182bb758b4b3781]::string::String>, fn() -> core[df12db4294e9bfd3]::result::Result<(), alloc[2182bb758b4b3781]::string::String>>
[INFO] [stdout]   15:     0x577f0c59dab5 - test[9d35eded1c95d3be]::run_test::{closure#0}
[INFO] [stdout]   16:     0x577f0c597374 - std[70759c8f55707aa4]::sys::backtrace::__rust_begin_short_backtrace::<test[9d35eded1c95d3be]::run_test::{closure#1}, ()>
[INFO] [stdout]   17:     0x577f0c5a0c12 - <std[70759c8f55707aa4]::thread::lifecycle::spawn_unchecked<test[9d35eded1c95d3be]::run_test::{closure#1}, ()>::{closure#1} as core[df12db4294e9bfd3]::ops::function::FnOnce<()>>::call_once::{shim:vtable#0}
[INFO] [stdout]   18:     0x577f0c6270e9 - <std[70759c8f55707aa4]::sys::thread::unix::Thread>::new::thread_start
[INFO] [stdout]   19:     0x7b7b531fbdfa - <unknown>
[INFO] [stdout]   20:     0x7b7b5328f3d4 - clone
[INFO] [stdout]   21:                0x0 - <unknown>
[INFO] [stdout] 
[INFO] [stdout] ---- macros::test::test_property_type_signature_macro_with_interface stdout ----
[INFO] [stdout] 
[INFO] [stdout] thread 'macros::test::test_property_type_signature_macro_with_interface' (1684) panicked at src/macros.rs:763:19:
[INFO] [stdout] Failed to resolve XML path: No XML path provided and default XML path not found. Searched directory: "/opt/rustwide/workdir"
[INFO] [stdout] stack backtrace:
[INFO] [stdout]    0:     0x577f0c627811 - <<std[70759c8f55707aa4]::sys::backtrace::BacktraceLock>::print::DisplayBacktrace as core[df12db4294e9bfd3]::fmt::Display>::fmt
[INFO] [stdout]    1:     0x577f0c63bf3a - core[df12db4294e9bfd3]::fmt::write
[INFO] [stdout]    2:     0x577f0c62c0cc - <alloc[2182bb758b4b3781]::vec::Vec<u8> as core[df12db4294e9bfd3]::io::write::Write>::write_fmt
[INFO] [stdout]    3:     0x577f0c603586 - std[70759c8f55707aa4]::panicking::default_hook::{closure#0}
[INFO] [stdout]    4:     0x577f0c61fba9 - std[70759c8f55707aa4]::panicking::default_hook
[INFO] [stdout]    5:     0x577f0c59d160 - test[9d35eded1c95d3be]::test_main_inner::<test[9d35eded1c95d3be]::test_main_static::{closure#0}>::{closure#0}
[INFO] [stdout]    6:     0x577f0c61fd62 - std[70759c8f55707aa4]::panicking::panic_with_hook
[INFO] [stdout]    7:     0x577f0c603632 - std[70759c8f55707aa4]::panicking::panic_handler::{closure#0}
[INFO] [stdout]    8:     0x577f0c5fc269 - std[70759c8f55707aa4]::sys::backtrace::__rust_end_short_backtrace::<std[70759c8f55707aa4]::panicking::panic_handler::{closure#0}, !>
[INFO] [stdout]    9:     0x577f0c60422d - __rustc[8fa7c3cbc660c2b3]::rust_begin_unwind
[INFO] [stdout]   10:     0x577f0c63c66c - core[df12db4294e9bfd3]::panicking::panic_fmt
[INFO] [stdout]   11:     0x577f0c570bd4 - zbus_lockstep[b47a8900e6804fda]::macros::test::test_property_type_signature_macro_with_interface::{closure#0}
[INFO] [stdout]   12:     0x577f0c57ad66 - zbus_lockstep[b47a8900e6804fda]::macros::test::test_property_type_signature_macro_with_interface
[INFO] [stdout]   13:     0x577f0c58a959 - <zbus_lockstep[b47a8900e6804fda]::macros::test::test_property_type_signature_macro_with_interface::{closure#0} as core[df12db4294e9bfd3]::ops::function::FnOnce<()>>::call_once
[INFO] [stdout]   14:     0x577f0c59044b - test[9d35eded1c95d3be]::__rust_begin_short_backtrace::<core[df12db4294e9bfd3]::result::Result<(), alloc[2182bb758b4b3781]::string::String>, fn() -> core[df12db4294e9bfd3]::result::Result<(), alloc[2182bb758b4b3781]::string::String>>
[INFO] [stdout]   15:     0x577f0c59dab5 - test[9d35eded1c95d3be]::run_test::{closure#0}
[INFO] [stdout]   16:     0x577f0c597374 - std[70759c8f55707aa4]::sys::backtrace::__rust_begin_short_backtrace::<test[9d35eded1c95d3be]::run_test::{closure#1}, ()>
[INFO] [stdout]   17:     0x577f0c5a0c12 - <std[70759c8f55707aa4]::thread::lifecycle::spawn_unchecked<test[9d35eded1c95d3be]::run_test::{closure#1}, ()>::{closure#1} as core[df12db4294e9bfd3]::ops::function::FnOnce<()>>::call_once::{shim:vtable#0}
[INFO] [stdout]   18:     0x577f0c6270e9 - <std[70759c8f55707aa4]::sys::thread::unix::Thread>::new::thread_start
[INFO] [stdout]   19:     0x7b7b531fbdfa - <unknown>
[INFO] [stdout]   20:     0x7b7b5328f3d4 - clone
[INFO] [stdout]   21:                0x0 - <unknown>
[INFO] [stdout] 
[INFO] [stdout] ---- macros::test::test_method_args_signature_macro_with_argument_and_interface stdout ----
[INFO] [stdout] 
[INFO] [stdout] thread 'macros::test::test_method_args_signature_macro_with_argument_and_interface' (1672) panicked at src/macros.rs:664:19:
[INFO] [stdout] Failed to resolve XML path: No XML path provided and default XML path not found. Searched directory: "/opt/rustwide/workdir"
[INFO] [stdout] stack backtrace:
[INFO] [stdout]    0:     0x577f0c627811 - <<std[70759c8f55707aa4]::sys::backtrace::BacktraceLock>::print::DisplayBacktrace as core[df12db4294e9bfd3]::fmt::Display>::fmt
[INFO] [stdout]    1:     0x577f0c63bf3a - core[df12db4294e9bfd3]::fmt::write
[INFO] [stdout]    2:     0x577f0c62c0cc - <alloc[2182bb758b4b3781]::vec::Vec<u8> as core[df12db4294e9bfd3]::io::write::Write>::write_fmt
[INFO] [stdout]    3:     0x577f0c603586 - std[70759c8f55707aa4]::panicking::default_hook::{closure#0}
[INFO] [stdout]    4:     0x577f0c61fba9 - std[70759c8f55707aa4]::panicking::default_hook
[INFO] [stdout]    5:     0x577f0c59d160 - test[9d35eded1c95d3be]::test_main_inner::<test[9d35eded1c95d3be]::test_main_static::{closure#0}>::{closure#0}
[INFO] [stdout]    6:     0x577f0c61fd62 - std[70759c8f55707aa4]::panicking::panic_with_hook
[INFO] [stdout]    7:     0x577f0c603632 - std[70759c8f55707aa4]::panicking::panic_handler::{closure#0}
[INFO] [stdout]    8:     0x577f0c5fc269 - std[70759c8f55707aa4]::sys::backtrace::__rust_end_short_backtrace::<std[70759c8f55707aa4]::panicking::panic_handler::{closure#0}, !>
[INFO] [stdout]    9:     0x577f0c60422d - __rustc[8fa7c3cbc660c2b3]::rust_begin_unwind
[INFO] [stdout]   10:     0x577f0c63c66c - core[df12db4294e9bfd3]::panicking::panic_fmt
[INFO] [stdout]   11:     0x577f0c570cc4 - zbus_lockstep[b47a8900e6804fda]::macros::test::test_method_args_signature_macro_with_argument_and_interface::{closure#0}
[INFO] [stdout]   12:     0x577f0c57dd4b - zbus_lockstep[b47a8900e6804fda]::macros::test::test_method_args_signature_macro_with_argument_and_interface
[INFO] [stdout]   13:     0x577f0c58a9b9 - <zbus_lockstep[b47a8900e6804fda]::macros::test::test_method_args_signature_macro_with_argument_and_interface::{closure#0} as core[df12db4294e9bfd3]::ops::function::FnOnce<()>>::call_once
[INFO] [stdout]   14:     0x577f0c59044b - test[9d35eded1c95d3be]::__rust_begin_short_backtrace::<core[df12db4294e9bfd3]::result::Result<(), alloc[2182bb758b4b3781]::string::String>, fn() -> core[df12db4294e9bfd3]::result::Result<(), alloc[2182bb758b4b3781]::string::String>>
[INFO] [stdout]   15:     0x577f0c59dab5 - test[9d35eded1c95d3be]::run_test::{closure#0}
[INFO] [stdout]   16:     0x577f0c597374 - std[70759c8f55707aa4]::sys::backtrace::__rust_begin_short_backtrace::<test[9d35eded1c95d3be]::run_test::{closure#1}, ()>
[INFO] [stdout]   17:     0x577f0c5a0c12 - <std[70759c8f55707aa4]::thread::lifecycle::spawn_unchecked<test[9d35eded1c95d3be]::run_test::{closure#1}, ()>::{closure#1} as core[df12db4294e9bfd3]::ops::function::FnOnce<()>>::call_once::{shim:vtable#0}
[INFO] [stdout]   18:     0x577f0c6270e9 - <std[70759c8f55707aa4]::sys::thread::unix::Thread>::new::thread_start
[INFO] [stdout]   19:     0x7b7b531fbdfa - <unknown>
[INFO] [stdout]   20:     0x7b7b5328f3d4 - clone
[INFO] [stdout]   21:                0x0 - <unknown>
[INFO] [stdout] 
[INFO] [stdout] ---- macros::test::test_method_args_signature_macro_with_argument_and_identifiers_and_interface stdout ----
[INFO] [stdout] 
[INFO] [stdout] thread 'macros::test::test_method_args_signature_macro_with_argument_and_identifiers_and_interface' (1671) panicked at src/macros.rs:673:19:
[INFO] [stdout] Failed to resolve XML path: No XML path provided and default XML path not found. Searched directory: "/opt/rustwide/workdir"
[INFO] [stdout] stack backtrace:
[INFO] [stdout]    0:     0x577f0c627811 - <<std[70759c8f55707aa4]::sys::backtrace::BacktraceLock>::print::DisplayBacktrace as core[df12db4294e9bfd3]::fmt::Display>::fmt
[INFO] [stdout]    1:     0x577f0c63bf3a - core[df12db4294e9bfd3]::fmt::write
[INFO] [stdout]    2:     0x577f0c62c0cc - <alloc[2182bb758b4b3781]::vec::Vec<u8> as core[df12db4294e9bfd3]::io::write::Write>::write_fmt
[INFO] [stdout]    3:     0x577f0c603586 - std[70759c8f55707aa4]::panicking::default_hook::{closure#0}
[INFO] [stdout]    4:     0x577f0c61fba9 - std[70759c8f55707aa4]::panicking::default_hook
[INFO] [stdout]    5:     0x577f0c59d160 - test[9d35eded1c95d3be]::test_main_inner::<test[9d35eded1c95d3be]::test_main_static::{closure#0}>::{closure#0}
[INFO] [stdout]    6:     0x577f0c61fd62 - std[70759c8f55707aa4]::panicking::panic_with_hook
[INFO] [stdout]    7:     0x577f0c603632 - std[70759c8f55707aa4]::panicking::panic_handler::{closure#0}
[INFO] [stdout]    8:     0x577f0c5fc269 - std[70759c8f55707aa4]::sys::backtrace::__rust_end_short_backtrace::<std[70759c8f55707aa4]::panicking::panic_handler::{closure#0}, !>
[INFO] [stdout]    9:     0x577f0c60422d - __rustc[8fa7c3cbc660c2b3]::rust_begin_unwind
[INFO] [stdout]   10:     0x577f0c63c66c - core[df12db4294e9bfd3]::panicking::panic_fmt
[INFO] [stdout]   11:     0x577f0c570ef4 - zbus_lockstep[b47a8900e6804fda]::macros::test::test_method_args_signature_macro_with_argument_and_identifiers_and_interface::{closure#0}
[INFO] [stdout]   12:     0x577f0c58569b - zbus_lockstep[b47a8900e6804fda]::macros::test::test_method_args_signature_macro_with_argument_and_identifiers_and_interface
[INFO] [stdout]   13:     0x577f0c58aa99 - <zbus_lockstep[b47a8900e6804fda]::macros::test::test_method_args_signature_macro_with_argument_and_identifiers_and_interface::{closure#0} as core[df12db4294e9bfd3]::ops::function::FnOnce<()>>::call_once
[INFO] [stdout]   14:     0x577f0c59044b - test[9d35eded1c95d3be]::__rust_begin_short_backtrace::<core[df12db4294e9bfd3]::result::Result<(), alloc[2182bb758b4b3781]::string::String>, fn() -> core[df12db4294e9bfd3]::result::Result<(), alloc[2182bb758b4b3781]::string::String>>
[INFO] [stdout]   15:     0x577f0c59dab5 - test[9d35eded1c95d3be]::run_test::{closure#0}
[INFO] [stdout]   16:     0x577f0c597374 - std[70759c8f55707aa4]::sys::backtrace::__rust_begin_short_backtrace::<test[9d35eded1c95d3be]::run_test::{closure#1}, ()>
[INFO] [stdout]   17:     0x577f0c5a0c12 - <std[70759c8f55707aa4]::thread::lifecycle::spawn_unchecked<test[9d35eded1c95d3be]::run_test::{closure#1}, ()>::{closure#1} as core[df12db4294e9bfd3]::ops::function::FnOnce<()>>::call_once::{shim:vtable#0}
[INFO] [stdout]   18:     0x577f0c6270e9 - <std[70759c8f55707aa4]::sys::thread::unix::Thread>::new::thread_start
[INFO] [stdout]   19:     0x7b7b531fbdfa - <unknown>
[INFO] [stdout]   20:     0x7b7b5328f3d4 - clone
[INFO] [stdout]   21:                0x0 - <unknown>
[INFO] [stdout] 
[INFO] [stdout] ---- macros::test::test_method_args_signature_macro stdout ----
[INFO] [stdout] 
[INFO] [stdout] thread 'macros::test::test_method_args_signature_macro' (1670) panicked at src/macros.rs:627:19:
[INFO] [stdout] Failed to resolve XML path: No XML path provided and default XML path not found. Searched directory: "/opt/rustwide/workdir"
[INFO] [stdout] stack backtrace:
[INFO] [stdout]    0:     0x577f0c627811 - <<std[70759c8f55707aa4]::sys::backtrace::BacktraceLock>::print::DisplayBacktrace as core[df12db4294e9bfd3]::fmt::Display>::fmt
[INFO] [stdout]    1:     0x577f0c63bf3a - core[df12db4294e9bfd3]::fmt::write
[INFO] [stdout]    2:     0x577f0c62c0cc - <alloc[2182bb758b4b3781]::vec::Vec<u8> as core[df12db4294e9bfd3]::io::write::Write>::write_fmt
[INFO] [stdout]    3:     0x577f0c603586 - std[70759c8f55707aa4]::panicking::default_hook::{closure#0}
[INFO] [stdout]    4:     0x577f0c61fba9 - std[70759c8f55707aa4]::panicking::default_hook
[INFO] [stdout]    5:     0x577f0c59d160 - test[9d35eded1c95d3be]::test_main_inner::<test[9d35eded1c95d3be]::test_main_static::{closure#0}>::{closure#0}
[INFO] [stdout]    6:     0x577f0c61fd62 - std[70759c8f55707aa4]::panicking::panic_with_hook
[INFO] [stdout]    7:     0x577f0c603632 - std[70759c8f55707aa4]::panicking::panic_handler::{closure#0}
[INFO] [stdout]    8:     0x577f0c5fc269 - std[70759c8f55707aa4]::sys::backtrace::__rust_end_short_backtrace::<std[70759c8f55707aa4]::panicking::panic_handler::{closure#0}, !>
[INFO] [stdout]    9:     0x577f0c60422d - __rustc[8fa7c3cbc660c2b3]::rust_begin_unwind
[INFO] [stdout]   10:     0x577f0c63c66c - core[df12db4294e9bfd3]::panicking::panic_fmt
[INFO] [stdout]   11:     0x577f0c570904 - zbus_lockstep[b47a8900e6804fda]::macros::test::test_method_args_signature_macro::{closure#0}
[INFO] [stdout]   12:     0x577f0c571bba - zbus_lockstep[b47a8900e6804fda]::macros::test::test_method_args_signature_macro
[INFO] [stdout]   13:     0x577f0c58a839 - <zbus_lockstep[b47a8900e6804fda]::macros::test::test_method_args_signature_macro::{closure#0} as core[df12db4294e9bfd3]::ops::function::FnOnce<()>>::call_once
[INFO] [stdout]   14:     0x577f0c59044b - test[9d35eded1c95d3be]::__rust_begin_short_backtrace::<core[df12db4294e9bfd3]::result::Result<(), alloc[2182bb758b4b3781]::string::String>, fn() -> core[df12db4294e9bfd3]::result::Result<(), alloc[2182bb758b4b3781]::string::String>>
[INFO] [stdout]   15:     0x577f0c59dab5 - test[9d35eded1c95d3be]::run_test::{closure#0}
[INFO] [stdout]   16:     0x577f0c597374 - std[70759c8f55707aa4]::sys::backtrace::__rust_begin_short_backtrace::<test[9d35eded1c95d3be]::run_test::{closure#1}, ()>
[INFO] [stdout]   17:     0x577f0c5a0c12 - <std[70759c8f55707aa4]::thread::lifecycle::spawn_unchecked<test[9d35eded1c95d3be]::run_test::{closure#1}, ()>::{closure#1} as core[df12db4294e9bfd3]::ops::function::FnOnce<()>>::call_once::{shim:vtable#0}
[INFO] [stdout]   18:     0x577f0c6270e9 - <std[70759c8f55707aa4]::sys::thread::unix::Thread>::new::thread_start
[INFO] [stdout]   19:     0x7b7b531fbdfa - <unknown>
[INFO] [stdout]   20:     0x7b7b5328f3d4 - clone
[INFO] [stdout]   21:                0x0 - <unknown>
[INFO] [stdout] 
[INFO] [stdout] ---- macros::test::test_property_type_signature_macro_with_interface_and_identifiers stdout ----
[INFO] [stdout] 
[INFO] [stdout] thread 'macros::test::test_property_type_signature_macro_with_interface_and_identifiers' (1685) panicked at src/macros.rs:773:13:
[INFO] [stdout] Failed to resolve XML path: No XML path provided and default XML path not found. Searched directory: "/opt/rustwide/workdir"
[INFO] [stdout] stack backtrace:
[INFO] [stdout]    0:     0x577f0c627811 - <<std[70759c8f55707aa4]::sys::backtrace::BacktraceLock>::print::DisplayBacktrace as core[df12db4294e9bfd3]::fmt::Display>::fmt
[INFO] [stdout]    1:     0x577f0c63bf3a - core[df12db4294e9bfd3]::fmt::write
[INFO] [stdout]    2:     0x577f0c62c0cc - <alloc[2182bb758b4b3781]::vec::Vec<u8> as core[df12db4294e9bfd3]::io::write::Write>::write_fmt
[INFO] [stdout]    3:     0x577f0c603586 - std[70759c8f55707aa4]::panicking::default_hook::{closure#0}
[INFO] [stdout]    4:     0x577f0c61fba9 - std[70759c8f55707aa4]::panicking::default_hook
[INFO] [stdout]    5:     0x577f0c59d160 - test[9d35eded1c95d3be]::test_main_inner::<test[9d35eded1c95d3be]::test_main_static::{closure#0}>::{closure#0}
[INFO] [stdout]    6:     0x577f0c61fd62 - std[70759c8f55707aa4]::panicking::panic_with_hook
[INFO] [stdout]    7:     0x577f0c603632 - std[70759c8f55707aa4]::panicking::panic_handler::{closure#0}
[INFO] [stdout]    8:     0x577f0c5fc269 - std[70759c8f55707aa4]::sys::backtrace::__rust_end_short_backtrace::<std[70759c8f55707aa4]::panicking::panic_handler::{closure#0}, !>
[INFO] [stdout]    9:     0x577f0c60422d - __rustc[8fa7c3cbc660c2b3]::rust_begin_unwind
[INFO] [stdout]   10:     0x577f0c63c66c - core[df12db4294e9bfd3]::panicking::panic_fmt
[INFO] [stdout]   11:     0x577f0c570ea4 - zbus_lockstep[b47a8900e6804fda]::macros::test::test_property_type_signature_macro_with_interface_and_identifiers::{closure#0}
[INFO] [stdout]   12:     0x577f0c584546 - zbus_lockstep[b47a8900e6804fda]::macros::test::test_property_type_signature_macro_with_interface_and_identifiers
[INFO] [stdout]   13:     0x577f0c58aa79 - <zbus_lockstep[b47a8900e6804fda]::macros::test::test_property_type_signature_macro_with_interface_and_identifiers::{closure#0} as core[df12db4294e9bfd3]::ops::function::FnOnce<()>>::call_once
[INFO] [stdout]   14:     0x577f0c59044b - test[9d35eded1c95d3be]::__rust_begin_short_backtrace::<core[df12db4294e9bfd3]::result::Result<(), alloc[2182bb758b4b3781]::string::String>, fn() -> core[df12db4294e9bfd3]::result::Result<(), alloc[2182bb758b4b3781]::string::String>>
[INFO] [stdout]   15:     0x577f0c59dab5 - test[9d35eded1c95d3be]::run_test::{closure#0}
[INFO] [stdout]   16:     0x577f0c597374 - std[70759c8f55707aa4]::sys::backtrace::__rust_begin_short_backtrace::<test[9d35eded1c95d3be]::run_test::{closure#1}, ()>
[INFO] [stdout]   17:     0x577f0c5a0c12 - <std[70759c8f55707aa4]::thread::lifecycle::spawn_unchecked<test[9d35eded1c95d3be]::run_test::{closure#1}, ()>::{closure#1} as core[df12db4294e9bfd3]::ops::function::FnOnce<()>>::call_once::{shim:vtable#0}
[INFO] [stdout]   18:     0x577f0c6270e9 - <std[70759c8f55707aa4]::sys::thread::unix::Thread>::new::thread_start
[INFO] [stdout]   19:     0x7b7b531fbdfa - <unknown>
[INFO] [stdout]   20:     0x7b7b5328f3d4 - clone
[INFO] [stdout]   21:                0x0 - <unknown>
[INFO] [stdout] 
[INFO] [stdout] ---- macros::test::test_signal_body_signature_macro stdout ----
[INFO] [stdout] 
[INFO] [stdout] thread 'macros::test::test_signal_body_signature_macro' (1686) panicked at src/macros.rs:568:19:
[INFO] [stdout] Failed to resolve XML path: No XML path provided and default XML path not found. Searched directory: "/opt/rustwide/workdir"
[INFO] [stdout] stack backtrace:
[INFO] [stdout]    0:     0x577f0c627811 - <<std[70759c8f55707aa4]::sys::backtrace::BacktraceLock>::print::DisplayBacktrace as core[df12db4294e9bfd3]::fmt::Display>::fmt
[INFO] [stdout]    1:     0x577f0c63bf3a - core[df12db4294e9bfd3]::fmt::write
[INFO] [stdout]    2:     0x577f0c62c0cc - <alloc[2182bb758b4b3781]::vec::Vec<u8> as core[df12db4294e9bfd3]::io::write::Write>::write_fmt
[INFO] [stdout]    3:     0x577f0c603586 - std[70759c8f55707aa4]::panicking::default_hook::{closure#0}
[INFO] [stdout]    4:     0x577f0c61fba9 - std[70759c8f55707aa4]::panicking::default_hook
[INFO] [stdout]    5:     0x577f0c59d160 - test[9d35eded1c95d3be]::test_main_inner::<test[9d35eded1c95d3be]::test_main_static::{closure#0}>::{closure#0}
[INFO] [stdout]    6:     0x577f0c61fd62 - std[70759c8f55707aa4]::panicking::panic_with_hook
[INFO] [stdout]    7:     0x577f0c603632 - std[70759c8f55707aa4]::panicking::panic_handler::{closure#0}
[INFO] [stdout]    8:     0x577f0c5fc269 - std[70759c8f55707aa4]::sys::backtrace::__rust_end_short_backtrace::<std[70759c8f55707aa4]::panicking::panic_handler::{closure#0}, !>
[INFO] [stdout]    9:     0x577f0c60422d - __rustc[8fa7c3cbc660c2b3]::rust_begin_unwind
[INFO] [stdout]   10:     0x577f0c63c66c - core[df12db4294e9bfd3]::panicking::panic_fmt
[INFO] [stdout]   11:     0x577f0c570954 - zbus_lockstep[b47a8900e6804fda]::macros::test::test_signal_body_signature_macro::{closure#0}
[INFO] [stdout]   12:     0x577f0c572af7 - zbus_lockstep[b47a8900e6804fda]::macros::test::test_signal_body_signature_macro
[INFO] [stdout]   13:     0x577f0c58a859 - <zbus_lockstep[b47a8900e6804fda]::macros::test::test_signal_body_signature_macro::{closure#0} as core[df12db4294e9bfd3]::ops::function::FnOnce<()>>::call_once
[INFO] [stdout]   14:     0x577f0c59044b - test[9d35eded1c95d3be]::__rust_begin_short_backtrace::<core[df12db4294e9bfd3]::result::Result<(), alloc[2182bb758b4b3781]::string::String>, fn() -> core[df12db4294e9bfd3]::result::Result<(), alloc[2182bb758b4b3781]::string::String>>
[INFO] [stdout]   15:     0x577f0c59dab5 - test[9d35eded1c95d3be]::run_test::{closure#0}
[INFO] [stdout]   16:     0x577f0c597374 - std[70759c8f55707aa4]::sys::backtrace::__rust_begin_short_backtrace::<test[9d35eded1c95d3be]::run_test::{closure#1}, ()>
[INFO] [stdout]   17:     0x577f0c5a0c12 - <std[70759c8f55707aa4]::thread::lifecycle::spawn_unchecked<test[9d35eded1c95d3be]::run_test::{closure#1}, ()>::{closure#1} as core[df12db4294e9bfd3]::ops::function::FnOnce<()>>::call_once::{shim:vtable#0}
[INFO] [stdout]   18:     0x577f0c6270e9 - <std[70759c8f55707aa4]::sys::thread::unix::Thread>::new::thread_start
[INFO] [stdout]   19:     0x7b7b531fbdfa - <unknown>
[INFO] [stdout]   20:     0x7b7b5328f3d4 - clone
[INFO] [stdout]   21:                0x0 - <unknown>
[INFO] [stdout] 
[INFO] [stdout] ---- macros::test::test_signal_body_signature_macro_with_argument_and_interface stdout ----
[INFO] [stdout] 
[INFO] [stdout] thread 'macros::test::test_signal_body_signature_macro_with_argument_and_interface' (1688) panicked at src/macros.rs:605:19:
[INFO] [stdout] Failed to resolve XML path: No XML path provided and default XML path not found. Searched directory: "/opt/rustwide/workdir"
[INFO] [stdout] stack backtrace:
[INFO] [stdout]    0:     0x577f0c627811 - <<std[70759c8f55707aa4]::sys::backtrace::BacktraceLock>::print::DisplayBacktrace as core[df12db4294e9bfd3]::fmt::Display>::fmt
[INFO] [stdout]    1:     0x577f0c63bf3a - core[df12db4294e9bfd3]::fmt::write
[INFO] [stdout]    2:     0x577f0c62c0cc - <alloc[2182bb758b4b3781]::vec::Vec<u8> as core[df12db4294e9bfd3]::io::write::Write>::write_fmt
[INFO] [stdout]    3:     0x577f0c603586 - std[70759c8f55707aa4]::panicking::default_hook::{closure#0}
[INFO] [stdout]    4:     0x577f0c61fba9 - std[70759c8f55707aa4]::panicking::default_hook
[INFO] [stdout]    5:     0x577f0c59d160 - test[9d35eded1c95d3be]::test_main_inner::<test[9d35eded1c95d3be]::test_main_static::{closure#0}>::{closure#0}
[INFO] [stdout]    6:     0x577f0c61fd62 - std[70759c8f55707aa4]::panicking::panic_with_hook
[INFO] [stdout]    7:     0x577f0c603632 - std[70759c8f55707aa4]::panicking::panic_handler::{closure#0}
[INFO] [stdout]    8:     0x577f0c5fc269 - std[70759c8f55707aa4]::sys::backtrace::__rust_end_short_backtrace::<std[70759c8f55707aa4]::panicking::panic_handler::{closure#0}, !>
[INFO] [stdout]    9:     0x577f0c60422d - __rustc[8fa7c3cbc660c2b3]::rust_begin_unwind
[INFO] [stdout]   10:     0x577f0c63c66c - core[df12db4294e9bfd3]::panicking::panic_fmt
[INFO] [stdout]   11:     0x577f0c570d14 - zbus_lockstep[b47a8900e6804fda]::macros::test::test_signal_body_signature_macro_with_argument_and_interface::{closure#0}
[INFO] [stdout]   12:     0x577f0c57eec9 - zbus_lockstep[b47a8900e6804fda]::macros::test::test_signal_body_signature_macro_with_argument_and_interface
[INFO] [stdout]   13:     0x577f0c58a9d9 - <zbus_lockstep[b47a8900e6804fda]::macros::test::test_signal_body_signature_macro_with_argument_and_interface::{closure#0} as core[df12db4294e9bfd3]::ops::function::FnOnce<()>>::call_once
[INFO] [stdout]   14:     0x577f0c59044b - test[9d35eded1c95d3be]::__rust_begin_short_backtrace::<core[df12db4294e9bfd3]::result::Result<(), alloc[2182bb758b4b3781]::string::String>, fn() -> core[df12db4294e9bfd3]::result::Result<(), alloc[2182bb758b4b3781]::string::String>>
[INFO] [stdout]   15:     0x577f0c59dab5 - test[9d35eded1c95d3be]::run_test::{closure#0}
[INFO] [stdout]   16:     0x577f0c597374 - std[70759c8f55707aa4]::sys::backtrace::__rust_begin_short_backtrace::<test[9d35eded1c95d3be]::run_test::{closure#1}, ()>
[INFO] [stdout]   17:     0x577f0c5a0c12 - <std[70759c8f55707aa4]::thread::lifecycle::spawn_unchecked<test[9d35eded1c95d3be]::run_test::{closure#1}, ()>::{closure#1} as core[df12db4294e9bfd3]::ops::function::FnOnce<()>>::call_once::{shim:vtable#0}
[INFO] [stdout]   18:     0x577f0c6270e9 - <std[70759c8f55707aa4]::sys::thread::unix::Thread>::new::thread_start
[INFO] [stdout]   19:     0x7b7b531fbdfa - <unknown>
[INFO] [stdout]   20:     0x7b7b5328f3d4 - clone
[INFO] [stdout]   21:                0x0 - <unknown>
[INFO] [stdout] 
[INFO] [stdout] ---- macros::test::test_signal_body_signature_macro_with_identifier stdout ----
[INFO] [stdout] 
[INFO] [stdout] thread 'macros::test::test_signal_body_signature_macro_with_identifier' (1689) panicked at src/macros.rs:577:19:
[INFO] [stdout] Failed to resolve XML path: No XML path provided and default XML path not found. Searched directory: "/opt/rustwide/workdir"
[INFO] [stdout] stack backtrace:
[INFO] [stdout]    0:     0x577f0c627811 - <<std[70759c8f55707aa4]::sys::backtrace::BacktraceLock>::print::DisplayBacktrace as core[df12db4294e9bfd3]::fmt::Display>::fmt
[INFO] [stdout]    1:     0x577f0c63bf3a - core[df12db4294e9bfd3]::fmt::write
[INFO] [stdout]    2:     0x577f0c62c0cc - <alloc[2182bb758b4b3781]::vec::Vec<u8> as core[df12db4294e9bfd3]::io::write::Write>::write_fmt
[INFO] [stdout]    3:     0x577f0c603586 - std[70759c8f55707aa4]::panicking::default_hook::{closure#0}
[INFO] [stdout]    4:     0x577f0c61fba9 - std[70759c8f55707aa4]::panicking::default_hook
[INFO] [stdout]    5:     0x577f0c59d160 - test[9d35eded1c95d3be]::test_main_inner::<test[9d35eded1c95d3be]::test_main_static::{closure#0}>::{closure#0}
[INFO] [stdout]    6:     0x577f0c61fd62 - std[70759c8f55707aa4]::panicking::panic_with_hook
[INFO] [stdout]    7:     0x577f0c603632 - std[70759c8f55707aa4]::panicking::panic_handler::{closure#0}
[INFO] [stdout]    8:     0x577f0c5fc269 - std[70759c8f55707aa4]::sys::backtrace::__rust_end_short_backtrace::<std[70759c8f55707aa4]::panicking::panic_handler::{closure#0}, !>
[INFO] [stdout]    9:     0x577f0c60422d - __rustc[8fa7c3cbc660c2b3]::rust_begin_unwind
[INFO] [stdout]   10:     0x577f0c63c66c - core[df12db4294e9bfd3]::panicking::panic_fmt
[INFO] [stdout]   11:     0x577f0c570b34 - zbus_lockstep[b47a8900e6804fda]::macros::test::test_signal_body_signature_macro_with_identifier::{closure#0}
[INFO] [stdout]   12:     0x577f0c578b5b - zbus_lockstep[b47a8900e6804fda]::macros::test::test_signal_body_signature_macro_with_identifier
[INFO] [stdout]   13:     0x577f0c58a919 - <zbus_lockstep[b47a8900e6804fda]::macros::test::test_signal_body_signature_macro_with_identifier::{closure#0} as core[df12db4294e9bfd3]::ops::function::FnOnce<()>>::call_once
[INFO] [stdout]   14:     0x577f0c59044b - test[9d35eded1c95d3be]::__rust_begin_short_backtrace::<core[df12db4294e9bfd3]::result::Result<(), alloc[2182bb758b4b3781]::string::String>, fn() -> core[df12db4294e9bfd3]::result::Result<(), alloc[2182bb758b4b3781]::string::String>>
[INFO] [stdout]   15:     0x577f0c59dab5 - test[9d35eded1c95d3be]::run_test::{closure#0}
[INFO] [stdout]   16:     0x577f0c597374 - std[70759c8f55707aa4]::sys::backtrace::__rust_begin_short_backtrace::<test[9d35eded1c95d3be]::run_test::{closure#1}, ()>
[INFO] [stdout]   17:     0x577f0c5a0c12 - <std[70759c8f55707aa4]::thread::lifecycle::spawn_unchecked<test[9d35eded1c95d3be]::run_test::{closure#1}, ()>::{closure#1} as core[df12db4294e9bfd3]::ops::function::FnOnce<()>>::call_once::{shim:vtable#0}
[INFO] [stdout]   18:     0x577f0c6270e9 - <std[70759c8f55707aa4]::sys::thread::unix::Thread>::new::thread_start
[INFO] [stdout]   19:     0x7b7b531fbdfa - <unknown>
[INFO] [stdout]   20:     0x7b7b5328f3d4 - clone
[INFO] [stdout]   21:                0x0 - <unknown>
[INFO] [stdout] 
[INFO] [stdout] ---- macros::test::test_signal_body_signature_macro_with_interface stdout ----
[INFO] [stdout] 
[INFO] [stdout] thread 'macros::test::test_signal_body_signature_macro_with_interface' (1690) panicked at src/macros.rs:586:19:
[INFO] [stdout] Failed to resolve XML path: No XML path provided and default XML path not found. Searched directory: "/opt/rustwide/workdir"
[INFO] [stdout] stack backtrace:
[INFO] [stdout]    0:     0x577f0c627811 - <<std[70759c8f55707aa4]::sys::backtrace::BacktraceLock>::print::DisplayBacktrace as core[df12db4294e9bfd3]::fmt::Display>::fmt
[INFO] [stdout]    1:     0x577f0c63bf3a - core[df12db4294e9bfd3]::fmt::write
[INFO] [stdout]    2:     0x577f0c62c0cc - <alloc[2182bb758b4b3781]::vec::Vec<u8> as core[df12db4294e9bfd3]::io::write::Write>::write_fmt
[INFO] [stdout]    3:     0x577f0c603586 - std[70759c8f55707aa4]::panicking::default_hook::{closure#0}
[INFO] [stdout]    4:     0x577f0c61fba9 - std[70759c8f55707aa4]::panicking::default_hook
[INFO] [stdout]    5:     0x577f0c59d160 - test[9d35eded1c95d3be]::test_main_inner::<test[9d35eded1c95d3be]::test_main_static::{closure#0}>::{closure#0}
[INFO] [stdout]    6:     0x577f0c61fd62 - std[70759c8f55707aa4]::panicking::panic_with_hook
[INFO] [stdout]    7:     0x577f0c603632 - std[70759c8f55707aa4]::panicking::panic_handler::{closure#0}
[INFO] [stdout]    8:     0x577f0c5fc269 - std[70759c8f55707aa4]::sys::backtrace::__rust_end_short_backtrace::<std[70759c8f55707aa4]::panicking::panic_handler::{closure#0}, !>
[INFO] [stdout]    9:     0x577f0c60422d - __rustc[8fa7c3cbc660c2b3]::rust_begin_unwind
[INFO] [stdout]   10:     0x577f0c63c66c - core[df12db4294e9bfd3]::panicking::panic_fmt
[INFO] [stdout]   11:     0x577f0c570a94 - zbus_lockstep[b47a8900e6804fda]::macros::test::test_signal_body_signature_macro_with_interface::{closure#0}
[INFO] [stdout]   12:     0x577f0c576bc7 - zbus_lockstep[b47a8900e6804fda]::macros::test::test_signal_body_signature_macro_with_interface
[INFO] [stdout]   13:     0x577f0c58a8d9 - <zbus_lockstep[b47a8900e6804fda]::macros::test::test_signal_body_signature_macro_with_interface::{closure#0} as core[df12db4294e9bfd3]::ops::function::FnOnce<()>>::call_once
[INFO] [stdout]   14:     0x577f0c59044b - test[9d35eded1c95d3be]::__rust_begin_short_backtrace::<core[df12db4294e9bfd3]::result::Result<(), alloc[2182bb758b4b3781]::string::String>, fn() -> core[df12db4294e9bfd3]::result::Result<(), alloc[2182bb758b4b3781]::string::String>>
[INFO] [stdout]   15:     0x577f0c59dab5 - test[9d35eded1c95d3be]::run_test::{closure#0}
[INFO] [stdout]   16:     0x577f0c597374 - std[70759c8f55707aa4]::sys::backtrace::__rust_begin_short_backtrace::<test[9d35eded1c95d3be]::run_test::{closure#1}, ()>
[INFO] [stdout]   17:     0x577f0c5a0c12 - <std[70759c8f55707aa4]::thread::lifecycle::spawn_unchecked<test[9d35eded1c95d3be]::run_test::{closure#1}, ()>::{closure#1} as core[df12db4294e9bfd3]::ops::function::FnOnce<()>>::call_once::{shim:vtable#0}
[INFO] [stdout]   18:     0x577f0c6270e9 - <std[70759c8f55707aa4]::sys::thread::unix::Thread>::new::thread_start
[INFO] [stdout]   19:     0x7b7b531fbdfa - <unknown>
[INFO] [stdout]   20:     0x7b7b5328f3d4 - clone
[INFO] [stdout]   21:                0x0 - <unknown>
[INFO] [stdout] 
[INFO] [stdout] ---- macros::test::test_signal_body_signature_macro_with_interface_and_identifiers stdout ----
[INFO] [stdout] 
[INFO] [stdout] thread 'macros::test::test_signal_body_signature_macro_with_interface_and_identifiers' (1691) panicked at src/macros.rs:596:13:
[INFO] [stdout] Failed to resolve XML path: No XML path provided and default XML path not found. Searched directory: "/opt/rustwide/workdir"
[INFO] [stdout] stack backtrace:
[INFO] [stdout]    0:     0x577f0c627811 - <<std[70759c8f55707aa4]::sys::backtrace::BacktraceLock>::print::DisplayBacktrace as core[df12db4294e9bfd3]::fmt::Display>::fmt
[INFO] [stdout]    1:     0x577f0c63bf3a - core[df12db4294e9bfd3]::fmt::write
[INFO] [stdout]    2:     0x577f0c62c0cc - <alloc[2182bb758b4b3781]::vec::Vec<u8> as core[df12db4294e9bfd3]::io::write::Write>::write_fmt
[INFO] [stdout]    3:     0x577f0c603586 - std[70759c8f55707aa4]::panicking::default_hook::{closure#0}
[INFO] [stdout]    4:     0x577f0c61fba9 - std[70759c8f55707aa4]::panicking::default_hook
[INFO] [stdout]    5:     0x577f0c59d160 - test[9d35eded1c95d3be]::test_main_inner::<test[9d35eded1c95d3be]::test_main_static::{closure#0}>::{closure#0}
[INFO] [stdout]    6:     0x577f0c61fd62 - std[70759c8f55707aa4]::panicking::panic_with_hook
[INFO] [stdout]    7:     0x577f0c603632 - std[70759c8f55707aa4]::panicking::panic_handler::{closure#0}
[INFO] [stdout]    8:     0x577f0c5fc269 - std[70759c8f55707aa4]::sys::backtrace::__rust_end_short_backtrace::<std[70759c8f55707aa4]::panicking::panic_handler::{closure#0}, !>
[INFO] [stdout]    9:     0x577f0c60422d - __rustc[8fa7c3cbc660c2b3]::rust_begin_unwind
[INFO] [stdout]   10:     0x577f0c63c66c - core[df12db4294e9bfd3]::panicking::panic_fmt
[INFO] [stdout]   11:     0x577f0c570e04 - zbus_lockstep[b47a8900e6804fda]::macros::test::test_signal_body_signature_macro_with_interface_and_identifiers::{closure#0}
[INFO] [stdout]   12:     0x577f0c5822f7 - zbus_lockstep[b47a8900e6804fda]::macros::test::test_signal_body_signature_macro_with_interface_and_identifiers
[INFO] [stdout]   13:     0x577f0c58aa39 - <zbus_lockstep[b47a8900e6804fda]::macros::test::test_signal_body_signature_macro_with_interface_and_identifiers::{closure#0} as core[df12db4294e9bfd3]::ops::function::FnOnce<()>>::call_once
[INFO] [stdout]   14:     0x577f0c59044b - test[9d35eded1c95d3be]::__rust_begin_short_backtrace::<core[df12db4294e9bfd3]::result::Result<(), alloc[2182bb758b4b3781]::string::String>, fn() -> core[df12db4294e9bfd3]::result::Result<(), alloc[2182bb758b4b3781]::string::String>>
[INFO] [stdout]   15:     0x577f0c59dab5 - test[9d35eded1c95d3be]::run_test::{closure#0}
[INFO] [stdout]   16:     0x577f0c597374 - std[70759c8f55707aa4]::sys::backtrace::__rust_begin_short_backtrace::<test[9d35eded1c95d3be]::run_test::{closure#1}, ()>
[INFO] [stdout]   17:     0x577f0c5a0c12 - <std[70759c8f55707aa4]::thread::lifecycle::spawn_unchecked<test[9d35eded1c95d3be]::run_test::{closure#1}, ()>::{closure#1} as core[df12db4294e9bfd3]::ops::function::FnOnce<()>>::call_once::{shim:vtable#0}
[INFO] [stdout]   18:     0x577f0c6270e9 - <std[70759c8f55707aa4]::sys::thread::unix::Thread>::new::thread_start
[INFO] [stdout]   19:     0x7b7b531fbdfa - <unknown>
[INFO] [stdout]   20:     0x7b7b5328f3d4 - clone
[INFO] [stdout]   21:                0x0 - <unknown>
[INFO] [stdout] 
[INFO] [stdout] ---- macros::test::test_method_return_signature_macro_with_interface stdout ----
[INFO] [stdout] 
[INFO] [stdout] thread 'macros::test::test_method_return_signature_macro_with_interface' (1680) panicked at src/macros.rs:704:19:
[INFO] [stdout] Failed to resolve XML path: No XML path provided and default XML path not found. Searched directory: "/opt/rustwide/workdir"
[INFO] [stdout] stack backtrace:
[INFO] [stdout]    0:     0x577f0c627811 - <<std[70759c8f55707aa4]::sys::backtrace::BacktraceLock>::print::DisplayBacktrace as core[df12db4294e9bfd3]::fmt::Display>::fmt
[INFO] [stdout]    1:     0x577f0c63bf3a - core[df12db4294e9bfd3]::fmt::write
[INFO] [stdout]    2:     0x577f0c62c0cc - <alloc[2182bb758b4b3781]::vec::Vec<u8> as core[df12db4294e9bfd3]::io::write::Write>::write_fmt
[INFO] [stdout]    3:     0x577f0c603586 - std[70759c8f55707aa4]::panicking::default_hook::{closure#0}
[INFO] [stdout]    4:     0x577f0c61fba9 - std[70759c8f55707aa4]::panicking::default_hook
[INFO] [stdout]    5:     0x577f0c59d160 - test[9d35eded1c95d3be]::test_main_inner::<test[9d35eded1c95d3be]::test_main_static::{closure#0}>::{closure#0}
[INFO] [stdout]    6:     0x577f0c61fd62 - std[70759c8f55707aa4]::panicking::panic_with_hook
[INFO] [stdout]    7:     0x577f0c603632 - std[70759c8f55707aa4]::panicking::panic_handler::{closure#0}
[INFO] [stdout]    8:     0x577f0c5fc269 - std[70759c8f55707aa4]::sys::backtrace::__rust_end_short_backtrace::<std[70759c8f55707aa4]::panicking::panic_handler::{closure#0}, !>
[INFO] [stdout]    9:     0x577f0c60422d - __rustc[8fa7c3cbc660c2b3]::rust_begin_unwind
[INFO] [stdout]   10:     0x577f0c63c66c - core[df12db4294e9bfd3]::panicking::panic_fmt
[INFO] [stdout]   11:     0x577f0c570b84 - zbus_lockstep[b47a8900e6804fda]::macros::test::test_method_return_signature_macro_with_interface::{closure#0}
[INFO] [stdout]   12:     0x577f0c579c56 - zbus_lockstep[b47a8900e6804fda]::macros::test::test_method_return_signature_macro_with_interface
[INFO] [stdout]   13:     0x577f0c58a939 - <zbus_lockstep[b47a8900e6804fda]::macros::test::test_method_return_signature_macro_with_interface::{closure#0} as core[df12db4294e9bfd3]::ops::function::FnOnce<()>>::call_once
[INFO] [stdout]   14:     0x577f0c59044b - test[9d35eded1c95d3be]::__rust_begin_short_backtrace::<core[df12db4294e9bfd3]::result::Result<(), alloc[2182bb758b4b3781]::string::String>, fn() -> core[df12db4294e9bfd3]::result::Result<(), alloc[2182bb758b4b3781]::string::String>>
[INFO] [stdout]   15:     0x577f0c59dab5 - test[9d35eded1c95d3be]::run_test::{closure#0}
[INFO] [stdout]   16:     0x577f0c597374 - std[70759c8f55707aa4]::sys::backtrace::__rust_begin_short_backtrace::<test[9d35eded1c95d3be]::run_test::{closure#1}, ()>
[INFO] [stdout]   17:     0x577f0c5a0c12 - <std[70759c8f55707aa4]::thread::lifecycle::spawn_unchecked<test[9d35eded1c95d3be]::run_test::{closure#1}, ()>::{closure#1} as core[df12db4294e9bfd3]::ops::function::FnOnce<()>>::call_once::{shim:vtable#0}
[INFO] [stdout]   18:     0x577f0c6270e9 - <std[70759c8f55707aa4]::sys::thread::unix::Thread>::new::thread_start
[INFO] [stdout]   19:     0x7b7b531fbdfa - <unknown>
[INFO] [stdout]   20:     0x7b7b5328f3d4 - clone
[INFO] [stdout]   21:                0x0 - <unknown>
[INFO] [stdout] 
[INFO] [stdout] 
[INFO] [stdout] failures:
[INFO] [stdout]     macros::test::test_method_args_signature_macro
[INFO] [stdout]     macros::test::test_method_args_signature_macro_with_argument_and_identifiers_and_interface
[INFO] [stdout]     macros::test::test_method_args_signature_macro_with_argument_and_interface
[INFO] [stdout]     macros::test::test_method_args_signature_macro_with_identifier
[INFO] [stdout]     macros::test::test_method_args_signature_macro_with_interface
[INFO] [stdout]     macros::test::test_method_args_signature_macro_with_interface_and_identifiers
[INFO] [stdout]     macros::test::test_method_return_signature_macro
[INFO] [stdout]     macros::test::test_method_return_signature_macro_with_argument_and_identifiers_and_interface
[INFO] [stdout]     macros::test::test_method_return_signature_macro_with_argument_and_interface
[INFO] [stdout]     macros::test::test_method_return_signature_macro_with_identifier
[INFO] [stdout]     macros::test::test_method_return_signature_macro_with_interface
[INFO] [stdout]     macros::test::test_method_return_signature_macro_with_interface_and_identifiers
[INFO] [stdout]     macros::test::test_property_type_signature_macro
[INFO] [stdout]     macros::test::test_property_type_signature_macro_with_identifier
[INFO] [stdout]     macros::test::test_property_type_signature_macro_with_interface
[INFO] [stdout]     macros::test::test_property_type_signature_macro_with_interface_and_identifiers
[INFO] [stdout]     macros::test::test_signal_body_signature_macro
[INFO] [stdout]     macros::test::test_signal_body_signature_macro_with_argument_and_identifiers_and_interface
[INFO] [stdout]     macros::test::test_signal_body_signature_macro_with_argument_and_interface
[INFO] [stdout]     macros::test::test_signal_body_signature_macro_with_identifier
[INFO] [stdout]     macros::test::test_signal_body_signature_macro_with_interface
[INFO] [stdout]     macros::test::test_signal_body_signature_macro_with_interface_and_identifiers
[INFO] [stdout] 
[INFO] [stdout] test result: FAILED. 3 passed; 22 failed; 0 ignored; 0 measured; 0 filtered out; finished in 0.01s
[INFO] [stdout] 
[INFO] running `Command { std: "docker" "inspect" "86418265150acd6ef62198eb9ecafabe49a3ea116161417137dc37f8d3ef1245", kill_on_drop: false }`
[INFO] running `Command { std: "docker" "rm" "-f" "86418265150acd6ef62198eb9ecafabe49a3ea116161417137dc37f8d3ef1245", kill_on_drop: false }`
[INFO] [stdout] 86418265150acd6ef62198eb9ecafabe49a3ea116161417137dc37f8d3ef1245
