[INFO] fetching crate zavora-xlsx 0.1.2...
[INFO] testing zavora-xlsx-0.1.2 against 1.100.0-beta.1+cargoflags=--release for beta-release-1.100-2
[INFO] extracting crate zavora-xlsx 0.1.2 into /workspace/builds/worker-4-tc2/source
[INFO] started tweaking crates.io crate zavora-xlsx 0.1.2
[INFO] removed 0 missing examples
[INFO] removed 0 missing tests
[INFO] finished tweaking crates.io crate zavora-xlsx 0.1.2
[INFO] tweaked toml for crates.io crate zavora-xlsx 0.1.2 written to /workspace/builds/worker-4-tc2/source/Cargo.toml
[INFO] validating manifest of crates.io crate zavora-xlsx 0.1.2 on toolchain 1.100.0-beta.1
[INFO] running `Command { std: CARGO_HOME="/workspace/cargo-home" RUSTUP_HOME="/workspace/rustup-home" "/workspace/cargo-home/bin/cargo" "+1.100.0-beta.1" "metadata" "--manifest-path" "Cargo.toml" "--no-deps", kill_on_drop: false }`
[INFO] crate crates.io crate zavora-xlsx 0.1.2 already has a lockfile, it will not be regenerated
[INFO] running `Command { std: CARGO_HOME="/workspace/cargo-home" RUSTUP_HOME="/workspace/rustup-home" "/workspace/cargo-home/bin/cargo" "+1.100.0-beta.1" "fetch" "--manifest-path" "Cargo.toml", kill_on_drop: false }`
[INFO] running `Command { std: "docker" "create" "-v" "/var/lib/crater-agent-workspace/builds/worker-4-tc2/source:/opt/rustwide/workdir:ro,Z" "-v" "/var/lib/crater-agent-workspace/builds/worker-4-tc2/target:/opt/rustwide/target:rw,Z" "-v" "/var/lib/crater-agent-workspace/cargo-home:/opt/rustwide/cargo-home:ro,Z" "-v" "/var/lib/crater-agent-workspace/rustup-home:/opt/rustwide/rustup-home:ro,Z" "-m" "1610612736" "--network" "none" "ghcr.io/rust-lang/crates-build-env/linux@sha256:77db811e55d90add9212f6832c23229e3de5f1c1f9905e8cb07319ea15df73ac" "sleep" "infinity", kill_on_drop: false }`
[INFO] [stdout] b6c36443cc5c8ec5f0c5f0acdfe38bc65346315874229477828af743c85ae269
[INFO] running `Command { std: "docker" "start" "b6c36443cc5c8ec5f0c5f0acdfe38bc65346315874229477828af743c85ae269", kill_on_drop: false }`
[INFO] running `Command { std: "docker" "inspect" "b6c36443cc5c8ec5f0c5f0acdfe38bc65346315874229477828af743c85ae269", kill_on_drop: false }`
[INFO] running `Command { std: "docker" "exec" "-e" "SOURCE_DIR=/opt/rustwide/workdir" "-e" "CARGO_HOME=/opt/rustwide/cargo-home" "-e" "RUSTUP_HOME=/opt/rustwide/rustup-home" "-e" "CARGO_TARGET_DIR=/opt/rustwide/target" "-w" "/opt/rustwide/workdir" "--user" "0:0" "b6c36443cc5c8ec5f0c5f0acdfe38bc65346315874229477828af743c85ae269" "/opt/rustwide/cargo-home/bin/cargo" "+1.100.0-beta.1" "metadata" "--no-deps" "--format-version=1", kill_on_drop: false }`
[INFO] running `Command { std: "docker" "inspect" "b6c36443cc5c8ec5f0c5f0acdfe38bc65346315874229477828af743c85ae269", kill_on_drop: false }`
[INFO] running `Command { std: "docker" "exec" "-e" "SOURCE_DIR=/opt/rustwide/workdir" "-e" "CARGO_HOME=/opt/rustwide/cargo-home" "-e" "RUSTUP_HOME=/opt/rustwide/rustup-home" "-e" "CARGO_TARGET_DIR=/opt/rustwide/target" "-e" "CARGO_INCREMENTAL=0" "-e" "RUST_BACKTRACE=full" "-e" "RUSTFLAGS=--cap-lints=warn" "-e" "RUSTDOCFLAGS=--cap-lints=warn" "-w" "/opt/rustwide/workdir" "--user" "0:0" "b6c36443cc5c8ec5f0c5f0acdfe38bc65346315874229477828af743c85ae269" "/opt/rustwide/cargo-home/bin/cargo" "+1.100.0-beta.1" "build" "--frozen" "--message-format=json" "--release", kill_on_drop: false }`
[INFO] [stderr]    Compiling simd-adler32 v0.3.9
[INFO] [stderr]    Compiling zip v2.4.2
[INFO] [stderr]    Compiling debug_unsafe v0.1.4
[INFO] [stderr]    Compiling fast-float2 v0.2.3
[INFO] [stderr]    Compiling indexmap v2.13.1
[INFO] [stderr]    Compiling quick-xml v0.41.0
[INFO] [stderr]    Compiling displaydoc v0.2.5
[INFO] [stderr]    Compiling atoi_simd v0.16.1
[INFO] [stderr]    Compiling miniz_oxide v0.8.9
[INFO] [stderr]    Compiling zopfli v0.8.3
[INFO] [stderr]    Compiling flate2 v1.1.9
[INFO] [stderr]    Compiling zavora-xlsx v0.1.2 (/opt/rustwide/workdir)
[INFO] [stderr]     Finished `release` profile [optimized] target(s) in 29.43s
[INFO] running `Command { std: "docker" "inspect" "b6c36443cc5c8ec5f0c5f0acdfe38bc65346315874229477828af743c85ae269", kill_on_drop: false }`
[INFO] running `Command { std: "docker" "exec" "-e" "SOURCE_DIR=/opt/rustwide/workdir" "-e" "CARGO_HOME=/opt/rustwide/cargo-home" "-e" "RUSTUP_HOME=/opt/rustwide/rustup-home" "-e" "CARGO_TARGET_DIR=/opt/rustwide/target" "-e" "CARGO_INCREMENTAL=0" "-e" "RUST_BACKTRACE=full" "-e" "RUSTFLAGS=--cap-lints=warn" "-e" "RUSTDOCFLAGS=--cap-lints=warn" "-w" "/opt/rustwide/workdir" "--user" "0:0" "b6c36443cc5c8ec5f0c5f0acdfe38bc65346315874229477828af743c85ae269" "/opt/rustwide/cargo-home/bin/cargo" "+1.100.0-beta.1" "test" "--frozen" "--no-run" "--message-format=json" "--release", kill_on_drop: false }`
[INFO] [stderr]    Compiling libc v0.2.184
[INFO] [stderr]    Compiling codepage v0.1.2
[INFO] [stderr]    Compiling flate2 v1.1.9
[INFO] [stderr]    Compiling thiserror-impl v2.0.18
[INFO] [stderr]    Compiling serde_derive v1.0.228
[INFO] [stderr]    Compiling displaydoc v0.2.5
[INFO] [stderr]    Compiling atoi_simd v0.18.1
[INFO] [stderr]    Compiling zavora-xlsx-derive v0.1.1
[INFO] [stderr]    Compiling zip v8.6.0
[INFO] [stderr]    Compiling getrandom v0.4.2
[INFO] [stderr]    Compiling thiserror v2.0.18
[INFO] [stderr]    Compiling zip v2.4.2
[INFO] [stderr]    Compiling tempfile v3.27.0
[INFO] [stderr]    Compiling zavora-xlsx v0.1.2 (/opt/rustwide/workdir)
[INFO] [stderr]    Compiling serde v1.0.228
[INFO] [stderr]    Compiling calamine v0.36.1
[INFO] [stderr]     Finished `release` profile [optimized] target(s) in 2m 44s
[INFO] running `Command { std: "docker" "inspect" "b6c36443cc5c8ec5f0c5f0acdfe38bc65346315874229477828af743c85ae269", kill_on_drop: false }`
[INFO] running `Command { std: "docker" "exec" "-e" "SOURCE_DIR=/opt/rustwide/workdir" "-e" "CARGO_HOME=/opt/rustwide/cargo-home" "-e" "RUSTUP_HOME=/opt/rustwide/rustup-home" "-e" "CARGO_TARGET_DIR=/opt/rustwide/target" "-e" "CARGO_INCREMENTAL=0" "-e" "RUST_BACKTRACE=full" "-e" "RUSTFLAGS=--cap-lints=warn" "-e" "RUSTDOCFLAGS=--cap-lints=warn" "-w" "/opt/rustwide/workdir" "--user" "0:0" "b6c36443cc5c8ec5f0c5f0acdfe38bc65346315874229477828af743c85ae269" "/opt/rustwide/cargo-home/bin/cargo" "+1.100.0-beta.1" "test" "--frozen" "--release", kill_on_drop: false }`
[INFO] [stderr]     Finished `release` profile [optimized] target(s) in 0.19s
[INFO] [stderr]      Running unittests src/lib.rs (/opt/rustwide/target/release/build/zavora-xlsx/3785f7c1d7b5abd0/out/zavora_xlsx-3785f7c1d7b5abd0)
[INFO] [stdout] 
[INFO] [stdout] running 178 tests
[INFO] [stdout] test crypto::tests::test_decrypt_returns_unsupported ... ok
[INFO] [stdout] test datetime::tests::known_dates ... ok
[INFO] [stdout] test formats::strict_ooxml::tests::test_convert_strict_to_transitional ... ok
[INFO] [stdout] test formats::csv_export::tests::test_escape_csv_field_with_comma ... ok
[INFO] [stdout] test formats::csv_export::tests::test_escape_csv_field_with_quote ... ok
[INFO] [stdout] test datetime::tests::roundtrip ... ok
[INFO] [stdout] test datetime::tests::parse_iso ... ok
[INFO] [stdout] test formats::csv_export::tests::test_csv_options_default ... ok
[INFO] [stdout] test formats::csv_export::tests::test_escape_csv_field_with_newline ... ok
[INFO] [stdout] test formats::strict_ooxml::tests::test_convert_multiple_namespaces ... ok
[INFO] [stdout] test crypto::tests::test_ole2_magic_detection ... ok
[INFO] [stdout] test formula::tests::absolute_refs_shifted ... ok
[INFO] [stdout] test formula::tests::function_names_not_shifted ... ok
[INFO] [stdout] test formula::tests::quoted_strings_preserved ... ok
[INFO] [stdout] test formats::csv_export::tests::test_csv_options_tsv ... ok
[INFO] [stdout] test formula_engine::dependency::tests::test_linear_chain ... ok
[INFO] [stdout] test formats::csv_export::tests::test_escape_csv_field_plain ... ok
[INFO] [stdout] test formats::strict_ooxml::tests::test_detect_transitional_not_strict ... ok
[INFO] [stdout] test formula_engine::dependency::tests::test_no_cycle_empty_graph ... ok
[INFO] [stdout] test formula_engine::dependency::tests::test_range_dependency ... ok
[INFO] [stdout] test formats::strict_ooxml::tests::test_map_strict_to_transitional ... ok
[INFO] [stdout] test formats::strict_ooxml::tests::test_save_strict_returns_unsupported ... ok
[INFO] [stdout] test formula_engine::evaluator::tests::test_arithmetic ... ok
[INFO] [stdout] test formula_engine::evaluator::tests::test_cse_array_from_range ... ok
[INFO] [stdout] test formats::strict_ooxml::tests::test_detect_strict_ooxml ... ok
[INFO] [stdout] test datetime::tests::with_time ... ok
[INFO] [stdout] test formula::tests::delete_row_shifts_refs ... ok
[INFO] [stdout] test formula_engine::evaluator::tests::test_division_by_zero ... ok
[INFO] [stdout] test formula_engine::evaluator::tests::test_cse_array_overflow_fills_na ... ok
[INFO] [stdout] test formula::tests::insert_col_shifts_refs ... ok
[INFO] [stdout] test formula::tests::insert_row_shifts_refs ... ok
[INFO] [stdout] test formula_engine::dependency::tests::test_cycle_detection ... ok
[INFO] [stdout] test formula_engine::dependency::tests::test_diamond_dependency ... ok
[INFO] [stdout] test formula_engine::evaluator::tests::test_cse_array_scalar_replication ... ok
[INFO] [stdout] test formula_engine::evaluator::tests::test_cell_reference ... ok
[INFO] [stdout] test formula_engine::evaluator::tests::test_comparison ... ok
[INFO] [stdout] test formula_engine::evaluator::tests::test_dynamic_spill_conflict ... ok
[INFO] [stdout] test formula_engine::evaluator::tests::test_dynamic_spill_ok ... ok
[INFO] [stdout] test formula_engine::evaluator::tests::test_error_propagation ... ok
[INFO] [stdout] test formula_engine::evaluator::tests::test_percent ... ok
[INFO] [stdout] test formula_engine::evaluator::tests::test_precedence ... ok
[INFO] [stdout] test formula_engine::dependency::tests::test_dependents_of ... ok
[INFO] [stdout] test formula_engine::evaluator::tests::test_unary_minus ... ok
[INFO] [stdout] test formula_engine::functions::date::tests::test_date_rollover ... ok
[INFO] [stdout] test formula_engine::functions::date::tests::test_date_two_digit_year ... ok
[INFO] [stdout] test formula_engine::functions::date::tests::test_edate_end_of_month ... ok
[INFO] [stdout] test formula_engine::functions::date::tests::test_today_now ... ok
[INFO] [stdout] test formula_engine::functions::date::tests::test_year_month_day_epoch ... ok
[INFO] [stdout] test formula_engine::functions::logical::tests::test_and ... ok
[INFO] [stdout] test formula_engine::functions::logical::tests::test_and_or_with_arrays ... ok
[INFO] [stdout] test formula_engine::functions::logical::tests::test_error_propagation ... ok
[INFO] [stdout] test formula_engine::functions::logical::tests::test_ifs ... ok
[INFO] [stdout] test formula_engine::functions::logical::tests::test_ifs_with_numbers ... ok
[INFO] [stdout] test formula_engine::functions::logical::tests::test_not ... ok
[INFO] [stdout] test formula_engine::functions::logical::tests::test_or ... ok
[INFO] [stdout] test formula_engine::functions::lookup::tests::test_hlookup_approximate ... ok
[INFO] [stdout] test formula_engine::functions::lookup::tests::test_hlookup_exact ... ok
[INFO] [stdout] test formula_engine::functions::lookup::tests::test_hlookup_row_index_out_of_range ... ok
[INFO] [stdout] test formula_engine::functions::logical::tests::test_iferror ... ok
[INFO] [stdout] test formula_engine::functions::logical::tests::test_ifna ... ok
[INFO] [stdout] test formula_engine::functions::logical::tests::test_switch ... ok
[INFO] [stdout] test formula_engine::functions::lookup::tests::test_offset_stub ... ok
[INFO] [stdout] test formula_engine::evaluator::tests::test_sum_range ... ok
[INFO] [stdout] test formula_engine::functions::lookup::tests::test_xlookup_exact ... ok
[INFO] [stdout] test formula_engine::functions::date::tests::test_date_basic ... ok
[INFO] [stdout] test formula_engine::functions::logical::tests::test_switch_with_strings ... ok
[INFO] [stdout] test formula_engine::functions::lookup::tests::test_indirect_stub ... ok
[INFO] [stdout] test formula_engine::functions::lookup::tests::test_xlookup_next_larger ... ok
[INFO] [stdout] test formula_engine::functions::date::tests::test_edate ... ok
[INFO] [stdout] test formula_engine::functions::date::tests::test_eomonth ... ok
[INFO] [stdout] test formula_engine::functions::date::tests::test_networkdays ... ok
[INFO] [stdout] test formula_engine::functions::date::tests::test_year_month_day ... ok
[INFO] [stdout] test formula_engine::functions::math::tests::test_rounddown ... ok
[INFO] [stdout] test formula_engine::functions::math::tests::test_abs ... ok
[INFO] [stdout] test formula_engine::functions::math::tests::test_log ... ok
[INFO] [stdout] test formula_engine::evaluator::tests::test_dynamic_spill_scalar ... ok
[INFO] [stdout] test formula_engine::evaluator::tests::test_empty_cell_is_zero ... ok
[INFO] [stdout] test formula_engine::evaluator::tests::test_string_concat ... ok
[INFO] [stdout] test formula_engine::functions::math::tests::test_pi ... ok
[INFO] [stdout] test formula_engine::functions::lookup::tests::test_xlookup_next_smaller ... ok
[INFO] [stdout] test formula_engine::functions::math::tests::test_power ... ok
[INFO] [stdout] test formula_engine::functions::math::tests::test_round ... ok
[INFO] [stdout] test formula_engine::functions::math::tests::test_error_propagation ... ok
[INFO] [stdout] test formula_engine::functions::statistical::tests::test_countif ... ok
[INFO] [stdout] test formula_engine::functions::math::tests::test_roundup ... ok
[INFO] [stdout] test formula_engine::functions::math::tests::test_sqrt ... ok
[INFO] [stdout] test formula_engine::functions::math::tests::test_ln ... ok
[INFO] [stdout] test formula_engine::functions::math::tests::test_mod ... ok
[INFO] [stdout] test formula_engine::functions::statistical::tests::test_countif_wildcard ... ok
[INFO] [stdout] test formula_engine::functions::math::tests::test_exp ... ok
[INFO] [stdout] test formula_engine::functions::statistical::tests::test_rank_descending ... ok
[INFO] [stdout] test formula_engine::functions::statistical::tests::test_median_even ... ok
[INFO] [stdout] test formula_engine::functions::statistical::tests::test_stdev ... ok
[INFO] [stdout] test formula_engine::functions::statistical::tests::test_median_odd ... ok
[INFO] [stdout] test formula_engine::functions::statistical::tests::test_stdev_insufficient_data ... ok
[INFO] [stdout] test formula_engine::functions::statistical::tests::test_percentile ... ok
[INFO] [stdout] test formula_engine::functions::statistical::tests::test_var ... ok
[INFO] [stdout] test formula_engine::functions::statistical::tests::test_wildcard_match ... ok
[INFO] [stdout] test formula_engine::functions::text::tests::test_left ... ok
[INFO] [stdout] test formula_engine::functions::text::tests::test_len ... ok
[INFO] [stdout] test formula_engine::functions::statistical::tests::test_percentile_out_of_range ... ok
[INFO] [stdout] test formula_engine::functions::statistical::tests::test_rank_ascending ... ok
[INFO] [stdout] test formula_engine::functions::text::tests::test_mid ... ok
[INFO] [stdout] test formula_engine::functions::text::tests::test_number_coercion ... ok
[INFO] [stdout] test formula_engine::functions::text::tests::test_right ... ok
[INFO] [stdout] test formula_engine::functions::text::tests::test_substitute ... ok
[INFO] [stdout] test formula_engine::functions::text::tests::test_trim ... ok
[INFO] [stdout] test formula_engine::parser::tests::test_power_right_associative ... ok
[INFO] [stdout] test formula_engine::parser::tests::test_addition ... ok
[INFO] [stdout] test formula_engine::parser::tests::test_nested_functions ... ok
[INFO] [stdout] test formula_engine::parser::tests::test_concat ... ok
[INFO] [stdout] test formula_engine::functions::text::tests::test_concatenate ... ok
[INFO] [stdout] test formula_engine::parser::tests::test_sheet_ref ... ok
[INFO] [stdout] test formula_engine::parser::tests::test_function_call ... ok
[INFO] [stdout] test formula_engine::printer::tests::test_roundtrip_absolute ... ok
[INFO] [stdout] test formula_engine::printer::tests::test_roundtrip_array ... ok
[INFO] [stdout] test formula_engine::functions::statistical::tests::test_sumif ... ok
[INFO] [stdout] test formula_engine::functions::statistical::tests::test_sumif_with_sum_range ... ok
[INFO] [stdout] test formula_engine::functions::text::tests::test_error_propagation ... ok
[INFO] [stdout] test formula_engine::functions::text::tests::test_upper_lower ... ok
[INFO] [stdout] test formula_engine::parser::tests::test_array_literal ... ok
[INFO] [stdout] test formula_engine::parser::tests::test_comparison ... ok
[INFO] [stdout] test formula_engine::parser::tests::test_parentheses ... ok
[INFO] [stdout] test formula_engine::printer::tests::test_roundtrip_simple ... ok
[INFO] [stdout] test formula_engine::recalc::tests::test_contains_volatile ... ok
[INFO] [stdout] test formula_engine::recalc::tests::test_is_volatile ... ok
[INFO] [stdout] test formula_engine::printer::tests::test_roundtrip_string ... ok
[INFO] [stdout] test formula_engine::parser::tests::test_precedence_mul_over_add ... ok
[INFO] [stdout] test formula_engine::printer::tests::test_roundtrip_precedence ... ok
[INFO] [stdout] test formula_engine::token::tests::test_absolute_refs ... ok
[INFO] [stdout] test formula_engine::parser::tests::test_range ... ok
[INFO] [stdout] test formula_engine::token::tests::test_array_literal ... ok
[INFO] [stdout] test formula_engine::token::tests::test_comparison_operators ... ok
[INFO] [stdout] test formula_engine::token::tests::test_boolean_literals ... ok
[INFO] [stdout] test formula_engine::parser::tests::test_simple_number ... ok
[INFO] [stdout] test formula_engine::printer::tests::test_roundtrip_function ... ok
[INFO] [stdout] test formula_engine::parser::tests::test_unary_minus ... ok
[INFO] [stdout] test formula_engine::printer::tests::test_parse_print_parse_equivalence ... ok
[INFO] [stdout] test formula_engine::printer::tests::test_roundtrip_nested ... ok
[INFO] [stdout] test formula_engine::printer::tests::test_roundtrip_sheet_ref ... ok
[INFO] [stdout] test formula_engine::recalc::tests::test_recalculate_circular_reference ... ok
[INFO] [stdout] test formula_engine::recalc::tests::test_recalculate_diamond ... ok
[INFO] [stdout] test formula_engine::recalc::tests::test_recalculate_linear_chain ... ok
[INFO] [stdout] test formula_engine::recalc::tests::test_recalculate_volatile_function ... ok
[INFO] [stdout] test formula_engine::token::tests::test_error_literal ... ok
[INFO] [stdout] test formula_engine::token::tests::test_multi_letter_column ... ok
[INFO] [stdout] test formula_engine::token::tests::test_structured_ref ... ok
[INFO] [stdout] test formula_engine::token::tests::test_string_literal ... ok
[INFO] [stdout] test formula_engine::token::tests::test_nested_functions ... ok
[INFO] [stdout] test formula_engine::token::tests::test_number_scientific ... ok
[INFO] [stdout] test formula_engine::token::tests::test_complex_formula ... ok
[INFO] [stdout] test model::style_registry::tests::dedup_identical_formats ... ok
[INFO] [stdout] test formula_engine::token::tests::test_concat_operator ... ok
[INFO] [stdout] test formula_engine::token::tests::test_function_call ... ok
[INFO] [stdout] test reader::comment_reader::tests::test_parse_comments_basic ... ok
[INFO] [stdout] test reader::comment_reader::tests::test_find_comments_path_no_comments_rel ... ok
[INFO] [stdout] test reader::comment_reader::tests::test_find_comments_path_from_rels ... ok
[INFO] [stdout] test formula_engine::token::tests::test_r1c1_relative ... ok
[INFO] [stdout] test formula_engine::token::tests::test_percent_operator ... ok
[INFO] [stdout] test reader::comment_reader::tests::test_parse_comments_malformed_returns_empty ... ok
[INFO] [stdout] test reader::comment_reader::tests::test_parse_comments_empty_file ... ok
[INFO] [stdout] test formula_engine::token::tests::test_quoted_sheet_reference ... ok
[INFO] [stdout] test formula_engine::token::tests::test_sheet_reference ... ok
[INFO] [stdout] test reader::comment_reader::tests::test_parse_comments_multi_run_text ... ok
[INFO] [stdout] test formula_engine::token::tests::test_r1c1_absolute ... ok
[INFO] [stdout] test formula_engine::token::tests::test_simple_addition ... ok
[INFO] [stdout] test formula_engine::token::tests::test_string_with_escaped_quotes ... ok
[INFO] [stdout] test model::shared_strings::tests::intern_dedup ... ok
[INFO] [stdout] test model::style_registry::tests::date_format_detection ... ok
[INFO] [stdout] test model::style_registry::tests::default_format_is_zero ... ok
[INFO] [stdout] test model::style_registry::tests::different_formats_different_indices ... ok
[INFO] [stdout] test utility::tests::parse_cell_attr_fast ... ok
[INFO] [stdout] test utility::tests::parse_range ... ok
[INFO] [stdout] test reader::comment_reader::tests::test_parse_comments_plain_text ... ok
[INFO] [stdout] test utility::tests::parse_a1_errors ... ok
[INFO] [stdout] test utility::tests::col_roundtrip ... ok
[INFO] [stdout] test utility::tests::parse_a1 ... ok
[INFO] [stdout] test utility::tests::to_a1_roundtrip ... ok
[INFO] [stdout] 
[INFO] [stdout] test result: ok. 178 passed; 0 failed; 0 ignored; 0 measured; 0 filtered out; finished in 0.04s
[INFO] [stdout] 
[INFO] [stderr]      Running tests/axis_formatting_tests.rs (/opt/rustwide/target/release/build/zavora-xlsx/db953ff3fa76b3e0/out/axis_formatting_tests-db953ff3fa76b3e0)
[INFO] [stdout] 
[INFO] [stdout] running 9 tests
[INFO] [stdout] test test_axis_num_format_serialization ... ok
[INFO] [stdout] test test_axis_font_txpr_serialization ... ok
[INFO] [stdout] test test_axis_gridline_with_color_and_width ... ok
[INFO] [stdout] test test_axis_minor_gridlines_serialization ... ok
[INFO] [stdout] test test_axis_minor_tick_mark_serialization ... ok
[INFO] [stdout] test test_default_value_axis_has_major_gridlines ... ok
[INFO] [stdout] test test_axis_major_gridlines_serialization ... ok
[INFO] [stderr]      Running tests/cell_style_tests.rs (/opt/rustwide/target/release/build/zavora-xlsx/bfc4dc299e4ce533/out/cell_style_tests-bfc4dc299e4ce533)
[INFO] [stdout] test test_combined_axis_formatting ... ok
[INFO] [stdout] test test_axis_major_tick_mark_serialization ... ok
[INFO] [stdout] 
[INFO] [stdout] test result: ok. 9 passed; 0 failed; 0 ignored; 0 measured; 0 filtered out; finished in 0.01s
[INFO] [stdout] 
[INFO] [stdout] 
[INFO] [stdout] running 4 tests
[INFO] [stdout] test test_cell_style_builder_method ... ok
[INFO] [stdout] test test_cell_style_heading1_serialization ... ok
[INFO] [stdout] test test_cell_style_multiple_styles ... ok
[INFO] [stderr]      Running tests/cffi_tests.rs (/opt/rustwide/target/release/build/zavora-xlsx/84f65eb138962803/out/cffi_tests-84f65eb138962803)
[INFO] [stdout] test test_cell_style_xf_id_reference ... ok
[INFO] [stdout] 
[INFO] [stdout] test result: ok. 4 passed; 0 failed; 0 ignored; 0 measured; 0 filtered out; finished in 0.01s
[INFO] [stdout] 
[INFO] [stderr]      Running tests/chart_3d_tests.rs (/opt/rustwide/target/release/build/zavora-xlsx/a8ba93e536e16abf/out/chart_3d_tests-a8ba93e536e16abf)
[INFO] [stdout] 
[INFO] [stdout] running 0 tests
[INFO] [stdout] 
[INFO] [stdout] test result: ok. 0 passed; 0 failed; 0 ignored; 0 measured; 0 filtered out; finished in 0.00s
[INFO] [stdout] 
[INFO] [stdout] 
[INFO] [stdout] running 11 tests
[INFO] [stdout] test test_3d_area_chart_serialization ... ok
[INFO] [stdout] test test_non_3d_chart_has_no_view3d ... ok
[INFO] [stdout] test test_3d_line_chart_serialization ... ok
[INFO] [stdout] test test_3d_column_chart_serialization ... ok
[INFO] [stdout] test test_chart_style_not_emitted_when_none ... ok
[INFO] [stdout] test test_3d_bar_chart_serialization ... ok
[INFO] [stdout] test test_chart_style_roundtrip ... ok
[INFO] [stdout] test test_3d_chart_roundtrip_preserves_type ... ok
[INFO] [stdout] test test_chart_style_serialization ... ok
[INFO] [stderr]      Running tests/chart_accessories_tests.rs (/opt/rustwide/target/release/build/zavora-xlsx/3500362b2ef8fc23/out/chart_accessories_tests-3500362b2ef8fc23)
[INFO] [stdout] test test_3d_pie_chart_serialization ... ok
[INFO] [stdout] test test_3d_chart_custom_view3d ... ok
[INFO] [stdout] 
[INFO] [stdout] test result: ok. 11 passed; 0 failed; 0 ignored; 0 measured; 0 filtered out; finished in 0.06s
[INFO] [stdout] 
[INFO] [stdout] 
[INFO] [stdout] running 4 tests
[INFO] [stdout] test test_chart_sheet_duplicate_name_rejected ... ok
[INFO] [stdout] test test_drop_lines_and_hi_low_lines_in_line_chart ... ok
[INFO] [stderr]      Running tests/chart_position.rs (/opt/rustwide/target/release/build/zavora-xlsx/182a0445055e80ba/out/chart_position-182a0445055e80ba)
[INFO] [stdout] test test_chart_sheet_creation ... ok
[INFO] [stdout] test test_drop_lines_not_in_bar_chart ... ok
[INFO] [stdout] 
[INFO] [stdout] test result: ok. 4 passed; 0 failed; 0 ignored; 0 measured; 0 filtered out; finished in 0.01s
[INFO] [stdout] 
[INFO] [stdout] 
[INFO] [stdout] running 1 test
[INFO] [stdout] test a_chart_reads_back_at_the_cell_it_was_placed_at ... ok
[INFO] [stdout] 
[INFO] [stdout] test result: ok. 1 passed; 0 failed; 0 ignored; 0 measured; 0 filtered out; finished in 0.01s
[INFO] [stdout] 
[INFO] [stderr]      Running tests/chart_types_tests.rs (/opt/rustwide/target/release/build/zavora-xlsx/695b642eec3c462e/out/chart_types_tests-695b642eec3c462e)
[INFO] [stdout] 
[INFO] [stdout] running 16 tests
[INFO] [stdout] test test_histogram_chart_xml_structure ... ok
[INFO] [stdout] test test_waterfall_chart_xml_structure ... ok
[INFO] [stdout] test test_sunburst_chart_xml_structure ... ok
[INFO] [stdout] test test_box_whisker_chart_xml_structure ... ok
[INFO] [stdout] test test_funnel_chart_xml_structure ... ok
[INFO] [stdout] test test_map_chart_creation_and_xml ... ok
[INFO] [stdout] test test_bubble_chart_xml_contains_bubble_size ... ok
[INFO] [stdout] test test_waterfall_chart_creation ... ok
[INFO] [stdout] test test_map_chart_region_level ... ok
[INFO] [stdout] test test_pareto_chart_xml_structure ... ok
[INFO] [stdout] test test_sunburst_chart_with_3_levels ... ok
[INFO] [stdout] test test_histogram_chart_with_custom_bins ... ok
[INFO] [stdout] test test_funnel_chart_creation ... ok
[INFO] [stdout] test test_box_whisker_chart_creation ... ok
[INFO] [stdout] test test_map_chart_in_workbook ... ok
[INFO] [stdout] test test_bubble_chart_creation_and_xml ... ok
[INFO] [stderr]      Running tests/demo_integration.rs (/opt/rustwide/target/release/build/zavora-xlsx/02df015b3fc05892/out/demo_integration-02df015b3fc05892)
[INFO] [stdout] 
[INFO] [stdout] test result: ok. 16 passed; 0 failed; 0 ignored; 0 measured; 0 filtered out; finished in 0.01s
[INFO] [stdout] 
[INFO] [stdout] 
[INFO] [stdout] running 45 tests
[INFO] [stdout] test test_all_patterns_integration ... ok
[INFO] [stdout] test test_column_range_integration ... ok
[INFO] [stdout] test test_edit_mode_integration ... ok
[INFO] [stdout] test test_data_types_integration ... ok
[INFO] [stdout] test test_border_colors_integration ... ok
[INFO] [stdout] test test_create_integration ... ok
[INFO] [stdout] test test_formatting_integration ... ok
[INFO] [stdout] test test_conditional_formatting_integration ... ok
[INFO] [stdout] test test_formulas_complete_integration ... ok
[INFO] [stdout] test test_feature_parity_integration ... ok
[INFO] [stdout] test test_formulas_integration ... ok
[INFO] [stdout] test test_defined_names_integration ... ok
[INFO] [stdout] test test_chart_column_integration ... ok
[INFO] [stdout] test test_col_ops_integration ... ok
[INFO] [stdout] test test_autofit_integration ... ok
[INFO] [stdout] test test_data_validation_integration ... ok
[INFO] [stdout] test test_phase4_combined_integration ... ok
[INFO] [stdout] test test_image_integration ... ok
[INFO] [stdout] test test_chart_advanced_integration ... ok
[INFO] [stdout] test test_chart_all_types_integration ... ok
[INFO] [stdout] test test_multi_sheet_integration ... ok
[INFO] [stdout] test test_row_ops_integration ... ok
[INFO] [stdout] test test_protection_integration ... ok
[INFO] [stdout] test test_properties_integration ... ok
[INFO] [stdout] test test_read_back_integration ... ok
[INFO] [stdout] test test_sparklines_integration ... ok
[INFO] [stdout] test test_dashboard_integration ... ok
[INFO] [stdout] test test_pivot_table_integration ... ok
[INFO] [stdout] test test_read_multi_sheet_integration ... ok
[INFO] [stdout] test test_read_types_integration ... ok
[INFO] [stdout] test test_phase6_showcase_integration ... ok
[INFO] [stdout] test test_sprint10_showcase_integration ... ok
[INFO] [stdout] test test_rich_text_integration ... ok
[INFO] [stdout] test test_print_settings_integration ... ok
[INFO] [stdout] test test_layout_integration ... ok
[INFO] [stdout] test test_sheet_mgmt_integration ... ok
[INFO] [stdout] test test_table_integration ... ok
[INFO] [stdout] test test_sprint11_showcase_integration ... ok
[INFO] [stdout] test test_sprint12_showcase_integration ... ok
[INFO] [stdout] test test_sprint8_showcase_integration ... ok
[INFO] [stdout] test test_sprint7_showcase_integration ... ok
[INFO] [stdout] test test_acme_financial_model_integration ... ok
[INFO] [stdout] test test_sprint9_showcase_integration ... ok
[INFO] [stdout] test test_streaming_integration ... ok
[INFO] [stdout] test test_large_integration ... ok
[INFO] [stdout] 
[INFO] [stdout] test result: ok. 45 passed; 0 failed; 0 ignored; 0 measured; 0 filtered out; finished in 1.03s
[INFO] [stdout] 
[INFO] [stderr]      Running tests/ecosystem_tests.rs (/opt/rustwide/target/release/build/zavora-xlsx/f143b31713ce5a16/out/ecosystem_tests-f143b31713ce5a16)
[INFO] [stdout] 
[INFO] [stdout] running 7 tests
[INFO] [stdout] test test_cffi_feature_flag_exists ... ok
[INFO] [stdout] test test_node_placeholder_module_exists ... ok
[INFO] [stdout] test test_python_placeholder_module_exists ... ok
[INFO] [stdout] test test_wasm_support_module_exists ... ok
[INFO] [stdout] test test_derive_placeholder_module_exists ... ok
[INFO] [stdout] test test_cli_placeholder_module_exists ... ok
[INFO] [stderr]      Running tests/edit_tests.rs (/opt/rustwide/target/release/build/zavora-xlsx/d0037bb4611d97ad/out/edit_tests-d0037bb4611d97ad)
[INFO] [stdout] test test_buffer_roundtrip_works_without_fs ... ok
[INFO] [stdout] 
[INFO] [stdout] test result: ok. 7 passed; 0 failed; 0 ignored; 0 measured; 0 filtered out; finished in 0.01s
[INFO] [stdout] 
[INFO] [stdout] 
[INFO] [stdout] running 11 tests
[INFO] [stdout] test insert_columns_shifts_cells ... ok
[INFO] [stdout] test move_worksheet_reorder ... ok
[INFO] [stdout] test remove_columns_shifts_cells ... ok
[INFO] [stdout] test remove_rows_shifts_cells ... ok
[INFO] [stdout] test sheet_management ... ok
[INFO] [stdout] test defined_names_roundtrip ... ok
[INFO] [stdout] test insert_rows_shifts_cells_and_formulas ... ok
[INFO] [stdout] test doc_properties_roundtrip ... ok
[INFO] [stdout] test edit_mode_modify_cell ... ok
[INFO] [stdout] test edit_mode_raw_passthrough ... ok
[INFO] [stdout] test full_edit_workflow ... ok
[INFO] [stdout] 
[INFO] [stdout] test result: ok. 11 passed; 0 failed; 0 ignored; 0 measured; 0 filtered out; finished in 0.04s
[INFO] [stdout] 
[INFO] [stderr]      Running tests/format_variants_tests.rs (/opt/rustwide/target/release/build/zavora-xlsx/72fa2990a90314db/out/format_variants_tests-72fa2990a90314db)
[INFO] [stdout] 
[INFO] [stdout] running 12 tests
[INFO] [stdout] test test_csv_export_basic ... ok
[INFO] [stdout] test test_csv_export_tsv ... ok
[INFO] [stdout] test test_strict_ooxml_detection ... ok
[INFO] [stdout] test test_csv_export_bool_values ... ok
[INFO] [stdout] test test_csv_export_to_file ... FAILED
[INFO] [stdout] test test_strict_ooxml_conversion ... ok
[INFO] [stdout] test test_save_as_xlsm_empty_vba_returns_error ... ok
[INFO] [stdout] test test_save_as_template_macro_xltm ... FAILED
[INFO] [stdout] test test_save_as_xlsm_with_vba ... FAILED
[INFO] [stdout] test test_save_as_template_xltx ... FAILED
[INFO] [stdout] test test_csv_export_empty_sheet ... ok
[INFO] [stderr] error: test failed, to rerun pass `--test format_variants_tests`
[INFO] [stdout] test test_csv_export_with_special_chars ... ok
[INFO] [stdout] 
[INFO] [stdout] failures:
[INFO] [stdout] 
[INFO] [stdout] ---- test_csv_export_to_file stdout ----
[INFO] [stdout] 
[INFO] [stdout] thread 'test_csv_export_to_file' (5684) panicked at tests/format_variants_tests.rs:183:33:
[INFO] [stdout] called `Result::unwrap()` on an `Err` value: Io(Os { code: 2, kind: NotFound, message: "No such file or directory" })
[INFO] [stdout] stack backtrace:
[INFO] [stdout]    0:     0x5a7b795939b1 - <<std[617be2ca0a6fd877]::sys::backtrace::BacktraceLock>::print::DisplayBacktrace as core[a373ad73a504971]::fmt::Display>::fmt
[INFO] [stdout]    1:     0x5a7b795a8cca - core[a373ad73a504971]::fmt::write
[INFO] [stdout]    2:     0x5a7b79597c1c - <alloc[2e1b2a31b91974c5]::vec::Vec<u8> as core[a373ad73a504971]::io::write::Write>::write_fmt
[INFO] [stdout]    3:     0x5a7b7956f2c6 - std[617be2ca0a6fd877]::panicking::default_hook::{closure#0}
[INFO] [stdout]    4:     0x5a7b7958b509 - std[617be2ca0a6fd877]::panicking::default_hook
[INFO] [stdout]    5:     0x5a7b794350e0 - test[aada8e7e76ba119b]::test_main_inner::{closure#0}
[INFO] [stdout]    6:     0x5a7b7958b832 - std[617be2ca0a6fd877]::panicking::panic_with_hook
[INFO] [stdout]    7:     0x5a7b7956f372 - std[617be2ca0a6fd877]::panicking::panic_handler::{closure#0}
[INFO] [stdout]    8:     0x5a7b79567e49 - std[617be2ca0a6fd877]::sys::backtrace::__rust_end_short_backtrace::<std[617be2ca0a6fd877]::panicking::panic_handler::{closure#0}, !>
[INFO] [stdout]    9:     0x5a7b7956ff7d - __rustc[ea4f61d10b84890b]::rust_begin_unwind
[INFO] [stdout]   10:     0x5a7b795a93fc - core[a373ad73a504971]::panicking::panic_fmt
[INFO] [stdout]   11:     0x5a7b795a91d2 - core[a373ad73a504971]::result::unwrap_failed
[INFO] [stdout]   12:     0x5a7b79420355 - <format_variants_tests[2365c78894f82b8f]::test_csv_export_to_file::{closure#0} as core[a373ad73a504971]::ops::function::FnOnce<()>>::call_once
[INFO] [stdout]   13:     0x5a7b7942852b - test[aada8e7e76ba119b]::__rust_begin_short_backtrace::<core[a373ad73a504971]::result::Result<(), alloc[2e1b2a31b91974c5]::string::String>, fn() -> core[a373ad73a504971]::result::Result<(), alloc[2e1b2a31b91974c5]::string::String>>
[INFO] [stdout]   14:     0x5a7b79435705 - test[aada8e7e76ba119b]::run_test::{closure#0}
[INFO] [stdout]   15:     0x5a7b7942eff4 - std[617be2ca0a6fd877]::sys::backtrace::__rust_begin_short_backtrace::<test[aada8e7e76ba119b]::run_test::{closure#1}, ()>
[INFO] [stdout]   16:     0x5a7b79438792 - <std[617be2ca0a6fd877]::thread::lifecycle::spawn_unchecked<test[aada8e7e76ba119b]::run_test::{closure#1}, ()>::{closure#1} as core[a373ad73a504971]::ops::function::FnOnce<()>>::call_once::{shim:vtable#0}
[INFO] [stdout]   17:     0x5a7b795929af - <std[617be2ca0a6fd877]::sys::thread::unix::Thread>::new::thread_start
[INFO] [stdout]   18:     0x7bc1d36a9dfa - <unknown>
[INFO] [stdout]   19:     0x7bc1d373d3d4 - clone
[INFO] [stdout]   20:                0x0 - <unknown>
[INFO] [stdout] 
[INFO] [stdout] ---- test_save_as_template_macro_xltm stdout ----
[INFO] [stdout] 
[INFO] [stdout] thread 'test_save_as_template_macro_xltm' (5687) panicked at tests/format_variants_tests.rs:93:47:
[INFO] [stdout] called `Result::unwrap()` on an `Err` value: Io(Os { code: 2, kind: NotFound, message: "No such file or directory" })
[INFO] [stdout] stack backtrace:
[INFO] [stdout]    0:     0x5a7b795939b1 - <<std[617be2ca0a6fd877]::sys::backtrace::BacktraceLock>::print::DisplayBacktrace as core[a373ad73a504971]::fmt::Display>::fmt
[INFO] [stdout]    1:     0x5a7b795a8cca - core[a373ad73a504971]::fmt::write
[INFO] [stdout]    2:     0x5a7b79597c1c - <alloc[2e1b2a31b91974c5]::vec::Vec<u8> as core[a373ad73a504971]::io::write::Write>::write_fmt
[INFO] [stdout]    3:     0x5a7b7956f2c6 - std[617be2ca0a6fd877]::panicking::default_hook::{closure#0}
[INFO] [stdout]    4:     0x5a7b7958b509 - std[617be2ca0a6fd877]::panicking::default_hook
[INFO] [stdout]    5:     0x5a7b794350e0 - test[aada8e7e76ba119b]::test_main_inner::{closure#0}
[INFO] [stdout]    6:     0x5a7b7958b832 - std[617be2ca0a6fd877]::panicking::panic_with_hook
[INFO] [stdout]    7:     0x5a7b7956f372 - std[617be2ca0a6fd877]::panicking::panic_handler::{closure#0}
[INFO] [stdout]    8:     0x5a7b79567e49 - std[617be2ca0a6fd877]::sys::backtrace::__rust_end_short_backtrace::<std[617be2ca0a6fd877]::panicking::panic_handler::{closure#0}, !>
[INFO] [stdout]    9:     0x5a7b7956ff7d - __rustc[ea4f61d10b84890b]::rust_begin_unwind
[INFO] [stdout]   10:     0x5a7b795a93fc - core[a373ad73a504971]::panicking::panic_fmt
[INFO] [stdout]   11:     0x5a7b795a91d2 - core[a373ad73a504971]::result::unwrap_failed
[INFO] [stdout]   12:     0x5a7b79421d57 - <format_variants_tests[2365c78894f82b8f]::test_save_as_template_macro_xltm::{closure#0} as core[a373ad73a504971]::ops::function::FnOnce<()>>::call_once
[INFO] [stdout]   13:     0x5a7b7942852b - test[aada8e7e76ba119b]::__rust_begin_short_backtrace::<core[a373ad73a504971]::result::Result<(), alloc[2e1b2a31b91974c5]::string::String>, fn() -> core[a373ad73a504971]::result::Result<(), alloc[2e1b2a31b91974c5]::string::String>>
[INFO] [stdout]   14:     0x5a7b79435705 - test[aada8e7e76ba119b]::run_test::{closure#0}
[INFO] [stdout]   15:     0x5a7b7942eff4 - std[617be2ca0a6fd877]::sys::backtrace::__rust_begin_short_backtrace::<test[aada8e7e76ba119b]::run_test::{closure#1}, ()>
[INFO] [stdout]   16:     0x5a7b79438792 - <std[617be2ca0a6fd877]::thread::lifecycle::spawn_unchecked<test[aada8e7e76ba119b]::run_test::{closure#1}, ()>::{closure#1} as core[a373ad73a504971]::ops::function::FnOnce<()>>::call_once::{shim:vtable#0}
[INFO] [stdout]   17:     0x5a7b795929af - <std[617be2ca0a6fd877]::sys::thread::unix::Thread>::new::thread_start
[INFO] [stdout]   18:     0x7bc1d36a9dfa - <unknown>
[INFO] [stdout]   19:     0x7bc1d373d3d4 - clone
[INFO] [stdout]   20:                0x0 - <unknown>
[INFO] [stdout] 
[INFO] [stdout] ---- test_save_as_xlsm_with_vba stdout ----
[INFO] [stdout] 
[INFO] [stdout] thread 'test_save_as_xlsm_with_vba' (5690) panicked at tests/format_variants_tests.rs:16:37:
[INFO] [stdout] called `Result::unwrap()` on an `Err` value: Io(Os { code: 2, kind: NotFound, message: "No such file or directory" })
[INFO] [stdout] stack backtrace:
[INFO] [stdout]    0:     0x5a7b795939b1 - <<std[617be2ca0a6fd877]::sys::backtrace::BacktraceLock>::print::DisplayBacktrace as core[a373ad73a504971]::fmt::Display>::fmt
[INFO] [stdout]    1:     0x5a7b795a8cca - core[a373ad73a504971]::fmt::write
[INFO] [stdout]    2:     0x5a7b79597c1c - <alloc[2e1b2a31b91974c5]::vec::Vec<u8> as core[a373ad73a504971]::io::write::Write>::write_fmt
[INFO] [stdout]    3:     0x5a7b7956f2c6 - std[617be2ca0a6fd877]::panicking::default_hook::{closure#0}
[INFO] [stdout]    4:     0x5a7b7958b509 - std[617be2ca0a6fd877]::panicking::default_hook
[INFO] [stdout]    5:     0x5a7b794350e0 - test[aada8e7e76ba119b]::test_main_inner::{closure#0}
[INFO] [stdout]    6:     0x5a7b7958b832 - std[617be2ca0a6fd877]::panicking::panic_with_hook
[INFO] [stdout]    7:     0x5a7b7956f372 - std[617be2ca0a6fd877]::panicking::panic_handler::{closure#0}
[INFO] [stdout]    8:     0x5a7b79567e49 - std[617be2ca0a6fd877]::sys::backtrace::__rust_end_short_backtrace::<std[617be2ca0a6fd877]::panicking::panic_handler::{closure#0}, !>
[INFO] [stdout]    9:     0x5a7b7956ff7d - __rustc[ea4f61d10b84890b]::rust_begin_unwind
[INFO] [stdout]   10:     0x5a7b795a93fc - core[a373ad73a504971]::panicking::panic_fmt
[INFO] [stdout]   11:     0x5a7b795a91d2 - core[a373ad73a504971]::result::unwrap_failed
[INFO] [stdout]   12:     0x5a7b79420fa1 - <format_variants_tests[2365c78894f82b8f]::test_save_as_xlsm_with_vba::{closure#0} as core[a373ad73a504971]::ops::function::FnOnce<()>>::call_once
[INFO] [stdout]   13:     0x5a7b7942852b - test[aada8e7e76ba119b]::__rust_begin_short_backtrace::<core[a373ad73a504971]::result::Result<(), alloc[2e1b2a31b91974c5]::string::String>, fn() -> core[a373ad73a504971]::result::Result<(), alloc[2e1b2a31b91974c5]::string::String>>
[INFO] [stdout]   14:     0x5a7b79435705 - test[aada8e7e76ba119b]::run_test::{closure#0}
[INFO] [stdout]   15:     0x5a7b7942eff4 - std[617be2ca0a6fd877]::sys::backtrace::__rust_begin_short_backtrace::<test[aada8e7e76ba119b]::run_test::{closure#1}, ()>
[INFO] [stdout]   16:     0x5a7b79438792 - <std[617be2ca0a6fd877]::thread::lifecycle::spawn_unchecked<test[aada8e7e76ba119b]::run_test::{closure#1}, ()>::{closure#1} as core[a373ad73a504971]::ops::function::FnOnce<()>>::call_once::{shim:vtable#0}
[INFO] [stdout]   17:     0x5a7b795929af - <std[617be2ca0a6fd877]::sys::thread::unix::Thread>::new::thread_start
[INFO] [stdout]   18:     0x7bc1d36a9dfa - <unknown>
[INFO] [stdout]   19:     0x7bc1d373d3d4 - clone
[INFO] [stdout]   20:                0x0 - <unknown>
[INFO] [stdout] 
[INFO] [stdout] ---- test_save_as_template_xltx stdout ----
[INFO] [stdout] 
[INFO] [stdout] thread 'test_save_as_template_xltx' (5688) panicked at tests/format_variants_tests.rs:65:31:
[INFO] [stdout] called `Result::unwrap()` on an `Err` value: Io(Os { code: 2, kind: NotFound, message: "No such file or directory" })
[INFO] [stdout] stack backtrace:
[INFO] [stdout]    0:     0x5a7b795939b1 - <<std[617be2ca0a6fd877]::sys::backtrace::BacktraceLock>::print::DisplayBacktrace as core[a373ad73a504971]::fmt::Display>::fmt
[INFO] [stdout]    1:     0x5a7b795a8cca - core[a373ad73a504971]::fmt::write
[INFO] [stdout]    2:     0x5a7b79597c1c - <alloc[2e1b2a31b91974c5]::vec::Vec<u8> as core[a373ad73a504971]::io::write::Write>::write_fmt
[INFO] [stdout]    3:     0x5a7b7956f2c6 - std[617be2ca0a6fd877]::panicking::default_hook::{closure#0}
[INFO] [stdout]    4:     0x5a7b7958b509 - std[617be2ca0a6fd877]::panicking::default_hook
[INFO] [stdout]    5:     0x5a7b794350e0 - test[aada8e7e76ba119b]::test_main_inner::{closure#0}
[INFO] [stdout]    6:     0x5a7b7958b832 - std[617be2ca0a6fd877]::panicking::panic_with_hook
[INFO] [stdout]    7:     0x5a7b7956f372 - std[617be2ca0a6fd877]::panicking::panic_handler::{closure#0}
[INFO] [stdout]    8:     0x5a7b79567e49 - std[617be2ca0a6fd877]::sys::backtrace::__rust_end_short_backtrace::<std[617be2ca0a6fd877]::panicking::panic_handler::{closure#0}, !>
[INFO] [stdout]    9:     0x5a7b7956ff7d - __rustc[ea4f61d10b84890b]::rust_begin_unwind
[INFO] [stdout]   10:     0x5a7b795a93fc - core[a373ad73a504971]::panicking::panic_fmt
[INFO] [stdout]   11:     0x5a7b795a91d2 - core[a373ad73a504971]::result::unwrap_failed
[INFO] [stdout]   12:     0x5a7b79420a2c - <format_variants_tests[2365c78894f82b8f]::test_save_as_template_xltx::{closure#0} as core[a373ad73a504971]::ops::function::FnOnce<()>>::call_once
[INFO] [stdout]   13:     0x5a7b7942852b - test[aada8e7e76ba119b]::__rust_begin_short_backtrace::<core[a373ad73a504971]::result::Result<(), alloc[2e1b2a31b91974c5]::string::String>, fn() -> core[a373ad73a504971]::result::Result<(), alloc[2e1b2a31b91974c5]::string::String>>
[INFO] [stdout]   14:     0x5a7b79435705 - test[aada8e7e76ba119b]::run_test::{closure#0}
[INFO] [stdout]   15:     0x5a7b7942eff4 - std[617be2ca0a6fd877]::sys::backtrace::__rust_begin_short_backtrace::<test[aada8e7e76ba119b]::run_test::{closure#1}, ()>
[INFO] [stdout]   16:     0x5a7b79438792 - <std[617be2ca0a6fd877]::thread::lifecycle::spawn_unchecked<test[aada8e7e76ba119b]::run_test::{closure#1}, ()>::{closure#1} as core[a373ad73a504971]::ops::function::FnOnce<()>>::call_once::{shim:vtable#0}
[INFO] [stdout]   17:     0x5a7b795929af - <std[617be2ca0a6fd877]::sys::thread::unix::Thread>::new::thread_start
[INFO] [stdout]   18:     0x7bc1d36a9dfa - <unknown>
[INFO] [stdout]   19:     0x7bc1d373d3d4 - clone
[INFO] [stdout]   20:                0x0 - <unknown>
[INFO] [stdout] 
[INFO] [stdout] 
[INFO] [stdout] failures:
[INFO] [stdout]     test_csv_export_to_file
[INFO] [stdout]     test_save_as_template_macro_xltm
[INFO] [stdout]     test_save_as_template_xltx
[INFO] [stdout]     test_save_as_xlsm_with_vba
[INFO] [stdout] 
[INFO] [stdout] test result: FAILED. 8 passed; 4 failed; 0 ignored; 0 measured; 0 filtered out; finished in 0.06s
[INFO] [stdout] 
[INFO] running `Command { std: "docker" "inspect" "b6c36443cc5c8ec5f0c5f0acdfe38bc65346315874229477828af743c85ae269", kill_on_drop: false }`
[INFO] running `Command { std: "docker" "rm" "-f" "b6c36443cc5c8ec5f0c5f0acdfe38bc65346315874229477828af743c85ae269", kill_on_drop: false }`
[INFO] [stdout] b6c36443cc5c8ec5f0c5f0acdfe38bc65346315874229477828af743c85ae269
