[INFO] fetching crate yxhoo-transit 0.4.5...
[INFO] testing yxhoo-transit-0.4.5 against 1.99.0-beta.8+cargoflags=--release for beta-release-1.100-2
[INFO] extracting crate yxhoo-transit 0.4.5 into /workspace/builds/worker-5-tc1/source
[INFO] started tweaking crates.io crate yxhoo-transit 0.4.5
[INFO] removed 0 missing examples
[INFO] finished tweaking crates.io crate yxhoo-transit 0.4.5
[INFO] tweaked toml for crates.io crate yxhoo-transit 0.4.5 written to /workspace/builds/worker-5-tc1/source/Cargo.toml
[INFO] validating manifest of crates.io crate yxhoo-transit 0.4.5 on toolchain 1.99.0-beta.8
[INFO] running `Command { std: CARGO_HOME="/workspace/cargo-home" RUSTUP_HOME="/workspace/rustup-home" "/workspace/cargo-home/bin/cargo" "+1.99.0-beta.8" "metadata" "--manifest-path" "Cargo.toml" "--no-deps", kill_on_drop: false }`
[INFO] crate crates.io crate yxhoo-transit 0.4.5 already has a lockfile, it will not be regenerated
[INFO] running `Command { std: CARGO_HOME="/workspace/cargo-home" RUSTUP_HOME="/workspace/rustup-home" "/workspace/cargo-home/bin/cargo" "+1.99.0-beta.8" "fetch" "--manifest-path" "Cargo.toml", kill_on_drop: false }`
[INFO] [stderr]     Updating crates.io index
[INFO] [stderr]  Downloading crates ...
[INFO] [stderr]   Downloaded wreq-util v2.2.6
[INFO] [stderr]   Downloaded typed-builder v0.21.2
[INFO] [stderr]   Downloaded typed-builder-macro v0.21.2
[INFO] [stderr]   Downloaded wreq v5.3.0
[INFO] [stderr]   Downloaded tokio-boring2 v4.15.15
[INFO] [stderr]   Downloaded boring2 v4.15.15
[INFO] [stderr]   Downloaded lru v0.13.0
[INFO] [stderr]   Downloaded hyper2 v1.5.5
[INFO] [stderr]   Downloaded http2 v0.4.21
[INFO] [stderr]   Downloaded linked_hash_set v0.1.6
[INFO] [stderr]   Downloaded scraper v0.26.0
[INFO] [stderr]   Downloaded boring-sys2 v4.15.15
[INFO] [stderr]   Downloaded antidote v1.0.0
[INFO] running `Command { std: "docker" "create" "-v" "/var/lib/crater-agent-workspace/builds/worker-5-tc1/source:/opt/rustwide/workdir:ro,Z" "-v" "/var/lib/crater-agent-workspace/builds/worker-5-tc1/target:/opt/rustwide/target:rw,Z" "-v" "/var/lib/crater-agent-workspace/cargo-home:/opt/rustwide/cargo-home:ro,Z" "-v" "/var/lib/crater-agent-workspace/rustup-home:/opt/rustwide/rustup-home:ro,Z" "-m" "1610612736" "--network" "none" "ghcr.io/rust-lang/crates-build-env/linux@sha256:77db811e55d90add9212f6832c23229e3de5f1c1f9905e8cb07319ea15df73ac" "sleep" "infinity", kill_on_drop: false }`
[INFO] [stdout] bf902fa5d1e5af7c0d215c524bb3afe559819fa504415e144a9397ce9c4920d7
[INFO] running `Command { std: "docker" "start" "bf902fa5d1e5af7c0d215c524bb3afe559819fa504415e144a9397ce9c4920d7", kill_on_drop: false }`
[INFO] running `Command { std: "docker" "inspect" "bf902fa5d1e5af7c0d215c524bb3afe559819fa504415e144a9397ce9c4920d7", kill_on_drop: false }`
[INFO] running `Command { std: "docker" "exec" "-e" "SOURCE_DIR=/opt/rustwide/workdir" "-e" "CARGO_HOME=/opt/rustwide/cargo-home" "-e" "RUSTUP_HOME=/opt/rustwide/rustup-home" "-e" "CARGO_TARGET_DIR=/opt/rustwide/target" "-w" "/opt/rustwide/workdir" "--user" "0:0" "bf902fa5d1e5af7c0d215c524bb3afe559819fa504415e144a9397ce9c4920d7" "/opt/rustwide/cargo-home/bin/cargo" "+1.99.0-beta.8" "metadata" "--no-deps" "--format-version=1", kill_on_drop: false }`
[INFO] running `Command { std: "docker" "inspect" "bf902fa5d1e5af7c0d215c524bb3afe559819fa504415e144a9397ce9c4920d7", kill_on_drop: false }`
[INFO] running `Command { std: "docker" "exec" "-e" "SOURCE_DIR=/opt/rustwide/workdir" "-e" "CARGO_HOME=/opt/rustwide/cargo-home" "-e" "RUSTUP_HOME=/opt/rustwide/rustup-home" "-e" "CARGO_TARGET_DIR=/opt/rustwide/target" "-e" "CARGO_INCREMENTAL=0" "-e" "RUST_BACKTRACE=full" "-e" "RUSTFLAGS=--cap-lints=warn" "-e" "RUSTDOCFLAGS=--cap-lints=warn" "-w" "/opt/rustwide/workdir" "--user" "0:0" "bf902fa5d1e5af7c0d215c524bb3afe559819fa504415e144a9397ce9c4920d7" "/opt/rustwide/cargo-home/bin/cargo" "+1.99.0-beta.8" "build" "--frozen" "--message-format=json" "--release", kill_on_drop: false }`
[INFO] [stderr]    Compiling syn v2.0.117
[INFO] [stderr]    Compiling libc v0.2.185
[INFO] [stderr]    Compiling siphasher v1.0.2
[INFO] [stderr]    Compiling aws-lc-rs v1.16.3
[INFO] [stderr]    Compiling rustls-pki-types v1.14.0
[INFO] [stderr]    Compiling rustls v0.23.38
[INFO] [stderr]    Compiling num-traits v0.2.19
[INFO] [stderr]    Compiling phf_shared v0.13.1
[INFO] [stderr]    Compiling tracing v0.1.44
[INFO] [stderr]    Compiling iri-string v0.7.12
[INFO] [stderr]    Compiling phf_generator v0.13.1
[INFO] [stderr]    Compiling encoding_rs v0.8.35
[INFO] [stderr]    Compiling phf_codegen v0.13.1
[INFO] [stderr]    Compiling string_cache_codegen v0.6.1
[INFO] [stderr]    Compiling web_atoms v0.2.4
[INFO] [stderr]    Compiling selectors v0.36.1
[INFO] [stderr]    Compiling jobserver v0.1.34
[INFO] [stderr]    Compiling rustls-native-certs v0.8.3
[INFO] [stderr]    Compiling cc v1.2.60
[INFO] [stderr]    Compiling socket2 v0.6.3
[INFO] [stderr]    Compiling mio v1.2.0
[INFO] [stderr]    Compiling parking_lot_core v0.9.12
[INFO] [stderr]    Compiling parking_lot v0.12.5
[INFO] [stderr]    Compiling tokio v1.52.1
[INFO] [stderr]    Compiling string_cache v0.9.0
[INFO] [stderr]    Compiling cmake v0.1.58
[INFO] [stderr]    Compiling aws-lc-sys v0.40.0
[INFO] [stderr]    Compiling synstructure v0.13.2
[INFO] [stderr]    Compiling zerofrom-derive v0.1.7
[INFO] [stderr]    Compiling yoke-derive v0.8.2
[INFO] [stderr]    Compiling zerovec-derive v0.11.3
[INFO] [stderr]    Compiling displaydoc v0.2.5
[INFO] [stderr]    Compiling phf_macros v0.13.1
[INFO] [stderr]    Compiling serde_derive v1.0.228
[INFO] [stderr]    Compiling derive_more-impl v2.1.1
[INFO] [stderr]    Compiling phf v0.13.1
[INFO] [stderr]    Compiling cssparser-macros v0.6.1
[INFO] [stderr]    Compiling cssparser v0.36.0
[INFO] [stderr]    Compiling zerofrom v0.1.7
[INFO] [stderr]    Compiling yoke v0.8.2
[INFO] [stderr]    Compiling zerovec v0.11.6
[INFO] [stderr]    Compiling zerotrie v0.2.4
[INFO] [stderr]    Compiling derive_more v2.1.1
[INFO] [stderr]    Compiling markup5ever v0.39.0
[INFO] [stderr]    Compiling html5ever v0.39.0
[INFO] [stderr]    Compiling tinystr v0.8.3
[INFO] [stderr]    Compiling potential_utf v0.1.5
[INFO] [stderr]    Compiling serde v1.0.228
[INFO] [stderr]    Compiling icu_locale_core v2.2.0
[INFO] [stderr]    Compiling icu_collections v2.2.0
[INFO] [stderr]    Compiling serde_urlencoded v0.7.1
[INFO] [stderr]    Compiling chrono v0.4.44
[INFO] [stderr]    Compiling hyper v1.9.0
[INFO] [stderr]    Compiling tower v0.5.3
[INFO] [stderr]    Compiling icu_provider v2.2.0
[INFO] [stderr]    Compiling tower-http v0.6.8
[INFO] [stderr]    Compiling icu_properties v2.2.0
[INFO] [stderr]    Compiling icu_normalizer v2.2.0
[INFO] [stderr]    Compiling hyper-util v0.1.20
[INFO] [stderr]    Compiling idna_adapter v1.2.1
[INFO] [stderr]    Compiling idna v1.1.0
[INFO] [stderr]    Compiling scraper v0.26.0
[INFO] [stderr]    Compiling url v2.5.8
[INFO] [stderr]    Compiling rustls-webpki v0.103.12
[INFO] [stderr]    Compiling tokio-rustls v0.26.4
[INFO] [stderr]    Compiling rustls-platform-verifier v0.6.2
[INFO] [stderr]    Compiling hyper-rustls v0.27.9
[INFO] [stderr]    Compiling reqwest v0.13.2
[INFO] [stderr]    Compiling yxhoo-transit v0.4.5 (/opt/rustwide/workdir)
[INFO] [stderr]     Finished `release` profile [optimized] target(s) in 2m 13s
[INFO] running `Command { std: "docker" "inspect" "bf902fa5d1e5af7c0d215c524bb3afe559819fa504415e144a9397ce9c4920d7", kill_on_drop: false }`
[INFO] running `Command { std: "docker" "exec" "-e" "SOURCE_DIR=/opt/rustwide/workdir" "-e" "CARGO_HOME=/opt/rustwide/cargo-home" "-e" "RUSTUP_HOME=/opt/rustwide/rustup-home" "-e" "CARGO_TARGET_DIR=/opt/rustwide/target" "-e" "CARGO_INCREMENTAL=0" "-e" "RUST_BACKTRACE=full" "-e" "RUSTFLAGS=--cap-lints=warn" "-e" "RUSTDOCFLAGS=--cap-lints=warn" "-w" "/opt/rustwide/workdir" "--user" "0:0" "bf902fa5d1e5af7c0d215c524bb3afe559819fa504415e144a9397ce9c4920d7" "/opt/rustwide/cargo-home/bin/cargo" "+1.99.0-beta.8" "test" "--frozen" "--no-run" "--message-format=json" "--release", kill_on_drop: false }`
[INFO] [stderr]    Compiling tokio-macros v2.7.0
[INFO] [stderr]    Compiling tokio v1.52.1
[INFO] [stderr]    Compiling hyper v1.9.0
[INFO] [stderr]    Compiling tokio-rustls v0.26.4
[INFO] [stderr]    Compiling tower v0.5.3
[INFO] [stderr]    Compiling tower-http v0.6.8
[INFO] [stderr]    Compiling hyper-util v0.1.20
[INFO] [stderr]    Compiling hyper-rustls v0.27.9
[INFO] [stderr]    Compiling reqwest v0.13.2
[INFO] [stderr]    Compiling yxhoo-transit v0.4.5 (/opt/rustwide/workdir)
[INFO] [stderr]     Finished `release` profile [optimized] target(s) in 28.17s
[INFO] running `Command { std: "docker" "inspect" "bf902fa5d1e5af7c0d215c524bb3afe559819fa504415e144a9397ce9c4920d7", kill_on_drop: false }`
[INFO] running `Command { std: "docker" "exec" "-e" "SOURCE_DIR=/opt/rustwide/workdir" "-e" "CARGO_HOME=/opt/rustwide/cargo-home" "-e" "RUSTUP_HOME=/opt/rustwide/rustup-home" "-e" "CARGO_TARGET_DIR=/opt/rustwide/target" "-e" "CARGO_INCREMENTAL=0" "-e" "RUST_BACKTRACE=full" "-e" "RUSTFLAGS=--cap-lints=warn" "-e" "RUSTDOCFLAGS=--cap-lints=warn" "-w" "/opt/rustwide/workdir" "--user" "0:0" "bf902fa5d1e5af7c0d215c524bb3afe559819fa504415e144a9397ce9c4920d7" "/opt/rustwide/cargo-home/bin/cargo" "+1.99.0-beta.8" "test" "--frozen" "--release", kill_on_drop: false }`
[INFO] [stderr]     Finished `release` profile [optimized] target(s) in 0.18s
[INFO] [stderr]      Running unittests src/lib.rs (/opt/rustwide/target/release/deps/yxhoo_transit-e28e35595255f04a)
[INFO] [stdout] 
[INFO] [stdout] running 4 tests
[INFO] [stdout] test dt_minute_tz::tests::test_serialize_deserialize ... ok
[INFO] [stdout] test dt_minute_tz::tests::test_deserialize_various_formats ... ok
[INFO] [stdout] test yxhoo::tests::test_transit ... FAILED
[INFO] [stdout] test yxhoo::tests::test_suggest_places ... FAILED
[INFO] [stdout] 
[INFO] [stdout] failures:
[INFO] [stdout] 
[INFO] [stdout] ---- yxhoo::tests::test_transit stdout ----
[INFO] [stdout] 
[INFO] [stdout] thread 'yxhoo::tests::test_transit' (2869) panicked at src/yxhoo.rs:183:43:
[INFO] [stdout] called `Result::unwrap()` on an `Err` value: error sending request for url (https://transit.yahoo.co.jp/search/print?from=%E6%96%B0%E5%AE%BF&to=%E6%B8%8B%E8%B0%B7&y=2024&m=7&d=1&hh=9&m1=0&m2=0&type=1&s=0&no=1&ticket=normal&expkind=1&ws=3&al=1&shin=1&ex=1&hb=1&lb=1&sr=1)
[INFO] [stdout] 
[INFO] [stdout] Caused by:
[INFO] [stdout]     0: client error (Connect)
[INFO] [stdout]     1: dns error
[INFO] [stdout]     2: failed to lookup address information: Temporary failure in name resolution
[INFO] [stdout] 
[INFO] [stdout] Stack backtrace:
[INFO] [stdout]    0: <anyhow::Error as core::convert::From<reqwest::error::Error>>::from
[INFO] [stdout]    1: yxhoo_transit::yxhoo::tests::test_transit::{closure#0}
[INFO] [stdout]    2: <tokio::runtime::scheduler::current_thread::Context>::enter::<core::task::poll::Poll<()>, <tokio::runtime::scheduler::current_thread::CoreGuard>::block_on<core::pin::Pin<&mut core::pin::Pin<&mut dyn core::future::future::Future<Output = ()>>>>::{closure#0}::{closure#0}>
[INFO] [stdout]    3: <tokio::runtime::context::scoped::Scoped<tokio::runtime::scheduler::Context>>::set::<<tokio::runtime::scheduler::current_thread::CoreGuard>::enter<<tokio::runtime::scheduler::current_thread::CoreGuard>::block_on<core::pin::Pin<&mut core::pin::Pin<&mut dyn core::future::future::Future<Output = ()>>>>::{closure#0}, core::option::Option<()>>::{closure#0}, (alloc::boxed::Box<tokio::runtime::scheduler::current_thread::Core>, core::option::Option<()>)>
[INFO] [stdout]    4: <tokio::runtime::scheduler::current_thread::CoreGuard>::block_on::<core::pin::Pin<&mut core::pin::Pin<&mut dyn core::future::future::Future<Output = ()>>>>
[INFO] [stdout]    5: tokio::runtime::context::runtime::enter_runtime::<<tokio::runtime::scheduler::current_thread::CurrentThread>::block_on<core::pin::Pin<&mut dyn core::future::future::Future<Output = ()>>>::{closure#0}, ()>
[INFO] [stdout]    6: <tokio::runtime::runtime::Runtime>::block_on::<core::pin::Pin<&mut dyn core::future::future::Future<Output = ()>>>
[INFO] [stdout]    7: yxhoo_transit::yxhoo::tests::test_transit
[INFO] [stdout]    8: <yxhoo_transit::yxhoo::tests::test_transit::{closure#0} as core::ops::function::FnOnce<()>>::call_once
[INFO] [stdout]    9: test::__rust_begin_short_backtrace::<core::result::Result<(), alloc::string::String>, fn() -> core::result::Result<(), alloc::string::String>>
[INFO] [stdout]   10: test::run_test::{closure#0}
[INFO] [stdout]   11: std::sys::backtrace::__rust_begin_short_backtrace::<test::run_test::{closure#1}, ()>
[INFO] [stdout]   12: <std::thread::lifecycle::spawn_unchecked<test::run_test::{closure#1}, ()>::{closure#1} as core::ops::function::FnOnce<()>>::call_once::{shim:vtable#0}
[INFO] [stdout]   13: <std::sys::thread::unix::Thread>::new::thread_start
[INFO] [stdout]   14: <unknown>
[INFO] [stdout]   15: clone
[INFO] [stdout] stack backtrace:
[INFO] [stdout]    0:     0x5f22fffd2b31 - <<std[70759c8f55707aa4]::sys::backtrace::BacktraceLock>::print::DisplayBacktrace as core[df12db4294e9bfd3]::fmt::Display>::fmt
[INFO] [stdout]    1:     0x5f22fffeaa1a - core[df12db4294e9bfd3]::fmt::write
[INFO] [stdout]    2:     0x5f22fffd7eec - <alloc[2182bb758b4b3781]::vec::Vec<u8> as core[df12db4294e9bfd3]::io::write::Write>::write_fmt
[INFO] [stdout]    3:     0x5f22fffad326 - std[70759c8f55707aa4]::panicking::default_hook::{closure#0}
[INFO] [stdout]    4:     0x5f22fffca829 - std[70759c8f55707aa4]::panicking::default_hook
[INFO] [stdout]    5:     0x5f22ffefaa50 - test[9d35eded1c95d3be]::test_main_inner::<test[9d35eded1c95d3be]::test_main_static::{closure#0}>::{closure#0}
[INFO] [stdout]    6:     0x5f22fffcab52 - std[70759c8f55707aa4]::panicking::panic_with_hook
[INFO] [stdout]    7:     0x5f22fffad3d2 - std[70759c8f55707aa4]::panicking::panic_handler::{closure#0}
[INFO] [stdout]    8:     0x5f22fffa5a49 - std[70759c8f55707aa4]::sys::backtrace::__rust_end_short_backtrace::<std[70759c8f55707aa4]::panicking::panic_handler::{closure#0}, !>
[INFO] [stdout]    9:     0x5f22fffae2cd - __rustc[8fa7c3cbc660c2b3]::rust_begin_unwind
[INFO] [stdout]   10:     0x5f22fffeb17c - core[df12db4294e9bfd3]::panicking::panic_fmt
[INFO] [stdout]   11:     0x5f22fffeaf52 - core[df12db4294e9bfd3]::result::unwrap_failed
[INFO] [stdout]   12:     0x5f22ffb3f4df - yxhoo_transit[84daaedf72e12de3]::yxhoo::tests::test_transit::{closure#0}
[INFO] [stdout]   13:     0x5f22ffb54ff3 - <tokio[dc60e3656dc2124e]::runtime::scheduler::current_thread::Context>::enter::<core[df12db4294e9bfd3]::task::poll::Poll<()>, <tokio[dc60e3656dc2124e]::runtime::scheduler::current_thread::CoreGuard>::block_on<core[df12db4294e9bfd3]::pin::Pin<&mut core[df12db4294e9bfd3]::pin::Pin<&mut dyn core[df12db4294e9bfd3]::future::future::Future<Output = ()>>>>::{closure#0}::{closure#0}>
[INFO] [stdout]   14:     0x5f22ffb5218c - <tokio[dc60e3656dc2124e]::runtime::context::scoped::Scoped<tokio[dc60e3656dc2124e]::runtime::scheduler::Context>>::set::<<tokio[dc60e3656dc2124e]::runtime::scheduler::current_thread::CoreGuard>::enter<<tokio[dc60e3656dc2124e]::runtime::scheduler::current_thread::CoreGuard>::block_on<core[df12db4294e9bfd3]::pin::Pin<&mut core[df12db4294e9bfd3]::pin::Pin<&mut dyn core[df12db4294e9bfd3]::future::future::Future<Output = ()>>>>::{closure#0}, core[df12db4294e9bfd3]::option::Option<()>>::{closure#0}, (alloc[2182bb758b4b3781]::boxed::Box<tokio[dc60e3656dc2124e]::runtime::scheduler::current_thread::Core>, core[df12db4294e9bfd3]::option::Option<()>)>
[INFO] [stdout]   15:     0x5f22ffb55617 - <tokio[dc60e3656dc2124e]::runtime::scheduler::current_thread::CoreGuard>::block_on::<core[df12db4294e9bfd3]::pin::Pin<&mut core[df12db4294e9bfd3]::pin::Pin<&mut dyn core[df12db4294e9bfd3]::future::future::Future<Output = ()>>>>
[INFO] [stdout]   16:     0x5f22ffb52d27 - tokio[dc60e3656dc2124e]::runtime::context::runtime::enter_runtime::<<tokio[dc60e3656dc2124e]::runtime::scheduler::current_thread::CurrentThread>::block_on<core[df12db4294e9bfd3]::pin::Pin<&mut dyn core[df12db4294e9bfd3]::future::future::Future<Output = ()>>>::{closure#0}, ()>
[INFO] [stdout]   17:     0x5f22ffb51f2a - <tokio[dc60e3656dc2124e]::runtime::runtime::Runtime>::block_on::<core[df12db4294e9bfd3]::pin::Pin<&mut dyn core[df12db4294e9bfd3]::future::future::Future<Output = ()>>>
[INFO] [stdout]   18:     0x5f22ffb40b4b - yxhoo_transit[84daaedf72e12de3]::yxhoo::tests::test_transit
[INFO] [stdout]   19:     0x5f22ffb4f899 - <yxhoo_transit[84daaedf72e12de3]::yxhoo::tests::test_transit::{closure#0} as core[df12db4294e9bfd3]::ops::function::FnOnce<()>>::call_once
[INFO] [stdout]   20:     0x5f22ffeedd3b - test[9d35eded1c95d3be]::__rust_begin_short_backtrace::<core[df12db4294e9bfd3]::result::Result<(), alloc[2182bb758b4b3781]::string::String>, fn() -> core[df12db4294e9bfd3]::result::Result<(), alloc[2182bb758b4b3781]::string::String>>
[INFO] [stdout]   21:     0x5f22ffefb3a5 - test[9d35eded1c95d3be]::run_test::{closure#0}
[INFO] [stdout]   22:     0x5f22ffef4c64 - std[70759c8f55707aa4]::sys::backtrace::__rust_begin_short_backtrace::<test[9d35eded1c95d3be]::run_test::{closure#1}, ()>
[INFO] [stdout]   23:     0x5f22ffefe502 - <std[70759c8f55707aa4]::thread::lifecycle::spawn_unchecked<test[9d35eded1c95d3be]::run_test::{closure#1}, ()>::{closure#1} as core[df12db4294e9bfd3]::ops::function::FnOnce<()>>::call_once::{shim:vtable#0}
[INFO] [stdout]   24:     0x5f22fffd2059 - <std[70759c8f55707aa4]::sys::thread::unix::Thread>::new::thread_start
[INFO] [stdout]   25:     0x7ddd19d6cdfa - <unknown>
[INFO] [stdout]   26:     0x7ddd19e003d4 - clone
[INFO] [stdout]   27:                0x0 - <unknown>
[INFO] [stdout] 
[INFO] [stdout] ---- yxhoo::tests::test_suggest_places stdout ----
[INFO] [stdout] 
[INFO] [stdout] thread 'yxhoo::tests::test_suggest_places' (2868) panicked at src/yxhoo.rs:164:50:
[INFO] [stdout] called `Result::unwrap()` on an `Err` value: error sending request for url (https://transit.yahoo.co.jp/api/suggest?value=%E6%96%B0%E5%AE%BF)
[INFO] [stdout] 
[INFO] [stdout] Caused by:
[INFO] [stdout]     0: client error (Connect)
[INFO] [stdout]     1: dns error
[INFO] [stdout]     2: failed to lookup address information: Temporary failure in name resolution
[INFO] [stdout] 
[INFO] [stdout] Stack backtrace:
[INFO] [stdout]    0: <anyhow::Error as core::convert::From<reqwest::error::Error>>::from
[INFO] [stdout]    1: yxhoo_transit::yxhoo::tests::test_suggest_places::{closure#0}
[INFO] [stdout]    2: <tokio::runtime::scheduler::current_thread::Context>::enter::<core::task::poll::Poll<()>, <tokio::runtime::scheduler::current_thread::CoreGuard>::block_on<core::pin::Pin<&mut core::pin::Pin<&mut dyn core::future::future::Future<Output = ()>>>>::{closure#0}::{closure#0}>
[INFO] [stdout]    3: <tokio::runtime::context::scoped::Scoped<tokio::runtime::scheduler::Context>>::set::<<tokio::runtime::scheduler::current_thread::CoreGuard>::enter<<tokio::runtime::scheduler::current_thread::CoreGuard>::block_on<core::pin::Pin<&mut core::pin::Pin<&mut dyn core::future::future::Future<Output = ()>>>>::{closure#0}, core::option::Option<()>>::{closure#0}, (alloc::boxed::Box<tokio::runtime::scheduler::current_thread::Core>, core::option::Option<()>)>
[INFO] [stdout]    4: <tokio::runtime::scheduler::current_thread::CoreGuard>::block_on::<core::pin::Pin<&mut core::pin::Pin<&mut dyn core::future::future::Future<Output = ()>>>>
[INFO] [stdout]    5: tokio::runtime::context::runtime::enter_runtime::<<tokio::runtime::scheduler::current_thread::CurrentThread>::block_on<core::pin::Pin<&mut dyn core::future::future::Future<Output = ()>>>::{closure#0}, ()>
[INFO] [stdout]    6: <tokio::runtime::runtime::Runtime>::block_on::<core::pin::Pin<&mut dyn core::future::future::Future<Output = ()>>>
[INFO] [stdout]    7: yxhoo_transit::yxhoo::tests::test_suggest_places
[INFO] [stdout]    8: <yxhoo_transit::yxhoo::tests::test_suggest_places::{closure#0} as core::ops::function::FnOnce<()>>::call_once
[INFO] [stdout]    9: test::__rust_begin_short_backtrace::<core::result::Result<(), alloc::string::String>, fn() -> core::result::Result<(), alloc::string::String>>
[INFO] [stdout]   10: test::run_test::{closure#0}
[INFO] [stdout]   11: std::sys::backtrace::__rust_begin_short_backtrace::<test::run_test::{closure#1}, ()>
[INFO] [stdout]   12: <std::thread::lifecycle::spawn_unchecked<test::run_test::{closure#1}, ()>::{closure#1} as core::ops::function::FnOnce<()>>::call_once::{shim:vtable#0}
[INFO] [stdout]   13: <std::sys::thread::unix::Thread>::new::thread_start
[INFO] [stdout]   14: <unknown>
[INFO] [stdout]   15: clone
[INFO] [stdout] stack backtrace:
[INFO] [stdout]    0:     0x5f22fffd2b31 - <<std[70759c8f55707aa4]::sys::backtrace::BacktraceLock>::print::DisplayBacktrace as core[df12db4294e9bfd3]::fmt::Display>::fmt
[INFO] [stdout]    1:     0x5f22fffeaa1a - core[df12db4294e9bfd3]::fmt::write
[INFO] [stdout]    2:     0x5f22fffd7eec - <alloc[2182bb758b4b3781]::vec::Vec<u8> as core[df12db4294e9bfd3]::io::write::Write>::write_fmt
[INFO] [stdout]    3:     0x5f22fffad326 - std[70759c8f55707aa4]::panicking::default_hook::{closure#0}
[INFO] [stdout]    4:     0x5f22fffca829 - std[70759c8f55707aa4]::panicking::default_hook
[INFO] [stdout]    5:     0x5f22ffefaa50 - test[9d35eded1c95d3be]::test_main_inner::<test[9d35eded1c95d3be]::test_main_static::{closure#0}>::{closure#0}
[INFO] [stdout]    6:     0x5f22fffcab52 - std[70759c8f55707aa4]::panicking::panic_with_hook
[INFO] [stdout]    7:     0x5f22fffad3d2 - std[70759c8f55707aa4]::panicking::panic_handler::{closure#0}
[INFO] [stdout]    8:     0x5f22fffa5a49 - std[70759c8f55707aa4]::sys::backtrace::__rust_end_short_backtrace::<std[70759c8f55707aa4]::panicking::panic_handler::{closure#0}, !>
[INFO] [stdout]    9:     0x5f22fffae2cd - __rustc[8fa7c3cbc660c2b3]::rust_begin_unwind
[INFO] [stdout]   10:     0x5f22fffeb17c - core[df12db4294e9bfd3]::panicking::panic_fmt
[INFO] [stdout]   11:     0x5f22fffeaf52 - core[df12db4294e9bfd3]::result::unwrap_failed
[INFO] [stdout]   12:     0x5f22ffb40781 - yxhoo_transit[84daaedf72e12de3]::yxhoo::tests::test_suggest_places::{closure#0}
[INFO] [stdout]   13:     0x5f22ffb54ff3 - <tokio[dc60e3656dc2124e]::runtime::scheduler::current_thread::Context>::enter::<core[df12db4294e9bfd3]::task::poll::Poll<()>, <tokio[dc60e3656dc2124e]::runtime::scheduler::current_thread::CoreGuard>::block_on<core[df12db4294e9bfd3]::pin::Pin<&mut core[df12db4294e9bfd3]::pin::Pin<&mut dyn core[df12db4294e9bfd3]::future::future::Future<Output = ()>>>>::{closure#0}::{closure#0}>
[INFO] [stdout]   14:     0x5f22ffb5218c - <tokio[dc60e3656dc2124e]::runtime::context::scoped::Scoped<tokio[dc60e3656dc2124e]::runtime::scheduler::Context>>::set::<<tokio[dc60e3656dc2124e]::runtime::scheduler::current_thread::CoreGuard>::enter<<tokio[dc60e3656dc2124e]::runtime::scheduler::current_thread::CoreGuard>::block_on<core[df12db4294e9bfd3]::pin::Pin<&mut core[df12db4294e9bfd3]::pin::Pin<&mut dyn core[df12db4294e9bfd3]::future::future::Future<Output = ()>>>>::{closure#0}, core[df12db4294e9bfd3]::option::Option<()>>::{closure#0}, (alloc[2182bb758b4b3781]::boxed::Box<tokio[dc60e3656dc2124e]::runtime::scheduler::current_thread::Core>, core[df12db4294e9bfd3]::option::Option<()>)>
[INFO] [stdout]   15:     0x5f22ffb55617 - <tokio[dc60e3656dc2124e]::runtime::scheduler::current_thread::CoreGuard>::block_on::<core[df12db4294e9bfd3]::pin::Pin<&mut core[df12db4294e9bfd3]::pin::Pin<&mut dyn core[df12db4294e9bfd3]::future::future::Future<Output = ()>>>>
[INFO] [stdout]   16:     0x5f22ffb52d27 - tokio[dc60e3656dc2124e]::runtime::context::runtime::enter_runtime::<<tokio[dc60e3656dc2124e]::runtime::scheduler::current_thread::CurrentThread>::block_on<core[df12db4294e9bfd3]::pin::Pin<&mut dyn core[df12db4294e9bfd3]::future::future::Future<Output = ()>>>::{closure#0}, ()>
[INFO] [stdout]   17:     0x5f22ffb51f2a - <tokio[dc60e3656dc2124e]::runtime::runtime::Runtime>::block_on::<core[df12db4294e9bfd3]::pin::Pin<&mut dyn core[df12db4294e9bfd3]::future::future::Future<Output = ()>>>
[INFO] [stdout]   18:     0x5f22ffb40d1b - yxhoo_transit[84daaedf72e12de3]::yxhoo::tests::test_suggest_places
[INFO] [stdout]   19:     0x5f22ffb4f8b9 - <yxhoo_transit[84daaedf72e12de3]::yxhoo::tests::test_suggest_places::{closure#0} as core[df12db4294e9bfd3]::ops::function::FnOnce<()>>::call_once
[INFO] [stdout]   20:     0x5f22ffeedd3b - test[9d35eded1c95d3be]::__rust_begin_short_backtrace::<core[df12db4294e9bfd3]::result::Result<(), alloc[2182bb758b4b3781]::string::String>, fn() -> core[df12db4294e9bfd3]::result::Result<(), alloc[2182bb758b4b3781]::string::String>>
[INFO] [stdout]   21:     0x5f22ffefb3a5 - test[9d35eded1c95d3be]::run_test::{closure#0}
[INFO] [stdout]   22:     0x5f22ffef4c64 - std[70759c8f55707aa4]::sys::backtrace::__rust_begin_short_backtrace::<test[9d35eded1c95d3be]::run_test::{closure#1}, ()>
[INFO] [stdout]   23:     0x5f22ffefe502 - <std[70759c8f55707aa4]::thread::lifecycle::spawn_unchecked<test[9d35eded1c95d3be]::run_test::{closure#1}, ()>::{closure#1} as core[df12db4294e9bfd3]::ops::function::FnOnce<()>>::call_once::{shim:vtable#0}
[INFO] [stdout]   24:     0x5f22fffd2059 - <std[70759c8f55707aa4]::sys::thread::unix::Thread>::new::thread_start
[INFO] [stdout]   25:     0x7ddd19d6cdfa - <unknown>
[INFO] [stdout]   26:     0x7ddd19e003d4 - clone
[INFO] [stdout]   27:                0x0 - <unknown>
[INFO] [stdout] 
[INFO] [stdout] 
[INFO] [stdout] failures:
[INFO] [stdout]     yxhoo::tests::test_suggest_places
[INFO] [stdout]     yxhoo::tests::test_transit
[INFO] [stdout] 
[INFO] [stdout] test result: FAILED. 2 passed; 2 failed; 0 ignored; 0 measured; 0 filtered out; finished in 0.13s
[INFO] [stdout] 
[INFO] [stderr] error: test failed, to rerun pass `--lib`
[INFO] running `Command { std: "docker" "inspect" "bf902fa5d1e5af7c0d215c524bb3afe559819fa504415e144a9397ce9c4920d7", kill_on_drop: false }`
[INFO] running `Command { std: "docker" "rm" "-f" "bf902fa5d1e5af7c0d215c524bb3afe559819fa504415e144a9397ce9c4920d7", kill_on_drop: false }`
[INFO] [stdout] bf902fa5d1e5af7c0d215c524bb3afe559819fa504415e144a9397ce9c4920d7
