[INFO] fetching crate yuvxyb 0.6.0...
[INFO] testing yuvxyb-0.6.0 against 1.99.0-beta.8+cargoflags=--release for beta-release-1.100-2
[INFO] extracting crate yuvxyb 0.6.0 into /workspace/builds/worker-4-tc1/source
[INFO] started tweaking crates.io crate yuvxyb 0.6.0
[INFO] finished tweaking crates.io crate yuvxyb 0.6.0
[INFO] tweaked toml for crates.io crate yuvxyb 0.6.0 written to /workspace/builds/worker-4-tc1/source/Cargo.toml
[INFO] validating manifest of crates.io crate yuvxyb 0.6.0 on toolchain 1.99.0-beta.8
[INFO] running `Command { std: CARGO_HOME="/workspace/cargo-home" RUSTUP_HOME="/workspace/rustup-home" "/workspace/cargo-home/bin/cargo" "+1.99.0-beta.8" "metadata" "--manifest-path" "Cargo.toml" "--no-deps", kill_on_drop: false }`
[INFO] crate crates.io crate yuvxyb 0.6.0 already has a lockfile, it will not be regenerated
[INFO] running `Command { std: CARGO_HOME="/workspace/cargo-home" RUSTUP_HOME="/workspace/rustup-home" "/workspace/cargo-home/bin/cargo" "+1.99.0-beta.8" "fetch" "--manifest-path" "Cargo.toml", kill_on_drop: false }`
[INFO] [stderr]  Downloading crates ...
[INFO] [stderr]   Downloaded safe_arch v1.0.0
[INFO] [stderr]   Downloaded v_frame v0.7.0
[INFO] [stderr]   Downloaded wide v1.5.0
[INFO] running `Command { std: "docker" "create" "-v" "/var/lib/crater-agent-workspace/builds/worker-4-tc1/source:/opt/rustwide/workdir:ro,Z" "-v" "/var/lib/crater-agent-workspace/builds/worker-4-tc1/target:/opt/rustwide/target:rw,Z" "-v" "/var/lib/crater-agent-workspace/cargo-home:/opt/rustwide/cargo-home:ro,Z" "-v" "/var/lib/crater-agent-workspace/rustup-home:/opt/rustwide/rustup-home:ro,Z" "-m" "1610612736" "--network" "none" "ghcr.io/rust-lang/crates-build-env/linux@sha256:77db811e55d90add9212f6832c23229e3de5f1c1f9905e8cb07319ea15df73ac" "sleep" "infinity", kill_on_drop: false }`
[INFO] [stdout] 263c7a30735eea9d673c62d85320383e71c6fa10c8f6b16f7095a6b66c728005
[INFO] running `Command { std: "docker" "start" "263c7a30735eea9d673c62d85320383e71c6fa10c8f6b16f7095a6b66c728005", kill_on_drop: false }`
[INFO] running `Command { std: "docker" "inspect" "263c7a30735eea9d673c62d85320383e71c6fa10c8f6b16f7095a6b66c728005", kill_on_drop: false }`
[INFO] running `Command { std: "docker" "exec" "-e" "SOURCE_DIR=/opt/rustwide/workdir" "-e" "CARGO_HOME=/opt/rustwide/cargo-home" "-e" "RUSTUP_HOME=/opt/rustwide/rustup-home" "-e" "CARGO_TARGET_DIR=/opt/rustwide/target" "-w" "/opt/rustwide/workdir" "--user" "0:0" "263c7a30735eea9d673c62d85320383e71c6fa10c8f6b16f7095a6b66c728005" "/opt/rustwide/cargo-home/bin/cargo" "+1.99.0-beta.8" "metadata" "--no-deps" "--format-version=1", kill_on_drop: false }`
[INFO] running `Command { std: "docker" "inspect" "263c7a30735eea9d673c62d85320383e71c6fa10c8f6b16f7095a6b66c728005", kill_on_drop: false }`
[INFO] running `Command { std: "docker" "exec" "-e" "SOURCE_DIR=/opt/rustwide/workdir" "-e" "CARGO_HOME=/opt/rustwide/cargo-home" "-e" "RUSTUP_HOME=/opt/rustwide/rustup-home" "-e" "CARGO_TARGET_DIR=/opt/rustwide/target" "-e" "CARGO_INCREMENTAL=0" "-e" "RUST_BACKTRACE=full" "-e" "RUSTFLAGS=--cap-lints=warn" "-e" "RUSTDOCFLAGS=--cap-lints=warn" "-w" "/opt/rustwide/workdir" "--user" "0:0" "263c7a30735eea9d673c62d85320383e71c6fa10c8f6b16f7095a6b66c728005" "/opt/rustwide/cargo-home/bin/cargo" "+1.99.0-beta.8" "build" "--frozen" "--message-format=json" "--release", kill_on_drop: false }`
[INFO] [stderr]    Compiling bytemuck v1.25.0
[INFO] [stderr]    Compiling bytes v1.12.0
[INFO] [stderr]    Compiling byte-slice-cast v1.2.3
[INFO] [stderr]    Compiling v_frame v0.7.0
[INFO] [stderr]    Compiling num-bigint v0.4.6
[INFO] [stderr]    Compiling syn v2.0.118
[INFO] [stderr]    Compiling safe_arch v1.0.0
[INFO] [stderr]    Compiling wide v1.5.0
[INFO] [stderr]    Compiling num-rational v0.4.2
[INFO] [stderr]    Compiling num-derive v0.4.2
[INFO] [stderr]    Compiling av-data v0.4.4
[INFO] [stderr]    Compiling yuvxyb-math v0.1.1
[INFO] [stderr]    Compiling yuvxyb v0.6.0 (/opt/rustwide/workdir)
[INFO] [stderr]     Finished `release` profile [optimized] target(s) in 3.42s
[INFO] running `Command { std: "docker" "inspect" "263c7a30735eea9d673c62d85320383e71c6fa10c8f6b16f7095a6b66c728005", kill_on_drop: false }`
[INFO] running `Command { std: "docker" "exec" "-e" "SOURCE_DIR=/opt/rustwide/workdir" "-e" "CARGO_HOME=/opt/rustwide/cargo-home" "-e" "RUSTUP_HOME=/opt/rustwide/rustup-home" "-e" "CARGO_TARGET_DIR=/opt/rustwide/target" "-e" "CARGO_INCREMENTAL=0" "-e" "RUST_BACKTRACE=full" "-e" "RUSTFLAGS=--cap-lints=warn" "-e" "RUSTDOCFLAGS=--cap-lints=warn" "-w" "/opt/rustwide/workdir" "--user" "0:0" "263c7a30735eea9d673c62d85320383e71c6fa10c8f6b16f7095a6b66c728005" "/opt/rustwide/cargo-home/bin/cargo" "+1.99.0-beta.8" "test" "--frozen" "--no-run" "--message-format=json" "--release", kill_on_drop: false }`
[INFO] [stderr]    Compiling zerocopy v0.8.52
[INFO] [stderr]    Compiling simd-adler32 v0.3.9
[INFO] [stderr]    Compiling safe_arch v1.0.0
[INFO] [stderr]    Compiling cc v1.2.65
[INFO] [stderr]    Compiling either v1.16.0
[INFO] [stderr]    Compiling syn v2.0.118
[INFO] [stderr]    Compiling serde_json v1.0.150
[INFO] [stderr]    Compiling clap_builder v4.6.0
[INFO] [stderr]    Compiling regex-automata v0.4.14
[INFO] [stderr]    Compiling pxfm v0.1.29
[INFO] [stderr]    Compiling bitflags v2.13.0
[INFO] [stderr]    Compiling chacha20 v0.10.1
[INFO] [stderr]    Compiling getrandom v0.4.3
[INFO] [stderr]    Compiling page_size v0.6.0
[INFO] [stderr]    Compiling miniz_oxide v0.8.9
[INFO] [stderr]    Compiling fdeflate v0.3.7
[INFO] [stderr]    Compiling itertools v0.13.0
[INFO] [stderr]    Compiling rand v0.10.1
[INFO] [stderr]    Compiling wide v1.5.0
[INFO] [stderr]    Compiling flate2 v1.1.9
[INFO] [stderr]    Compiling png v0.18.1
[INFO] [stderr]    Compiling alloca v0.4.0
[INFO] [stderr]    Compiling criterion-plot v0.8.2
[INFO] [stderr]    Compiling regex v1.12.4
[INFO] [stderr]    Compiling clap v4.6.1
[INFO] [stderr]    Compiling moxcms v0.8.1
[INFO] [stderr]    Compiling zerocopy-derive v0.8.52
[INFO] [stderr]    Compiling serde_derive v1.0.228
[INFO] [stderr]    Compiling num-derive v0.4.2
[INFO] [stderr]    Compiling interpolate_name v0.2.4
[INFO] [stderr]    Compiling av-data v0.4.4
[INFO] [stderr]    Compiling yuvxyb-math v0.1.1
[INFO] [stderr]    Compiling yuvxyb v0.6.0 (/opt/rustwide/workdir)
[INFO] [stderr]    Compiling serde v1.0.228
[INFO] [stderr]    Compiling tinytemplate v1.2.1
[INFO] [stderr]    Compiling image v0.25.10
[INFO] [stderr]    Compiling half v2.7.1
[INFO] [stderr]    Compiling ciborium-ll v0.2.2
[INFO] [stderr]    Compiling ciborium v0.2.2
[INFO] [stderr]    Compiling criterion v0.8.2
[INFO] [stderr]     Finished `release` profile [optimized] target(s) in 13.25s
[INFO] running `Command { std: "docker" "inspect" "263c7a30735eea9d673c62d85320383e71c6fa10c8f6b16f7095a6b66c728005", kill_on_drop: false }`
[INFO] running `Command { std: "docker" "exec" "-e" "SOURCE_DIR=/opt/rustwide/workdir" "-e" "CARGO_HOME=/opt/rustwide/cargo-home" "-e" "RUSTUP_HOME=/opt/rustwide/rustup-home" "-e" "CARGO_TARGET_DIR=/opt/rustwide/target" "-e" "CARGO_INCREMENTAL=0" "-e" "RUST_BACKTRACE=full" "-e" "RUSTFLAGS=--cap-lints=warn" "-e" "RUSTDOCFLAGS=--cap-lints=warn" "-w" "/opt/rustwide/workdir" "--user" "0:0" "263c7a30735eea9d673c62d85320383e71c6fa10c8f6b16f7095a6b66c728005" "/opt/rustwide/cargo-home/bin/cargo" "+1.99.0-beta.8" "test" "--frozen" "--release", kill_on_drop: false }`
[INFO] [stderr]     Finished `release` profile [optimized] target(s) in 0.04s
[INFO] [stderr]      Running unittests src/lib.rs (/opt/rustwide/target/release/deps/yuvxyb-e6e7d997ffc5ff41)
[INFO] [stdout] 
[INFO] [stdout] running 117 tests
[INFO] [stdout] test errors::tests::conversion_error_fmt ... ok
[INFO] [stdout] test errors::tests::creation_error_fmt ... ok
[INFO] [stdout] test hsl::tests::hsl_new_ok ... ok
[INFO] [stdout] test hsl::tests::hsl_new_zero_res ... ok
[INFO] [stdout] test hsl::tests::hsl_new_res_mismatch ... ok
[INFO] [stdout] test hsl::tests::test_black ... ok
[INFO] [stdout] test hsl::tests::test_blue ... ok
[INFO] [stdout] test hsl::tests::test_gray ... ok
[INFO] [stdout] test hsl::tests::test_gray_through_from_trait ... ok
[INFO] [stdout] test hsl::tests::test_green ... ok
[INFO] [stdout] test hsl::tests::test_red ... ok
[INFO] [stdout] test hsl::tests::test_white ... ok
[INFO] [stdout] test linear_rgb::tests::linear_rgb_new_ok ... ok
[INFO] [stdout] test linear_rgb::tests::linear_rgb_new_res_mismatch ... ok
[INFO] [stdout] test linear_rgb::tests::linear_rgb_new_zero_res ... ok
[INFO] [stdout] test linear_rgb::tests::test_hsl_to_linear_rgb_black ... ok
[INFO] [stdout] test linear_rgb::tests::test_hsl_to_linear_rgb_blue ... ok
[INFO] [stdout] test linear_rgb::tests::test_hsl_to_linear_rgb_boundary_lightness ... ok
[INFO] [stdout] test linear_rgb::tests::test_hsl_to_linear_rgb_cyan ... ok
[INFO] [stdout] test linear_rgb::tests::test_hsl_to_linear_rgb_edge_hue_values ... ok
[INFO] [stdout] test linear_rgb::tests::test_hsl_to_linear_rgb_green ... ok
[INFO] [stdout] test linear_rgb::tests::test_hsl_to_linear_rgb_gray ... ok
[INFO] [stdout] test linear_rgb::tests::test_hsl_to_linear_rgb_high_lightness ... ok
[INFO] [stdout] test linear_rgb::tests::test_hsl_to_linear_rgb_low_lightness ... ok
[INFO] [stdout] test linear_rgb::tests::test_hsl_to_linear_rgb_multiple_pixels ... ok
[INFO] [stdout] test linear_rgb::tests::test_hsl_to_linear_rgb_magenta ... ok
[INFO] [stdout] test linear_rgb::tests::test_hsl_to_linear_rgb_partial_saturation ... ok
[INFO] [stdout] test linear_rgb::tests::test_hsl_to_linear_rgb_red ... ok
[INFO] [stdout] test linear_rgb::tests::test_hsl_to_linear_rgb_white ... ok
[INFO] [stdout] test linear_rgb::tests::test_hsl_to_linear_rgb_yellow ... ok
[INFO] [stdout] test linear_rgb::tests::test_hsl_to_linear_rgb_zero_saturation ... ok
[INFO] [stdout] test rgb::tests::rgb_new_fix_unspecified ... ok
[INFO] [stdout] test rgb::tests::rgb_new_ok ... ok
[INFO] [stdout] test rgb::tests::rgb_new_res_mismatch ... ok
[INFO] [stdout] test rgb::tests::rgb_new_zero_res ... ok
[INFO] [stdout] test rgb_xyb::simd::tests::test_linear_rgb_to_xyb_x16_matches_scalar ... ok
[INFO] [stdout] test rgb_xyb::simd::tests::test_linear_rgb_to_xyb_x8_matches_scalar ... ok
[INFO] [stdout] test rgb_xyb::simd::tests::test_simd_roundtrip_x16 ... ok
[INFO] [stdout] test rgb_xyb::simd::tests::test_simd_roundtrip_x8 ... ok
[INFO] [stdout] test rgb_xyb::simd::tests::test_simd_large_data ... ok
[INFO] [stdout] test rgb_xyb::simd::tests::test_xyb_to_linear_rgb_x16_matches_scalar ... ok
[INFO] [stdout] test rgb_xyb::simd::tests::test_xyb_to_linear_rgb_x8_matches_scalar ... ok
[INFO] [stdout] test rgb_xyb::tests::rgb_to_xyb_correct ... FAILED
[INFO] [stdout] test rgb_xyb::tests::xyb_to_rgb_correct ... FAILED
[INFO] [stdout] test tests::yuv_xyb_yuv_ident_10b_bt2020_422 ... ok
[INFO] [stdout] test tests::yuv_xyb_yuv_ident_10b_hlg_420 ... ok
[INFO] [stdout] test tests::yuv_xyb_yuv_ident_10b_hlg_422 ... ok
[INFO] [stdout] test tests::yuv_xyb_yuv_ident_10b_bt2020_420 ... ok
[INFO] [stdout] test tests::yuv_xyb_yuv_ident_10b_bt709_422 ... ok
[INFO] [stdout] test tests::yuv_xyb_yuv_ident_10b_bt2020_444 ... ok
[INFO] [stdout] test tests::yuv_xyb_yuv_ident_10b_bt709_444 ... ok
[INFO] [stdout] test tests::yuv_xyb_yuv_ident_10b_hlg_444_full ... ok
[INFO] [stdout] test tests::yuv_xyb_yuv_ident_10b_hlg_444 ... ok
[INFO] [stdout] test tests::yuv_xyb_yuv_ident_10b_bt709_444_full ... ok
[INFO] [stdout] test tests::yuv_xyb_yuv_ident_10b_bt2020_444_full ... ok
[INFO] [stdout] test xyb::tests::xyb_new_ok ... ok
[INFO] [stdout] test tests::yuv_xyb_yuv_ident_10b_bt709_420 ... ok
[INFO] [stdout] test xyb::tests::xyb_new_res_mismatch ... ok
[INFO] [stdout] test xyb::tests::xyb_new_zero_res ... ok
[INFO] [stdout] test yuv::tests::yuv_new_no_monochrome ... ok
[INFO] [stdout] test yuv::tests::yuv_new_subsample_mismatch ... ok
[INFO] [stdout] test yuv::tests::yuvconfig_fix_unspecified ... ok
[INFO] [stdout] test yuv::tests::yuverror_fmt ... ok
[INFO] [stdout] test yuv_rgb::tests::bt2020_limited_to_rgb_10b ... ok
[INFO] [stdout] test yuv_rgb::tests::bt601_full_to_rgb_10b ... ok
[INFO] [stdout] test yuv_rgb::tests::bt2020_full_to_rgb_10b ... ok
[INFO] [stdout] test yuv_rgb::tests::bt601_limited_to_rgb_10b ... ok
[INFO] [stdout] test yuv_rgb::tests::bt601_limited_to_rgb_8b ... ok
[INFO] [stdout] test yuv_rgb::tests::bt601_full_to_rgb_8b ... ok
[INFO] [stdout] test tests::yuv_xyb_yuv_ident_8b_bt601_420 ... ok
[INFO] [stdout] test yuv_rgb::tests::bt709_full_to_rgb_10b ... ok
[INFO] [stdout] test yuv_rgb::tests::bt709_full_to_rgb_8b ... ok
[INFO] [stdout] test yuv_rgb::tests::bt709_limited_to_rgb_10b ... ok
[INFO] [stdout] test yuv_rgb::tests::bt709_limited_to_rgb_8b ... ok
[INFO] [stdout] test yuv_rgb::tests::to_f32_chroma_full ... ok
[INFO] [stdout] test yuv_rgb::tests::to_f32_chroma_limited ... ok
[INFO] [stdout] test yuv_rgb::tests::to_f32_chroma_full_10b ... ok
[INFO] [stdout] test yuv_rgb::tests::to_f32_luma_full_10b ... ok
[INFO] [stdout] test yuv_rgb::tests::to_f32_luma_limited ... ok
[INFO] [stdout] test yuv_rgb::tests::to_f32_chroma_limited_10b ... ok
[INFO] [stdout] test yuv_rgb::tests::to_f32_luma_limited_10b ... ok
[INFO] [stdout] test yuv_rgb::transfer::tests::test_arib_b67_inverse_oetf_branches ... ok
[INFO] [stdout] test yuv_rgb::transfer::tests::test_log100_inverse_oetf_branches ... ok
[INFO] [stdout] test yuv_rgb::transfer::tests::test_arib_b67_oetf_branches ... ok
[INFO] [stdout] test yuv_rgb::tests::to_f32_luma_full ... ok
[INFO] [stdout] test yuv_rgb::transfer::tests::test_log316_oetf_branches ... ok
[INFO] [stdout] test yuv_rgb::transfer::tests::test_log100_oetf_branches ... ok
[INFO] [stdout] test yuv_rgb::transfer::tests::test_rec_1886_eotf_branches ... ok
[INFO] [stdout] test yuv_rgb::transfer::tests::test_log316_inverse_oetf_branches ... ok
[INFO] [stdout] test yuv_rgb::transfer::tests::test_rec_470bg_oetf_branches ... ok
[INFO] [stdout] test yuv_rgb::transfer::tests::test_rec_470bg_inverse_oetf_branches ... ok
[INFO] [stdout] test yuv_rgb::transfer::tests::test_rec_470m_inverse_oetf_branches ... ok
[INFO] [stdout] test yuv_rgb::transfer::tests::test_rec_709_oetf_branches ... ok
[INFO] [stdout] test yuv_rgb::transfer::tests::test_rec_470m_oetf_branches ... ok
[INFO] [stdout] test yuv_rgb::transfer::tests::test_roundtrip_functions ... ok
[INFO] [stdout] test yuv_rgb::transfer::tests::test_srgb_eotf_branches ... ok
[INFO] [stdout] test yuv_rgb::transfer::tests::test_srgb_inverse_eotf_branches ... ok
[INFO] [stdout] test yuv_rgb::transfer::tests::test_st_2084_eotf_branches ... ok
[INFO] [stdout] test yuv_rgb::transfer::tests::test_rec_709_inverse_oetf_branches ... ok
[INFO] [stdout] test yuv_rgb::transfer::tests::test_transfer_characteristic_to_gamma ... ok
[INFO] [stdout] test yuv_rgb::transfer::tests::test_rec_1886_inverse_eotf_branches ... ok
[INFO] [stdout] test yuv_rgb::transfer::tests::test_transfer_characteristic_to_linear ... ok
[INFO] [stdout] test yuv_rgb::transfer::tests::test_xvycc_eotf_branches ... ok
[INFO] [stdout] test yuv_rgb::transfer::tests::test_xvycc_inverse_eotf_branches ... ok
[INFO] [stdout] test tests::yuv_xyb_yuv_ident_8b_bt709_420 ... ok
[INFO] [stdout] test yuv_rgb::transfer::tests::test_st_2084_inverse_eotf_branches ... ok
[INFO] [stdout] test tests::yuv_xyb_yuv_ident_8b_bt709_422 ... ok
[INFO] [stdout] test tests::yuv_xyb_yuv_ident_8b_bt601_444 ... ok
[INFO] [stdout] test tests::yuv_xyb_yuv_ident_8b_bt601_422 ... ok
[INFO] [stdout] test tests::yuv_xyb_yuv_ident_8b_bt601_444_full ... ok
[INFO] [stdout] test tests::yuv_xyb_yuv_ident_10b_pq_420 ... ok
[INFO] [stdout] test tests::yuv_xyb_yuv_ident_8b_bt709_444_full ... ok
[INFO] [stdout] test tests::yuv_xyb_yuv_ident_8b_bt709_444 ... ok
[INFO] [stdout] test tests::yuv_xyb_yuv_ident_10b_pq_422 ... ok
[INFO] [stdout] test tests::yuv_xyb_yuv_ident_10b_pq_444 ... ok
[INFO] [stdout] test tests::yuv_xyb_yuv_ident_10b_pq_444_full ... ok
[INFO] [stdout] test rgb_xyb::simd::tests::test_rgb_to_xyb_simd_matches_scalar_comprehensive ... ok
[INFO] [stdout] 
[INFO] [stdout] failures:
[INFO] [stdout] 
[INFO] [stdout] ---- rgb_xyb::tests::rgb_to_xyb_correct stdout ----
[INFO] [stdout] 
[INFO] [stdout] thread 'rgb_xyb::tests::rgb_to_xyb_correct' (1213) panicked at src/rgb_xyb/tests.rs:32:43:
[INFO] [stdout] called `Result::unwrap()` on an `Err` value: IoError(Os { code: 2, kind: NotFound, message: "No such file or directory" })
[INFO] [stdout] stack backtrace:
[INFO] [stdout]    0:     0x56c5b9fb63e1 - <<std[70759c8f55707aa4]::sys::backtrace::BacktraceLock>::print::DisplayBacktrace as core[df12db4294e9bfd3]::fmt::Display>::fmt
[INFO] [stdout]    1:     0x56c5b9fcc75a - core[df12db4294e9bfd3]::fmt::write
[INFO] [stdout]    2:     0x56c5b9fba96c - <alloc[2182bb758b4b3781]::vec::Vec<u8> as core[df12db4294e9bfd3]::io::write::Write>::write_fmt
[INFO] [stdout]    3:     0x56c5b9f921c6 - std[70759c8f55707aa4]::panicking::default_hook::{closure#0}
[INFO] [stdout]    4:     0x56c5b9fae729 - std[70759c8f55707aa4]::panicking::default_hook
[INFO] [stdout]    5:     0x56c5b9f491c0 - test[9d35eded1c95d3be]::test_main_inner::<test[9d35eded1c95d3be]::test_main_static::{closure#0}>::{closure#0}
[INFO] [stdout]    6:     0x56c5b9fae8e2 - std[70759c8f55707aa4]::panicking::panic_with_hook
[INFO] [stdout]    7:     0x56c5b9f92272 - std[70759c8f55707aa4]::panicking::panic_handler::{closure#0}
[INFO] [stdout]    8:     0x56c5b9f8ae69 - std[70759c8f55707aa4]::sys::backtrace::__rust_end_short_backtrace::<std[70759c8f55707aa4]::panicking::panic_handler::{closure#0}, !>
[INFO] [stdout]    9:     0x56c5b9f92e6d - __rustc[8fa7c3cbc660c2b3]::rust_begin_unwind
[INFO] [stdout]   10:     0x56c5b9fcce8c - core[df12db4294e9bfd3]::panicking::panic_fmt
[INFO] [stdout]   11:     0x56c5b9fccc62 - core[df12db4294e9bfd3]::result::unwrap_failed
[INFO] [stdout]   12:     0x56c5b9f1de8a - yuvxyb[54770e1c8ca517aa]::rgb_xyb::tests::rgb_to_xyb_correct
[INFO] [stdout]   13:     0x56c5b9f0df19 - <yuvxyb[54770e1c8ca517aa]::rgb_xyb::tests::rgb_to_xyb_correct::{closure#0} as core[df12db4294e9bfd3]::ops::function::FnOnce<()>>::call_once
[INFO] [stdout]   14:     0x56c5b9f3c4ab - test[9d35eded1c95d3be]::__rust_begin_short_backtrace::<core[df12db4294e9bfd3]::result::Result<(), alloc[2182bb758b4b3781]::string::String>, fn() -> core[df12db4294e9bfd3]::result::Result<(), alloc[2182bb758b4b3781]::string::String>>
[INFO] [stdout]   15:     0x56c5b9f49b15 - test[9d35eded1c95d3be]::run_test::{closure#0}
[INFO] [stdout]   16:     0x56c5b9f433d4 - std[70759c8f55707aa4]::sys::backtrace::__rust_begin_short_backtrace::<test[9d35eded1c95d3be]::run_test::{closure#1}, ()>
[INFO] [stdout]   17:     0x56c5b9f4cc72 - <std[70759c8f55707aa4]::thread::lifecycle::spawn_unchecked<test[9d35eded1c95d3be]::run_test::{closure#1}, ()>::{closure#1} as core[df12db4294e9bfd3]::ops::function::FnOnce<()>>::call_once::{shim:vtable#0}
[INFO] [stdout]   18:     0x56c5b9fb5949 - <std[70759c8f55707aa4]::sys::thread::unix::Thread>::new::thread_start
[INFO] [stdout]   19:     0x7f287ea53dfa - <unknown>
[INFO] [stdout]   20:     0x7f287eae73d4 - clone
[INFO] [stdout]   21:                0x0 - <unknown>
[INFO] [stdout] 
[INFO] [stdout] ---- rgb_xyb::tests::xyb_to_rgb_correct stdout ----
[INFO] [stdout] 
[INFO] [stdout] thread 'rgb_xyb::tests::xyb_to_rgb_correct' (1214) panicked at src/rgb_xyb/tests.rs:11:42:
[INFO] [stdout] called `Result::unwrap()` on an `Err` value: Os { code: 2, kind: NotFound, message: "No such file or directory" }
[INFO] [stdout] stack backtrace:
[INFO] [stdout]    0:     0x56c5b9fb63e1 - <<std[70759c8f55707aa4]::sys::backtrace::BacktraceLock>::print::DisplayBacktrace as core[df12db4294e9bfd3]::fmt::Display>::fmt
[INFO] [stdout]    1:     0x56c5b9fcc75a - core[df12db4294e9bfd3]::fmt::write
[INFO] [stdout]    2:     0x56c5b9fba96c - <alloc[2182bb758b4b3781]::vec::Vec<u8> as core[df12db4294e9bfd3]::io::write::Write>::write_fmt
[INFO] [stdout]    3:     0x56c5b9f921c6 - std[70759c8f55707aa4]::panicking::default_hook::{closure#0}
[INFO] [stdout]    4:     0x56c5b9fae729 - std[70759c8f55707aa4]::panicking::default_hook
[INFO] [stdout]    5:     0x56c5b9f491c0 - test[9d35eded1c95d3be]::test_main_inner::<test[9d35eded1c95d3be]::test_main_static::{closure#0}>::{closure#0}
[INFO] [stdout]    6:     0x56c5b9fae8e2 - std[70759c8f55707aa4]::panicking::panic_with_hook
[INFO] [stdout]    7:     0x56c5b9f92272 - std[70759c8f55707aa4]::panicking::panic_handler::{closure#0}
[INFO] [stdout]    8:     0x56c5b9f8ae69 - std[70759c8f55707aa4]::sys::backtrace::__rust_end_short_backtrace::<std[70759c8f55707aa4]::panicking::panic_handler::{closure#0}, !>
[INFO] [stdout]    9:     0x56c5b9f92e6d - __rustc[8fa7c3cbc660c2b3]::rust_begin_unwind
[INFO] [stdout]   10:     0x56c5b9fcce8c - core[df12db4294e9bfd3]::panicking::panic_fmt
[INFO] [stdout]   11:     0x56c5b9fccc62 - core[df12db4294e9bfd3]::result::unwrap_failed
[INFO] [stdout]   12:     0x56c5b9f1d6b6 - yuvxyb[54770e1c8ca517aa]::rgb_xyb::tests::parse_xyb_txt
[INFO] [stdout]   13:     0x56c5b9f1e1bb - yuvxyb[54770e1c8ca517aa]::rgb_xyb::tests::xyb_to_rgb_correct
[INFO] [stdout]   14:     0x56c5b9f0df39 - <yuvxyb[54770e1c8ca517aa]::rgb_xyb::tests::xyb_to_rgb_correct::{closure#0} as core[df12db4294e9bfd3]::ops::function::FnOnce<()>>::call_once
[INFO] [stdout]   15:     0x56c5b9f3c4ab - test[9d35eded1c95d3be]::__rust_begin_short_backtrace::<core[df12db4294e9bfd3]::result::Result<(), alloc[2182bb758b4b3781]::string::String>, fn() -> core[df12db4294e9bfd3]::result::Result<(), alloc[2182bb758b4b3781]::string::String>>
[INFO] [stdout]   16:     0x56c5b9f49b15 - test[9d35eded1c95d3be]::run_test::{closure#0}
[INFO] [stdout]   17:     0x56c5b9f433d4 - std[70759c8f55707aa4]::sys::backtrace::__rust_begin_short_backtrace::<test[9d35eded1c95d3be]::run_test::{closure#1}, ()>
[INFO] [stdout]   18:     0x56c5b9f4cc72 - <std[70759c8f55707aa4]::thread::lifecycle::spawn_unchecked<test[9d35eded1c95d3be]::run_test::{closure#1}, ()>::{closure#1} as core[df12db4294e9bfd3]::ops::function::FnOnce<()>>::call_once::{shim:vtable#0}
[INFO] [stdout]   19:     0x56c5b9fb5949 - <std[70759c8f55707aa4]::sys::thread::unix::Thread>::new::thread_start
[INFO] [stdout]   20:     0x7f287ea53dfa - <unknown>
[INFO] [stdout]   21:     0x7f287eae73d4 - clone
[INFO] [stdout]   22:                0x0 - <unknown>
[INFO] [stdout] 
[INFO] [stdout] 
[INFO] [stdout] failures:
[INFO] [stdout]     rgb_xyb::tests::rgb_to_xyb_correct
[INFO] [stdout]     rgb_xyb::tests::xyb_to_rgb_correct
[INFO] [stdout] 
[INFO] [stdout] test result: FAILED. 115 passed; 2 failed; 0 ignored; 0 measured; 0 filtered out; finished in 0.15s
[INFO] [stdout] 
[INFO] [stderr] error: test failed, to rerun pass `--lib`
[INFO] running `Command { std: "docker" "inspect" "263c7a30735eea9d673c62d85320383e71c6fa10c8f6b16f7095a6b66c728005", kill_on_drop: false }`
[INFO] running `Command { std: "docker" "rm" "-f" "263c7a30735eea9d673c62d85320383e71c6fa10c8f6b16f7095a6b66c728005", kill_on_drop: false }`
[INFO] [stdout] 263c7a30735eea9d673c62d85320383e71c6fa10c8f6b16f7095a6b66c728005
