[INFO] fetching crate yurtfmt 0.1.1...
[INFO] testing yurtfmt-0.1.1 against 1.100.0-beta.1+cargoflags=--release for beta-release-1.100-2
[INFO] extracting crate yurtfmt 0.1.1 into /workspace/builds/worker-0-tc2/source
[INFO] started tweaking crates.io crate yurtfmt 0.1.1
[INFO] removed 0 missing tests
[INFO] finished tweaking crates.io crate yurtfmt 0.1.1
[INFO] tweaked toml for crates.io crate yurtfmt 0.1.1 written to /workspace/builds/worker-0-tc2/source/Cargo.toml
[INFO] validating manifest of crates.io crate yurtfmt 0.1.1 on toolchain 1.100.0-beta.1
[INFO] running `Command { std: CARGO_HOME="/workspace/cargo-home" RUSTUP_HOME="/workspace/rustup-home" "/workspace/cargo-home/bin/cargo" "+1.100.0-beta.1" "metadata" "--manifest-path" "Cargo.toml" "--no-deps", kill_on_drop: false }`
[INFO] crate crates.io crate yurtfmt 0.1.1 already has a lockfile, it will not be regenerated
[INFO] running `Command { std: CARGO_HOME="/workspace/cargo-home" RUSTUP_HOME="/workspace/rustup-home" "/workspace/cargo-home/bin/cargo" "+1.100.0-beta.1" "fetch" "--manifest-path" "Cargo.toml", kill_on_drop: false }`
[INFO] [stderr] warning: `package.homepage` is redundant with `package.repository`
[INFO] [stderr]   --> Cargo.toml:52:12
[INFO] [stderr]    |
[INFO] [stderr] 52 | homepage = "https://github.com/DeclarativeFi/yurt"
[INFO] [stderr]    |            ^^^^^^^^^^^^^^^^^^^^^^^^^^^^^^^^^^^^^^^
[INFO] [stderr] ...
[INFO] [stderr] 56 | repository = "https://github.com/DeclarativeFi/yurt"
[INFO] [stderr]    |              ---------------------------------------
[INFO] [stderr]    |
[INFO] [stderr]    = note: `cargo::redundant_homepage` is set to `warn` by default
[INFO] [stderr] help: consider removing `package.homepage`
[INFO] [stderr] warning: `yurtfmt` (manifest) generated 1 warning
[INFO] running `Command { std: "docker" "create" "-v" "/var/lib/crater-agent-workspace/builds/worker-0-tc2/source:/opt/rustwide/workdir:ro,Z" "-v" "/var/lib/crater-agent-workspace/builds/worker-0-tc2/target:/opt/rustwide/target:rw,Z" "-v" "/var/lib/crater-agent-workspace/cargo-home:/opt/rustwide/cargo-home:ro,Z" "-v" "/var/lib/crater-agent-workspace/rustup-home:/opt/rustwide/rustup-home:ro,Z" "-m" "1610612736" "--network" "none" "ghcr.io/rust-lang/crates-build-env/linux@sha256:77db811e55d90add9212f6832c23229e3de5f1c1f9905e8cb07319ea15df73ac" "sleep" "infinity", kill_on_drop: false }`
[INFO] [stdout] 7a105d90752931282e51068a49091c2665302ccb9584cd70deef9712e0e90cc3
[INFO] running `Command { std: "docker" "start" "7a105d90752931282e51068a49091c2665302ccb9584cd70deef9712e0e90cc3", kill_on_drop: false }`
[INFO] running `Command { std: "docker" "inspect" "7a105d90752931282e51068a49091c2665302ccb9584cd70deef9712e0e90cc3", kill_on_drop: false }`
[INFO] running `Command { std: "docker" "exec" "-e" "SOURCE_DIR=/opt/rustwide/workdir" "-e" "CARGO_HOME=/opt/rustwide/cargo-home" "-e" "RUSTUP_HOME=/opt/rustwide/rustup-home" "-e" "CARGO_TARGET_DIR=/opt/rustwide/target" "-w" "/opt/rustwide/workdir" "--user" "0:0" "7a105d90752931282e51068a49091c2665302ccb9584cd70deef9712e0e90cc3" "/opt/rustwide/cargo-home/bin/cargo" "+1.100.0-beta.1" "metadata" "--no-deps" "--format-version=1", kill_on_drop: false }`
[INFO] running `Command { std: "docker" "inspect" "7a105d90752931282e51068a49091c2665302ccb9584cd70deef9712e0e90cc3", kill_on_drop: false }`
[INFO] running `Command { std: "docker" "exec" "-e" "SOURCE_DIR=/opt/rustwide/workdir" "-e" "CARGO_HOME=/opt/rustwide/cargo-home" "-e" "RUSTUP_HOME=/opt/rustwide/rustup-home" "-e" "CARGO_TARGET_DIR=/opt/rustwide/target" "-e" "CARGO_INCREMENTAL=0" "-e" "RUST_BACKTRACE=full" "-e" "RUSTFLAGS=--cap-lints=warn" "-e" "RUSTDOCFLAGS=--cap-lints=warn" "-w" "/opt/rustwide/workdir" "--user" "0:0" "7a105d90752931282e51068a49091c2665302ccb9584cd70deef9712e0e90cc3" "/opt/rustwide/cargo-home/bin/cargo" "+1.100.0-beta.1" "build" "--frozen" "--message-format=json" "--release", kill_on_drop: false }`
[INFO] [stderr] warning: `package.homepage` is redundant with `package.repository`
[INFO] [stderr]   --> Cargo.toml:52:12
[INFO] [stderr]    |
[INFO] [stderr] 52 | homepage = "https://github.com/DeclarativeFi/yurt"
[INFO] [stderr]    |            ^^^^^^^^^^^^^^^^^^^^^^^^^^^^^^^^^^^^^^^
[INFO] [stderr] ...
[INFO] [stderr] 56 | repository = "https://github.com/DeclarativeFi/yurt"
[INFO] [stderr]    |              ---------------------------------------
[INFO] [stderr]    |
[INFO] [stderr]    = note: `cargo::redundant_homepage` is set to `warn` by default
[INFO] [stderr] help: consider removing `package.homepage`
[INFO] [stderr] warning: `yurtfmt` (manifest) generated 1 warning
[INFO] [stderr]    Compiling proc-macro2 v1.0.94
[INFO] [stderr]    Compiling unicode-ident v1.0.18
[INFO] [stderr]    Compiling semver v1.0.26
[INFO] [stderr]    Compiling libc v0.2.171
[INFO] [stderr]    Compiling anstyle v1.0.10
[INFO] [stderr]    Compiling anstyle-query v1.1.2
[INFO] [stderr]    Compiling cc v1.2.18
[INFO] [stderr]    Compiling ahash v0.8.11
[INFO] [stderr]    Compiling anstyle-parse v0.2.6
[INFO] [stderr]    Compiling colorchoice v1.0.3
[INFO] [stderr]    Compiling zerocopy v0.7.35
[INFO] [stderr]    Compiling regex-syntax v0.8.5
[INFO] [stderr]    Compiling is_terminal_polyfill v1.70.1
[INFO] [stderr]    Compiling thiserror v2.0.12
[INFO] [stderr]    Compiling anyhow v1.0.97
[INFO] [stderr]    Compiling clap_lex v0.7.4
[INFO] [stderr]    Compiling dissimilar v1.0.10
[INFO] [stderr]    Compiling yansi v1.0.1
[INFO] [stderr]    Compiling unicode-width v0.1.14
[INFO] [stderr]    Compiling itertools v0.14.0
[INFO] [stderr]    Compiling anstream v0.6.18
[INFO] [stderr]    Compiling expect-test v1.5.1
[INFO] [stderr]    Compiling ariadne v0.5.1
[INFO] [stderr]    Compiling clap_builder v4.5.35
[INFO] [stderr]    Compiling rustc_version v0.4.1
[INFO] [stderr]    Compiling hashbrown v0.14.5
[INFO] [stderr]    Compiling logos-codegen v0.15.0
[INFO] [stderr]    Compiling quote v1.0.40
[INFO] [stderr]    Compiling syn v2.0.100
[INFO] [stderr]    Compiling psm v0.1.25
[INFO] [stderr]    Compiling stacker v0.1.20
[INFO] [stderr]    Compiling chumsky v0.9.3
[INFO] [stderr]    Compiling clap_derive v4.5.32
[INFO] [stderr]    Compiling thiserror-impl v2.0.12
[INFO] [stderr]    Compiling logos-derive v0.15.0
[INFO] [stderr]    Compiling logos v0.15.0
[INFO] [stderr]    Compiling clap v4.5.35
[INFO] [stderr]    Compiling yurtfmt v0.1.1 (/opt/rustwide/workdir)
[INFO] [stdout] warning: hiding a lifetime that's elided elsewhere is confusing
[INFO] [stdout]    --> src/lexer.rs:105:24
[INFO] [stdout]     |
[INFO] [stdout] 105 | pub(super) fn lex(src: &str) -> (Vec<(Token, Span)>, Vec<FormatterError>) {
[INFO] [stdout]     |                        ^^^^           ^^^^^ the same lifetime is hidden here
[INFO] [stdout]     |                        |
[INFO] [stdout]     |                        the lifetime is elided here
[INFO] [stdout]     |
[INFO] [stdout]     = help: the same lifetime is referred to in inconsistent ways, making the signature confusing
[INFO] [stdout]     = note: `#[warn(mismatched_lifetime_syntaxes)]` on by default
[INFO] [stdout] help: use `'_` for type paths
[INFO] [stdout]     |
[INFO] [stdout] 105 | pub(super) fn lex(src: &str) -> (Vec<(Token<'_>, Span)>, Vec<FormatterError>) {
[INFO] [stdout]     |                                            ++++
[INFO] [stdout] 
[INFO] [stdout] 
[INFO] [stderr] warning: unused dependency `expect-test`
[INFO] [stderr]   --> Cargo.toml:18:15
[INFO] [stderr]    |
[INFO] [stderr] 18 | [dependencies.expect-test]
[INFO] [stderr]    |               ^^^^^^^^^^^^
[INFO] [stderr]    |
[INFO] [stderr]    = note: `cargo::unused_dependencies` is set to `warn` by default
[INFO] [stderr] help: consider removing the dependency on `expect-test`
[INFO] [stderr] warning: `yurtfmt` (manifest) generated 1 warning
[INFO] [stderr]     Finished `release` profile [optimized] target(s) in 8.66s
[INFO] running `Command { std: "docker" "inspect" "7a105d90752931282e51068a49091c2665302ccb9584cd70deef9712e0e90cc3", kill_on_drop: false }`
[INFO] running `Command { std: "docker" "exec" "-e" "SOURCE_DIR=/opt/rustwide/workdir" "-e" "CARGO_HOME=/opt/rustwide/cargo-home" "-e" "RUSTUP_HOME=/opt/rustwide/rustup-home" "-e" "CARGO_TARGET_DIR=/opt/rustwide/target" "-e" "CARGO_INCREMENTAL=0" "-e" "RUST_BACKTRACE=full" "-e" "RUSTFLAGS=--cap-lints=warn" "-e" "RUSTDOCFLAGS=--cap-lints=warn" "-w" "/opt/rustwide/workdir" "--user" "0:0" "7a105d90752931282e51068a49091c2665302ccb9584cd70deef9712e0e90cc3" "/opt/rustwide/cargo-home/bin/cargo" "+1.100.0-beta.1" "test" "--frozen" "--no-run" "--message-format=json" "--release", kill_on_drop: false }`
[INFO] [stderr] warning: `package.homepage` is redundant with `package.repository`
[INFO] [stderr]   --> Cargo.toml:52:12
[INFO] [stderr]    |
[INFO] [stderr] 52 | homepage = "https://github.com/DeclarativeFi/yurt"
[INFO] [stderr]    |            ^^^^^^^^^^^^^^^^^^^^^^^^^^^^^^^^^^^^^^^
[INFO] [stderr] ...
[INFO] [stderr] 56 | repository = "https://github.com/DeclarativeFi/yurt"
[INFO] [stderr]    |              ---------------------------------------
[INFO] [stderr]    |
[INFO] [stderr]    = note: `cargo::redundant_homepage` is set to `warn` by default
[INFO] [stderr] help: consider removing `package.homepage`
[INFO] [stderr] warning: `yurtfmt` (manifest) generated 1 warning
[INFO] [stderr]    Compiling memchr v2.7.4
[INFO] [stderr]    Compiling getrandom v0.3.2
[INFO] [stderr]    Compiling rustix v1.0.5
[INFO] [stderr]    Compiling linux-raw-sys v0.9.3
[INFO] [stderr]    Compiling regex-syntax v0.8.5
[INFO] [stderr]    Compiling bitflags v2.9.0
[INFO] [stderr]    Compiling test_bin v0.4.0
[INFO] [stdout] warning: hiding a lifetime that's elided elsewhere is confusing
[INFO] [stdout]    --> src/lexer.rs:105:24
[INFO] [stdout]     |
[INFO] [stdout] 105 | pub(super) fn lex(src: &str) -> (Vec<(Token, Span)>, Vec<FormatterError>) {
[INFO] [stdout]     |                        ^^^^           ^^^^^ the same lifetime is hidden here
[INFO] [stdout]     |                        |
[INFO] [stdout]     |                        the lifetime is elided here
[INFO] [stdout]     |
[INFO] [stdout]     = help: the same lifetime is referred to in inconsistent ways, making the signature confusing
[INFO] [stdout]     = note: `#[warn(mismatched_lifetime_syntaxes)]` on by default
[INFO] [stdout] help: use `'_` for type paths
[INFO] [stdout]     |
[INFO] [stdout] 105 | pub(super) fn lex(src: &str) -> (Vec<(Token<'_>, Span)>, Vec<FormatterError>) {
[INFO] [stdout]     |                                            ++++
[INFO] [stdout] 
[INFO] [stdout] 
[INFO] [stderr]    Compiling aho-corasick v1.1.3
[INFO] [stderr]    Compiling regex-automata v0.4.9
[INFO] [stderr]    Compiling tempfile v3.19.1
[INFO] [stderr]    Compiling regex v1.11.1
[INFO] [stderr]    Compiling yurtfmt v0.1.1 (/opt/rustwide/workdir)
[INFO] [stdout] warning: hiding a lifetime that's elided elsewhere is confusing
[INFO] [stdout]    --> src/lexer.rs:105:24
[INFO] [stdout]     |
[INFO] [stdout] 105 | pub(super) fn lex(src: &str) -> (Vec<(Token, Span)>, Vec<FormatterError>) {
[INFO] [stdout]     |                        ^^^^           ^^^^^ the same lifetime is hidden here
[INFO] [stdout]     |                        |
[INFO] [stdout]     |                        the lifetime is elided here
[INFO] [stdout]     |
[INFO] [stdout]     = help: the same lifetime is referred to in inconsistent ways, making the signature confusing
[INFO] [stdout]     = note: `#[warn(mismatched_lifetime_syntaxes)]` on by default
[INFO] [stdout] help: use `'_` for type paths
[INFO] [stdout]     |
[INFO] [stdout] 105 | pub(super) fn lex(src: &str) -> (Vec<(Token<'_>, Span)>, Vec<FormatterError>) {
[INFO] [stdout]     |                                            ++++
[INFO] [stdout] 
[INFO] [stdout] 
[INFO] [stderr]     Finished `release` profile [optimized] target(s) in 10.92s
[INFO] running `Command { std: "docker" "inspect" "7a105d90752931282e51068a49091c2665302ccb9584cd70deef9712e0e90cc3", kill_on_drop: false }`
[INFO] running `Command { std: "docker" "exec" "-e" "SOURCE_DIR=/opt/rustwide/workdir" "-e" "CARGO_HOME=/opt/rustwide/cargo-home" "-e" "RUSTUP_HOME=/opt/rustwide/rustup-home" "-e" "CARGO_TARGET_DIR=/opt/rustwide/target" "-e" "CARGO_INCREMENTAL=0" "-e" "RUST_BACKTRACE=full" "-e" "RUSTFLAGS=--cap-lints=warn" "-e" "RUSTDOCFLAGS=--cap-lints=warn" "-w" "/opt/rustwide/workdir" "--user" "0:0" "7a105d90752931282e51068a49091c2665302ccb9584cd70deef9712e0e90cc3" "/opt/rustwide/cargo-home/bin/cargo" "+1.100.0-beta.1" "test" "--frozen" "--release", kill_on_drop: false }`
[INFO] [stderr] warning: `package.homepage` is redundant with `package.repository`
[INFO] [stderr]   --> Cargo.toml:52:12
[INFO] [stderr]    |
[INFO] [stderr] 52 | homepage = "https://github.com/DeclarativeFi/yurt"
[INFO] [stderr]    |            ^^^^^^^^^^^^^^^^^^^^^^^^^^^^^^^^^^^^^^^
[INFO] [stderr] ...
[INFO] [stderr] 56 | repository = "https://github.com/DeclarativeFi/yurt"
[INFO] [stderr]    |              ---------------------------------------
[INFO] [stderr]    |
[INFO] [stderr]    = note: `cargo::redundant_homepage` is set to `warn` by default
[INFO] [stderr] help: consider removing `package.homepage`
[INFO] [stderr] warning: `yurtfmt` (manifest) generated 1 warning
[INFO] [stderr] warning: hiding a lifetime that's elided elsewhere is confusing
[INFO] [stderr]    --> src/lexer.rs:105:24
[INFO] [stderr]     |
[INFO] [stderr] 105 | pub(super) fn lex(src: &str) -> (Vec<(Token, Span)>, Vec<FormatterError>) {
[INFO] [stderr]     |                        ^^^^           ^^^^^ the same lifetime is hidden here
[INFO] [stderr]     |                        |
[INFO] [stderr]     |                        the lifetime is elided here
[INFO] [stderr]     |
[INFO] [stderr]     = help: the same lifetime is referred to in inconsistent ways, making the signature confusing
[INFO] [stderr]     = note: `#[warn(mismatched_lifetime_syntaxes)]` on by default
[INFO] [stderr] help: use `'_` for type paths
[INFO] [stderr]     |
[INFO] [stderr] 105 | pub(super) fn lex(src: &str) -> (Vec<(Token<'_>, Span)>, Vec<FormatterError>) {
[INFO] [stderr]     |                                            ++++
[INFO] [stderr] 
[INFO] [stderr] warning: `yurtfmt` (bin "yurtfmt" test) generated 1 warning (run `cargo fix --bin "yurtfmt" -p yurtfmt --tests` to apply 1 suggestion)
[INFO] [stderr] warning: `yurtfmt` (bin "yurtfmt") generated 1 warning (1 duplicate)
[INFO] [stderr]     Finished `release` profile [optimized] target(s) in 0.04s
[INFO] [stderr]      Running unittests src/main.rs (/opt/rustwide/target/release/build/yurtfmt/48abfb5add6d70f7/out/yurtfmt-48abfb5add6d70f7)
[INFO] [stdout] 
[INFO] [stdout] running 36 tests
[INFO] [stdout] test ast::tests::array_element_accesses ... ok
[INFO] [stdout] test ast::tests::binary_op_exprs ... ok
[INFO] [stdout] test ast::tests::array_types ... ok
[INFO] [stdout] test ast::tests::array_expressions ... ok
[INFO] [stdout] test ast::tests::casting ... ok
[INFO] [stdout] test ast::tests::errors ... ok
[INFO] [stdout] test ast::tests::custom_types ... ok
[INFO] [stdout] test ast::tests::constraint_decls ... ok
[INFO] [stdout] test ast::tests::call_expressions ... ok
[INFO] [stdout] test ast::tests::if_exprs ... ok
[INFO] [stdout] test ast::tests::cond_exprs ... ok
[INFO] [stdout] test ast::tests::in_expressions ... ok
[INFO] [stdout] test ast::tests::blank_lines ... ok
[INFO] [stdout] test ast::tests::func_decl ... ok
[INFO] [stdout] test ast::tests::paths ... ok
[INFO] [stdout] test ast::tests::range_expressions ... ok
[INFO] [stdout] test ast::tests::enum_decl ... ok
[INFO] [stdout] test ast::tests::let_decls ... ok
[INFO] [stdout] test lexer::tests::bool_literals ... ok
[INFO] [stdout] test ast::tests::use_statements ... ok
[INFO] [stdout] test ast::tests::unary_op_exprs ... ok
[INFO] [stdout] test lexer::tests::keywords ... ok
[INFO] [stdout] test ast::tests::tuple_field_accesses ... ok
[INFO] [stdout] test lexer::tests::newlines ... ok
[INFO] [stdout] test lexer::tests::number_literals ... ok
[INFO] [stdout] test lexer::tests::operators ... ok
[INFO] [stdout] test ast::tests::solve_decls ... ok
[INFO] [stdout] test lexer::tests::solve_tokens ... ok
[INFO] [stdout] test ast::tests::tuple_expressions ... ok
[INFO] [stdout] test lexer::tests::control_tokens ... ok
[INFO] [stdout] test lexer::tests::comments ... ok
[INFO] [stdout] test lexer::tests::primitives ... ok
[INFO] [stdout] test lexer::tests::string_literals ... ok
[INFO] [stdout] test ast::tests::state_decl ... ok
[INFO] [stdout] test ast::tests::single_line_comments ... ok
[INFO] [stdout] test lexer::tests::idents ... ok
[INFO] [stdout] 
[INFO] [stdout] test result: ok. 36 passed; 0 failed; 0 ignored; 0 measured; 0 filtered out; finished in 0.00s
[INFO] [stdout] 
[INFO] [stderr]      Running tests/cli.rs (/opt/rustwide/target/release/build/yurtfmt/a84f8175bfe446b4/out/cli-a84f8175bfe446b4)
[INFO] [stdout] 
[INFO] [stdout] running 4 tests
[INFO] [stdout] test err ... FAILED
[INFO] [stdout] test compile_errors ... FAILED
[INFO] [stdout] test multiple_file ... FAILED
[INFO] [stdout] test single_file ... FAILED
[INFO] [stdout] 
[INFO] [stdout] failures:
[INFO] [stdout] 
[INFO] [stdout] ---- err stdout ----
[INFO] [stdout] 
[INFO] [stdout] thread 'err' (1366) panicked at /opt/rustwide/cargo-home/registry/src/index.crates.io-1949cf8c6b5b557f/test_bin-0.4.0/src/lib.rs:41:5:
[INFO] [stdout] assertion failed: path.exists()
[INFO] [stdout] stack backtrace:
[INFO] [stdout]    0:     0x631ee02f2e71 - <<std[617be2ca0a6fd877]::sys::backtrace::BacktraceLock>::print::DisplayBacktrace as core[a373ad73a504971]::fmt::Display>::fmt
[INFO] [stdout]    1:     0x631ee03086ca - core[a373ad73a504971]::fmt::write
[INFO] [stdout]    2:     0x631ee02f71ac - <alloc[2e1b2a31b91974c5]::vec::Vec<u8> as core[a373ad73a504971]::io::write::Write>::write_fmt
[INFO] [stdout]    3:     0x631ee02ce456 - std[617be2ca0a6fd877]::panicking::default_hook::{closure#0}
[INFO] [stdout]    4:     0x631ee02eabd9 - std[617be2ca0a6fd877]::panicking::default_hook
[INFO] [stdout]    5:     0x631ee0286660 - test[aada8e7e76ba119b]::test_main_inner::{closure#0}
[INFO] [stdout]    6:     0x631ee02eaf02 - std[617be2ca0a6fd877]::panicking::panic_with_hook
[INFO] [stdout]    7:     0x631ee02ce534 - std[617be2ca0a6fd877]::panicking::panic_handler::{closure#0}
[INFO] [stdout]    8:     0x631ee02c6fa9 - std[617be2ca0a6fd877]::sys::backtrace::__rust_end_short_backtrace::<std[617be2ca0a6fd877]::panicking::panic_handler::{closure#0}, !>
[INFO] [stdout]    9:     0x631ee02cf10d - __rustc[ea4f61d10b84890b]::rust_begin_unwind
[INFO] [stdout]   10:     0x631ee0308eac - core[a373ad73a504971]::panicking::panic_fmt
[INFO] [stdout]   11:     0x631ee0308e72 - core[a373ad73a504971]::panicking::panic
[INFO] [stdout]   12:     0x631ee01aa994 - test_bin[7c38c887a2d43a7e]::get_test_bin
[INFO] [stdout]   13:     0x631ee01a4206 - cli[e8288b099ec111d6]::yurtfmt_command
[INFO] [stdout]   14:     0x631ee01a7112 - <cli[e8288b099ec111d6]::err::{closure#0} as core[a373ad73a504971]::ops::function::FnOnce<()>>::call_once
[INFO] [stdout]   15:     0x631ee0279aab - test[aada8e7e76ba119b]::__rust_begin_short_backtrace::<core[a373ad73a504971]::result::Result<(), alloc[2e1b2a31b91974c5]::string::String>, fn() -> core[a373ad73a504971]::result::Result<(), alloc[2e1b2a31b91974c5]::string::String>>
[INFO] [stdout]   16:     0x631ee0286c85 - test[aada8e7e76ba119b]::run_test::{closure#0}
[INFO] [stdout]   17:     0x631ee0280574 - std[617be2ca0a6fd877]::sys::backtrace::__rust_begin_short_backtrace::<test[aada8e7e76ba119b]::run_test::{closure#1}, ()>
[INFO] [stdout]   18:     0x631ee0289d12 - <std[617be2ca0a6fd877]::thread::lifecycle::spawn_unchecked<test[aada8e7e76ba119b]::run_test::{closure#1}, ()>::{closure#1} as core[a373ad73a504971]::ops::function::FnOnce<()>>::call_once::{shim:vtable#0}
[INFO] [stdout]   19:     0x631ee02f214f - <std[617be2ca0a6fd877]::sys::thread::unix::Thread>::new::thread_start
[INFO] [stdout]   20:     0x79b39ee96dfa - <unknown>
[INFO] [stdout]   21:     0x79b39ef2a3d4 - clone
[INFO] [stdout]   22:                0x0 - <unknown>
[INFO] [stdout] 
[INFO] [stdout] ---- compile_errors stdout ----
[INFO] [stdout] 
[INFO] [stdout] thread 'compile_errors' (1365) panicked at /opt/rustwide/cargo-home/registry/src/index.crates.io-1949cf8c6b5b557f/test_bin-0.4.0/src/lib.rs:41:5:
[INFO] [stdout] assertion failed: path.exists()
[INFO] [stdout] stack backtrace:
[INFO] [stdout]    0:     0x631ee02f2e71 - <<std[617be2ca0a6fd877]::sys::backtrace::BacktraceLock>::print::DisplayBacktrace as core[a373ad73a504971]::fmt::Display>::fmt
[INFO] [stdout]    1:     0x631ee03086ca - core[a373ad73a504971]::fmt::write
[INFO] [stdout]    2:     0x631ee02f71ac - <alloc[2e1b2a31b91974c5]::vec::Vec<u8> as core[a373ad73a504971]::io::write::Write>::write_fmt
[INFO] [stdout]    3:     0x631ee02ce456 - std[617be2ca0a6fd877]::panicking::default_hook::{closure#0}
[INFO] [stdout]    4:     0x631ee02eabd9 - std[617be2ca0a6fd877]::panicking::default_hook
[INFO] [stdout]    5:     0x631ee0286660 - test[aada8e7e76ba119b]::test_main_inner::{closure#0}
[INFO] [stdout]    6:     0x631ee02eaf02 - std[617be2ca0a6fd877]::panicking::panic_with_hook
[INFO] [stdout]    7:     0x631ee02ce534 - std[617be2ca0a6fd877]::panicking::panic_handler::{closure#0}
[INFO] [stdout]    8:     0x631ee02c6fa9 - std[617be2ca0a6fd877]::sys::backtrace::__rust_end_short_backtrace::<std[617be2ca0a6fd877]::panicking::panic_handler::{closure#0}, !>
[INFO] [stdout]    9:     0x631ee02cf10d - __rustc[ea4f61d10b84890b]::rust_begin_unwind
[INFO] [stdout]   10:     0x631ee0308eac - core[a373ad73a504971]::panicking::panic_fmt
[INFO] [stdout]   11:     0x631ee0308e72 - core[a373ad73a504971]::panicking::panic
[INFO] [stdout]   12:     0x631ee01aa994 - test_bin[7c38c887a2d43a7e]::get_test_bin
[INFO] [stdout]   13:     0x631ee01a4206 - cli[e8288b099ec111d6]::yurtfmt_command
[INFO] [stdout]   14:     0x631ee01a668c - <cli[e8288b099ec111d6]::compile_errors::{closure#0} as core[a373ad73a504971]::ops::function::FnOnce<()>>::call_once
[INFO] [stdout]   15:     0x631ee0279aab - test[aada8e7e76ba119b]::__rust_begin_short_backtrace::<core[a373ad73a504971]::result::Result<(), alloc[2e1b2a31b91974c5]::string::String>, fn() -> core[a373ad73a504971]::result::Result<(), alloc[2e1b2a31b91974c5]::string::String>>
[INFO] [stdout]   16:     0x631ee0286c85 - test[aada8e7e76ba119b]::run_test::{closure#0}
[INFO] [stdout]   17:     0x631ee0280574 - std[617be2ca0a6fd877]::sys::backtrace::__rust_begin_short_backtrace::<test[aada8e7e76ba119b]::run_test::{closure#1}, ()>
[INFO] [stdout]   18:     0x631ee0289d12 - <std[617be2ca0a6fd877]::thread::lifecycle::spawn_unchecked<test[aada8e7e76ba119b]::run_test::{closure#1}, ()>::{closure#1} as core[a373ad73a504971]::ops::function::FnOnce<()>>::call_once::{shim:vtable#0}
[INFO] [stdout]   19:     0x631ee02f214f - <std[617be2ca0a6fd877]::sys::thread::unix::Thread>::new::thread_start
[INFO] [stdout]   20:     0x79b39ee96dfa - <unknown>
[INFO] [stdout]   21:     0x79b39ef2a3d4 - clone
[INFO] [stdout]   22:                0x0 - <unknown>
[INFO] [stdout] 
[INFO] [stdout] ---- multiple_file stdout ----
[INFO] [stdout] 
[INFO] [stdout] thread 'multiple_file' (1367) panicked at /opt/rustwide/cargo-home/registry/src/index.crates.io-1949cf8c6b5b557f/test_bin-0.4.0/src/lib.rs:41:5:
[INFO] [stdout] assertion failed: path.exists()
[INFO] [stdout] stack backtrace:
[INFO] [stdout]    0:     0x631ee02f2e71 - <<std[617be2ca0a6fd877]::sys::backtrace::BacktraceLock>::print::DisplayBacktrace as core[a373ad73a504971]::fmt::Display>::fmt
[INFO] [stdout]    1:     0x631ee03086ca - core[a373ad73a504971]::fmt::write
[INFO] [stdout]    2:     0x631ee02f71ac - <alloc[2e1b2a31b91974c5]::vec::Vec<u8> as core[a373ad73a504971]::io::write::Write>::write_fmt
[INFO] [stdout]    3:     0x631ee02ce456 - std[617be2ca0a6fd877]::panicking::default_hook::{closure#0}
[INFO] [stdout]    4:     0x631ee02eabd9 - std[617be2ca0a6fd877]::panicking::default_hook
[INFO] [stdout]    5:     0x631ee0286660 - test[aada8e7e76ba119b]::test_main_inner::{closure#0}
[INFO] [stdout]    6:     0x631ee02eaf02 - std[617be2ca0a6fd877]::panicking::panic_with_hook
[INFO] [stdout]    7:     0x631ee02ce534 - std[617be2ca0a6fd877]::panicking::panic_handler::{closure#0}
[INFO] [stdout]    8:     0x631ee02c6fa9 - std[617be2ca0a6fd877]::sys::backtrace::__rust_end_short_backtrace::<std[617be2ca0a6fd877]::panicking::panic_handler::{closure#0}, !>
[INFO] [stdout]    9:     0x631ee02cf10d - __rustc[ea4f61d10b84890b]::rust_begin_unwind
[INFO] [stdout]   10:     0x631ee0308eac - core[a373ad73a504971]::panicking::panic_fmt
[INFO] [stdout]   11:     0x631ee0308e72 - core[a373ad73a504971]::panicking::panic
[INFO] [stdout]   12:     0x631ee01aa994 - test_bin[7c38c887a2d43a7e]::get_test_bin
[INFO] [stdout]   13:     0x631ee01a4206 - cli[e8288b099ec111d6]::yurtfmt_command
[INFO] [stdout]   14:     0x631ee01a60c2 - <cli[e8288b099ec111d6]::multiple_file::{closure#0} as core[a373ad73a504971]::ops::function::FnOnce<()>>::call_once
[INFO] [stdout]   15:     0x631ee0279aab - test[aada8e7e76ba119b]::__rust_begin_short_backtrace::<core[a373ad73a504971]::result::Result<(), alloc[2e1b2a31b91974c5]::string::String>, fn() -> core[a373ad73a504971]::result::Result<(), alloc[2e1b2a31b91974c5]::string::String>>
[INFO] [stdout]   16:     0x631ee0286c85 - test[aada8e7e76ba119b]::run_test::{closure#0}
[INFO] [stdout]   17:     0x631ee0280574 - std[617be2ca0a6fd877]::sys::backtrace::__rust_begin_short_backtrace::<test[aada8e7e76ba119b]::run_test::{closure#1}, ()>
[INFO] [stdout]   18:     0x631ee0289d12 - <std[617be2ca0a6fd877]::thread::lifecycle::spawn_unchecked<test[aada8e7e76ba119b]::run_test::{closure#1}, ()>::{closure#1} as core[a373ad73a504971]::ops::function::FnOnce<()>>::call_once::{shim:vtable#0}
[INFO] [stdout]   19:     0x631ee02f214f - <std[617be2ca0a6fd877]::sys::thread::unix::Thread>::new::thread_start
[INFO] [stdout]   20:     0x79b39ee96dfa - <unknown>
[INFO] [stdout]   21:     0x79b39ef2a3d4 - clone
[INFO] [stdout]   22:                0x0 - <unknown>
[INFO] [stdout] 
[INFO] [stdout] ---- single_file stdout ----
[INFO] [stdout] 
[INFO] [stdout] thread 'single_file' (1368) panicked at /opt/rustwide/cargo-home/registry/src/index.crates.io-1949cf8c6b5b557f/test_bin-0.4.0/src/lib.rs:41:5:
[INFO] [stdout] assertion failed: path.exists()
[INFO] [stdout] stack backtrace:
[INFO] [stdout]    0:     0x631ee02f2e71 - <<std[617be2ca0a6fd877]::sys::backtrace::BacktraceLock>::print::DisplayBacktrace as core[a373ad73a504971]::fmt::Display>::fmt
[INFO] [stdout]    1:     0x631ee03086ca - core[a373ad73a504971]::fmt::write
[INFO] [stdout]    2:     0x631ee02f71ac - <alloc[2e1b2a31b91974c5]::vec::Vec<u8> as core[a373ad73a504971]::io::write::Write>::write_fmt
[INFO] [stdout]    3:     0x631ee02ce456 - std[617be2ca0a6fd877]::panicking::default_hook::{closure#0}
[INFO] [stdout]    4:     0x631ee02eabd9 - std[617be2ca0a6fd877]::panicking::default_hook
[INFO] [stdout]    5:     0x631ee0286660 - test[aada8e7e76ba119b]::test_main_inner::{closure#0}
[INFO] [stdout]    6:     0x631ee02eaf02 - std[617be2ca0a6fd877]::panicking::panic_with_hook
[INFO] [stderr] error: test failed, to rerun pass `--test cli`
[INFO] [stdout]    7:     0x631ee02ce534 - std[617be2ca0a6fd877]::panicking::panic_handler::{closure#0}
[INFO] [stdout]    8:     0x631ee02c6fa9 - std[617be2ca0a6fd877]::sys::backtrace::__rust_end_short_backtrace::<std[617be2ca0a6fd877]::panicking::panic_handler::{closure#0}, !>
[INFO] [stdout]    9:     0x631ee02cf10d - __rustc[ea4f61d10b84890b]::rust_begin_unwind
[INFO] [stdout]   10:     0x631ee0308eac - core[a373ad73a504971]::panicking::panic_fmt
[INFO] [stdout]   11:     0x631ee0308e72 - core[a373ad73a504971]::panicking::panic
[INFO] [stdout]   12:     0x631ee01aa994 - test_bin[7c38c887a2d43a7e]::get_test_bin
[INFO] [stdout]   13:     0x631ee01a4206 - cli[e8288b099ec111d6]::yurtfmt_command
[INFO] [stdout]   14:     0x631ee01a5c1c - <cli[e8288b099ec111d6]::single_file::{closure#0} as core[a373ad73a504971]::ops::function::FnOnce<()>>::call_once
[INFO] [stdout]   15:     0x631ee0279aab - test[aada8e7e76ba119b]::__rust_begin_short_backtrace::<core[a373ad73a504971]::result::Result<(), alloc[2e1b2a31b91974c5]::string::String>, fn() -> core[a373ad73a504971]::result::Result<(), alloc[2e1b2a31b91974c5]::string::String>>
[INFO] [stdout]   16:     0x631ee0286c85 - test[aada8e7e76ba119b]::run_test::{closure#0}
[INFO] [stdout]   17:     0x631ee0280574 - std[617be2ca0a6fd877]::sys::backtrace::__rust_begin_short_backtrace::<test[aada8e7e76ba119b]::run_test::{closure#1}, ()>
[INFO] [stdout]   18:     0x631ee0289d12 - <std[617be2ca0a6fd877]::thread::lifecycle::spawn_unchecked<test[aada8e7e76ba119b]::run_test::{closure#1}, ()>::{closure#1} as core[a373ad73a504971]::ops::function::FnOnce<()>>::call_once::{shim:vtable#0}
[INFO] [stdout]   19:     0x631ee02f214f - <std[617be2ca0a6fd877]::sys::thread::unix::Thread>::new::thread_start
[INFO] [stdout]   20:     0x79b39ee96dfa - <unknown>
[INFO] [stdout]   21:     0x79b39ef2a3d4 - clone
[INFO] [stdout]   22:                0x0 - <unknown>
[INFO] [stdout] 
[INFO] [stdout] 
[INFO] [stdout] failures:
[INFO] [stdout]     compile_errors
[INFO] [stdout]     err
[INFO] [stdout]     multiple_file
[INFO] [stdout]     single_file
[INFO] [stdout] 
[INFO] [stdout] test result: FAILED. 0 passed; 4 failed; 0 ignored; 0 measured; 0 filtered out; finished in 0.00s
[INFO] [stdout] 
[INFO] running `Command { std: "docker" "inspect" "7a105d90752931282e51068a49091c2665302ccb9584cd70deef9712e0e90cc3", kill_on_drop: false }`
[INFO] running `Command { std: "docker" "rm" "-f" "7a105d90752931282e51068a49091c2665302ccb9584cd70deef9712e0e90cc3", kill_on_drop: false }`
[INFO] [stdout] 7a105d90752931282e51068a49091c2665302ccb9584cd70deef9712e0e90cc3
