[INFO] fetching crate yuque 0.1.3...
[INFO] testing yuque-0.1.3 against 1.99.0-beta.8+cargoflags=--release for beta-release-1.100-2
[INFO] extracting crate yuque 0.1.3 into /workspace/builds/worker-2-tc1/source
[INFO] started tweaking crates.io crate yuque 0.1.3
[INFO] removed 0 missing examples
[INFO] finished tweaking crates.io crate yuque 0.1.3
[INFO] tweaked toml for crates.io crate yuque 0.1.3 written to /workspace/builds/worker-2-tc1/source/Cargo.toml
[INFO] validating manifest of crates.io crate yuque 0.1.3 on toolchain 1.99.0-beta.8
[INFO] running `Command { std: CARGO_HOME="/workspace/cargo-home" RUSTUP_HOME="/workspace/rustup-home" "/workspace/cargo-home/bin/cargo" "+1.99.0-beta.8" "metadata" "--manifest-path" "Cargo.toml" "--no-deps", kill_on_drop: false }`
[INFO] crate crates.io crate yuque 0.1.3 already has a lockfile, it will not be regenerated
[INFO] running `Command { std: CARGO_HOME="/workspace/cargo-home" RUSTUP_HOME="/workspace/rustup-home" "/workspace/cargo-home/bin/cargo" "+1.99.0-beta.8" "fetch" "--manifest-path" "Cargo.toml", kill_on_drop: false }`
[INFO] [stderr]     Blocking waiting for file lock on package cache
[INFO] [stderr]     Updating crates.io index
[INFO] [stderr]  Downloading crates ...
[INFO] [stderr]   Downloaded tokio-macros v1.8.0
[INFO] [stderr]   Downloaded unicode-ident v1.0.1
[INFO] [stderr]   Downloaded itoa v1.0.2
[INFO] [stderr]   Downloaded wasm-bindgen-shared v0.2.81
[INFO] [stderr]   Downloaded lock_api v0.4.7
[INFO] [stderr]   Downloaded lazy_static v1.4.0
[INFO] [stderr]   Downloaded wasm-bindgen-macro v0.2.81
[INFO] [stderr]   Downloaded matches v0.1.9
[INFO] [stderr]   Downloaded futures-core v0.3.21
[INFO] [stderr]   Downloaded rand_chacha v0.3.1
[INFO] [stderr]   Downloaded quote v1.0.18
[INFO] [stderr]   Downloaded wasm-bindgen-futures v0.4.31
[INFO] [stderr]   Downloaded form_urlencoded v1.0.1
[INFO] [stderr]   Downloaded httpdate v1.0.2
[INFO] [stderr]   Downloaded bytes v1.1.0
[INFO] [stderr]   Downloaded tower-service v0.3.2
[INFO] [stderr]   Downloaded futures-sink v0.3.21
[INFO] [stderr]   Downloaded futures-task v0.3.21
[INFO] [stderr]   Downloaded memchr v2.5.0
[INFO] [stderr]   Downloaded winreg v0.10.1
[INFO] [stderr]   Downloaded wasm-bindgen-macro-support v0.2.81
[INFO] [stderr]   Downloaded wasm-bindgen-backend v0.2.81
[INFO] [stderr]   Downloaded url v2.2.2
[INFO] [stderr]   Downloaded percent-encoding v2.1.0
[INFO] [stderr]   Downloaded tinyvec_macros v0.1.0
[INFO] [stderr]   Downloaded tempfile v3.3.0
[INFO] [stderr]   Downloaded core-foundation-sys v0.8.3
[INFO] [stderr]   Downloaded mime v0.3.16
[INFO] [stderr]   Downloaded ipnet v2.5.0
[INFO] [stderr]   Downloaded httparse v1.7.1
[INFO] [stderr]   Downloaded parking_lot_core v0.9.3
[INFO] [stderr]   Downloaded redox_syscall v0.2.13
[INFO] [stderr]   Downloaded once_cell v1.12.0
[INFO] [stderr]   Downloaded ryu v1.0.10
[INFO] [stderr]   Downloaded anyhow v1.0.57
[INFO] [stderr]   Downloaded socket2 v0.4.4
[INFO] [stderr]   Downloaded serde_derive v1.0.137
[INFO] [stderr]   Downloaded schannel v0.1.20
[INFO] [stderr]   Downloaded hyper-tls v0.5.0
[INFO] [stderr]   Downloaded want v0.3.0
[INFO] [stderr]   Downloaded slab v0.4.6
[INFO] [stderr]   Downloaded hashbrown v0.12.1
[INFO] [stderr]   Downloaded proc-macro2 v1.0.39
[INFO] [stderr]   Downloaded parking_lot v0.12.1
[INFO] [stderr]   Downloaded autocfg v1.1.0
[INFO] [stderr]   Downloaded mio v0.8.3
[INFO] [stderr]   Downloaded serde v1.0.137
[INFO] [stderr]   Downloaded bumpalo v3.10.0
[INFO] [stderr]   Downloaded js-sys v0.3.58
[INFO] [stderr]   Downloaded tokio-native-tls v0.3.0
[INFO] [stderr]   Downloaded remove_dir_all v0.5.3
[INFO] [stderr]   Downloaded fastrand v1.7.0
[INFO] [stderr]   Downloaded instant v0.1.12
[INFO] [stderr]   Downloaded pkg-config v0.3.25
[INFO] [stderr]   Downloaded openssl-macros v0.1.0
[INFO] [stderr]   Downloaded try-lock v0.2.3
[INFO] [stderr]   Downloaded http v0.2.8
[INFO] [stderr]   Downloaded indexmap v1.9.0
[INFO] [stderr]   Downloaded futures-channel v0.3.21
[INFO] [stderr]   Downloaded getrandom v0.2.7
[INFO] [stderr]   Downloaded ppv-lite86 v0.2.16
[INFO] [stderr]   Downloaded syn v1.0.96
[INFO] [stderr]   Downloaded signal-hook-registry v1.4.0
[INFO] [stderr]   Downloaded smallvec v1.8.0
[INFO] [stderr]   Downloaded num_cpus v1.13.1
[INFO] [stderr]   Downloaded hermit-abi v0.1.19
[INFO] [stderr]   Downloaded serde_json v1.0.81
[INFO] [stderr]   Downloaded reqwest v0.11.11
[INFO] [stderr]   Downloaded unicode-normalization v0.1.19
[INFO] [stderr]   Downloaded unicode-bidi v0.3.8
[INFO] [stderr]   Downloaded native-tls v0.2.10
[INFO] [stderr]   Downloaded core-foundation v0.9.3
[INFO] [stderr]   Downloaded rand v0.8.5
[INFO] [stderr]   Downloaded rand_core v0.6.3
[INFO] [stderr]   Downloaded pin-project-lite v0.2.9
[INFO] [stderr]   Downloaded log v0.4.17
[INFO] [stderr]   Downloaded wasm-bindgen v0.2.81
[INFO] [stderr]   Downloaded tinyvec v1.6.0
[INFO] [stderr]   Downloaded security-framework-sys v2.6.1
[INFO] [stderr]   Downloaded hyper v0.14.19
[INFO] [stderr]   Downloaded h2 v0.3.13
[INFO] [stderr]   Downloaded base64 v0.13.0
[INFO] [stderr]   Downloaded scopeguard v1.1.0
[INFO] [stderr]   Downloaded tracing v0.1.35
[INFO] [stderr]   Downloaded tokio-util v0.7.3
[INFO] [stderr]   Downloaded futures-util v0.3.21
[INFO] [stderr]   Downloaded idna v0.2.3
[INFO] [stderr]   Downloaded openssl v0.10.40
[INFO] [stderr]   Downloaded http-body v0.4.5
[INFO] [stderr]   Downloaded openssl-sys v0.9.74
[INFO] [stderr]   Downloaded cc v1.0.73
[INFO] [stderr]   Downloaded tracing-core v0.1.27
[INFO] [stderr]   Downloaded security-framework v2.6.1
[INFO] [stderr]   Downloaded tokio v1.19.2
[INFO] [stderr]   Downloaded libc v0.2.126
[INFO] [stderr]   Downloaded windows_x86_64_msvc v0.36.1
[INFO] [stderr]   Downloaded web-sys v0.3.58
[INFO] [stderr]   Downloaded windows_aarch64_msvc v0.36.1
[INFO] [stderr]   Downloaded windows_i686_msvc v0.36.1
[INFO] [stderr]   Downloaded windows_i686_gnu v0.36.1
[INFO] [stderr]   Downloaded windows_x86_64_gnu v0.36.1
[INFO] [stderr]   Downloaded encoding_rs v0.8.31
[INFO] [stderr]   Downloaded windows-sys v0.36.1
[INFO] running `Command { std: "docker" "create" "-v" "/var/lib/crater-agent-workspace/builds/worker-2-tc1/source:/opt/rustwide/workdir:ro,Z" "-v" "/var/lib/crater-agent-workspace/builds/worker-2-tc1/target:/opt/rustwide/target:rw,Z" "-v" "/var/lib/crater-agent-workspace/cargo-home:/opt/rustwide/cargo-home:ro,Z" "-v" "/var/lib/crater-agent-workspace/rustup-home:/opt/rustwide/rustup-home:ro,Z" "-m" "1610612736" "--network" "none" "ghcr.io/rust-lang/crates-build-env/linux@sha256:77db811e55d90add9212f6832c23229e3de5f1c1f9905e8cb07319ea15df73ac" "sleep" "infinity", kill_on_drop: false }`
[INFO] [stdout] c7452f6647a7c1276b697458773b5d168d5c1acdfa737688d58e4287cb05e9fe
[INFO] running `Command { std: "docker" "start" "c7452f6647a7c1276b697458773b5d168d5c1acdfa737688d58e4287cb05e9fe", kill_on_drop: false }`
[INFO] running `Command { std: "docker" "inspect" "c7452f6647a7c1276b697458773b5d168d5c1acdfa737688d58e4287cb05e9fe", kill_on_drop: false }`
[INFO] running `Command { std: "docker" "exec" "-e" "SOURCE_DIR=/opt/rustwide/workdir" "-e" "CARGO_HOME=/opt/rustwide/cargo-home" "-e" "RUSTUP_HOME=/opt/rustwide/rustup-home" "-e" "CARGO_TARGET_DIR=/opt/rustwide/target" "-w" "/opt/rustwide/workdir" "--user" "0:0" "c7452f6647a7c1276b697458773b5d168d5c1acdfa737688d58e4287cb05e9fe" "/opt/rustwide/cargo-home/bin/cargo" "+1.99.0-beta.8" "metadata" "--no-deps" "--format-version=1", kill_on_drop: false }`
[INFO] running `Command { std: "docker" "inspect" "c7452f6647a7c1276b697458773b5d168d5c1acdfa737688d58e4287cb05e9fe", kill_on_drop: false }`
[INFO] running `Command { std: "docker" "exec" "-e" "SOURCE_DIR=/opt/rustwide/workdir" "-e" "CARGO_HOME=/opt/rustwide/cargo-home" "-e" "RUSTUP_HOME=/opt/rustwide/rustup-home" "-e" "CARGO_TARGET_DIR=/opt/rustwide/target" "-e" "CARGO_INCREMENTAL=0" "-e" "RUST_BACKTRACE=full" "-e" "RUSTFLAGS=--cap-lints=warn" "-e" "RUSTDOCFLAGS=--cap-lints=warn" "-w" "/opt/rustwide/workdir" "--user" "0:0" "c7452f6647a7c1276b697458773b5d168d5c1acdfa737688d58e4287cb05e9fe" "/opt/rustwide/cargo-home/bin/cargo" "+1.99.0-beta.8" "build" "--frozen" "--message-format=json" "--release", kill_on_drop: false }`
[INFO] [stderr]    Compiling libc v0.2.126
[INFO] [stderr]    Compiling proc-macro2 v1.0.39
[INFO] [stderr]    Compiling unicode-ident v1.0.1
[INFO] [stderr]    Compiling syn v1.0.96
[INFO] [stderr]    Compiling once_cell v1.12.0
[INFO] [stderr]    Compiling parking_lot_core v0.9.3
[INFO] [stderr]    Compiling cc v1.0.73
[INFO] [stderr]    Compiling pkg-config v0.3.25
[INFO] [stderr]    Compiling lock_api v0.4.7
[INFO] [stderr]    Compiling itoa v1.0.2
[INFO] [stderr]    Compiling futures-task v0.3.21
[INFO] [stderr]    Compiling indexmap v1.9.0
[INFO] [stderr]    Compiling futures-util v0.3.21
[INFO] [stderr]    Compiling openssl v0.10.40
[INFO] [stderr]    Compiling serde_derive v1.0.137
[INFO] [stderr]    Compiling native-tls v0.2.10
[INFO] [stderr]    Compiling http v0.2.8
[INFO] [stderr]    Compiling futures-channel v0.3.21
[INFO] [stderr]    Compiling hashbrown v0.12.1
[INFO] [stderr]    Compiling serde v1.0.137
[INFO] [stderr]    Compiling httparse v1.7.1
[INFO] [stderr]    Compiling slab v0.4.6
[INFO] [stderr]    Compiling unicode-normalization v0.1.19
[INFO] [stderr]    Compiling ryu v1.0.10
[INFO] [stderr]    Compiling serde_json v1.0.81
[INFO] [stderr]    Compiling tracing-core v0.1.27
[INFO] [stderr]    Compiling ppv-lite86 v0.2.16
[INFO] [stderr]    Compiling anyhow v1.0.57
[INFO] [stderr]    Compiling quote v1.0.18
[INFO] [stderr]    Compiling openssl-sys v0.9.74
[INFO] [stderr]    Compiling signal-hook-registry v1.4.0
[INFO] [stderr]    Compiling num_cpus v1.13.1
[INFO] [stderr]    Compiling socket2 v0.4.4
[INFO] [stderr]    Compiling mio v0.8.3
[INFO] [stderr]    Compiling getrandom v0.2.7
[INFO] [stderr]    Compiling tracing v0.1.35
[INFO] [stderr]    Compiling idna v0.2.3
[INFO] [stderr]    Compiling parking_lot v0.12.1
[INFO] [stderr]    Compiling rand_core v0.6.3
[INFO] [stderr]    Compiling rand_chacha v0.3.1
[INFO] [stderr]    Compiling http-body v0.4.5
[INFO] [stderr]    Compiling url v2.2.2
[INFO] [stderr]    Compiling rand v0.8.5
[INFO] [stderr]    Compiling tokio-macros v1.8.0
[INFO] [stderr]    Compiling openssl-macros v0.1.0
[INFO] [stderr]    Compiling tokio v1.19.2
[INFO] [stderr]    Compiling tokio-util v0.7.3
[INFO] [stderr]    Compiling tokio-native-tls v0.3.0
[INFO] [stderr]    Compiling serde_urlencoded v0.7.1
[INFO] [stderr]    Compiling h2 v0.3.13
[INFO] [stderr]    Compiling hyper v0.14.19
[INFO] [stderr]    Compiling hyper-tls v0.5.0
[INFO] [stderr]    Compiling reqwest v0.11.11
[INFO] [stderr]    Compiling yuque v0.1.3 (/opt/rustwide/workdir)
[INFO] [stdout] warning: constant `CHARSET` is never used
[INFO] [stdout]  --> src/utils.rs:3:7
[INFO] [stdout]   |
[INFO] [stdout] 3 | const CHARSET: &[u8] = b"abcdefghijklmnopqrstuvwxyz";
[INFO] [stdout]   |       ^^^^^^^
[INFO] [stdout]   |
[INFO] [stdout]   = note: `#[warn(dead_code)]` (part of `#[warn(unused)]`) on by default
[INFO] [stdout] 
[INFO] [stdout] 
[INFO] [stdout] warning: constant `PASSWORD_LEN` is never used
[INFO] [stdout]  --> src/utils.rs:4:7
[INFO] [stdout]   |
[INFO] [stdout] 4 | const PASSWORD_LEN: usize = 10;
[INFO] [stdout]   |       ^^^^^^^^^^^^
[INFO] [stdout] 
[INFO] [stdout] 
[INFO] [stdout] warning: function `gen_rand_str` is never used
[INFO] [stdout]  --> src/utils.rs:6:8
[INFO] [stdout]   |
[INFO] [stdout] 6 | pub fn gen_rand_str() -> String {
[INFO] [stdout]   |        ^^^^^^^^^^^^
[INFO] [stdout] 
[INFO] [stdout] 
[INFO] [stderr]     Finished `release` profile [optimized] target(s) in 44.60s
[INFO] [stderr] warning: the following packages contain code that will be rejected by a future version of Rust: openssl v0.10.40
[INFO] [stderr] note: to see what the problems were, use the option `--future-incompat-report`, or run `cargo report future-incompatibilities --id 2`
[INFO] running `Command { std: "docker" "inspect" "c7452f6647a7c1276b697458773b5d168d5c1acdfa737688d58e4287cb05e9fe", kill_on_drop: false }`
[INFO] running `Command { std: "docker" "exec" "-e" "SOURCE_DIR=/opt/rustwide/workdir" "-e" "CARGO_HOME=/opt/rustwide/cargo-home" "-e" "RUSTUP_HOME=/opt/rustwide/rustup-home" "-e" "CARGO_TARGET_DIR=/opt/rustwide/target" "-e" "CARGO_INCREMENTAL=0" "-e" "RUST_BACKTRACE=full" "-e" "RUSTFLAGS=--cap-lints=warn" "-e" "RUSTDOCFLAGS=--cap-lints=warn" "-w" "/opt/rustwide/workdir" "--user" "0:0" "c7452f6647a7c1276b697458773b5d168d5c1acdfa737688d58e4287cb05e9fe" "/opt/rustwide/cargo-home/bin/cargo" "+1.99.0-beta.8" "test" "--frozen" "--no-run" "--message-format=json" "--release", kill_on_drop: false }`
[INFO] [stderr]    Compiling yuque v0.1.3 (/opt/rustwide/workdir)
[INFO] [stdout] warning: constant `CHARSET` is never used
[INFO] [stdout]  --> src/utils.rs:3:7
[INFO] [stdout]   |
[INFO] [stdout] 3 | const CHARSET: &[u8] = b"abcdefghijklmnopqrstuvwxyz";
[INFO] [stdout]   |       ^^^^^^^
[INFO] [stdout]   |
[INFO] [stdout]   = note: `#[warn(dead_code)]` (part of `#[warn(unused)]`) on by default
[INFO] [stdout] 
[INFO] [stdout] 
[INFO] [stdout] warning: constant `PASSWORD_LEN` is never used
[INFO] [stdout]  --> src/utils.rs:4:7
[INFO] [stdout]   |
[INFO] [stdout] 4 | const PASSWORD_LEN: usize = 10;
[INFO] [stdout]   |       ^^^^^^^^^^^^
[INFO] [stdout] 
[INFO] [stdout] 
[INFO] [stdout] warning: function `gen_rand_str` is never used
[INFO] [stdout]  --> src/utils.rs:6:8
[INFO] [stdout]   |
[INFO] [stdout] 6 | pub fn gen_rand_str() -> String {
[INFO] [stdout]   |        ^^^^^^^^^^^^
[INFO] [stdout] 
[INFO] [stdout] 
[INFO] [stderr]     Finished `release` profile [optimized] target(s) in 10.28s
[INFO] [stderr] warning: the following packages contain code that will be rejected by a future version of Rust: openssl v0.10.40
[INFO] [stderr] note: to see what the problems were, use the option `--future-incompat-report`, or run `cargo report future-incompatibilities --id 2`
[INFO] running `Command { std: "docker" "inspect" "c7452f6647a7c1276b697458773b5d168d5c1acdfa737688d58e4287cb05e9fe", kill_on_drop: false }`
[INFO] running `Command { std: "docker" "exec" "-e" "SOURCE_DIR=/opt/rustwide/workdir" "-e" "CARGO_HOME=/opt/rustwide/cargo-home" "-e" "RUSTUP_HOME=/opt/rustwide/rustup-home" "-e" "CARGO_TARGET_DIR=/opt/rustwide/target" "-e" "CARGO_INCREMENTAL=0" "-e" "RUST_BACKTRACE=full" "-e" "RUSTFLAGS=--cap-lints=warn" "-e" "RUSTDOCFLAGS=--cap-lints=warn" "-w" "/opt/rustwide/workdir" "--user" "0:0" "c7452f6647a7c1276b697458773b5d168d5c1acdfa737688d58e4287cb05e9fe" "/opt/rustwide/cargo-home/bin/cargo" "+1.99.0-beta.8" "test" "--frozen" "--release", kill_on_drop: false }`
[INFO] [stderr] warning: constant `CHARSET` is never used
[INFO] [stderr]  --> src/utils.rs:3:7
[INFO] [stderr]   |
[INFO] [stderr] 3 | const CHARSET: &[u8] = b"abcdefghijklmnopqrstuvwxyz";
[INFO] [stderr]   |       ^^^^^^^
[INFO] [stderr]   |
[INFO] [stderr]   = note: `#[warn(dead_code)]` (part of `#[warn(unused)]`) on by default
[INFO] [stderr] 
[INFO] [stderr] warning: constant `PASSWORD_LEN` is never used
[INFO] [stderr]  --> src/utils.rs:4:7
[INFO] [stderr]   |
[INFO] [stderr] 4 | const PASSWORD_LEN: usize = 10;
[INFO] [stderr]   |       ^^^^^^^^^^^^
[INFO] [stderr] 
[INFO] [stderr] warning: function `gen_rand_str` is never used
[INFO] [stderr]  --> src/utils.rs:6:8
[INFO] [stderr]   |
[INFO] [stderr] 6 | pub fn gen_rand_str() -> String {
[INFO] [stderr]   |        ^^^^^^^^^^^^
[INFO] [stderr] 
[INFO] [stderr] warning: `yuque` (lib) generated 3 warnings
[INFO] [stderr]     Finished `release` profile [optimized] target(s) in 0.13s
[INFO] [stderr] warning: the following packages contain code that will be rejected by a future version of Rust: openssl v0.10.40
[INFO] [stderr] note: to see what the problems were, use the option `--future-incompat-report`, or run `cargo report future-incompatibilities --id 2`
[INFO] [stderr]      Running unittests src/lib.rs (/opt/rustwide/target/release/deps/yuque-a5fde02ed822168b)
[INFO] [stdout] 
[INFO] [stdout] running 16 tests
[INFO] [stdout] test group::tests::test_list_public_groups ... FAILED
[INFO] [stdout] test doc::tests::test_get_repo ... FAILED
[INFO] [stdout] test doc::tests::test_create_repo ... FAILED
[INFO] [stdout] test user::tests::test_get_user ... FAILED
[INFO] [stdout] test repo::tests::test_update_repo ... FAILED
[INFO] [stdout] test group::tests::test_list_group_users ... FAILED
[INFO] [stdout] test repo::tests::test_list_repos ... FAILED
[INFO] [stdout] test group::tests::test_update_group ... FAILED
[INFO] [stdout] test user::tests::test_get_auth_user ... FAILED
[INFO] [stdout] test repo::tests::test_create_repo ... FAILED
[INFO] [stdout] test group::tests::test_get_group ... FAILED
[INFO] [stdout] test group::tests::test_create_group ... FAILED
[INFO] [stdout] test repo::tests::test_get_repo ... FAILED
[INFO] [stdout] test doc::tests::test_list_repos ... FAILED
[INFO] [stdout] test group::tests::test_list_user_groups ... FAILED
[INFO] [stdout] test doc::tests::test_update_doc ... FAILED
[INFO] [stdout] 
[INFO] [stdout] failures:
[INFO] [stdout] 
[INFO] [stdout] ---- group::tests::test_list_public_groups stdout ----
[INFO] [stdout] 
[INFO] [stdout] thread 'group::tests::test_list_public_groups' (1503) panicked at src/group.rs:196:59:
[INFO] [stdout] called `Result::unwrap()` on an `Err` value: error sending request for url (https://www.yuque.com/api/v2/groups): error trying to connect: dns error: failed to lookup address information: Temporary failure in name resolution
[INFO] [stdout] 
[INFO] [stdout] Caused by:
[INFO] [stdout]     0: error trying to connect: dns error: failed to lookup address information: Temporary failure in name resolution
[INFO] [stdout]     1: dns error: failed to lookup address information: Temporary failure in name resolution
[INFO] [stdout]     2: failed to lookup address information: Temporary failure in name resolution
[INFO] [stdout] stack backtrace:
[INFO] [stdout]    0:     0x634f9be31761 - <<std[70759c8f55707aa4]::sys::backtrace::BacktraceLock>::print::DisplayBacktrace as core[df12db4294e9bfd3]::fmt::Display>::fmt
[INFO] [stdout]    1:     0x634f9be4775a - core[df12db4294e9bfd3]::fmt::write
[INFO] [stdout]    2:     0x634f9be3629c - <alloc[2182bb758b4b3781]::vec::Vec<u8> as core[df12db4294e9bfd3]::io::write::Write>::write_fmt
[INFO] [stdout]    3:     0x634f9be0c976 - std[70759c8f55707aa4]::panicking::default_hook::{closure#0}
[INFO] [stdout]    4:     0x634f9be29699 - std[70759c8f55707aa4]::panicking::default_hook
[INFO] [stdout]    5:     0x634f9bc77e20 - test[9d35eded1c95d3be]::test_main_inner::<test[9d35eded1c95d3be]::test_main_static::{closure#0}>::{closure#0}
[INFO] [stdout]    6:     0x634f9be299c2 - std[70759c8f55707aa4]::panicking::panic_with_hook
[INFO] [stdout]    7:     0x634f9be0ca22 - std[70759c8f55707aa4]::panicking::panic_handler::{closure#0}
[INFO] [stdout]    8:     0x634f9be05489 - std[70759c8f55707aa4]::sys::backtrace::__rust_end_short_backtrace::<std[70759c8f55707aa4]::panicking::panic_handler::{closure#0}, !>
[INFO] [stdout]    9:     0x634f9be0d8ad - __rustc[8fa7c3cbc660c2b3]::rust_begin_unwind
[INFO] [stdout]   10:     0x634f9be47ebc - core[df12db4294e9bfd3]::panicking::panic_fmt
[INFO] [stdout]   11:     0x634f9be47c92 - core[df12db4294e9bfd3]::result::unwrap_failed
[INFO] [stdout]   12:     0x634f9bc33d91 - <core[df12db4294e9bfd3]::pin::Pin<&mut yuque[9574c35df6a7a55c]::group::tests::test_list_public_groups::{closure#0}> as core[df12db4294e9bfd3]::future::future::Future>::poll
[INFO] [stdout]   13:     0x634f9bc3805b - <tokio[329683f88db99c25]::runtime::basic_scheduler::Context>::enter::<core[df12db4294e9bfd3]::task::poll::Poll<()>, <tokio[329683f88db99c25]::runtime::basic_scheduler::CoreGuard>::block_on<core[df12db4294e9bfd3]::pin::Pin<&mut yuque[9574c35df6a7a55c]::group::tests::test_list_public_groups::{closure#0}>>::{closure#0}::{closure#0}>
[INFO] [stdout]   14:     0x634f9bc60616 - <tokio[329683f88db99c25]::macros::scoped_tls::ScopedKey<tokio[329683f88db99c25]::runtime::basic_scheduler::Context>>::set::<<tokio[329683f88db99c25]::runtime::basic_scheduler::CoreGuard>::enter<<tokio[329683f88db99c25]::runtime::basic_scheduler::CoreGuard>::block_on<core[df12db4294e9bfd3]::pin::Pin<&mut yuque[9574c35df6a7a55c]::group::tests::test_list_public_groups::{closure#0}>>::{closure#0}, ()>::{closure#0}, (alloc[2182bb758b4b3781]::boxed::Box<tokio[329683f88db99c25]::runtime::basic_scheduler::Core>, ())>
[INFO] [stdout]   15:     0x634f9bc36ae9 - <tokio[329683f88db99c25]::runtime::basic_scheduler::BasicScheduler>::block_on::<yuque[9574c35df6a7a55c]::group::tests::test_list_public_groups::{closure#0}>
[INFO] [stdout]   16:     0x634f9bc4ad4e - <tokio[329683f88db99c25]::runtime::Runtime>::block_on::<yuque[9574c35df6a7a55c]::group::tests::test_list_public_groups::{closure#0}>
[INFO] [stdout]   17:     0x634f9bc668dc - <yuque[9574c35df6a7a55c]::group::tests::test_list_public_groups::{closure#0} as core[df12db4294e9bfd3]::ops::function::FnOnce<()>>::call_once
[INFO] [stdout]   18:     0x634f9bc6b10b - test[9d35eded1c95d3be]::__rust_begin_short_backtrace::<core[df12db4294e9bfd3]::result::Result<(), alloc[2182bb758b4b3781]::string::String>, fn() -> core[df12db4294e9bfd3]::result::Result<(), alloc[2182bb758b4b3781]::string::String>>
[INFO] [stdout]   19:     0x634f9bc78775 - test[9d35eded1c95d3be]::run_test::{closure#0}
[INFO] [stdout]   20:     0x634f9bc72034 - std[70759c8f55707aa4]::sys::backtrace::__rust_begin_short_backtrace::<test[9d35eded1c95d3be]::run_test::{closure#1}, ()>
[INFO] [stdout]   21:     0x634f9bc7b8d2 - <std[70759c8f55707aa4]::thread::lifecycle::spawn_unchecked<test[9d35eded1c95d3be]::run_test::{closure#1}, ()>::{closure#1} as core[df12db4294e9bfd3]::ops::function::FnOnce<()>>::call_once::{shim:vtable#0}
[INFO] [stdout]   22:     0x634f9be30c89 - <std[70759c8f55707aa4]::sys::thread::unix::Thread>::new::thread_start
[INFO] [stdout]   23:     0x7d6a0bee9dfa - <unknown>
[INFO] [stdout]   24:     0x7d6a0bf7d3d4 - clone
[INFO] [stdout]   25:                0x0 - <unknown>
[INFO] [stdout] 
[INFO] [stdout] ---- doc::tests::test_get_repo stdout ----
[INFO] [stdout] 
[INFO] [stdout] thread 'doc::tests::test_get_repo' (1497) panicked at src/doc.rs:159:69:
[INFO] [stdout] called `Result::unwrap()` on an `Err` value: error sending request for url (https://www.yuque.com/api/v2/repos/k8scat/opensource/docs/yuque?raw=1): error trying to connect: dns error: failed to lookup address information: Temporary failure in name resolution
[INFO] [stdout] 
[INFO] [stdout] Caused by:
[INFO] [stdout]     0: error trying to connect: dns error: failed to lookup address information: Temporary failure in name resolution
[INFO] [stdout]     1: dns error: failed to lookup address information: Temporary failure in name resolution
[INFO] [stdout]     2: failed to lookup address information: Temporary failure in name resolution
[INFO] [stdout] stack backtrace:
[INFO] [stdout]    0:     0x634f9be31761 - <<std[70759c8f55707aa4]::sys::backtrace::BacktraceLock>::print::DisplayBacktrace as core[df12db4294e9bfd3]::fmt::Display>::fmt
[INFO] [stdout]    1:     0x634f9be4775a - core[df12db4294e9bfd3]::fmt::write
[INFO] [stdout]    2:     0x634f9be3629c - <alloc[2182bb758b4b3781]::vec::Vec<u8> as core[df12db4294e9bfd3]::io::write::Write>::write_fmt
[INFO] [stdout]    3:     0x634f9be0c976 - std[70759c8f55707aa4]::panicking::default_hook::{closure#0}
[INFO] [stdout]    4:     0x634f9be29699 - std[70759c8f55707aa4]::panicking::default_hook
[INFO] [stdout]    5:     0x634f9bc77e20 - test[9d35eded1c95d3be]::test_main_inner::<test[9d35eded1c95d3be]::test_main_static::{closure#0}>::{closure#0}
[INFO] [stdout]    6:     0x634f9be299c2 - std[70759c8f55707aa4]::panicking::panic_with_hook
[INFO] [stdout]    7:     0x634f9be0ca22 - std[70759c8f55707aa4]::panicking::panic_handler::{closure#0}
[INFO] [stdout]    8:     0x634f9be05489 - std[70759c8f55707aa4]::sys::backtrace::__rust_end_short_backtrace::<std[70759c8f55707aa4]::panicking::panic_handler::{closure#0}, !>
[INFO] [stdout]    9:     0x634f9be0d8ad - __rustc[8fa7c3cbc660c2b3]::rust_begin_unwind
[INFO] [stdout]   10:     0x634f9be47ebc - core[df12db4294e9bfd3]::panicking::panic_fmt
[INFO] [stdout]   11:     0x634f9be47c92 - core[df12db4294e9bfd3]::result::unwrap_failed
[INFO] [stdout]   12:     0x634f9bc29c8a - <core[df12db4294e9bfd3]::pin::Pin<&mut yuque[9574c35df6a7a55c]::doc::tests::test_get_repo::{closure#0}> as core[df12db4294e9bfd3]::future::future::Future>::poll
[INFO] [stdout]   13:     0x634f9bc36cab - <tokio[329683f88db99c25]::runtime::basic_scheduler::Context>::enter::<core[df12db4294e9bfd3]::task::poll::Poll<()>, <tokio[329683f88db99c25]::runtime::basic_scheduler::CoreGuard>::block_on<core[df12db4294e9bfd3]::pin::Pin<&mut yuque[9574c35df6a7a55c]::doc::tests::test_get_repo::{closure#0}>>::{closure#0}::{closure#0}>
[INFO] [stdout]   14:     0x634f9bc5da06 - <tokio[329683f88db99c25]::macros::scoped_tls::ScopedKey<tokio[329683f88db99c25]::runtime::basic_scheduler::Context>>::set::<<tokio[329683f88db99c25]::runtime::basic_scheduler::CoreGuard>::enter<<tokio[329683f88db99c25]::runtime::basic_scheduler::CoreGuard>::block_on<core[df12db4294e9bfd3]::pin::Pin<&mut yuque[9574c35df6a7a55c]::doc::tests::test_get_repo::{closure#0}>>::{closure#0}, ()>::{closure#0}, (alloc[2182bb758b4b3781]::boxed::Box<tokio[329683f88db99c25]::runtime::basic_scheduler::Core>, ())>
[INFO] [stdout]   15:     0x634f9bc34199 - <tokio[329683f88db99c25]::runtime::basic_scheduler::BasicScheduler>::block_on::<yuque[9574c35df6a7a55c]::doc::tests::test_get_repo::{closure#0}>
[INFO] [stdout]   16:     0x634f9bc49f2f - <tokio[329683f88db99c25]::runtime::Runtime>::block_on::<yuque[9574c35df6a7a55c]::doc::tests::test_get_repo::{closure#0}>
[INFO] [stdout]   17:     0x634f9bc6a337 - yuque[9574c35df6a7a55c]::doc::tests::test_get_repo
[INFO] [stdout]   18:     0x634f9bc65f59 - <yuque[9574c35df6a7a55c]::doc::tests::test_get_repo::{closure#0} as core[df12db4294e9bfd3]::ops::function::FnOnce<()>>::call_once
[INFO] [stdout]   19:     0x634f9bc6b10b - test[9d35eded1c95d3be]::__rust_begin_short_backtrace::<core[df12db4294e9bfd3]::result::Result<(), alloc[2182bb758b4b3781]::string::String>, fn() -> core[df12db4294e9bfd3]::result::Result<(), alloc[2182bb758b4b3781]::string::String>>
[INFO] [stdout]   20:     0x634f9bc78775 - test[9d35eded1c95d3be]::run_test::{closure#0}
[INFO] [stdout]   21:     0x634f9bc72034 - std[70759c8f55707aa4]::sys::backtrace::__rust_begin_short_backtrace::<test[9d35eded1c95d3be]::run_test::{closure#1}, ()>
[INFO] [stdout]   22:     0x634f9bc7b8d2 - <std[70759c8f55707aa4]::thread::lifecycle::spawn_unchecked<test[9d35eded1c95d3be]::run_test::{closure#1}, ()>::{closure#1} as core[df12db4294e9bfd3]::ops::function::FnOnce<()>>::call_once::{shim:vtable#0}
[INFO] [stdout]   23:     0x634f9be30c89 - <std[70759c8f55707aa4]::sys::thread::unix::Thread>::new::thread_start
[INFO] [stdout]   24:     0x7d6a0bee9dfa - <unknown>
[INFO] [stdout]   25:     0x7d6a0bf7d3d4 - clone
[INFO] [stdout]   26:                0x0 - <unknown>
[INFO] [stdout] 
[INFO] [stdout] ---- doc::tests::test_create_repo stdout ----
[INFO] [stdout] 
[INFO] [stdout] thread 'doc::tests::test_create_repo' (1496) panicked at src/doc.rs:176:54:
[INFO] [stdout] called `Result::unwrap()` on an `Err` value: error sending request for url (https://www.yuque.com/api/v2/repos/k8scat/opensource/docs): error trying to connect: dns error: failed to lookup address information: Temporary failure in name resolution
[INFO] [stdout] 
[INFO] [stdout] Caused by:
[INFO] [stdout]     0: error trying to connect: dns error: failed to lookup address information: Temporary failure in name resolution
[INFO] [stdout]     1: dns error: failed to lookup address information: Temporary failure in name resolution
[INFO] [stdout]     2: failed to lookup address information: Temporary failure in name resolution
[INFO] [stdout] stack backtrace:
[INFO] [stdout]    0:     0x634f9be31761 - <<std[70759c8f55707aa4]::sys::backtrace::BacktraceLock>::print::DisplayBacktrace as core[df12db4294e9bfd3]::fmt::Display>::fmt
[INFO] [stdout]    1:     0x634f9be4775a - core[df12db4294e9bfd3]::fmt::write
[INFO] [stdout]    2:     0x634f9be3629c - <alloc[2182bb758b4b3781]::vec::Vec<u8> as core[df12db4294e9bfd3]::io::write::Write>::write_fmt
[INFO] [stdout]    3:     0x634f9be0c976 - std[70759c8f55707aa4]::panicking::default_hook::{closure#0}
[INFO] [stdout]    4:     0x634f9be29699 - std[70759c8f55707aa4]::panicking::default_hook
[INFO] [stdout]    5:     0x634f9bc77e20 - test[9d35eded1c95d3be]::test_main_inner::<test[9d35eded1c95d3be]::test_main_static::{closure#0}>::{closure#0}
[INFO] [stdout]    6:     0x634f9be299c2 - std[70759c8f55707aa4]::panicking::panic_with_hook
[INFO] [stdout]    7:     0x634f9be0ca22 - std[70759c8f55707aa4]::panicking::panic_handler::{closure#0}
[INFO] [stdout]    8:     0x634f9be05489 - std[70759c8f55707aa4]::sys::backtrace::__rust_end_short_backtrace::<std[70759c8f55707aa4]::panicking::panic_handler::{closure#0}, !>
[INFO] [stdout]    9:     0x634f9be0d8ad - __rustc[8fa7c3cbc660c2b3]::rust_begin_unwind
[INFO] [stdout]   10:     0x634f9be47ebc - core[df12db4294e9bfd3]::panicking::panic_fmt
[INFO] [stdout]   11:     0x634f9be47c92 - core[df12db4294e9bfd3]::result::unwrap_failed
[INFO] [stdout]   12:     0x634f9bc2c47e - <core[df12db4294e9bfd3]::pin::Pin<&mut yuque[9574c35df6a7a55c]::doc::tests::test_create_repo::{closure#0}> as core[df12db4294e9bfd3]::future::future::Future>::poll
[INFO] [stdout]   13:     0x634f9bc3709b - <tokio[329683f88db99c25]::runtime::basic_scheduler::Context>::enter::<core[df12db4294e9bfd3]::task::poll::Poll<()>, <tokio[329683f88db99c25]::runtime::basic_scheduler::CoreGuard>::block_on<core[df12db4294e9bfd3]::pin::Pin<&mut yuque[9574c35df6a7a55c]::doc::tests::test_create_repo::{closure#0}>>::{closure#0}::{closure#0}>
[INFO] [stdout]   14:     0x634f9bc5e2d6 - <tokio[329683f88db99c25]::macros::scoped_tls::ScopedKey<tokio[329683f88db99c25]::runtime::basic_scheduler::Context>>::set::<<tokio[329683f88db99c25]::runtime::basic_scheduler::CoreGuard>::enter<<tokio[329683f88db99c25]::runtime::basic_scheduler::CoreGuard>::block_on<core[df12db4294e9bfd3]::pin::Pin<&mut yuque[9574c35df6a7a55c]::doc::tests::test_create_repo::{closure#0}>>::{closure#0}, ()>::{closure#0}, (alloc[2182bb758b4b3781]::boxed::Box<tokio[329683f88db99c25]::runtime::basic_scheduler::Core>, ())>
[INFO] [stdout]   15:     0x634f9bc349e9 - <tokio[329683f88db99c25]::runtime::basic_scheduler::BasicScheduler>::block_on::<yuque[9574c35df6a7a55c]::doc::tests::test_create_repo::{closure#0}>
[INFO] [stdout]   16:     0x634f9bc4a20f - <tokio[329683f88db99c25]::runtime::Runtime>::block_on::<yuque[9574c35df6a7a55c]::doc::tests::test_create_repo::{closure#0}>
[INFO] [stdout]   17:     0x634f9bc6a7b6 - yuque[9574c35df6a7a55c]::doc::tests::test_create_repo
[INFO] [stdout]   18:     0x634f9bc65fb9 - <yuque[9574c35df6a7a55c]::doc::tests::test_create_repo::{closure#0} as core[df12db4294e9bfd3]::ops::function::FnOnce<()>>::call_once
[INFO] [stdout]   19:     0x634f9bc6b10b - test[9d35eded1c95d3be]::__rust_begin_short_backtrace::<core[df12db4294e9bfd3]::result::Result<(), alloc[2182bb758b4b3781]::string::String>, fn() -> core[df12db4294e9bfd3]::result::Result<(), alloc[2182bb758b4b3781]::string::String>>
[INFO] [stdout]   20:     0x634f9bc78775 - test[9d35eded1c95d3be]::run_test::{closure#0}
[INFO] [stdout]   21:     0x634f9bc72034 - std[70759c8f55707aa4]::sys::backtrace::__rust_begin_short_backtrace::<test[9d35eded1c95d3be]::run_test::{closure#1}, ()>
[INFO] [stdout]   22:     0x634f9bc7b8d2 - <std[70759c8f55707aa4]::thread::lifecycle::spawn_unchecked<test[9d35eded1c95d3be]::run_test::{closure#1}, ()>::{closure#1} as core[df12db4294e9bfd3]::ops::function::FnOnce<()>>::call_once::{shim:vtable#0}
[INFO] [stdout]   23:     0x634f9be30c89 - <std[70759c8f55707aa4]::sys::thread::unix::Thread>::new::thread_start
[INFO] [stdout]   24:     0x7d6a0bee9dfa - <unknown>
[INFO] [stdout]   25:     0x7d6a0bf7d3d4 - clone
[INFO] [stdout]   26:                0x0 - <unknown>
[INFO] [stdout] 
[INFO] [stdout] ---- user::tests::test_get_user stdout ----
[INFO] [stdout] 
[INFO] [stdout] thread 'user::tests::test_get_user' (1511) panicked at src/user.rs:47:49:
[INFO] [stdout] called `Result::unwrap()` on an `Err` value: error sending request for url (https://www.yuque.com/api/v2/users/565457): error trying to connect: dns error: failed to lookup address information: Temporary failure in name resolution
[INFO] [stdout] 
[INFO] [stdout] Caused by:
[INFO] [stdout]     0: error trying to connect: dns error: failed to lookup address information: Temporary failure in name resolution
[INFO] [stdout]     1: dns error: failed to lookup address information: Temporary failure in name resolution
[INFO] [stdout]     2: failed to lookup address information: Temporary failure in name resolution
[INFO] [stdout] stack backtrace:
[INFO] [stdout]    0:     0x634f9be31761 - <<std[70759c8f55707aa4]::sys::backtrace::BacktraceLock>::print::DisplayBacktrace as core[df12db4294e9bfd3]::fmt::Display>::fmt
[INFO] [stdout]    1:     0x634f9be4775a - core[df12db4294e9bfd3]::fmt::write
[INFO] [stdout]    2:     0x634f9be3629c - <alloc[2182bb758b4b3781]::vec::Vec<u8> as core[df12db4294e9bfd3]::io::write::Write>::write_fmt
[INFO] [stdout]    3:     0x634f9be0c976 - std[70759c8f55707aa4]::panicking::default_hook::{closure#0}
[INFO] [stdout]    4:     0x634f9be29699 - std[70759c8f55707aa4]::panicking::default_hook
[INFO] [stdout]    5:     0x634f9bc77e20 - test[9d35eded1c95d3be]::test_main_inner::<test[9d35eded1c95d3be]::test_main_static::{closure#0}>::{closure#0}
[INFO] [stdout]    6:     0x634f9be299c2 - std[70759c8f55707aa4]::panicking::panic_with_hook
[INFO] [stdout]    7:     0x634f9be0ca22 - std[70759c8f55707aa4]::panicking::panic_handler::{closure#0}
[INFO] [stdout]    8:     0x634f9be05489 - std[70759c8f55707aa4]::sys::backtrace::__rust_end_short_backtrace::<std[70759c8f55707aa4]::panicking::panic_handler::{closure#0}, !>
[INFO] [stdout]    9:     0x634f9be0d8ad - __rustc[8fa7c3cbc660c2b3]::rust_begin_unwind
[INFO] [stdout]   10:     0x634f9be47ebc - core[df12db4294e9bfd3]::panicking::panic_fmt
[INFO] [stdout]   11:     0x634f9be47c92 - core[df12db4294e9bfd3]::result::unwrap_failed
[INFO] [stdout]   12:     0x634f9bc30284 - <core[df12db4294e9bfd3]::pin::Pin<&mut yuque[9574c35df6a7a55c]::user::tests::test_get_user::{closure#0}> as core[df12db4294e9bfd3]::future::future::Future>::poll
[INFO] [stdout]   13:     0x634f9bc3772b - <tokio[329683f88db99c25]::runtime::basic_scheduler::Context>::enter::<core[df12db4294e9bfd3]::task::poll::Poll<()>, <tokio[329683f88db99c25]::runtime::basic_scheduler::CoreGuard>::block_on<core[df12db4294e9bfd3]::pin::Pin<&mut yuque[9574c35df6a7a55c]::user::tests::test_get_user::{closure#0}>>::{closure#0}::{closure#0}>
[INFO] [stdout]   14:     0x634f9bc5f186 - <tokio[329683f88db99c25]::macros::scoped_tls::ScopedKey<tokio[329683f88db99c25]::runtime::basic_scheduler::Context>>::set::<<tokio[329683f88db99c25]::runtime::basic_scheduler::CoreGuard>::enter<<tokio[329683f88db99c25]::runtime::basic_scheduler::CoreGuard>::block_on<core[df12db4294e9bfd3]::pin::Pin<&mut yuque[9574c35df6a7a55c]::user::tests::test_get_user::{closure#0}>>::{closure#0}, ()>::{closure#0}, (alloc[2182bb758b4b3781]::boxed::Box<tokio[329683f88db99c25]::runtime::basic_scheduler::Core>, ())>
[INFO] [stdout]   15:     0x634f9bc357a9 - <tokio[329683f88db99c25]::runtime::basic_scheduler::BasicScheduler>::block_on::<yuque[9574c35df6a7a55c]::user::tests::test_get_user::{closure#0}>
[INFO] [stdout]   16:     0x634f9bc4a6bf - <tokio[329683f88db99c25]::runtime::Runtime>::block_on::<yuque[9574c35df6a7a55c]::user::tests::test_get_user::{closure#0}>
[INFO] [stdout]   17:     0x634f9bc6a927 - yuque[9574c35df6a7a55c]::user::tests::test_get_user
[INFO] [stdout]   18:     0x634f9bc66059 - <yuque[9574c35df6a7a55c]::user::tests::test_get_user::{closure#0} as core[df12db4294e9bfd3]::ops::function::FnOnce<()>>::call_once
[INFO] [stdout]   19:     0x634f9bc6b10b - test[9d35eded1c95d3be]::__rust_begin_short_backtrace::<core[df12db4294e9bfd3]::result::Result<(), alloc[2182bb758b4b3781]::string::String>, fn() -> core[df12db4294e9bfd3]::result::Result<(), alloc[2182bb758b4b3781]::string::String>>
[INFO] [stdout]   20:     0x634f9bc78775 - test[9d35eded1c95d3be]::run_test::{closure#0}
[INFO] [stdout]   21:     0x634f9bc72034 - std[70759c8f55707aa4]::sys::backtrace::__rust_begin_short_backtrace::<test[9d35eded1c95d3be]::run_test::{closure#1}, ()>
[INFO] [stdout]   22:     0x634f9bc7b8d2 - <std[70759c8f55707aa4]::thread::lifecycle::spawn_unchecked<test[9d35eded1c95d3be]::run_test::{closure#1}, ()>::{closure#1} as core[df12db4294e9bfd3]::ops::function::FnOnce<()>>::call_once::{shim:vtable#0}
[INFO] [stdout]   23:     0x634f9be30c89 - <std[70759c8f55707aa4]::sys::thread::unix::Thread>::new::thread_start
[INFO] [stdout]   24:     0x7d6a0bee9dfa - <unknown>
[INFO] [stdout]   25:     0x7d6a0bf7d3d4 - clone
[INFO] [stdout]   26:                0x0 - <unknown>
[INFO] [stdout] 
[INFO] [stdout] ---- repo::tests::test_update_repo stdout ----
[INFO] [stdout] 
[INFO] [stdout] thread 'repo::tests::test_update_repo' (1509) panicked at src/repo.rs:220:48:
[INFO] [stdout] called `Result::unwrap()` on an `Err` value: error sending request for url (https://www.yuque.com/api/v2/user): error trying to connect: dns error: failed to lookup address information: Temporary failure in name resolution
[INFO] [stdout] 
[INFO] [stdout] Caused by:
[INFO] [stdout]     0: error trying to connect: dns error: failed to lookup address information: Temporary failure in name resolution
[INFO] [stdout]     1: dns error: failed to lookup address information: Temporary failure in name resolution
[INFO] [stdout]     2: failed to lookup address information: Temporary failure in name resolution
[INFO] [stdout] stack backtrace:
[INFO] [stdout]    0:     0x634f9be31761 - <<std[70759c8f55707aa4]::sys::backtrace::BacktraceLock>::print::DisplayBacktrace as core[df12db4294e9bfd3]::fmt::Display>::fmt
[INFO] [stdout]    1:     0x634f9be4775a - core[df12db4294e9bfd3]::fmt::write
[INFO] [stdout]    2:     0x634f9be3629c - <alloc[2182bb758b4b3781]::vec::Vec<u8> as core[df12db4294e9bfd3]::io::write::Write>::write_fmt
[INFO] [stdout]    3:     0x634f9be0c976 - std[70759c8f55707aa4]::panicking::default_hook::{closure#0}
[INFO] [stdout]    4:     0x634f9be29699 - std[70759c8f55707aa4]::panicking::default_hook
[INFO] [stdout]    5:     0x634f9bc77e20 - test[9d35eded1c95d3be]::test_main_inner::<test[9d35eded1c95d3be]::test_main_static::{closure#0}>::{closure#0}
[INFO] [stdout]    6:     0x634f9be299c2 - std[70759c8f55707aa4]::panicking::panic_with_hook
[INFO] [stdout]    7:     0x634f9be0ca22 - std[70759c8f55707aa4]::panicking::panic_handler::{closure#0}
[INFO] [stdout]    8:     0x634f9be05489 - std[70759c8f55707aa4]::sys::backtrace::__rust_end_short_backtrace::<std[70759c8f55707aa4]::panicking::panic_handler::{closure#0}, !>
[INFO] [stdout]    9:     0x634f9be0d8ad - __rustc[8fa7c3cbc660c2b3]::rust_begin_unwind
[INFO] [stdout]   10:     0x634f9be47ebc - core[df12db4294e9bfd3]::panicking::panic_fmt
[INFO] [stdout]   11:     0x634f9be47c92 - core[df12db4294e9bfd3]::result::unwrap_failed
[INFO] [stdout]   12:     0x634f9bc2f6ad - <core[df12db4294e9bfd3]::pin::Pin<&mut yuque[9574c35df6a7a55c]::repo::tests::test_update_repo::{closure#0}> as core[df12db4294e9bfd3]::future::future::Future>::poll
[INFO] [stdout]   13:     0x634f9bc375db - <tokio[329683f88db99c25]::runtime::basic_scheduler::Context>::enter::<core[df12db4294e9bfd3]::task::poll::Poll<()>, <tokio[329683f88db99c25]::runtime::basic_scheduler::CoreGuard>::block_on<core[df12db4294e9bfd3]::pin::Pin<&mut yuque[9574c35df6a7a55c]::repo::tests::test_update_repo::{closure#0}>>::{closure#0}::{closure#0}>
[INFO] [stdout]   14:     0x634f9bc5ee96 - <tokio[329683f88db99c25]::macros::scoped_tls::ScopedKey<tokio[329683f88db99c25]::runtime::basic_scheduler::Context>>::set::<<tokio[329683f88db99c25]::runtime::basic_scheduler::CoreGuard>::enter<<tokio[329683f88db99c25]::runtime::basic_scheduler::CoreGuard>::block_on<core[df12db4294e9bfd3]::pin::Pin<&mut yuque[9574c35df6a7a55c]::repo::tests::test_update_repo::{closure#0}>>::{closure#0}, ()>::{closure#0}, (alloc[2182bb758b4b3781]::boxed::Box<tokio[329683f88db99c25]::runtime::basic_scheduler::Core>, ())>
[INFO] [stdout]   15:     0x634f9bc354e9 - <tokio[329683f88db99c25]::runtime::basic_scheduler::BasicScheduler>::block_on::<yuque[9574c35df6a7a55c]::repo::tests::test_update_repo::{closure#0}>
[INFO] [stdout]   16:     0x634f9bc4a5ce - <tokio[329683f88db99c25]::runtime::Runtime>::block_on::<yuque[9574c35df6a7a55c]::repo::tests::test_update_repo::{closure#0}>
[INFO] [stdout]   17:     0x634f9bc523a6 - yuque[9574c35df6a7a55c]::repo::tests::test_update_repo
[INFO] [stdout]   18:     0x634f9bc66039 - <yuque[9574c35df6a7a55c]::repo::tests::test_update_repo::{closure#0} as core[df12db4294e9bfd3]::ops::function::FnOnce<()>>::call_once
[INFO] [stdout]   19:     0x634f9bc6b10b - test[9d35eded1c95d3be]::__rust_begin_short_backtrace::<core[df12db4294e9bfd3]::result::Result<(), alloc[2182bb758b4b3781]::string::String>, fn() -> core[df12db4294e9bfd3]::result::Result<(), alloc[2182bb758b4b3781]::string::String>>
[INFO] [stdout]   20:     0x634f9bc78775 - test[9d35eded1c95d3be]::run_test::{closure#0}
[INFO] [stdout]   21:     0x634f9bc72034 - std[70759c8f55707aa4]::sys::backtrace::__rust_begin_short_backtrace::<test[9d35eded1c95d3be]::run_test::{closure#1}, ()>
[INFO] [stdout]   22:     0x634f9bc7b8d2 - <std[70759c8f55707aa4]::thread::lifecycle::spawn_unchecked<test[9d35eded1c95d3be]::run_test::{closure#1}, ()>::{closure#1} as core[df12db4294e9bfd3]::ops::function::FnOnce<()>>::call_once::{shim:vtable#0}
[INFO] [stdout]   23:     0x634f9be30c89 - <std[70759c8f55707aa4]::sys::thread::unix::Thread>::new::thread_start
[INFO] [stdout]   24:     0x7d6a0bee9dfa - <unknown>
[INFO] [stdout]   25:     0x7d6a0bf7d3d4 - clone
[INFO] [stdout]   26:                0x0 - <unknown>
[INFO] [stdout] 
[INFO] [stdout] ---- group::tests::test_list_group_users stdout ----
[INFO] [stdout] 
[INFO] [stdout] thread 'group::tests::test_list_group_users' (1502) panicked at src/group.rs:207:14:
[INFO] [stdout] called `Result::unwrap()` on an `Err` value: error sending request for url (https://www.yuque.com/api/v2/groups/huayin.io/users): error trying to connect: dns error: failed to lookup address information: Temporary failure in name resolution
[INFO] [stdout] 
[INFO] [stdout] Caused by:
[INFO] [stdout]     0: error trying to connect: dns error: failed to lookup address information: Temporary failure in name resolution
[INFO] [stdout]     1: dns error: failed to lookup address information: Temporary failure in name resolution
[INFO] [stdout]     2: failed to lookup address information: Temporary failure in name resolution
[INFO] [stdout] stack backtrace:
[INFO] [stdout]    0:     0x634f9be31761 - <<std[70759c8f55707aa4]::sys::backtrace::BacktraceLock>::print::DisplayBacktrace as core[df12db4294e9bfd3]::fmt::Display>::fmt
[INFO] [stdout]    1:     0x634f9be4775a - core[df12db4294e9bfd3]::fmt::write
[INFO] [stdout]    2:     0x634f9be3629c - <alloc[2182bb758b4b3781]::vec::Vec<u8> as core[df12db4294e9bfd3]::io::write::Write>::write_fmt
[INFO] [stdout]    3:     0x634f9be0c976 - std[70759c8f55707aa4]::panicking::default_hook::{closure#0}
[INFO] [stdout]    4:     0x634f9be29699 - std[70759c8f55707aa4]::panicking::default_hook
[INFO] [stdout]    5:     0x634f9bc77e20 - test[9d35eded1c95d3be]::test_main_inner::<test[9d35eded1c95d3be]::test_main_static::{closure#0}>::{closure#0}
[INFO] [stdout]    6:     0x634f9be299c2 - std[70759c8f55707aa4]::panicking::panic_with_hook
[INFO] [stdout]    7:     0x634f9be0ca22 - std[70759c8f55707aa4]::panicking::panic_handler::{closure#0}
[INFO] [stdout]    8:     0x634f9be05489 - std[70759c8f55707aa4]::sys::backtrace::__rust_end_short_backtrace::<std[70759c8f55707aa4]::panicking::panic_handler::{closure#0}, !>
[INFO] [stdout]    9:     0x634f9be0d8ad - __rustc[8fa7c3cbc660c2b3]::rust_begin_unwind
[INFO] [stdout]   10:     0x634f9be47ebc - core[df12db4294e9bfd3]::panicking::panic_fmt
[INFO] [stdout]   11:     0x634f9be47c92 - core[df12db4294e9bfd3]::result::unwrap_failed
[INFO] [stdout]   12:     0x634f9bc32aee - <core[df12db4294e9bfd3]::pin::Pin<&mut yuque[9574c35df6a7a55c]::group::tests::test_list_group_users::{closure#0}> as core[df12db4294e9bfd3]::future::future::Future>::poll
[INFO] [stdout]   13:     0x634f9bc37dbb - <tokio[329683f88db99c25]::runtime::basic_scheduler::Context>::enter::<core[df12db4294e9bfd3]::task::poll::Poll<()>, <tokio[329683f88db99c25]::runtime::basic_scheduler::CoreGuard>::block_on<core[df12db4294e9bfd3]::pin::Pin<&mut yuque[9574c35df6a7a55c]::group::tests::test_list_group_users::{closure#0}>>::{closure#0}::{closure#0}>
[INFO] [stdout]   14:     0x634f9bc60036 - <tokio[329683f88db99c25]::macros::scoped_tls::ScopedKey<tokio[329683f88db99c25]::runtime::basic_scheduler::Context>>::set::<<tokio[329683f88db99c25]::runtime::basic_scheduler::CoreGuard>::enter<<tokio[329683f88db99c25]::runtime::basic_scheduler::CoreGuard>::block_on<core[df12db4294e9bfd3]::pin::Pin<&mut yuque[9574c35df6a7a55c]::group::tests::test_list_group_users::{closure#0}>>::{closure#0}, ()>::{closure#0}, (alloc[2182bb758b4b3781]::boxed::Box<tokio[329683f88db99c25]::runtime::basic_scheduler::Core>, ())>
[INFO] [stdout]   15:     0x634f9bc36569 - <tokio[329683f88db99c25]::runtime::basic_scheduler::BasicScheduler>::block_on::<yuque[9574c35df6a7a55c]::group::tests::test_list_group_users::{closure#0}>
[INFO] [stdout]   16:     0x634f9bc4ab6e - <tokio[329683f88db99c25]::runtime::Runtime>::block_on::<yuque[9574c35df6a7a55c]::group::tests::test_list_group_users::{closure#0}>
[INFO] [stdout]   17:     0x634f9bc665dc - <yuque[9574c35df6a7a55c]::group::tests::test_list_group_users::{closure#0} as core[df12db4294e9bfd3]::ops::function::FnOnce<()>>::call_once
[INFO] [stdout]   18:     0x634f9bc6b10b - test[9d35eded1c95d3be]::__rust_begin_short_backtrace::<core[df12db4294e9bfd3]::result::Result<(), alloc[2182bb758b4b3781]::string::String>, fn() -> core[df12db4294e9bfd3]::result::Result<(), alloc[2182bb758b4b3781]::string::String>>
[INFO] [stdout]   19:     0x634f9bc78775 - test[9d35eded1c95d3be]::run_test::{closure#0}
[INFO] [stdout]   20:     0x634f9bc72034 - std[70759c8f55707aa4]::sys::backtrace::__rust_begin_short_backtrace::<test[9d35eded1c95d3be]::run_test::{closure#1}, ()>
[INFO] [stdout]   21:     0x634f9bc7b8d2 - <std[70759c8f55707aa4]::thread::lifecycle::spawn_unchecked<test[9d35eded1c95d3be]::run_test::{closure#1}, ()>::{closure#1} as core[df12db4294e9bfd3]::ops::function::FnOnce<()>>::call_once::{shim:vtable#0}
[INFO] [stdout]   22:     0x634f9be30c89 - <std[70759c8f55707aa4]::sys::thread::unix::Thread>::new::thread_start
[INFO] [stdout]   23:     0x7d6a0bee9dfa - <unknown>
[INFO] [stdout]   24:     0x7d6a0bf7d3d4 - clone
[INFO] [stdout]   25:                0x0 - <unknown>
[INFO] [stdout] 
[INFO] [stdout] ---- repo::tests::test_list_repos stdout ----
[INFO] [stdout] 
[INFO] [stdout] thread 'repo::tests::test_list_repos' (1508) panicked at src/repo.rs:179:48:
[INFO] [stdout] called `Result::unwrap()` on an `Err` value: error sending request for url (https://www.yuque.com/api/v2/user): error trying to connect: dns error: failed to lookup address information: Temporary failure in name resolution
[INFO] [stdout] 
[INFO] [stdout] Caused by:
[INFO] [stdout]     0: error trying to connect: dns error: failed to lookup address information: Temporary failure in name resolution
[INFO] [stdout]     1: dns error: failed to lookup address information: Temporary failure in name resolution
[INFO] [stdout]     2: failed to lookup address information: Temporary failure in name resolution
[INFO] [stdout] stack backtrace:
[INFO] [stdout]    0:     0x634f9be31761 - <<std[70759c8f55707aa4]::sys::backtrace::BacktraceLock>::print::DisplayBacktrace as core[df12db4294e9bfd3]::fmt::Display>::fmt
[INFO] [stdout]    1:     0x634f9be4775a - core[df12db4294e9bfd3]::fmt::write
[INFO] [stdout]    2:     0x634f9be3629c - <alloc[2182bb758b4b3781]::vec::Vec<u8> as core[df12db4294e9bfd3]::io::write::Write>::write_fmt
[INFO] [stdout]    3:     0x634f9be0c976 - std[70759c8f55707aa4]::panicking::default_hook::{closure#0}
[INFO] [stdout]    4:     0x634f9be29699 - std[70759c8f55707aa4]::panicking::default_hook
[INFO] [stdout]    5:     0x634f9bc77e20 - test[9d35eded1c95d3be]::test_main_inner::<test[9d35eded1c95d3be]::test_main_static::{closure#0}>::{closure#0}
[INFO] [stdout]    6:     0x634f9be299c2 - std[70759c8f55707aa4]::panicking::panic_with_hook
[INFO] [stdout]    7:     0x634f9be0ca22 - std[70759c8f55707aa4]::panicking::panic_handler::{closure#0}
[INFO] [stdout]    8:     0x634f9be05489 - std[70759c8f55707aa4]::sys::backtrace::__rust_end_short_backtrace::<std[70759c8f55707aa4]::panicking::panic_handler::{closure#0}, !>
[INFO] [stdout]    9:     0x634f9be0d8ad - __rustc[8fa7c3cbc660c2b3]::rust_begin_unwind
[INFO] [stdout]   10:     0x634f9be47ebc - core[df12db4294e9bfd3]::panicking::panic_fmt
[INFO] [stdout]   11:     0x634f9be47c92 - core[df12db4294e9bfd3]::result::unwrap_failed
[INFO] [stdout]   12:     0x634f9bc2de01 - <core[df12db4294e9bfd3]::pin::Pin<&mut yuque[9574c35df6a7a55c]::repo::tests::test_list_repos::{closure#0}> as core[df12db4294e9bfd3]::future::future::Future>::poll
[INFO] [stdout]   13:     0x634f9bc3733b - <tokio[329683f88db99c25]::runtime::basic_scheduler::Context>::enter::<core[df12db4294e9bfd3]::task::poll::Poll<()>, <tokio[329683f88db99c25]::runtime::basic_scheduler::CoreGuard>::block_on<core[df12db4294e9bfd3]::pin::Pin<&mut yuque[9574c35df6a7a55c]::repo::tests::test_list_repos::{closure#0}>>::{closure#0}::{closure#0}>
[INFO] [stdout]   14:     0x634f9bc5e8b6 - <tokio[329683f88db99c25]::macros::scoped_tls::ScopedKey<tokio[329683f88db99c25]::runtime::basic_scheduler::Context>>::set::<<tokio[329683f88db99c25]::runtime::basic_scheduler::CoreGuard>::enter<<tokio[329683f88db99c25]::runtime::basic_scheduler::CoreGuard>::block_on<core[df12db4294e9bfd3]::pin::Pin<&mut yuque[9574c35df6a7a55c]::repo::tests::test_list_repos::{closure#0}>>::{closure#0}, ()>::{closure#0}, (alloc[2182bb758b4b3781]::boxed::Box<tokio[329683f88db99c25]::runtime::basic_scheduler::Core>, ())>
[INFO] [stdout]   15:     0x634f9bc34f69 - <tokio[329683f88db99c25]::runtime::basic_scheduler::BasicScheduler>::block_on::<yuque[9574c35df6a7a55c]::repo::tests::test_list_repos::{closure#0}>
[INFO] [stdout]   16:     0x634f9bc4a3ee - <tokio[329683f88db99c25]::runtime::Runtime>::block_on::<yuque[9574c35df6a7a55c]::repo::tests::test_list_repos::{closure#0}>
[INFO] [stdout]   17:     0x634f9bc520a7 - yuque[9574c35df6a7a55c]::repo::tests::test_list_repos
[INFO] [stdout]   18:     0x634f9bc65ff9 - <yuque[9574c35df6a7a55c]::repo::tests::test_list_repos::{closure#0} as core[df12db4294e9bfd3]::ops::function::FnOnce<()>>::call_once
[INFO] [stdout]   19:     0x634f9bc6b10b - test[9d35eded1c95d3be]::__rust_begin_short_backtrace::<core[df12db4294e9bfd3]::result::Result<(), alloc[2182bb758b4b3781]::string::String>, fn() -> core[df12db4294e9bfd3]::result::Result<(), alloc[2182bb758b4b3781]::string::String>>
[INFO] [stdout]   20:     0x634f9bc78775 - test[9d35eded1c95d3be]::run_test::{closure#0}
[INFO] [stdout]   21:     0x634f9bc72034 - std[70759c8f55707aa4]::sys::backtrace::__rust_begin_short_backtrace::<test[9d35eded1c95d3be]::run_test::{closure#1}, ()>
[INFO] [stdout]   22:     0x634f9bc7b8d2 - <std[70759c8f55707aa4]::thread::lifecycle::spawn_unchecked<test[9d35eded1c95d3be]::run_test::{closure#1}, ()>::{closure#1} as core[df12db4294e9bfd3]::ops::function::FnOnce<()>>::call_once::{shim:vtable#0}
[INFO] [stdout]   23:     0x634f9be30c89 - <std[70759c8f55707aa4]::sys::thread::unix::Thread>::new::thread_start
[INFO] [stdout]   24:     0x7d6a0bee9dfa - <unknown>
[INFO] [stdout]   25:     0x7d6a0bf7d3d4 - clone
[INFO] [stdout]   26:                0x0 - <unknown>
[INFO] [stdout] 
[INFO] [stdout] ---- group::tests::test_update_group stdout ----
[INFO] [stdout] 
[INFO] [stdout] thread 'group::tests::test_update_group' (1505) panicked at src/group.rs:241:14:
[INFO] [stdout] called `Result::unwrap()` on an `Err` value: error sending request for url (https://www.yuque.com/api/v2/groups): error trying to connect: dns error: failed to lookup address information: Temporary failure in name resolution
[INFO] [stdout] 
[INFO] [stdout] Caused by:
[INFO] [stdout]     0: error trying to connect: dns error: failed to lookup address information: Temporary failure in name resolution
[INFO] [stdout]     1: dns error: failed to lookup address information: Temporary failure in name resolution
[INFO] [stdout]     2: failed to lookup address information: Temporary failure in name resolution
[INFO] [stdout] stack backtrace:
[INFO] [stdout]    0:     0x634f9be31761 - <<std[70759c8f55707aa4]::sys::backtrace::BacktraceLock>::print::DisplayBacktrace as core[df12db4294e9bfd3]::fmt::Display>::fmt
[INFO] [stdout]    1:     0x634f9be4775a - core[df12db4294e9bfd3]::fmt::write
[INFO] [stdout]    2:     0x634f9be3629c - <alloc[2182bb758b4b3781]::vec::Vec<u8> as core[df12db4294e9bfd3]::io::write::Write>::write_fmt
[INFO] [stdout]    3:     0x634f9be0c976 - std[70759c8f55707aa4]::panicking::default_hook::{closure#0}
[INFO] [stdout]    4:     0x634f9be29699 - std[70759c8f55707aa4]::panicking::default_hook
[INFO] [stdout]    5:     0x634f9bc77e20 - test[9d35eded1c95d3be]::test_main_inner::<test[9d35eded1c95d3be]::test_main_static::{closure#0}>::{closure#0}
[INFO] [stdout]    6:     0x634f9be299c2 - std[70759c8f55707aa4]::panicking::panic_with_hook
[INFO] [stdout]    7:     0x634f9be0ca22 - std[70759c8f55707aa4]::panicking::panic_handler::{closure#0}
[INFO] [stdout]    8:     0x634f9be05489 - std[70759c8f55707aa4]::sys::backtrace::__rust_end_short_backtrace::<std[70759c8f55707aa4]::panicking::panic_handler::{closure#0}, !>
[INFO] [stdout]    9:     0x634f9be0d8ad - __rustc[8fa7c3cbc660c2b3]::rust_begin_unwind
[INFO] [stdout]   10:     0x634f9be47ebc - core[df12db4294e9bfd3]::panicking::panic_fmt
[INFO] [stdout]   11:     0x634f9be47c92 - core[df12db4294e9bfd3]::result::unwrap_failed
[INFO] [stdout]   12:     0x634f9bc31e3d - <core[df12db4294e9bfd3]::pin::Pin<&mut yuque[9574c35df6a7a55c]::group::tests::test_update_group::{closure#0}> as core[df12db4294e9bfd3]::future::future::Future>::poll
[INFO] [stdout]   13:     0x634f9bc37c6b - <tokio[329683f88db99c25]::runtime::basic_scheduler::Context>::enter::<core[df12db4294e9bfd3]::task::poll::Poll<()>, <tokio[329683f88db99c25]::runtime::basic_scheduler::CoreGuard>::block_on<core[df12db4294e9bfd3]::pin::Pin<&mut yuque[9574c35df6a7a55c]::group::tests::test_update_group::{closure#0}>>::{closure#0}::{closure#0}>
[INFO] [stdout]   14:     0x634f9bc5fd46 - <tokio[329683f88db99c25]::macros::scoped_tls::ScopedKey<tokio[329683f88db99c25]::runtime::basic_scheduler::Context>>::set::<<tokio[329683f88db99c25]::runtime::basic_scheduler::CoreGuard>::enter<<tokio[329683f88db99c25]::runtime::basic_scheduler::CoreGuard>::block_on<core[df12db4294e9bfd3]::pin::Pin<&mut yuque[9574c35df6a7a55c]::group::tests::test_update_group::{closure#0}>>::{closure#0}, ()>::{closure#0}, (alloc[2182bb758b4b3781]::boxed::Box<tokio[329683f88db99c25]::runtime::basic_scheduler::Core>, ())>
[INFO] [stdout]   15:     0x634f9bc362a9 - <tokio[329683f88db99c25]::runtime::basic_scheduler::BasicScheduler>::block_on::<yuque[9574c35df6a7a55c]::group::tests::test_update_group::{closure#0}>
[INFO] [stdout]   16:     0x634f9bc4aa7e - <tokio[329683f88db99c25]::runtime::Runtime>::block_on::<yuque[9574c35df6a7a55c]::group::tests::test_update_group::{closure#0}>
[INFO] [stdout]   17:     0x634f9bc6645c - <yuque[9574c35df6a7a55c]::group::tests::test_update_group::{closure#0} as core[df12db4294e9bfd3]::ops::function::FnOnce<()>>::call_once
[INFO] [stdout]   18:     0x634f9bc6b10b - test[9d35eded1c95d3be]::__rust_begin_short_backtrace::<core[df12db4294e9bfd3]::result::Result<(), alloc[2182bb758b4b3781]::string::String>, fn() -> core[df12db4294e9bfd3]::result::Result<(), alloc[2182bb758b4b3781]::string::String>>
[INFO] [stdout]   19:     0x634f9bc78775 - test[9d35eded1c95d3be]::run_test::{closure#0}
[INFO] [stdout]   20:     0x634f9bc72034 - std[70759c8f55707aa4]::sys::backtrace::__rust_begin_short_backtrace::<test[9d35eded1c95d3be]::run_test::{closure#1}, ()>
[INFO] [stdout]   21:     0x634f9bc7b8d2 - <std[70759c8f55707aa4]::thread::lifecycle::spawn_unchecked<test[9d35eded1c95d3be]::run_test::{closure#1}, ()>::{closure#1} as core[df12db4294e9bfd3]::ops::function::FnOnce<()>>::call_once::{shim:vtable#0}
[INFO] [stdout]   22:     0x634f9be30c89 - <std[70759c8f55707aa4]::sys::thread::unix::Thread>::new::thread_start
[INFO] [stdout]   23:     0x7d6a0bee9dfa - <unknown>
[INFO] [stdout]   24:     0x7d6a0bf7d3d4 - clone
[INFO] [stdout]   25:                0x0 - <unknown>
[INFO] [stdout] 
[INFO] [stdout] ---- user::tests::test_get_auth_user stdout ----
[INFO] [stdout] 
[INFO] [stdout] thread 'user::tests::test_get_auth_user' (1510) panicked at src/user.rs:39:48:
[INFO] [stdout] called `Result::unwrap()` on an `Err` value: error sending request for url (https://www.yuque.com/api/v2/user): error trying to connect: dns error: failed to lookup address information: Temporary failure in name resolution
[INFO] [stdout] 
[INFO] [stdout] Caused by:
[INFO] [stdout]     0: error trying to connect: dns error: failed to lookup address information: Temporary failure in name resolution
[INFO] [stdout]     1: dns error: failed to lookup address information: Temporary failure in name resolution
[INFO] [stdout]     2: failed to lookup address information: Temporary failure in name resolution
[INFO] [stdout] stack backtrace:
[INFO] [stdout]    0:     0x634f9be31761 - <<std[70759c8f55707aa4]::sys::backtrace::BacktraceLock>::print::DisplayBacktrace as core[df12db4294e9bfd3]::fmt::Display>::fmt
[INFO] [stdout]    1:     0x634f9be4775a - core[df12db4294e9bfd3]::fmt::write
[INFO] [stdout]    2:     0x634f9be3629c - <alloc[2182bb758b4b3781]::vec::Vec<u8> as core[df12db4294e9bfd3]::io::write::Write>::write_fmt
[INFO] [stdout]    3:     0x634f9be0c976 - std[70759c8f55707aa4]::panicking::default_hook::{closure#0}
[INFO] [stdout]    4:     0x634f9be29699 - std[70759c8f55707aa4]::panicking::default_hook
[INFO] [stdout]    5:     0x634f9bc77e20 - test[9d35eded1c95d3be]::test_main_inner::<test[9d35eded1c95d3be]::test_main_static::{closure#0}>::{closure#0}
[INFO] [stdout]    6:     0x634f9be299c2 - std[70759c8f55707aa4]::panicking::panic_with_hook
[INFO] [stdout]    7:     0x634f9be0ca22 - std[70759c8f55707aa4]::panicking::panic_handler::{closure#0}
[INFO] [stdout]    8:     0x634f9be05489 - std[70759c8f55707aa4]::sys::backtrace::__rust_end_short_backtrace::<std[70759c8f55707aa4]::panicking::panic_handler::{closure#0}, !>
[INFO] [stdout]    9:     0x634f9be0d8ad - __rustc[8fa7c3cbc660c2b3]::rust_begin_unwind
[INFO] [stdout]   10:     0x634f9be47ebc - core[df12db4294e9bfd3]::panicking::panic_fmt
[INFO] [stdout]   11:     0x634f9be47c92 - core[df12db4294e9bfd3]::result::unwrap_failed
[INFO] [stdout]   12:     0x634f9bc30637 - <core[df12db4294e9bfd3]::pin::Pin<&mut yuque[9574c35df6a7a55c]::user::tests::test_get_auth_user::{closure#0}> as core[df12db4294e9bfd3]::future::future::Future>::poll
[INFO] [stdout]   13:     0x634f9bc3787b - <tokio[329683f88db99c25]::runtime::basic_scheduler::Context>::enter::<core[df12db4294e9bfd3]::task::poll::Poll<()>, <tokio[329683f88db99c25]::runtime::basic_scheduler::CoreGuard>::block_on<core[df12db4294e9bfd3]::pin::Pin<&mut yuque[9574c35df6a7a55c]::user::tests::test_get_auth_user::{closure#0}>>::{closure#0}::{closure#0}>
[INFO] [stdout]   14:     0x634f9bc5f476 - <tokio[329683f88db99c25]::macros::scoped_tls::ScopedKey<tokio[329683f88db99c25]::runtime::basic_scheduler::Context>>::set::<<tokio[329683f88db99c25]::runtime::basic_scheduler::CoreGuard>::enter<<tokio[329683f88db99c25]::runtime::basic_scheduler::CoreGuard>::block_on<core[df12db4294e9bfd3]::pin::Pin<&mut yuque[9574c35df6a7a55c]::user::tests::test_get_auth_user::{closure#0}>>::{closure#0}, ()>::{closure#0}, (alloc[2182bb758b4b3781]::boxed::Box<tokio[329683f88db99c25]::runtime::basic_scheduler::Core>, ())>
[INFO] [stdout]   15:     0x634f9bc35a69 - <tokio[329683f88db99c25]::runtime::basic_scheduler::BasicScheduler>::block_on::<yuque[9574c35df6a7a55c]::user::tests::test_get_auth_user::{closure#0}>
[INFO] [stdout]   16:     0x634f9bc4a7af - <tokio[329683f88db99c25]::runtime::Runtime>::block_on::<yuque[9574c35df6a7a55c]::user::tests::test_get_auth_user::{closure#0}>
[INFO] [stdout]   17:     0x634f9bc6aa97 - yuque[9574c35df6a7a55c]::user::tests::test_get_auth_user
[INFO] [stdout]   18:     0x634f9bc66079 - <yuque[9574c35df6a7a55c]::user::tests::test_get_auth_user::{closure#0} as core[df12db4294e9bfd3]::ops::function::FnOnce<()>>::call_once
[INFO] [stdout]   19:     0x634f9bc6b10b - test[9d35eded1c95d3be]::__rust_begin_short_backtrace::<core[df12db4294e9bfd3]::result::Result<(), alloc[2182bb758b4b3781]::string::String>, fn() -> core[df12db4294e9bfd3]::result::Result<(), alloc[2182bb758b4b3781]::string::String>>
[INFO] [stdout]   20:     0x634f9bc78775 - test[9d35eded1c95d3be]::run_test::{closure#0}
[INFO] [stdout]   21:     0x634f9bc72034 - std[70759c8f55707aa4]::sys::backtrace::__rust_begin_short_backtrace::<test[9d35eded1c95d3be]::run_test::{closure#1}, ()>
[INFO] [stdout]   22:     0x634f9bc7b8d2 - <std[70759c8f55707aa4]::thread::lifecycle::spawn_unchecked<test[9d35eded1c95d3be]::run_test::{closure#1}, ()>::{closure#1} as core[df12db4294e9bfd3]::ops::function::FnOnce<()>>::call_once::{shim:vtable#0}
[INFO] [stdout]   23:     0x634f9be30c89 - <std[70759c8f55707aa4]::sys::thread::unix::Thread>::new::thread_start
[INFO] [stdout]   24:     0x7d6a0bee9dfa - <unknown>
[INFO] [stdout]   25:     0x7d6a0bf7d3d4 - clone
[INFO] [stdout]   26:                0x0 - <unknown>
[INFO] [stdout] 
[INFO] [stdout] ---- repo::tests::test_create_repo stdout ----
[INFO] [stdout] 
[INFO] [stdout] thread 'repo::tests::test_create_repo' (1506) panicked at src/repo.rs:199:48:
[INFO] [stdout] called `Result::unwrap()` on an `Err` value: error sending request for url (https://www.yuque.com/api/v2/user): error trying to connect: dns error: failed to lookup address information: Temporary failure in name resolution
[INFO] [stdout] 
[INFO] [stdout] Caused by:
[INFO] [stdout]     0: error trying to connect: dns error: failed to lookup address information: Temporary failure in name resolution
[INFO] [stdout]     1: dns error: failed to lookup address information: Temporary failure in name resolution
[INFO] [stdout]     2: failed to lookup address information: Temporary failure in name resolution
[INFO] [stdout] stack backtrace:
[INFO] [stdout]    0:     0x634f9be31761 - <<std[70759c8f55707aa4]::sys::backtrace::BacktraceLock>::print::DisplayBacktrace as core[df12db4294e9bfd3]::fmt::Display>::fmt
[INFO] [stdout]    1:     0x634f9be4775a - core[df12db4294e9bfd3]::fmt::write
[INFO] [stdout]    2:     0x634f9be3629c - <alloc[2182bb758b4b3781]::vec::Vec<u8> as core[df12db4294e9bfd3]::io::write::Write>::write_fmt
[INFO] [stdout]    3:     0x634f9be0c976 - std[70759c8f55707aa4]::panicking::default_hook::{closure#0}
[INFO] [stdout]    4:     0x634f9be29699 - std[70759c8f55707aa4]::panicking::default_hook
[INFO] [stdout]    5:     0x634f9bc77e20 - test[9d35eded1c95d3be]::test_main_inner::<test[9d35eded1c95d3be]::test_main_static::{closure#0}>::{closure#0}
[INFO] [stdout]    6:     0x634f9be299c2 - std[70759c8f55707aa4]::panicking::panic_with_hook
[INFO] [stdout]    7:     0x634f9be0ca22 - std[70759c8f55707aa4]::panicking::panic_handler::{closure#0}
[INFO] [stdout]    8:     0x634f9be05489 - std[70759c8f55707aa4]::sys::backtrace::__rust_end_short_backtrace::<std[70759c8f55707aa4]::panicking::panic_handler::{closure#0}, !>
[INFO] [stdout]    9:     0x634f9be0d8ad - __rustc[8fa7c3cbc660c2b3]::rust_begin_unwind
[INFO] [stdout]   10:     0x634f9be47ebc - core[df12db4294e9bfd3]::panicking::panic_fmt
[INFO] [stdout]   11:     0x634f9be47c92 - core[df12db4294e9bfd3]::result::unwrap_failed
[INFO] [stdout]   12:     0x634f9bc2e721 - <core[df12db4294e9bfd3]::pin::Pin<&mut yuque[9574c35df6a7a55c]::repo::tests::test_create_repo::{closure#0}> as core[df12db4294e9bfd3]::future::future::Future>::poll
[INFO] [stdout]   13:     0x634f9bc3748b - <tokio[329683f88db99c25]::runtime::basic_scheduler::Context>::enter::<core[df12db4294e9bfd3]::task::poll::Poll<()>, <tokio[329683f88db99c25]::runtime::basic_scheduler::CoreGuard>::block_on<core[df12db4294e9bfd3]::pin::Pin<&mut yuque[9574c35df6a7a55c]::repo::tests::test_create_repo::{closure#0}>>::{closure#0}::{closure#0}>
[INFO] [stdout]   14:     0x634f9bc5eba6 - <tokio[329683f88db99c25]::macros::scoped_tls::ScopedKey<tokio[329683f88db99c25]::runtime::basic_scheduler::Context>>::set::<<tokio[329683f88db99c25]::runtime::basic_scheduler::CoreGuard>::enter<<tokio[329683f88db99c25]::runtime::basic_scheduler::CoreGuard>::block_on<core[df12db4294e9bfd3]::pin::Pin<&mut yuque[9574c35df6a7a55c]::repo::tests::test_create_repo::{closure#0}>>::{closure#0}, ()>::{closure#0}, (alloc[2182bb758b4b3781]::boxed::Box<tokio[329683f88db99c25]::runtime::basic_scheduler::Core>, ())>
[INFO] [stdout]   15:     0x634f9bc35229 - <tokio[329683f88db99c25]::runtime::basic_scheduler::BasicScheduler>::block_on::<yuque[9574c35df6a7a55c]::repo::tests::test_create_repo::{closure#0}>
[INFO] [stdout]   16:     0x634f9bc4a4de - <tokio[329683f88db99c25]::runtime::Runtime>::block_on::<yuque[9574c35df6a7a55c]::repo::tests::test_create_repo::{closure#0}>
[INFO] [stdout]   17:     0x634f9bc52226 - yuque[9574c35df6a7a55c]::repo::tests::test_create_repo
[INFO] [stdout]   18:     0x634f9bc66019 - <yuque[9574c35df6a7a55c]::repo::tests::test_create_repo::{closure#0} as core[df12db4294e9bfd3]::ops::function::FnOnce<()>>::call_once
[INFO] [stdout]   19:     0x634f9bc6b10b - test[9d35eded1c95d3be]::__rust_begin_short_backtrace::<core[df12db4294e9bfd3]::result::Result<(), alloc[2182bb758b4b3781]::string::String>, fn() -> core[df12db4294e9bfd3]::result::Result<(), alloc[2182bb758b4b3781]::string::String>>
[INFO] [stdout]   20:     0x634f9bc78775 - test[9d35eded1c95d3be]::run_test::{closure#0}
[INFO] [stdout]   21:     0x634f9bc72034 - std[70759c8f55707aa4]::sys::backtrace::__rust_begin_short_backtrace::<test[9d35eded1c95d3be]::run_test::{closure#1}, ()>
[INFO] [stdout]   22:     0x634f9bc7b8d2 - <std[70759c8f55707aa4]::thread::lifecycle::spawn_unchecked<test[9d35eded1c95d3be]::run_test::{closure#1}, ()>::{closure#1} as core[df12db4294e9bfd3]::ops::function::FnOnce<()>>::call_once::{shim:vtable#0}
[INFO] [stdout]   23:     0x634f9be30c89 - <std[70759c8f55707aa4]::sys::thread::unix::Thread>::new::thread_start
[INFO] [stdout]   24:     0x7d6a0bee9dfa - <unknown>
[INFO] [stdout]   25:     0x7d6a0bf7d3d4 - clone
[INFO] [stdout]   26:                0x0 - <unknown>
[INFO] [stdout] 
[INFO] [stdout] ---- group::tests::test_get_group stdout ----
[INFO] [stdout] 
[INFO] [stdout] thread 'group::tests::test_get_group' (1501) panicked at src/group.rs:215:55:
[INFO] [stdout] called `Result::unwrap()` on an `Err` value: error sending request for url (https://www.yuque.com/api/v2/groups/huayin.io): error trying to connect: dns error: failed to lookup address information: Temporary failure in name resolution
[INFO] [stdout] 
[INFO] [stdout] Caused by:
[INFO] [stdout]     0: error trying to connect: dns error: failed to lookup address information: Temporary failure in name resolution
[INFO] [stdout]     1: dns error: failed to lookup address information: Temporary failure in name resolution
[INFO] [stdout]     2: failed to lookup address information: Temporary failure in name resolution
[INFO] [stdout] stack backtrace:
[INFO] [stdout]    0:     0x634f9be31761 - <<std[70759c8f55707aa4]::sys::backtrace::BacktraceLock>::print::DisplayBacktrace as core[df12db4294e9bfd3]::fmt::Display>::fmt
[INFO] [stdout]    1:     0x634f9be4775a - core[df12db4294e9bfd3]::fmt::write
[INFO] [stdout]    2:     0x634f9be3629c - <alloc[2182bb758b4b3781]::vec::Vec<u8> as core[df12db4294e9bfd3]::io::write::Write>::write_fmt
[INFO] [stdout]    3:     0x634f9be0c976 - std[70759c8f55707aa4]::panicking::default_hook::{closure#0}
[INFO] [stdout]    4:     0x634f9be29699 - std[70759c8f55707aa4]::panicking::default_hook
[INFO] [stdout]    5:     0x634f9bc77e20 - test[9d35eded1c95d3be]::test_main_inner::<test[9d35eded1c95d3be]::test_main_static::{closure#0}>::{closure#0}
[INFO] [stdout]    6:     0x634f9be299c2 - std[70759c8f55707aa4]::panicking::panic_with_hook
[INFO] [stdout]    7:     0x634f9be0ca22 - std[70759c8f55707aa4]::panicking::panic_handler::{closure#0}
[INFO] [stdout]    8:     0x634f9be05489 - std[70759c8f55707aa4]::sys::backtrace::__rust_end_short_backtrace::<std[70759c8f55707aa4]::panicking::panic_handler::{closure#0}, !>
[INFO] [stdout]    9:     0x634f9be0d8ad - __rustc[8fa7c3cbc660c2b3]::rust_begin_unwind
[INFO] [stdout]   10:     0x634f9be47ebc - core[df12db4294e9bfd3]::panicking::panic_fmt
[INFO] [stdout]   11:     0x634f9be47c92 - core[df12db4294e9bfd3]::result::unwrap_failed
[INFO] [stdout]   12:     0x634f9bc30cd9 - <core[df12db4294e9bfd3]::pin::Pin<&mut yuque[9574c35df6a7a55c]::group::tests::test_get_group::{closure#0}> as core[df12db4294e9bfd3]::future::future::Future>::poll
[INFO] [stdout]   13:     0x634f9bc379cb - <tokio[329683f88db99c25]::runtime::basic_scheduler::Context>::enter::<core[df12db4294e9bfd3]::task::poll::Poll<()>, <tokio[329683f88db99c25]::runtime::basic_scheduler::CoreGuard>::block_on<core[df12db4294e9bfd3]::pin::Pin<&mut yuque[9574c35df6a7a55c]::group::tests::test_get_group::{closure#0}>>::{closure#0}::{closure#0}>
[INFO] [stdout]   14:     0x634f9bc5f766 - <tokio[329683f88db99c25]::macros::scoped_tls::ScopedKey<tokio[329683f88db99c25]::runtime::basic_scheduler::Context>>::set::<<tokio[329683f88db99c25]::runtime::basic_scheduler::CoreGuard>::enter<<tokio[329683f88db99c25]::runtime::basic_scheduler::CoreGuard>::block_on<core[df12db4294e9bfd3]::pin::Pin<&mut yuque[9574c35df6a7a55c]::group::tests::test_get_group::{closure#0}>>::{closure#0}, ()>::{closure#0}, (alloc[2182bb758b4b3781]::boxed::Box<tokio[329683f88db99c25]::runtime::basic_scheduler::Core>, ())>
[INFO] [stdout]   15:     0x634f9bc35d29 - <tokio[329683f88db99c25]::runtime::basic_scheduler::BasicScheduler>::block_on::<yuque[9574c35df6a7a55c]::group::tests::test_get_group::{closure#0}>
[INFO] [stdout]   16:     0x634f9bc4a89e - <tokio[329683f88db99c25]::runtime::Runtime>::block_on::<yuque[9574c35df6a7a55c]::group::tests::test_get_group::{closure#0}>
[INFO] [stdout]   17:     0x634f9bc6615c - <yuque[9574c35df6a7a55c]::group::tests::test_get_group::{closure#0} as core[df12db4294e9bfd3]::ops::function::FnOnce<()>>::call_once
[INFO] [stdout]   18:     0x634f9bc6b10b - test[9d35eded1c95d3be]::__rust_begin_short_backtrace::<core[df12db4294e9bfd3]::result::Result<(), alloc[2182bb758b4b3781]::string::String>, fn() -> core[df12db4294e9bfd3]::result::Result<(), alloc[2182bb758b4b3781]::string::String>>
[INFO] [stdout]   19:     0x634f9bc78775 - test[9d35eded1c95d3be]::run_test::{closure#0}
[INFO] [stdout]   20:     0x634f9bc72034 - std[70759c8f55707aa4]::sys::backtrace::__rust_begin_short_backtrace::<test[9d35eded1c95d3be]::run_test::{closure#1}, ()>
[INFO] [stdout]   21:     0x634f9bc7b8d2 - <std[70759c8f55707aa4]::thread::lifecycle::spawn_unchecked<test[9d35eded1c95d3be]::run_test::{closure#1}, ()>::{closure#1} as core[df12db4294e9bfd3]::ops::function::FnOnce<()>>::call_once::{shim:vtable#0}
[INFO] [stdout]   22:     0x634f9be30c89 - <std[70759c8f55707aa4]::sys::thread::unix::Thread>::new::thread_start
[INFO] [stdout]   23:     0x7d6a0bee9dfa - <unknown>
[INFO] [stdout]   24:     0x7d6a0bf7d3d4 - clone
[INFO] [stdout]   25:                0x0 - <unknown>
[INFO] [stdout] 
[INFO] [stdout] ---- group::tests::test_create_group stdout ----
[INFO] [stdout] 
[INFO] [stdout] thread 'group::tests::test_create_group' (1500) panicked at src/group.rs:227:14:
[INFO] [stdout] called `Result::unwrap()` on an `Err` value: error sending request for url (https://www.yuque.com/api/v2/groups): error trying to connect: dns error: failed to lookup address information: Temporary failure in name resolution
[INFO] [stdout] 
[INFO] [stdout] Caused by:
[INFO] [stdout]     0: error trying to connect: dns error: failed to lookup address information: Temporary failure in name resolution
[INFO] [stdout]     1: dns error: failed to lookup address information: Temporary failure in name resolution
[INFO] [stdout]     2: failed to lookup address information: Temporary failure in name resolution
[INFO] [stdout] stack backtrace:
[INFO] [stdout]    0:     0x634f9be31761 - <<std[70759c8f55707aa4]::sys::backtrace::BacktraceLock>::print::DisplayBacktrace as core[df12db4294e9bfd3]::fmt::Display>::fmt
[INFO] [stdout]    1:     0x634f9be4775a - core[df12db4294e9bfd3]::fmt::write
[INFO] [stdout]    2:     0x634f9be3629c - <alloc[2182bb758b4b3781]::vec::Vec<u8> as core[df12db4294e9bfd3]::io::write::Write>::write_fmt
[INFO] [stdout]    3:     0x634f9be0c976 - std[70759c8f55707aa4]::panicking::default_hook::{closure#0}
[INFO] [stdout]    4:     0x634f9be29699 - std[70759c8f55707aa4]::panicking::default_hook
[INFO] [stdout]    5:     0x634f9bc77e20 - test[9d35eded1c95d3be]::test_main_inner::<test[9d35eded1c95d3be]::test_main_static::{closure#0}>::{closure#0}
[INFO] [stdout]    6:     0x634f9be299c2 - std[70759c8f55707aa4]::panicking::panic_with_hook
[INFO] [stdout]    7:     0x634f9be0ca22 - std[70759c8f55707aa4]::panicking::panic_handler::{closure#0}
[INFO] [stdout]    8:     0x634f9be05489 - std[70759c8f55707aa4]::sys::backtrace::__rust_end_short_backtrace::<std[70759c8f55707aa4]::panicking::panic_handler::{closure#0}, !>
[INFO] [stdout]    9:     0x634f9be0d8ad - __rustc[8fa7c3cbc660c2b3]::rust_begin_unwind
[INFO] [stdout]   10:     0x634f9be47ebc - core[df12db4294e9bfd3]::panicking::panic_fmt
[INFO] [stdout]   11:     0x634f9be47c92 - core[df12db4294e9bfd3]::result::unwrap_failed
[INFO] [stdout]   12:     0x634f9bc310fb - <core[df12db4294e9bfd3]::pin::Pin<&mut yuque[9574c35df6a7a55c]::group::tests::test_create_group::{closure#0}> as core[df12db4294e9bfd3]::future::future::Future>::poll
[INFO] [stdout]   13:     0x634f9bc37b1b - <tokio[329683f88db99c25]::runtime::basic_scheduler::Context>::enter::<core[df12db4294e9bfd3]::task::poll::Poll<()>, <tokio[329683f88db99c25]::runtime::basic_scheduler::CoreGuard>::block_on<core[df12db4294e9bfd3]::pin::Pin<&mut yuque[9574c35df6a7a55c]::group::tests::test_create_group::{closure#0}>>::{closure#0}::{closure#0}>
[INFO] [stdout]   14:     0x634f9bc5fa56 - <tokio[329683f88db99c25]::macros::scoped_tls::ScopedKey<tokio[329683f88db99c25]::runtime::basic_scheduler::Context>>::set::<<tokio[329683f88db99c25]::runtime::basic_scheduler::CoreGuard>::enter<<tokio[329683f88db99c25]::runtime::basic_scheduler::CoreGuard>::block_on<core[df12db4294e9bfd3]::pin::Pin<&mut yuque[9574c35df6a7a55c]::group::tests::test_create_group::{closure#0}>>::{closure#0}, ()>::{closure#0}, (alloc[2182bb758b4b3781]::boxed::Box<tokio[329683f88db99c25]::runtime::basic_scheduler::Core>, ())>
[INFO] [stdout]   15:     0x634f9bc35fe9 - <tokio[329683f88db99c25]::runtime::basic_scheduler::BasicScheduler>::block_on::<yuque[9574c35df6a7a55c]::group::tests::test_create_group::{closure#0}>
[INFO] [stdout]   16:     0x634f9bc4a98f - <tokio[329683f88db99c25]::runtime::Runtime>::block_on::<yuque[9574c35df6a7a55c]::group::tests::test_create_group::{closure#0}>
[INFO] [stdout]   17:     0x634f9bc662dc - <yuque[9574c35df6a7a55c]::group::tests::test_create_group::{closure#0} as core[df12db4294e9bfd3]::ops::function::FnOnce<()>>::call_once
[INFO] [stdout]   18:     0x634f9bc6b10b - test[9d35eded1c95d3be]::__rust_begin_short_backtrace::<core[df12db4294e9bfd3]::result::Result<(), alloc[2182bb758b4b3781]::string::String>, fn() -> core[df12db4294e9bfd3]::result::Result<(), alloc[2182bb758b4b3781]::string::String>>
[INFO] [stdout]   19:     0x634f9bc78775 - test[9d35eded1c95d3be]::run_test::{closure#0}
[INFO] [stdout]   20:     0x634f9bc72034 - std[70759c8f55707aa4]::sys::backtrace::__rust_begin_short_backtrace::<test[9d35eded1c95d3be]::run_test::{closure#1}, ()>
[INFO] [stdout]   21:     0x634f9bc7b8d2 - <std[70759c8f55707aa4]::thread::lifecycle::spawn_unchecked<test[9d35eded1c95d3be]::run_test::{closure#1}, ()>::{closure#1} as core[df12db4294e9bfd3]::ops::function::FnOnce<()>>::call_once::{shim:vtable#0}
[INFO] [stdout]   22:     0x634f9be30c89 - <std[70759c8f55707aa4]::sys::thread::unix::Thread>::new::thread_start
[INFO] [stdout]   23:     0x7d6a0bee9dfa - <unknown>
[INFO] [stdout]   24:     0x7d6a0bf7d3d4 - clone
[INFO] [stdout]   25:                0x0 - <unknown>
[INFO] [stdout] 
[INFO] [stdout] ---- repo::tests::test_get_repo stdout ----
[INFO] [stdout] 
[INFO] [stdout] thread 'repo::tests::test_get_repo' (1507) panicked at src/repo.rs:191:52:
[INFO] [stdout] called `Result::unwrap()` on an `Err` value: error sending request for url (https://www.yuque.com/api/v2/repos/k8scat/programming): error trying to connect: dns error: failed to lookup address information: Temporary failure in name resolution
[INFO] [stdout] 
[INFO] [stdout] Caused by:
[INFO] [stdout]     0: error trying to connect: dns error: failed to lookup address information: Temporary failure in name resolution
[INFO] [stdout]     1: dns error: failed to lookup address information: Temporary failure in name resolution
[INFO] [stdout]     2: failed to lookup address information: Temporary failure in name resolution
[INFO] [stdout] stack backtrace:
[INFO] [stdout]    0:     0x634f9be31761 - <<std[70759c8f55707aa4]::sys::backtrace::BacktraceLock>::print::DisplayBacktrace as core[df12db4294e9bfd3]::fmt::Display>::fmt
[INFO] [stdout]    1:     0x634f9be4775a - core[df12db4294e9bfd3]::fmt::write
[INFO] [stdout]    2:     0x634f9be3629c - <alloc[2182bb758b4b3781]::vec::Vec<u8> as core[df12db4294e9bfd3]::io::write::Write>::write_fmt
[INFO] [stdout]    3:     0x634f9be0c976 - std[70759c8f55707aa4]::panicking::default_hook::{closure#0}
[INFO] [stdout]    4:     0x634f9be29699 - std[70759c8f55707aa4]::panicking::default_hook
[INFO] [stdout]    5:     0x634f9bc77e20 - test[9d35eded1c95d3be]::test_main_inner::<test[9d35eded1c95d3be]::test_main_static::{closure#0}>::{closure#0}
[INFO] [stdout]    6:     0x634f9be299c2 - std[70759c8f55707aa4]::panicking::panic_with_hook
[INFO] [stdout]    7:     0x634f9be0ca22 - std[70759c8f55707aa4]::panicking::panic_handler::{closure#0}
[INFO] [stdout]    8:     0x634f9be05489 - std[70759c8f55707aa4]::sys::backtrace::__rust_end_short_backtrace::<std[70759c8f55707aa4]::panicking::panic_handler::{closure#0}, !>
[INFO] [stdout]    9:     0x634f9be0d8ad - __rustc[8fa7c3cbc660c2b3]::rust_begin_unwind
[INFO] [stdout]   10:     0x634f9be47ebc - core[df12db4294e9bfd3]::panicking::panic_fmt
[INFO] [stdout]   11:     0x634f9be47c92 - core[df12db4294e9bfd3]::result::unwrap_failed
[INFO] [stdout]   12:     0x634f9bc2ceec - <core[df12db4294e9bfd3]::pin::Pin<&mut yuque[9574c35df6a7a55c]::repo::tests::test_get_repo::{closure#0}> as core[df12db4294e9bfd3]::future::future::Future>::poll
[INFO] [stdout]   13:     0x634f9bc371eb - <tokio[329683f88db99c25]::runtime::basic_scheduler::Context>::enter::<core[df12db4294e9bfd3]::task::poll::Poll<()>, <tokio[329683f88db99c25]::runtime::basic_scheduler::CoreGuard>::block_on<core[df12db4294e9bfd3]::pin::Pin<&mut yuque[9574c35df6a7a55c]::repo::tests::test_get_repo::{closure#0}>>::{closure#0}::{closure#0}>
[INFO] [stdout]   14:     0x634f9bc5e5c6 - <tokio[329683f88db99c25]::macros::scoped_tls::ScopedKey<tokio[329683f88db99c25]::runtime::basic_scheduler::Context>>::set::<<tokio[329683f88db99c25]::runtime::basic_scheduler::CoreGuard>::enter<<tokio[329683f88db99c25]::runtime::basic_scheduler::CoreGuard>::block_on<core[df12db4294e9bfd3]::pin::Pin<&mut yuque[9574c35df6a7a55c]::repo::tests::test_get_repo::{closure#0}>>::{closure#0}, ()>::{closure#0}, (alloc[2182bb758b4b3781]::boxed::Box<tokio[329683f88db99c25]::runtime::basic_scheduler::Core>, ())>
[INFO] [stdout]   15:     0x634f9bc34ca9 - <tokio[329683f88db99c25]::runtime::basic_scheduler::BasicScheduler>::block_on::<yuque[9574c35df6a7a55c]::repo::tests::test_get_repo::{closure#0}>
[INFO] [stdout]   16:     0x634f9bc4a2fe - <tokio[329683f88db99c25]::runtime::Runtime>::block_on::<yuque[9574c35df6a7a55c]::repo::tests::test_get_repo::{closure#0}>
[INFO] [stdout]   17:     0x634f9bc51f37 - yuque[9574c35df6a7a55c]::repo::tests::test_get_repo
[INFO] [stdout]   18:     0x634f9bc65fd9 - <yuque[9574c35df6a7a55c]::repo::tests::test_get_repo::{closure#0} as core[df12db4294e9bfd3]::ops::function::FnOnce<()>>::call_once
[INFO] [stdout]   19:     0x634f9bc6b10b - test[9d35eded1c95d3be]::__rust_begin_short_backtrace::<core[df12db4294e9bfd3]::result::Result<(), alloc[2182bb758b4b3781]::string::String>, fn() -> core[df12db4294e9bfd3]::result::Result<(), alloc[2182bb758b4b3781]::string::String>>
[INFO] [stdout]   20:     0x634f9bc78775 - test[9d35eded1c95d3be]::run_test::{closure#0}
[INFO] [stdout]   21:     0x634f9bc72034 - std[70759c8f55707aa4]::sys::backtrace::__rust_begin_short_backtrace::<test[9d35eded1c95d3be]::run_test::{closure#1}, ()>
[INFO] [stdout]   22:     0x634f9bc7b8d2 - <std[70759c8f55707aa4]::thread::lifecycle::spawn_unchecked<test[9d35eded1c95d3be]::run_test::{closure#1}, ()>::{closure#1} as core[df12db4294e9bfd3]::ops::function::FnOnce<()>>::call_once::{shim:vtable#0}
[INFO] [stdout]   23:     0x634f9be30c89 - <std[70759c8f55707aa4]::sys::thread::unix::Thread>::new::thread_start
[INFO] [stdout]   24:     0x7d6a0bee9dfa - <unknown>
[INFO] [stdout]   25:     0x7d6a0bf7d3d4 - clone
[INFO] [stdout]   26:                0x0 - <unknown>
[INFO] [stdout] 
[INFO] [stdout] ---- doc::tests::test_list_repos stdout ----
[INFO] [stdout] 
[INFO] [stdout] thread 'doc::tests::test_list_repos' (1498) panicked at src/doc.rs:148:93:
[INFO] [stdout] called `Result::unwrap()` on an `Err` value: error sending request for url (https://www.yuque.com/api/v2/repos/k8scat/programming/docs?optional_properties=hits): error trying to connect: dns error: failed to lookup address information: Temporary failure in name resolution
[INFO] [stdout] 
[INFO] [stdout] Caused by:
[INFO] [stdout]     0: error trying to connect: dns error: failed to lookup address information: Temporary failure in name resolution
[INFO] [stdout]     1: dns error: failed to lookup address information: Temporary failure in name resolution
[INFO] [stdout]     2: failed to lookup address information: Temporary failure in name resolution
[INFO] [stdout] stack backtrace:
[INFO] [stdout]    0:     0x634f9be31761 - <<std[70759c8f55707aa4]::sys::backtrace::BacktraceLock>::print::DisplayBacktrace as core[df12db4294e9bfd3]::fmt::Display>::fmt
[INFO] [stdout]    1:     0x634f9be4775a - core[df12db4294e9bfd3]::fmt::write
[INFO] [stdout]    2:     0x634f9be3629c - <alloc[2182bb758b4b3781]::vec::Vec<u8> as core[df12db4294e9bfd3]::io::write::Write>::write_fmt
[INFO] [stdout]    3:     0x634f9be0c976 - std[70759c8f55707aa4]::panicking::default_hook::{closure#0}
[INFO] [stdout]    4:     0x634f9be29699 - std[70759c8f55707aa4]::panicking::default_hook
[INFO] [stdout]    5:     0x634f9bc77e20 - test[9d35eded1c95d3be]::test_main_inner::<test[9d35eded1c95d3be]::test_main_static::{closure#0}>::{closure#0}
[INFO] [stdout]    6:     0x634f9be299c2 - std[70759c8f55707aa4]::panicking::panic_with_hook
[INFO] [stdout]    7:     0x634f9be0ca22 - std[70759c8f55707aa4]::panicking::panic_handler::{closure#0}
[INFO] [stdout]    8:     0x634f9be05489 - std[70759c8f55707aa4]::sys::backtrace::__rust_end_short_backtrace::<std[70759c8f55707aa4]::panicking::panic_handler::{closure#0}, !>
[INFO] [stdout]    9:     0x634f9be0d8ad - __rustc[8fa7c3cbc660c2b3]::rust_begin_unwind
[INFO] [stdout]   10:     0x634f9be47ebc - core[df12db4294e9bfd3]::panicking::panic_fmt
[INFO] [stdout]   11:     0x634f9be47c92 - core[df12db4294e9bfd3]::result::unwrap_failed
[INFO] [stdout]   12:     0x634f9bc2aab0 - <core[df12db4294e9bfd3]::pin::Pin<&mut yuque[9574c35df6a7a55c]::doc::tests::test_list_repos::{closure#0}> as core[df12db4294e9bfd3]::future::future::Future>::poll
[INFO] [stdout]   13:     0x634f9bc36dfb - <tokio[329683f88db99c25]::runtime::basic_scheduler::Context>::enter::<core[df12db4294e9bfd3]::task::poll::Poll<()>, <tokio[329683f88db99c25]::runtime::basic_scheduler::CoreGuard>::block_on<core[df12db4294e9bfd3]::pin::Pin<&mut yuque[9574c35df6a7a55c]::doc::tests::test_list_repos::{closure#0}>>::{closure#0}::{closure#0}>
[INFO] [stdout]   14:     0x634f9bc5dcf6 - <tokio[329683f88db99c25]::macros::scoped_tls::ScopedKey<tokio[329683f88db99c25]::runtime::basic_scheduler::Context>>::set::<<tokio[329683f88db99c25]::runtime::basic_scheduler::CoreGuard>::enter<<tokio[329683f88db99c25]::runtime::basic_scheduler::CoreGuard>::block_on<core[df12db4294e9bfd3]::pin::Pin<&mut yuque[9574c35df6a7a55c]::doc::tests::test_list_repos::{closure#0}>>::{closure#0}, ()>::{closure#0}, (alloc[2182bb758b4b3781]::boxed::Box<tokio[329683f88db99c25]::runtime::basic_scheduler::Core>, ())>
[INFO] [stdout]   15:     0x634f9bc34459 - <tokio[329683f88db99c25]::runtime::basic_scheduler::BasicScheduler>::block_on::<yuque[9574c35df6a7a55c]::doc::tests::test_list_repos::{closure#0}>
[INFO] [stdout]   16:     0x634f9bc4a01e - <tokio[329683f88db99c25]::runtime::Runtime>::block_on::<yuque[9574c35df6a7a55c]::doc::tests::test_list_repos::{closure#0}>
[INFO] [stdout]   17:     0x634f9bc6a4a7 - yuque[9574c35df6a7a55c]::doc::tests::test_list_repos
[INFO] [stdout]   18:     0x634f9bc65f79 - <yuque[9574c35df6a7a55c]::doc::tests::test_list_repos::{closure#0} as core[df12db4294e9bfd3]::ops::function::FnOnce<()>>::call_once
[INFO] [stdout]   19:     0x634f9bc6b10b - test[9d35eded1c95d3be]::__rust_begin_short_backtrace::<core[df12db4294e9bfd3]::result::Result<(), alloc[2182bb758b4b3781]::string::String>, fn() -> core[df12db4294e9bfd3]::result::Result<(), alloc[2182bb758b4b3781]::string::String>>
[INFO] [stdout]   20:     0x634f9bc78775 - test[9d35eded1c95d3be]::run_test::{closure#0}
[INFO] [stdout]   21:     0x634f9bc72034 - std[70759c8f55707aa4]::sys::backtrace::__rust_begin_short_backtrace::<test[9d35eded1c95d3be]::run_test::{closure#1}, ()>
[INFO] [stdout]   22:     0x634f9bc7b8d2 - <std[70759c8f55707aa4]::thread::lifecycle::spawn_unchecked<test[9d35eded1c95d3be]::run_test::{closure#1}, ()>::{closure#1} as core[df12db4294e9bfd3]::ops::function::FnOnce<()>>::call_once::{shim:vtable#0}
[INFO] [stdout]   23:     0x634f9be30c89 - <std[70759c8f55707aa4]::sys::thread::unix::Thread>::new::thread_start
[INFO] [stdout]   24:     0x7d6a0bee9dfa - <unknown>
[INFO] [stdout]   25:     0x7d6a0bf7d3d4 - clone
[INFO] [stdout]   26:                0x0 - <unknown>
[INFO] [stdout] 
[INFO] [stdout] ---- group::tests::test_list_user_groups stdout ----
[INFO] [stdout] 
[INFO] [stdout] thread 'group::tests::test_list_user_groups' (1504) panicked at src/group.rs:186:48:
[INFO] [stdout] called `Result::unwrap()` on an `Err` value: error sending request for url (https://www.yuque.com/api/v2/user): error trying to connect: dns error: failed to lookup address information: Temporary failure in name resolution
[INFO] [stdout] 
[INFO] [stdout] Caused by:
[INFO] [stdout]     0: error trying to connect: dns error: failed to lookup address information: Temporary failure in name resolution
[INFO] [stdout]     1: dns error: failed to lookup address information: Temporary failure in name resolution
[INFO] [stdout]     2: failed to lookup address information: Temporary failure in name resolution
[INFO] [stdout] stack backtrace:
[INFO] [stdout]    0:     0x634f9be31761 - <<std[70759c8f55707aa4]::sys::backtrace::BacktraceLock>::print::DisplayBacktrace as core[df12db4294e9bfd3]::fmt::Display>::fmt
[INFO] [stdout]    1:     0x634f9be4775a - core[df12db4294e9bfd3]::fmt::write
[INFO] [stdout]    2:     0x634f9be3629c - <alloc[2182bb758b4b3781]::vec::Vec<u8> as core[df12db4294e9bfd3]::io::write::Write>::write_fmt
[INFO] [stdout]    3:     0x634f9be0c976 - std[70759c8f55707aa4]::panicking::default_hook::{closure#0}
[INFO] [stdout]    4:     0x634f9be29699 - std[70759c8f55707aa4]::panicking::default_hook
[INFO] [stdout]    5:     0x634f9bc77e20 - test[9d35eded1c95d3be]::test_main_inner::<test[9d35eded1c95d3be]::test_main_static::{closure#0}>::{closure#0}
[INFO] [stdout]    6:     0x634f9be299c2 - std[70759c8f55707aa4]::panicking::panic_with_hook
[INFO] [stdout]    7:     0x634f9be0ca22 - std[70759c8f55707aa4]::panicking::panic_handler::{closure#0}
[INFO] [stdout]    8:     0x634f9be05489 - std[70759c8f55707aa4]::sys::backtrace::__rust_end_short_backtrace::<std[70759c8f55707aa4]::panicking::panic_handler::{closure#0}, !>
[INFO] [stdout]    9:     0x634f9be0d8ad - __rustc[8fa7c3cbc660c2b3]::rust_begin_unwind
[INFO] [stdout]   10:     0x634f9be47ebc - core[df12db4294e9bfd3]::panicking::panic_fmt
[INFO] [stdout]   11:     0x634f9be47c92 - core[df12db4294e9bfd3]::result::unwrap_failed
[INFO] [stdout]   12:     0x634f9bc33471 - <core[df12db4294e9bfd3]::pin::Pin<&mut yuque[9574c35df6a7a55c]::group::tests::test_list_user_groups::{closure#0}> as core[df12db4294e9bfd3]::future::future::Future>::poll
[INFO] [stdout]   13:     0x634f9bc37f0b - <tokio[329683f88db99c25]::runtime::basic_scheduler::Context>::enter::<core[df12db4294e9bfd3]::task::poll::Poll<()>, <tokio[329683f88db99c25]::runtime::basic_scheduler::CoreGuard>::block_on<core[df12db4294e9bfd3]::pin::Pin<&mut yuque[9574c35df6a7a55c]::group::tests::test_list_user_groups::{closure#0}>>::{closure#0}::{closure#0}>
[INFO] [stdout]   14:     0x634f9bc60326 - <tokio[329683f88db99c25]::macros::scoped_tls::ScopedKey<tokio[329683f88db99c25]::runtime::basic_scheduler::Context>>::set::<<tokio[329683f88db99c25]::runtime::basic_scheduler::CoreGuard>::enter<<tokio[329683f88db99c25]::runtime::basic_scheduler::CoreGuard>::block_on<core[df12db4294e9bfd3]::pin::Pin<&mut yuque[9574c35df6a7a55c]::group::tests::test_list_user_groups::{closure#0}>>::{closure#0}, ()>::{closure#0}, (alloc[2182bb758b4b3781]::boxed::Box<tokio[329683f88db99c25]::runtime::basic_scheduler::Core>, ())>
[INFO] [stdout]   15:     0x634f9bc36829 - <tokio[329683f88db99c25]::runtime::basic_scheduler::BasicScheduler>::block_on::<yuque[9574c35df6a7a55c]::group::tests::test_list_user_groups::{closure#0}>
[INFO] [stdout]   16:     0x634f9bc4ac5e - <tokio[329683f88db99c25]::runtime::Runtime>::block_on::<yuque[9574c35df6a7a55c]::group::tests::test_list_user_groups::{closure#0}>
[INFO] [stdout]   17:     0x634f9bc6675c - <yuque[9574c35df6a7a55c]::group::tests::test_list_user_groups::{closure#0} as core[df12db4294e9bfd3]::ops::function::FnOnce<()>>::call_once
[INFO] [stdout]   18:     0x634f9bc6b10b - test[9d35eded1c95d3be]::__rust_begin_short_backtrace::<core[df12db4294e9bfd3]::result::Result<(), alloc[2182bb758b4b3781]::string::String>, fn() -> core[df12db4294e9bfd3]::result::Result<(), alloc[2182bb758b4b3781]::string::String>>
[INFO] [stdout]   19:     0x634f9bc78775 - test[9d35eded1c95d3be]::run_test::{closure#0}
[INFO] [stdout]   20:     0x634f9bc72034 - std[70759c8f55707aa4]::sys::backtrace::__rust_begin_short_backtrace::<test[9d35eded1c95d3be]::run_test::{closure#1}, ()>
[INFO] [stdout]   21:     0x634f9bc7b8d2 - <std[70759c8f55707aa4]::thread::lifecycle::spawn_unchecked<test[9d35eded1c95d3be]::run_test::{closure#1}, ()>::{closure#1} as core[df12db4294e9bfd3]::ops::function::FnOnce<()>>::call_once::{shim:vtable#0}
[INFO] [stdout]   22:     0x634f9be30c89 - <std[70759c8f55707aa4]::sys::thread::unix::Thread>::new::thread_start
[INFO] [stdout]   23:     0x7d6a0bee9dfa - <unknown>
[INFO] [stdout]   24:     0x7d6a0bf7d3d4 - clone
[INFO] [stdout]   25:                0x0 - <unknown>
[INFO] [stdout] 
[INFO] [stdout] ---- doc::tests::test_update_doc stdout ----
[INFO] [stdout] 
[INFO] [stdout] thread 'doc::tests::test_update_doc' (1499) panicked at src/doc.rs:200:54:
[INFO] [stdout] called `Result::unwrap()` on an `Err` value: error sending request for url (https://www.yuque.com/api/v2/repos/k8scat/opensource/docs): error trying to connect: dns error: failed to lookup address information: Temporary failure in name resolution
[INFO] [stdout] 
[INFO] [stdout] Caused by:
[INFO] [stdout]     0: error trying to connect: dns error: failed to lookup address information: Temporary failure in name resolution
[INFO] [stdout]     1: dns error: failed to lookup address information: Temporary failure in name resolution
[INFO] [stdout]     2: failed to lookup address information: Temporary failure in name resolution
[INFO] [stdout] stack backtrace:
[INFO] [stdout]    0:     0x634f9be31761 - <<std[70759c8f55707aa4]::sys::backtrace::BacktraceLock>::print::DisplayBacktrace as core[df12db4294e9bfd3]::fmt::Display>::fmt
[INFO] [stdout]    1:     0x634f9be4775a - core[df12db4294e9bfd3]::fmt::write
[INFO] [stdout]    2:     0x634f9be3629c - <alloc[2182bb758b4b3781]::vec::Vec<u8> as core[df12db4294e9bfd3]::io::write::Write>::write_fmt
[INFO] [stdout]    3:     0x634f9be0c976 - std[70759c8f55707aa4]::panicking::default_hook::{closure#0}
[INFO] [stdout]    4:     0x634f9be29699 - std[70759c8f55707aa4]::panicking::default_hook
[INFO] [stdout]    5:     0x634f9bc77e20 - test[9d35eded1c95d3be]::test_main_inner::<test[9d35eded1c95d3be]::test_main_static::{closure#0}>::{closure#0}
[INFO] [stdout]    6:     0x634f9be299c2 - std[70759c8f55707aa4]::panicking::panic_with_hook
[INFO] [stdout]    7:     0x634f9be0ca22 - std[70759c8f55707aa4]::panicking::panic_handler::{closure#0}
[INFO] [stdout]    8:     0x634f9be05489 - std[70759c8f55707aa4]::sys::backtrace::__rust_end_short_backtrace::<std[70759c8f55707aa4]::panicking::panic_handler::{closure#0}, !>
[INFO] [stdout]    9:     0x634f9be0d8ad - __rustc[8fa7c3cbc660c2b3]::rust_begin_unwind
[INFO] [stdout]   10:     0x634f9be47ebc - core[df12db4294e9bfd3]::panicking::panic_fmt
[INFO] [stdout]   11:     0x634f9be47c92 - core[df12db4294e9bfd3]::result::unwrap_failed
[INFO] [stdout]   12:     0x634f9bc2bb21 - <core[df12db4294e9bfd3]::pin::Pin<&mut yuque[9574c35df6a7a55c]::doc::tests::test_update_doc::{closure#0}> as core[df12db4294e9bfd3]::future::future::Future>::poll
[INFO] [stdout]   13:     0x634f9bc36f4b - <tokio[329683f88db99c25]::runtime::basic_scheduler::Context>::enter::<core[df12db4294e9bfd3]::task::poll::Poll<()>, <tokio[329683f88db99c25]::runtime::basic_scheduler::CoreGuard>::block_on<core[df12db4294e9bfd3]::pin::Pin<&mut yuque[9574c35df6a7a55c]::doc::tests::test_update_doc::{closure#0}>>::{closure#0}::{closure#0}>
[INFO] [stdout]   14:     0x634f9bc5dfe6 - <tokio[329683f88db99c25]::macros::scoped_tls::ScopedKey<tokio[329683f88db99c25]::runtime::basic_scheduler::Context>>::set::<<tokio[329683f88db99c25]::runtime::basic_scheduler::CoreGuard>::enter<<tokio[329683f88db99c25]::runtime::basic_scheduler::CoreGuard>::block_on<core[df12db4294e9bfd3]::pin::Pin<&mut yuque[9574c35df6a7a55c]::doc::tests::test_update_doc::{closure#0}>>::{closure#0}, ()>::{closure#0}, (alloc[2182bb758b4b3781]::boxed::Box<tokio[329683f88db99c25]::runtime::basic_scheduler::Core>, ())>
[INFO] [stdout]   15:     0x634f9bc34728 - <tokio[329683f88db99c25]::runtime::basic_scheduler::BasicScheduler>::block_on::<yuque[9574c35df6a7a55c]::doc::tests::test_update_doc::{closure#0}>
[INFO] [stdout]   16:     0x634f9bc4a11e - <tokio[329683f88db99c25]::runtime::Runtime>::block_on::<yuque[9574c35df6a7a55c]::doc::tests::test_update_doc::{closure#0}>
[INFO] [stdout]   17:     0x634f9bc6a635 - yuque[9574c35df6a7a55c]::doc::tests::test_update_doc
[INFO] [stdout]   18:     0x634f9bc65f99 - <yuque[9574c35df6a7a55c]::doc::tests::test_update_doc::{closure#0} as core[df12db4294e9bfd3]::ops::function::FnOnce<()>>::call_once
[INFO] [stdout]   19:     0x634f9bc6b10b - test[9d35eded1c95d3be]::__rust_begin_short_backtrace::<core[df12db4294e9bfd3]::result::Result<(), alloc[2182bb758b4b3781]::string::String>, fn() -> core[df12db4294e9bfd3]::result::Result<(), alloc[2182bb758b4b3781]::string::String>>
[INFO] [stdout]   20:     0x634f9bc78775 - test[9d35eded1c95d3be]::run_test::{closure#0}
[INFO] [stdout]   21:     0x634f9bc72034 - std[70759c8f55707aa4]::sys::backtrace::__rust_begin_short_backtrace::<test[9d35eded1c95d3be]::run_test::{closure#1}, ()>
[INFO] [stdout]   22:     0x634f9bc7b8d2 - <std[70759c8f55707aa4]::thread::lifecycle::spawn_unchecked<test[9d35eded1c95d3be]::run_test::{closure#1}, ()>::{closure#1} as core[df12db4294e9bfd3]::ops::function::FnOnce<()>>::call_once::{shim:vtable#0}
[INFO] [stdout]   23:     0x634f9be30c89 - <std[70759c8f55707aa4]::sys::thread::unix::Thread>::new::thread_start
[INFO] [stdout]   24:     0x7d6a0bee9dfa - <unknown>
[INFO] [stdout]   25:     0x7d6a0bf7d3d4 - clone
[INFO] [stdout]   26:                0x0 - <unknown>
[INFO] [stdout] 
[INFO] [stdout] 
[INFO] [stdout] failures:
[INFO] [stdout]     doc::tests::test_create_repo
[INFO] [stdout]     doc::tests::test_get_repo
[INFO] [stdout]     doc::tests::test_list_repos
[INFO] [stdout]     doc::tests::test_update_doc
[INFO] [stdout]     group::tests::test_create_group
[INFO] [stdout]     group::tests::test_get_group
[INFO] [stdout]     group::tests::test_list_group_users
[INFO] [stdout]     group::tests::test_list_public_groups
[INFO] [stdout]     group::tests::test_list_user_groups
[INFO] [stdout]     group::tests::test_update_group
[INFO] [stdout]     repo::tests::test_create_repo
[INFO] [stdout]     repo::tests::test_get_repo
[INFO] [stdout]     repo::tests::test_list_repos
[INFO] [stdout]     repo::tests::test_update_repo
[INFO] [stdout]     user::tests::test_get_auth_user
[INFO] [stdout]     user::tests::test_get_user
[INFO] [stdout] 
[INFO] [stdout] test result: FAILED. 0 passed; 16 failed; 0 ignored; 0 measured; 0 filtered out; finished in 0.11s
[INFO] [stdout] 
[INFO] [stderr] error: test failed, to rerun pass `--lib`
[INFO] running `Command { std: "docker" "inspect" "c7452f6647a7c1276b697458773b5d168d5c1acdfa737688d58e4287cb05e9fe", kill_on_drop: false }`
[INFO] running `Command { std: "docker" "rm" "-f" "c7452f6647a7c1276b697458773b5d168d5c1acdfa737688d58e4287cb05e9fe", kill_on_drop: false }`
[INFO] [stdout] c7452f6647a7c1276b697458773b5d168d5c1acdfa737688d58e4287cb05e9fe
