[INFO] fetching crate yulang 0.1.4...
[INFO] testing yulang-0.1.4 against 1.100.0-beta.1+cargoflags=--release for beta-release-1.100-2
[INFO] extracting crate yulang 0.1.4 into /workspace/builds/worker-5-tc2/source
[INFO] started tweaking crates.io crate yulang 0.1.4
[INFO] removed 0 missing tests
[INFO] finished tweaking crates.io crate yulang 0.1.4
[INFO] tweaked toml for crates.io crate yulang 0.1.4 written to /workspace/builds/worker-5-tc2/source/Cargo.toml
[INFO] validating manifest of crates.io crate yulang 0.1.4 on toolchain 1.100.0-beta.1
[INFO] running `Command { std: CARGO_HOME="/workspace/cargo-home" RUSTUP_HOME="/workspace/rustup-home" "/workspace/cargo-home/bin/cargo" "+1.100.0-beta.1" "metadata" "--manifest-path" "Cargo.toml" "--no-deps", kill_on_drop: false }`
[INFO] crate crates.io crate yulang 0.1.4 already has a lockfile, it will not be regenerated
[INFO] running `Command { std: CARGO_HOME="/workspace/cargo-home" RUSTUP_HOME="/workspace/rustup-home" "/workspace/cargo-home/bin/cargo" "+1.100.0-beta.1" "fetch" "--manifest-path" "Cargo.toml", kill_on_drop: false }`
[INFO] running `Command { std: "docker" "create" "-v" "/var/lib/crater-agent-workspace/builds/worker-5-tc2/source:/opt/rustwide/workdir:ro,Z" "-v" "/var/lib/crater-agent-workspace/builds/worker-5-tc2/target:/opt/rustwide/target:rw,Z" "-v" "/var/lib/crater-agent-workspace/cargo-home:/opt/rustwide/cargo-home:ro,Z" "-v" "/var/lib/crater-agent-workspace/rustup-home:/opt/rustwide/rustup-home:ro,Z" "-m" "1610612736" "--network" "none" "ghcr.io/rust-lang/crates-build-env/linux@sha256:77db811e55d90add9212f6832c23229e3de5f1c1f9905e8cb07319ea15df73ac" "sleep" "infinity", kill_on_drop: false }`
[INFO] [stdout] df75d68db3808ead07b4a492ba175c2c98987c45ae73b56461b0eeec1e8e85b5
[INFO] running `Command { std: "docker" "start" "df75d68db3808ead07b4a492ba175c2c98987c45ae73b56461b0eeec1e8e85b5", kill_on_drop: false }`
[INFO] running `Command { std: "docker" "inspect" "df75d68db3808ead07b4a492ba175c2c98987c45ae73b56461b0eeec1e8e85b5", kill_on_drop: false }`
[INFO] running `Command { std: "docker" "exec" "-e" "SOURCE_DIR=/opt/rustwide/workdir" "-e" "CARGO_HOME=/opt/rustwide/cargo-home" "-e" "RUSTUP_HOME=/opt/rustwide/rustup-home" "-e" "CARGO_TARGET_DIR=/opt/rustwide/target" "-w" "/opt/rustwide/workdir" "--user" "0:0" "df75d68db3808ead07b4a492ba175c2c98987c45ae73b56461b0eeec1e8e85b5" "/opt/rustwide/cargo-home/bin/cargo" "+1.100.0-beta.1" "metadata" "--no-deps" "--format-version=1", kill_on_drop: false }`
[INFO] running `Command { std: "docker" "inspect" "df75d68db3808ead07b4a492ba175c2c98987c45ae73b56461b0eeec1e8e85b5", kill_on_drop: false }`
[INFO] running `Command { std: "docker" "exec" "-e" "SOURCE_DIR=/opt/rustwide/workdir" "-e" "CARGO_HOME=/opt/rustwide/cargo-home" "-e" "RUSTUP_HOME=/opt/rustwide/rustup-home" "-e" "CARGO_TARGET_DIR=/opt/rustwide/target" "-e" "CARGO_INCREMENTAL=0" "-e" "RUST_BACKTRACE=full" "-e" "RUSTFLAGS=--cap-lints=warn" "-e" "RUSTDOCFLAGS=--cap-lints=warn" "-w" "/opt/rustwide/workdir" "--user" "0:0" "df75d68db3808ead07b4a492ba175c2c98987c45ae73b56461b0eeec1e8e85b5" "/opt/rustwide/cargo-home/bin/cargo" "+1.100.0-beta.1" "build" "--frozen" "--message-format=json" "--release", kill_on_drop: false }`
[INFO] [stderr]    Compiling libc v0.2.183
[INFO] [stderr]    Compiling smallvec v1.15.1
[INFO] [stderr]    Compiling hashbrown v0.14.5
[INFO] [stderr]    Compiling memoffset v0.9.1
[INFO] [stderr]    Compiling hashbrown v0.17.0
[INFO] [stderr]    Compiling syn v2.0.111
[INFO] [stderr]    Compiling im v15.1.0
[INFO] [stderr]    Compiling bitmaps v2.1.0
[INFO] [stderr]    Compiling serde_json v1.0.149
[INFO] [stderr]    Compiling rand_xoshiro v0.6.0
[INFO] [stderr]    Compiling heapless v0.7.17
[INFO] [stderr]    Compiling copy-range v0.1.1
[INFO] [stderr]    Compiling countme v3.0.1
[INFO] [stderr]    Compiling text-size v1.1.1
[INFO] [stderr]    Compiling qp-trie v0.8.2
[INFO] [stderr]    Compiling hash32 v0.2.1
[INFO] [stderr]    Compiling num-traits v0.2.19
[INFO] [stderr]    Compiling spin v0.9.8
[INFO] [stderr]    Compiling zerocopy v0.8.48
[INFO] [stderr]    Compiling either v1.15.0
[INFO] [stderr]    Compiling unicode-ident v1.0.22
[INFO] [stderr]    Compiling cc v1.2.60
[INFO] [stderr]    Compiling futures-channel v0.3.32
[INFO] [stderr]    Compiling uuid v1.23.1
[INFO] [stderr]    Compiling cpp_demangle v0.5.1
[INFO] [stderr]    Compiling symbolic-demangle v12.18.0
[INFO] [stderr]    Compiling bytemuck v1.25.0
[INFO] [stderr]    Compiling arrayvec v0.7.6
[INFO] [stderr]    Compiling anstream v0.6.21
[INFO] [stderr]    Compiling object v0.37.3
[INFO] [stderr]    Compiling debugid v0.8.0
[INFO] [stderr]    Compiling rgb v0.8.53
[INFO] [stderr]    Compiling num-format v0.4.4
[INFO] [stderr]    Compiling quick-xml v0.26.0
[INFO] [stderr]    Compiling str_stack v0.1.0
[INFO] [stderr]    Compiling pprof v0.14.1
[INFO] [stderr]    Compiling sized-chunks v0.6.5
[INFO] [stderr]    Compiling rowan v0.15.17
[INFO] [stderr]    Compiling clap_builder v4.5.60
[INFO] [stderr]    Compiling num-integer v0.1.46
[INFO] [stderr]    Compiling indexmap v2.14.0
[INFO] [stderr]    Compiling num-bigint v0.4.6
[INFO] [stderr]    Compiling findshlibs v0.10.2
[INFO] [stderr]    Compiling parking_lot_core v0.9.12
[INFO] [stderr]    Compiling errno v0.3.14
[INFO] [stderr]    Compiling memmap2 v0.9.10
[INFO] [stderr]    Compiling getrandom v0.3.4
[INFO] [stderr]    Compiling mio v1.2.0
[INFO] [stderr]    Compiling socket2 v0.6.3
[INFO] [stderr]    Compiling signal-hook-registry v1.4.8
[INFO] [stderr]    Compiling getrandom v0.4.2
[INFO] [stderr]    Compiling is-terminal v0.4.17
[INFO] [stderr]    Compiling nix v0.26.4
[INFO] [stderr]    Compiling parking_lot v0.12.5
[INFO] [stderr]    Compiling symbolic-common v12.18.0
[INFO] [stderr]    Compiling dashmap v6.1.0
[INFO] [stderr]    Compiling dashmap v5.5.3
[INFO] [stderr]    Compiling tempfile v3.27.0
[INFO] [stderr]    Compiling backtrace v0.3.76
[INFO] [stderr]    Compiling synstructure v0.13.2
[INFO] [stderr]    Compiling darling_core v0.21.3
[INFO] [stderr]    Compiling ahash v0.8.12
[INFO] [stderr]    Compiling serde_derive v1.0.228
[INFO] [stderr]    Compiling zerofrom-derive v0.1.6
[INFO] [stderr]    Compiling yoke-derive v0.8.1
[INFO] [stderr]    Compiling zerovec-derive v0.11.2
[INFO] [stderr]    Compiling displaydoc v0.2.5
[INFO] [stderr]    Compiling thiserror-impl v2.0.18
[INFO] [stderr]    Compiling futures-macro v0.3.32
[INFO] [stderr]    Compiling tokio-macros v2.7.0
[INFO] [stderr]    Compiling equator-macro v0.4.2
[INFO] [stderr]    Compiling pin-project-internal v1.1.12
[INFO] [stderr]    Compiling serde_repr v0.1.20
[INFO] [stderr]    Compiling thiserror-impl v1.0.69
[INFO] [stderr]    Compiling tracing-attributes v0.1.31
[INFO] [stderr]    Compiling auto_impl v1.3.0
[INFO] [stderr]    Compiling inferno v0.11.21
[INFO] [stderr]    Compiling async-trait v0.1.89
[INFO] [stderr]    Compiling tokio v1.52.3
[INFO] [stderr]    Compiling equator v0.4.2
[INFO] [stderr]    Compiling clap_derive v4.5.55
[INFO] [stderr]    Compiling futures-util v0.3.32
[INFO] [stderr]    Compiling aligned-vec v0.6.4
[INFO] [stderr]    Compiling pin-project v1.1.12
[INFO] [stderr]    Compiling tower-lsp-macros v0.9.0
[INFO] [stderr]    Compiling thiserror v1.0.69
[INFO] [stderr]    Compiling thiserror v2.0.18
[INFO] [stderr]    Compiling tracing v0.1.44
[INFO] [stderr]    Compiling cobs v0.3.0
[INFO] [stderr]    Compiling zerofrom v0.1.7
[INFO] [stderr]    Compiling yoke v0.8.1
[INFO] [stderr]    Compiling zerovec v0.11.5
[INFO] [stderr]    Compiling zerotrie v0.2.3
[INFO] [stderr]    Compiling darling_macro v0.21.3
[INFO] [stderr]    Compiling tinystr v0.8.2
[INFO] [stderr]    Compiling potential_utf v0.1.4
[INFO] [stderr]    Compiling icu_collections v2.1.1
[INFO] [stderr]    Compiling clap v4.5.60
[INFO] [stderr]    Compiling darling v0.21.3
[INFO] [stderr]    Compiling reborrow-generic-derive v0.1.1
[INFO] [stderr]    Compiling icu_locale_core v2.1.1
[INFO] [stderr]    Compiling reborrow-generic v0.1.2
[INFO] [stderr]    Compiling serde v1.0.228
[INFO] [stderr]    Compiling icu_provider v2.1.1
[INFO] [stderr]    Compiling yulang-typed-ir v0.1.3
[INFO] [stderr]    Compiling toml_datetime v0.6.11
[INFO] [stderr]    Compiling serde_spanned v0.6.9
[INFO] [stderr]    Compiling icu_properties v2.1.2
[INFO] [stderr]    Compiling icu_normalizer v2.1.1
[INFO] [stderr]    Compiling tower v0.4.13
[INFO] [stderr]    Compiling futures v0.3.32
[INFO] [stderr]    Compiling chasa v0.5.0
[INFO] [stderr]    Compiling toml_edit v0.22.27
[INFO] [stderr]    Compiling postcard v1.1.3
[INFO] [stderr]    Compiling idna_adapter v1.2.1
[INFO] [stderr]    Compiling idna v1.1.0
[INFO] [stderr]    Compiling url v2.5.8
[INFO] [stderr]    Compiling tokio-util v0.7.18
[INFO] [stderr]    Compiling yulang-runtime-ir v0.1.0
[INFO] [stderr]    Compiling lsp-types v0.94.1
[INFO] [stderr]    Compiling toml v0.8.23
[INFO] [stderr]    Compiling yulang-runtime-types v0.1.0
[INFO] [stderr]    Compiling yulang-runtime-refine v0.1.0
[INFO] [stderr]    Compiling yulang-runtime-lower v0.1.2
[INFO] [stderr]    Compiling yulang-vm v0.1.1
[INFO] [stderr]    Compiling yulang-parser v0.1.3
[INFO] [stderr]    Compiling yulang-sources v0.1.5
[INFO] [stderr]    Compiling yulang-editor v0.1.2
[INFO] [stderr]    Compiling yulang-monomorphize v0.1.1
[INFO] [stderr]    Compiling yulang-infer v0.1.6
[INFO] [stderr]    Compiling tower-lsp v0.20.0
[INFO] [stderr]    Compiling yulang v0.1.4 (/opt/rustwide/workdir)
[INFO] [stderr]     Finished `release` profile [optimized] target(s) in 4m 23s
[INFO] running `Command { std: "docker" "inspect" "df75d68db3808ead07b4a492ba175c2c98987c45ae73b56461b0eeec1e8e85b5", kill_on_drop: false }`
[INFO] running `Command { std: "docker" "exec" "-e" "SOURCE_DIR=/opt/rustwide/workdir" "-e" "CARGO_HOME=/opt/rustwide/cargo-home" "-e" "RUSTUP_HOME=/opt/rustwide/rustup-home" "-e" "CARGO_TARGET_DIR=/opt/rustwide/target" "-e" "CARGO_INCREMENTAL=0" "-e" "RUST_BACKTRACE=full" "-e" "RUSTFLAGS=--cap-lints=warn" "-e" "RUSTDOCFLAGS=--cap-lints=warn" "-w" "/opt/rustwide/workdir" "--user" "0:0" "df75d68db3808ead07b4a492ba175c2c98987c45ae73b56461b0eeec1e8e85b5" "/opt/rustwide/cargo-home/bin/cargo" "+1.100.0-beta.1" "test" "--frozen" "--no-run" "--message-format=json" "--release", kill_on_drop: false }`
[INFO] [stderr]    Compiling yulang v0.1.4 (/opt/rustwide/workdir)
[INFO] [stderr]     Finished `release` profile [optimized] target(s) in 4.23s
[INFO] running `Command { std: "docker" "inspect" "df75d68db3808ead07b4a492ba175c2c98987c45ae73b56461b0eeec1e8e85b5", kill_on_drop: false }`
[INFO] running `Command { std: "docker" "exec" "-e" "SOURCE_DIR=/opt/rustwide/workdir" "-e" "CARGO_HOME=/opt/rustwide/cargo-home" "-e" "RUSTUP_HOME=/opt/rustwide/rustup-home" "-e" "CARGO_TARGET_DIR=/opt/rustwide/target" "-e" "CARGO_INCREMENTAL=0" "-e" "RUST_BACKTRACE=full" "-e" "RUSTFLAGS=--cap-lints=warn" "-e" "RUSTDOCFLAGS=--cap-lints=warn" "-w" "/opt/rustwide/workdir" "--user" "0:0" "df75d68db3808ead07b4a492ba175c2c98987c45ae73b56461b0eeec1e8e85b5" "/opt/rustwide/cargo-home/bin/cargo" "+1.100.0-beta.1" "test" "--frozen" "--release", kill_on_drop: false }`
[INFO] [stderr]     Finished `release` profile [optimized] target(s) in 0.13s
[INFO] [stderr]      Running unittests src/lib.rs (/opt/rustwide/target/release/build/yulang/20b3bd8925515567/out/yulang-20b3bd8925515567)
[INFO] [stdout] 
[INFO] [stdout] running 35 tests
[INFO] [stdout] test server::tests::diagnostics_include_runtime_type_mismatch_related_information ... ok
[INFO] [stdout] test server::tests::document_symbols_account_for_leading_comments ... ok
[INFO] [stdout] test server::tests::document_symbols_include_top_level_declarations ... ok
[INFO] [stdout] test server::tests::diagnostics_include_non_function_application ... ok
[INFO] [stdout] test server::tests::hover_does_not_fallback_to_same_named_global_for_unknown_bare_ident ... ok
[INFO] [stdout] test server::tests::goto_definition_jumps_to_local_binding ... ok
[INFO] [stdout] test server::tests::hover_source_map_ignores_implicit_prelude_spans ... ok
[INFO] [stdout] test server::tests::hover_shows_rendered_top_level_type ... ok
[INFO] [stdout] test server::tests::hover_uses_annotated_parameter_reference_not_binding_function_type ... ok
[INFO] [stdout] test server::tests::hover_does_not_show_value_type_on_type_annotation_name ... ok
[INFO] [stdout] test server::tests::rename_accepts_identifier_with_question_mark_suffix ... ok
[INFO] [stdout] test server::tests::hover_accounts_for_leading_comments_without_offset_patch ... ok
[INFO] [stdout] test server::tests::rename_new_text_preserves_sigil_prefix ... ok
[INFO] [stdout] test server::tests::rename_refuses_invalid_identifier ... ok
[INFO] [stdout] test server::tests::hover_resolves_qualified_path_tail ... ok
[INFO] [stdout] test server::tests::hover_uses_resolved_local_definition_not_global_name ... ok
[INFO] [stdout] test server::tests::hover_uses_parameter_definition_inside_multi_arg_binding_header ... ok
[INFO] [stdout] test server::tests::hover_uses_parameter_reference_inside_multi_arg_binding_body ... ok
[INFO] [stdout] test server::tests::hover_uses_resolved_local_reference_not_global_name ... ok
[INFO] [stdout] test server::tests::surface_diagnostics_include_related_locations ... ok
[INFO] [stdout] test server::tests::rename_replaces_local_binding_definition_and_uses ... ok
[INFO] [stdout] test server::tests::lsp_lowering_writes_and_reuses_dependency_cache ... ok
[INFO] [stdout] test server::tests::lsp_cached_hover_uses_finalized_compact_std_types ... ok
[INFO] [stdout] test server::tests::rename_accepts_unicode_identifier ... ok
[INFO] [stdout] test server::tests::std_document_is_lowered_under_std_module_path ... ok
[INFO] [stdout] test server::tests::hover_resolves_implicit_prelude_guard_colon_reference ... ok
[INFO] [stdout] test server::tests::hover_accounts_for_leading_comments_with_implicit_prelude ... ok
[INFO] [stdout] test server::tests::hover_compacts_local_with_owner_context ... ok
[INFO] [stdout] test server::tests::hover_resolves_method_selection ... ok
[INFO] [stdout] test server::tests::hover_source_spans_account_for_implicit_prelude_prefix ... ok
[INFO] [stdout] test server::tests::rename_var_renames_sigil_read_sites ... ok
[INFO] [stdout] test server::tests::hover_resolves_implicit_prelude_each_reference ... ok
[INFO] [stdout] test server::tests::rename_var_renames_read_and_write_sites_together ... ok
[INFO] [stdout] test server::tests::rename_refuses_when_def_lives_in_std ... ok
[INFO] [stdout] test server::tests::hover_resolves_effect_method_selection_as_function_type ... ok
[INFO] [stdout] 
[INFO] [stdout] test result: ok. 35 passed; 0 failed; 0 ignored; 0 measured; 0 filtered out; finished in 14.79s
[INFO] [stdout] 
[INFO] [stderr]      Running unittests src/main.rs (/opt/rustwide/target/release/build/yulang/a372545537ce7160/out/yulang-a372545537ce7160)
[INFO] [stdout] 
[INFO] [stdout] running 23 tests
[INFO] [stdout] test tests::cacheable_dependency_manifests_cover_non_entry_band_sccs ... ok
[INFO] [stdout] test tests::dependency_closed_cached_units_drop_sccs_with_missing_dependencies ... ok
[INFO] [stdout] test tests::cst_only_does_not_request_semantic_pipeline ... ok
[INFO] [stdout] test tests::lock_output_defaults_to_entry_realm_root ... ok
[INFO] [stdout] test tests::infer_missing_record_field_message_reports_optional_field ... ok
[INFO] [stdout] test tests::infer_missing_record_field_message_reports_absent_field ... ok
[INFO] [stdout] test tests::runtime_finalize_ir_requests_runtime_pipeline ... ok
[INFO] [stdout] test tests::infer_error_context_reports_application_argument_edge ... ok
[INFO] [stdout] test tests::no_cache_disables_yuir_source_cache ... ok
[INFO] [stdout] test tests::invalid_token_scan_skips_cached_dependency_files_only ... ok
[INFO] [stdout] test tests::semantic_pipeline_rejects_invalid_tokens ... ok
[INFO] [stdout] test tests::runtime_error_source_frame_uses_apply_source_edge ... ok
[INFO] [stdout] test tests::source_options_searches_entry_dir_and_parent_for_local_realms ... ok
[INFO] [stdout] test tests::format_apply_evidence_shows_full_projected_bounds ... ok
[INFO] [stdout] test tests::yuir_default_output_path_uses_target_yulang ... ok
[INFO] [stdout] test tests::infer_error_headline_reports_unknown_impl_member ... ok
[INFO] [stdout] test tests::infer_error_headline_reports_missing_implicit_cast ... ok
[INFO] [stdout] test tests::infer_error_headline_reports_missing_impl_member ... ok
[INFO] [stdout] test tests::infer_error_context_reports_annotation_edge ... ok
[INFO] [stdout] test tests::infer_error_headline_reports_missing_impl ... ok
[INFO] [stdout] test tests::infer_error_context_reports_derived_record_field_edge ... ok
[INFO] [stdout] test tests::infer_error_headline_reports_ambiguous_impl ... ok
[INFO] [stdout] test tests::infer_error_headline_reports_ambiguous_implicit_cast ... ok
[INFO] [stdout] 
[INFO] [stdout] test result: ok. 23 passed; 0 failed; 0 ignored; 0 measured; 0 filtered out; finished in 0.04s
[INFO] [stdout] 
[INFO] [stderr]      Running tests/runtime_finalize_cli.rs (/opt/rustwide/target/release/build/yulang/8afcffcbbe389196/out/runtime_finalize_cli-8afcffcbbe389196)
[INFO] [stdout] 
[INFO] [stdout] running 3 tests
[INFO] [stdout] test runtime_finalize_runs_examples_and_playground_samples_with_shared_std_cache ... FAILED
[INFO] [stdout] test runtime_finalize_runs_range_each_sum_with_cold_std_cache ... ok
[INFO] [stdout] test runtime_finalize_runs_ref_string_index_assignment ... ok
[INFO] [stdout] 
[INFO] [stdout] failures:
[INFO] [stdout] 
[INFO] [stdout] ---- runtime_finalize_runs_examples_and_playground_samples_with_shared_std_cache stdout ----
[INFO] [stdout] 
[INFO] [stdout] thread 'runtime_finalize_runs_examples_and_playground_samples_with_shared_std_cache' (2951) panicked at tests/runtime_finalize_cli.rs:135:9:
[INFO] [stdout] 01_struct_with failed
[INFO] [stdout] stdout:
[INFO] [stdout] 
[INFO] [stdout] stderr:
[INFO] [stdout] failed to read /opt/rustwide/workdir/../../examples/01_struct_with.yu: No such file or directory (os error 2)
[INFO] [stdout] 
[INFO] [stdout] stack backtrace:
[INFO] [stdout]    0:     0x5deda00bdf21 - <<std[617be2ca0a6fd877]::sys::backtrace::BacktraceLock>::print::DisplayBacktrace as core[a373ad73a504971]::fmt::Display>::fmt
[INFO] [stdout]    1:     0x5deda00d257a - core[a373ad73a504971]::fmt::write
[INFO] [stdout]    2:     0x5deda00c239c - <alloc[2e1b2a31b91974c5]::vec::Vec<u8> as core[a373ad73a504971]::io::write::Write>::write_fmt
[INFO] [stdout]    3:     0x5deda0098ed6 - std[617be2ca0a6fd877]::panicking::default_hook::{closure#0}
[INFO] [stdout]    4:     0x5deda00b5cf9 - std[617be2ca0a6fd877]::panicking::default_hook
[INFO] [stdout]    5:     0x5deda00515c0 - test[aada8e7e76ba119b]::test_main_inner::{closure#0}
[INFO] [stdout]    6:     0x5deda00b5eb2 - std[617be2ca0a6fd877]::panicking::panic_with_hook
[INFO] [stdout]    7:     0x5deda0098f82 - std[617be2ca0a6fd877]::panicking::panic_handler::{closure#0}
[INFO] [stdout]    8:     0x5deda0091b79 - std[617be2ca0a6fd877]::sys::backtrace::__rust_end_short_backtrace::<std[617be2ca0a6fd877]::panicking::panic_handler::{closure#0}, !>
[INFO] [stdout]    9:     0x5deda0099b8d - __rustc[ea4f61d10b84890b]::rust_begin_unwind
[INFO] [stdout]   10:     0x5deda00d2cac - core[a373ad73a504971]::panicking::panic_fmt
[INFO] [stdout]   11:     0x5deda0042f02 - <runtime_finalize_cli[1c1f37204ac364be]::RuntimeFinalizeCliFixture>::run_file_stdout
[INFO] [stdout]   12:     0x5deda00445f2 - <runtime_finalize_cli[1c1f37204ac364be]::runtime_finalize_runs_examples_and_playground_samples_with_shared_std_cache::{closure#0} as core[a373ad73a504971]::ops::function::FnOnce<()>>::call_once
[INFO] [stdout]   13:     0x5deda0044a0b - test[aada8e7e76ba119b]::__rust_begin_short_backtrace::<core[a373ad73a504971]::result::Result<(), alloc[2e1b2a31b91974c5]::string::String>, fn() -> core[a373ad73a504971]::result::Result<(), alloc[2e1b2a31b91974c5]::string::String>>
[INFO] [stdout]   14:     0x5deda0051be5 - test[aada8e7e76ba119b]::run_test::{closure#0}
[INFO] [stdout]   15:     0x5deda004b4d4 - std[617be2ca0a6fd877]::sys::backtrace::__rust_begin_short_backtrace::<test[aada8e7e76ba119b]::run_test::{closure#1}, ()>
[INFO] [stdout]   16:     0x5deda0054c72 - <std[617be2ca0a6fd877]::thread::lifecycle::spawn_unchecked<test[aada8e7e76ba119b]::run_test::{closure#1}, ()>::{closure#1} as core[a373ad73a504971]::ops::function::FnOnce<()>>::call_once::{shim:vtable#0}
[INFO] [stdout]   17:     0x5deda00bd59f - <std[617be2ca0a6fd877]::sys::thread::unix::Thread>::new::thread_start
[INFO] [stdout]   18:     0x78f04fd43dfa - <unknown>
[INFO] [stdout]   19:     0x78f04fdd73d4 - clone
[INFO] [stdout]   20:                0x0 - <unknown>
[INFO] [stdout] 
[INFO] [stdout] 
[INFO] [stdout] failures:
[INFO] [stdout]     runtime_finalize_runs_examples_and_playground_samples_with_shared_std_cache
[INFO] [stdout] 
[INFO] [stdout] test result: FAILED. 2 passed; 1 failed; 0 ignored; 0 measured; 0 filtered out; finished in 8.98s
[INFO] [stdout] 
[INFO] [stderr] error: test failed, to rerun pass `--test runtime_finalize_cli`
[INFO] running `Command { std: "docker" "inspect" "df75d68db3808ead07b4a492ba175c2c98987c45ae73b56461b0eeec1e8e85b5", kill_on_drop: false }`
[INFO] running `Command { std: "docker" "rm" "-f" "df75d68db3808ead07b4a492ba175c2c98987c45ae73b56461b0eeec1e8e85b5", kill_on_drop: false }`
[INFO] [stdout] df75d68db3808ead07b4a492ba175c2c98987c45ae73b56461b0eeec1e8e85b5
