[INFO] fetching crate yubi_opt 0.2.0...
[INFO] testing yubi_opt-0.2.0 against 1.100.0-beta.1+cargoflags=--release for beta-release-1.100-2
[INFO] extracting crate yubi_opt 0.2.0 into /workspace/builds/worker-7-tc2/source
[INFO] started tweaking crates.io crate yubi_opt 0.2.0
[INFO] finished tweaking crates.io crate yubi_opt 0.2.0
[INFO] tweaked toml for crates.io crate yubi_opt 0.2.0 written to /workspace/builds/worker-7-tc2/source/Cargo.toml
[INFO] validating manifest of crates.io crate yubi_opt 0.2.0 on toolchain 1.100.0-beta.1
[INFO] running `Command { std: CARGO_HOME="/workspace/cargo-home" RUSTUP_HOME="/workspace/rustup-home" "/workspace/cargo-home/bin/cargo" "+1.100.0-beta.1" "metadata" "--manifest-path" "Cargo.toml" "--no-deps", kill_on_drop: false }`
[INFO] running `Command { std: CARGO_HOME="/workspace/cargo-home" RUSTUP_HOME="/workspace/rustup-home" "/workspace/cargo-home/bin/cargo" "+1.100.0-beta.1" "generate-lockfile" "--manifest-path" "Cargo.toml", kill_on_drop: false }`
[INFO] [stderr]     Updating crates.io index
[INFO] [stderr]      Locking 98 packages to highest compatible versions
[INFO] [stderr]       Adding base64 v0.21.7 (available: v0.23.1)
[INFO] [stderr]       Adding derive_builder v0.12.0 (available: v0.20.2)
[INFO] [stderr]       Adding generic-array v0.14.7 (available: v0.14.9)
[INFO] [stderr]       Adding hmac v0.12.1 (available: v0.13.0)
[INFO] [stderr]       Adding rand v0.8.8 (available: v0.10.3)
[INFO] [stderr]       Adding sha1 v0.10.7 (available: v0.11.0)
[INFO] [stderr]       Adding ureq v2.12.1 (available: v3.4.2)
[INFO] running `Command { std: CARGO_HOME="/workspace/cargo-home" RUSTUP_HOME="/workspace/rustup-home" "/workspace/cargo-home/bin/cargo" "+1.100.0-beta.1" "fetch" "--manifest-path" "Cargo.toml", kill_on_drop: false }`
[INFO] running `Command { std: "docker" "create" "-v" "/var/lib/crater-agent-workspace/builds/worker-7-tc2/source:/opt/rustwide/workdir:ro,Z" "-v" "/var/lib/crater-agent-workspace/builds/worker-7-tc2/target:/opt/rustwide/target:rw,Z" "-v" "/var/lib/crater-agent-workspace/cargo-home:/opt/rustwide/cargo-home:ro,Z" "-v" "/var/lib/crater-agent-workspace/rustup-home:/opt/rustwide/rustup-home:ro,Z" "-m" "1610612736" "--network" "none" "ghcr.io/rust-lang/crates-build-env/linux@sha256:77db811e55d90add9212f6832c23229e3de5f1c1f9905e8cb07319ea15df73ac" "sleep" "infinity", kill_on_drop: false }`
[INFO] [stdout] a11453330227a553ac877d3f2caf8d0bef3ba51a0d215e8ead473df3aae33666
[INFO] running `Command { std: "docker" "start" "a11453330227a553ac877d3f2caf8d0bef3ba51a0d215e8ead473df3aae33666", kill_on_drop: false }`
[INFO] running `Command { std: "docker" "inspect" "a11453330227a553ac877d3f2caf8d0bef3ba51a0d215e8ead473df3aae33666", kill_on_drop: false }`
[INFO] running `Command { std: "docker" "exec" "-e" "SOURCE_DIR=/opt/rustwide/workdir" "-e" "CARGO_HOME=/opt/rustwide/cargo-home" "-e" "RUSTUP_HOME=/opt/rustwide/rustup-home" "-e" "CARGO_TARGET_DIR=/opt/rustwide/target" "-w" "/opt/rustwide/workdir" "--user" "0:0" "a11453330227a553ac877d3f2caf8d0bef3ba51a0d215e8ead473df3aae33666" "/opt/rustwide/cargo-home/bin/cargo" "+1.100.0-beta.1" "metadata" "--no-deps" "--format-version=1", kill_on_drop: false }`
[INFO] running `Command { std: "docker" "inspect" "a11453330227a553ac877d3f2caf8d0bef3ba51a0d215e8ead473df3aae33666", kill_on_drop: false }`
[INFO] running `Command { std: "docker" "exec" "-e" "SOURCE_DIR=/opt/rustwide/workdir" "-e" "CARGO_HOME=/opt/rustwide/cargo-home" "-e" "RUSTUP_HOME=/opt/rustwide/rustup-home" "-e" "CARGO_TARGET_DIR=/opt/rustwide/target" "-e" "CARGO_INCREMENTAL=0" "-e" "RUST_BACKTRACE=full" "-e" "RUSTFLAGS=--cap-lints=warn" "-e" "RUSTDOCFLAGS=--cap-lints=warn" "-w" "/opt/rustwide/workdir" "--user" "0:0" "a11453330227a553ac877d3f2caf8d0bef3ba51a0d215e8ead473df3aae33666" "/opt/rustwide/cargo-home/bin/cargo" "+1.100.0-beta.1" "build" "--frozen" "--message-format=json" "--release", kill_on_drop: false }`
[INFO] [stderr]    Compiling syn v3.0.9
[INFO] [stderr]    Compiling ring v0.17.14
[INFO] [stderr]    Compiling darling_core v0.14.4
[INFO] [stderr]    Compiling rustls v0.23.46
[INFO] [stderr]    Compiling digest v0.10.7
[INFO] [stderr]    Compiling webpki-roots v0.26.11
[INFO] [stderr]    Compiling rand v0.8.8
[INFO] [stderr]    Compiling sha1 v0.10.7
[INFO] [stderr]    Compiling hmac v0.12.1
[INFO] [stderr]    Compiling darling_macro v0.14.4
[INFO] [stderr]    Compiling darling v0.14.4
[INFO] [stderr]    Compiling derive_builder_core v0.12.0
[INFO] [stderr]    Compiling synstructure v0.14.0
[INFO] [stderr]    Compiling zerovec-derive v0.11.6
[INFO] [stderr]    Compiling displaydoc v0.2.7
[INFO] [stderr]    Compiling zerofrom-derive v0.1.8
[INFO] [stderr]    Compiling yoke-derive v0.8.4
[INFO] [stderr]    Compiling derive_builder_macro v0.12.0
[INFO] [stderr]    Compiling derive_builder v0.12.0
[INFO] [stderr]    Compiling zerofrom v0.1.8
[INFO] [stderr]    Compiling yoke v0.8.3
[INFO] [stderr]    Compiling zerovec v0.11.8
[INFO] [stderr]    Compiling zerotrie v0.2.5
[INFO] [stderr]    Compiling tinystr v0.8.4
[INFO] [stderr]    Compiling potential_utf v0.1.6
[INFO] [stderr]    Compiling icu_collections v2.3.0
[INFO] [stderr]    Compiling icu_locale_core v2.3.0
[INFO] [stderr]    Compiling icu_provider v2.3.1
[INFO] [stderr]    Compiling icu_properties v2.3.0
[INFO] [stderr]    Compiling icu_normalizer v2.3.0
[INFO] [stderr]    Compiling idna_adapter v1.2.2
[INFO] [stderr]    Compiling idna v1.1.0
[INFO] [stderr]    Compiling url v2.5.8
[INFO] [stderr]    Compiling rustls-webpki v0.103.15
[INFO] [stderr]    Compiling ureq v2.12.1
[INFO] [stderr]    Compiling yubi_opt v0.2.0 (/opt/rustwide/workdir)
[INFO] [stdout] warning: unused import: `HashMap`
[INFO] [stdout]  --> src/yubico_client.rs:1:34
[INFO] [stdout]   |
[INFO] [stdout] 1 | use std::collections::{BTreeMap, HashMap};
[INFO] [stdout]   |                                  ^^^^^^^
[INFO] [stdout]   |
[INFO] [stdout]   = note: `#[warn(unused_imports)]` (part of `#[warn(unused)]`) on by default
[INFO] [stdout] 
[INFO] [stdout] 
[INFO] [stderr]     Finished `release` profile [optimized] target(s) in 1m 11s
[INFO] running `Command { std: "docker" "inspect" "a11453330227a553ac877d3f2caf8d0bef3ba51a0d215e8ead473df3aae33666", kill_on_drop: false }`
[INFO] running `Command { std: "docker" "exec" "-e" "SOURCE_DIR=/opt/rustwide/workdir" "-e" "CARGO_HOME=/opt/rustwide/cargo-home" "-e" "RUSTUP_HOME=/opt/rustwide/rustup-home" "-e" "CARGO_TARGET_DIR=/opt/rustwide/target" "-e" "CARGO_INCREMENTAL=0" "-e" "RUST_BACKTRACE=full" "-e" "RUSTFLAGS=--cap-lints=warn" "-e" "RUSTDOCFLAGS=--cap-lints=warn" "-w" "/opt/rustwide/workdir" "--user" "0:0" "a11453330227a553ac877d3f2caf8d0bef3ba51a0d215e8ead473df3aae33666" "/opt/rustwide/cargo-home/bin/cargo" "+1.100.0-beta.1" "test" "--frozen" "--no-run" "--message-format=json" "--release", kill_on_drop: false }`
[INFO] [stdout] warning: unused import: `HashMap`
[INFO] [stdout]  --> src/yubico_client.rs:1:34
[INFO] [stdout]   |
[INFO] [stdout] 1 | use std::collections::{BTreeMap, HashMap};
[INFO] [stdout]   |                                  ^^^^^^^
[INFO] [stdout]   |
[INFO] [stdout]   = note: `#[warn(unused_imports)]` (part of `#[warn(unused)]`) on by default
[INFO] [stdout] 
[INFO] [stdout] 
[INFO] [stderr]    Compiling yubi_opt v0.2.0 (/opt/rustwide/workdir)
[INFO] [stdout] warning: unused import: `HashMap`
[INFO] [stdout]  --> src/yubico_client.rs:1:34
[INFO] [stdout]   |
[INFO] [stdout] 1 | use std::collections::{BTreeMap, HashMap};
[INFO] [stdout]   |                                  ^^^^^^^
[INFO] [stdout]   |
[INFO] [stdout]   = note: `#[warn(unused_imports)]` (part of `#[warn(unused)]`) on by default
[INFO] [stdout] 
[INFO] [stdout] 
[INFO] [stderr]     Finished `release` profile [optimized] target(s) in 1.41s
[INFO] running `Command { std: "docker" "inspect" "a11453330227a553ac877d3f2caf8d0bef3ba51a0d215e8ead473df3aae33666", kill_on_drop: false }`
[INFO] running `Command { std: "docker" "exec" "-e" "SOURCE_DIR=/opt/rustwide/workdir" "-e" "CARGO_HOME=/opt/rustwide/cargo-home" "-e" "RUSTUP_HOME=/opt/rustwide/rustup-home" "-e" "CARGO_TARGET_DIR=/opt/rustwide/target" "-e" "CARGO_INCREMENTAL=0" "-e" "RUST_BACKTRACE=full" "-e" "RUSTFLAGS=--cap-lints=warn" "-e" "RUSTDOCFLAGS=--cap-lints=warn" "-w" "/opt/rustwide/workdir" "--user" "0:0" "a11453330227a553ac877d3f2caf8d0bef3ba51a0d215e8ead473df3aae33666" "/opt/rustwide/cargo-home/bin/cargo" "+1.100.0-beta.1" "test" "--frozen" "--release", kill_on_drop: false }`
[INFO] [stderr] warning: unused import: `HashMap`
[INFO] [stderr]  --> src/yubico_client.rs:1:34
[INFO] [stderr]   |
[INFO] [stderr] 1 | use std::collections::{BTreeMap, HashMap};
[INFO] [stderr]   |                                  ^^^^^^^
[INFO] [stderr]   |
[INFO] [stderr]   = note: `#[warn(unused_imports)]` (part of `#[warn(unused)]`) on by default
[INFO] [stderr] 
[INFO] [stderr] warning: `yubi_opt` (lib) generated 1 warning (run `cargo fix --lib -p yubi_opt` to apply 1 suggestion)
[INFO] [stderr] warning: `yubi_opt` (lib test) generated 1 warning (1 duplicate)
[INFO] [stderr]     Finished `release` profile [optimized] target(s) in 0.14s
[INFO] [stdout] 
[INFO] [stdout] running 3 tests
[INFO] [stderr]      Running unittests src/lib.rs (/opt/rustwide/target/release/build/yubi_opt/c844ea41b88848e1/out/yubi_opt-c844ea41b88848e1)
[INFO] [stdout] test tests::test_get_public_id ... ok
[INFO] [stdout] test tests::test_opt_validator ... ok
[INFO] [stdout] test tests::test_yubico_client ... FAILED
[INFO] [stdout] 
[INFO] [stdout] failures:
[INFO] [stdout] 
[INFO] [stdout] ---- tests::test_yubico_client stdout ----
[INFO] [stdout] 
[INFO] [stdout] thread 'tests::test_yubico_client' (859) panicked at src/lib.rs:111:14:
[INFO] [stdout] called `Result::unwrap()` on an `Err` value: "HTTP request error: Transport(Transport { kind: Dns, message: Some(\"resolve dns name 'api.yubico.com:443'\"), url: Some(Url { scheme: \"https\", cannot_be_a_base: false, username: \"\", password: None, host: Some(Domain(\"api.yubico.com\")), port: None, path: \"/wsapi/2.0/verify\", query: Some(\"id=1&nonce=tcLqEwEyYyrDwP4Y&otp=vvungrrdhvtklknvrtvuvbbkeidikkvgglrvdgrfcdft&timestamp=1\"), fragment: None }), source: Some(Custom { kind: Uncategorized, error: \"failed to lookup address information: Temporary failure in name resolution\" }) })"
[INFO] [stdout] stack backtrace:
[INFO] [stdout]    0:     0x5b2045811a41 - <<std[617be2ca0a6fd877]::sys::backtrace::BacktraceLock>::print::DisplayBacktrace as core[a373ad73a504971]::fmt::Display>::fmt
[INFO] [stdout]    1:     0x5b2045827c7a - core[a373ad73a504971]::fmt::write
[INFO] [stdout]    2:     0x5b204581639c - <alloc[2e1b2a31b91974c5]::vec::Vec<u8> as core[a373ad73a504971]::io::write::Write>::write_fmt
[INFO] [stdout]    3:     0x5b20457ec2a6 - std[617be2ca0a6fd877]::panicking::default_hook::{closure#0}
[INFO] [stdout]    4:     0x5b2045809729 - std[617be2ca0a6fd877]::panicking::default_hook
[INFO] [stdout]    5:     0x5b204579fd30 - test[aada8e7e76ba119b]::test_main_inner::{closure#0}
[INFO] [stdout]    6:     0x5b20458098e2 - std[617be2ca0a6fd877]::panicking::panic_with_hook
[INFO] [stdout]    7:     0x5b20457ec352 - std[617be2ca0a6fd877]::panicking::panic_handler::{closure#0}
[INFO] [stdout]    8:     0x5b20457e4f89 - std[617be2ca0a6fd877]::sys::backtrace::__rust_end_short_backtrace::<std[617be2ca0a6fd877]::panicking::panic_handler::{closure#0}, !>
[INFO] [stdout]    9:     0x5b20457ed14d - __rustc[ea4f61d10b84890b]::rust_begin_unwind
[INFO] [stdout]   10:     0x5b20458283ac - core[a373ad73a504971]::panicking::panic_fmt
[INFO] [stdout]   11:     0x5b2045828182 - core[a373ad73a504971]::result::unwrap_failed
[INFO] [stdout]   12:     0x5b204564e931 - <yubi_opt[843bea7d62cd5fc3]::tests::test_yubico_client::{closure#0} as core[a373ad73a504971]::ops::function::FnOnce<()>>::call_once
[INFO] [stdout]   13:     0x5b204579317b - test[aada8e7e76ba119b]::__rust_begin_short_backtrace::<core[a373ad73a504971]::result::Result<(), alloc[2e1b2a31b91974c5]::string::String>, fn() -> core[a373ad73a504971]::result::Result<(), alloc[2e1b2a31b91974c5]::string::String>>
[INFO] [stdout]   14:     0x5b20457a0355 - test[aada8e7e76ba119b]::run_test::{closure#0}
[INFO] [stdout]   15:     0x5b2045799c44 - std[617be2ca0a6fd877]::sys::backtrace::__rust_begin_short_backtrace::<test[aada8e7e76ba119b]::run_test::{closure#1}, ()>
[INFO] [stdout]   16:     0x5b20457a33e2 - <std[617be2ca0a6fd877]::thread::lifecycle::spawn_unchecked<test[aada8e7e76ba119b]::run_test::{closure#1}, ()>::{closure#1} as core[a373ad73a504971]::ops::function::FnOnce<()>>::call_once::{shim:vtable#0}
[INFO] [stdout]   17:     0x5b2045810aff - <std[617be2ca0a6fd877]::sys::thread::unix::Thread>::new::thread_start
[INFO] [stdout]   18:     0x7b074b6cedfa - <unknown>
[INFO] [stdout]   19:     0x7b074b7623d4 - clone
[INFO] [stdout]   20:                0x0 - <unknown>
[INFO] [stdout] 
[INFO] [stdout] 
[INFO] [stdout] failures:
[INFO] [stdout]     tests::test_yubico_client
[INFO] [stdout] 
[INFO] [stdout] test result: FAILED. 2 passed; 1 failed; 0 ignored; 0 measured; 0 filtered out; finished in 0.01s
[INFO] [stdout] 
[INFO] [stderr] error: test failed, to rerun pass `--lib`
[INFO] running `Command { std: "docker" "inspect" "a11453330227a553ac877d3f2caf8d0bef3ba51a0d215e8ead473df3aae33666", kill_on_drop: false }`
[INFO] running `Command { std: "docker" "rm" "-f" "a11453330227a553ac877d3f2caf8d0bef3ba51a0d215e8ead473df3aae33666", kill_on_drop: false }`
[INFO] [stdout] a11453330227a553ac877d3f2caf8d0bef3ba51a0d215e8ead473df3aae33666
