[INFO] fetching crate yuan-type-id 0.1.2...
[INFO] testing yuan-type-id-0.1.2 against 1.99.0-beta.8+cargoflags=--release for beta-release-1.100-2
[INFO] extracting crate yuan-type-id 0.1.2 into /workspace/builds/worker-4-tc1/source
[INFO] started tweaking crates.io crate yuan-type-id 0.1.2
[INFO] removed 0 missing tests
[INFO] finished tweaking crates.io crate yuan-type-id 0.1.2
[INFO] tweaked toml for crates.io crate yuan-type-id 0.1.2 written to /workspace/builds/worker-4-tc1/source/Cargo.toml
[INFO] validating manifest of crates.io crate yuan-type-id 0.1.2 on toolchain 1.99.0-beta.8
[INFO] running `Command { std: CARGO_HOME="/workspace/cargo-home" RUSTUP_HOME="/workspace/rustup-home" "/workspace/cargo-home/bin/cargo" "+1.99.0-beta.8" "metadata" "--manifest-path" "Cargo.toml" "--no-deps", kill_on_drop: false }`
[INFO] crate crates.io crate yuan-type-id 0.1.2 already has a lockfile, it will not be regenerated
[INFO] running `Command { std: CARGO_HOME="/workspace/cargo-home" RUSTUP_HOME="/workspace/rustup-home" "/workspace/cargo-home/bin/cargo" "+1.99.0-beta.8" "fetch" "--manifest-path" "Cargo.toml", kill_on_drop: false }`
[INFO] [stderr] warning: Cargo.toml: version requirement `1.1.1+spec-1.1.0` for dependency `toml` includes semver metadata which will be ignored, removing the metadata is recommended to avoid confusion
[INFO] [stderr] warning: `yuan-type-id` (manifest) generated 1 warning
[INFO] [stderr]  Downloading crates ...
[INFO] [stderr]   Downloaded toml v1.1.1+spec-1.1.0
[INFO] running `Command { std: "docker" "create" "-v" "/var/lib/crater-agent-workspace/builds/worker-4-tc1/source:/opt/rustwide/workdir:ro,Z" "-v" "/var/lib/crater-agent-workspace/builds/worker-4-tc1/target:/opt/rustwide/target:rw,Z" "-v" "/var/lib/crater-agent-workspace/cargo-home:/opt/rustwide/cargo-home:ro,Z" "-v" "/var/lib/crater-agent-workspace/rustup-home:/opt/rustwide/rustup-home:ro,Z" "-m" "1610612736" "--network" "none" "ghcr.io/rust-lang/crates-build-env/linux@sha256:77db811e55d90add9212f6832c23229e3de5f1c1f9905e8cb07319ea15df73ac" "sleep" "infinity", kill_on_drop: false }`
[INFO] [stdout] 171e6fd24a86f6b6fc65b342a3e35c57d84809086425096f1730e5d8a9c4056b
[INFO] running `Command { std: "docker" "start" "171e6fd24a86f6b6fc65b342a3e35c57d84809086425096f1730e5d8a9c4056b", kill_on_drop: false }`
[INFO] running `Command { std: "docker" "inspect" "171e6fd24a86f6b6fc65b342a3e35c57d84809086425096f1730e5d8a9c4056b", kill_on_drop: false }`
[INFO] running `Command { std: "docker" "exec" "-e" "SOURCE_DIR=/opt/rustwide/workdir" "-e" "CARGO_HOME=/opt/rustwide/cargo-home" "-e" "RUSTUP_HOME=/opt/rustwide/rustup-home" "-e" "CARGO_TARGET_DIR=/opt/rustwide/target" "-w" "/opt/rustwide/workdir" "--user" "0:0" "171e6fd24a86f6b6fc65b342a3e35c57d84809086425096f1730e5d8a9c4056b" "/opt/rustwide/cargo-home/bin/cargo" "+1.99.0-beta.8" "metadata" "--no-deps" "--format-version=1", kill_on_drop: false }`
[INFO] running `Command { std: "docker" "inspect" "171e6fd24a86f6b6fc65b342a3e35c57d84809086425096f1730e5d8a9c4056b", kill_on_drop: false }`
[INFO] running `Command { std: "docker" "exec" "-e" "SOURCE_DIR=/opt/rustwide/workdir" "-e" "CARGO_HOME=/opt/rustwide/cargo-home" "-e" "RUSTUP_HOME=/opt/rustwide/rustup-home" "-e" "CARGO_TARGET_DIR=/opt/rustwide/target" "-e" "CARGO_INCREMENTAL=0" "-e" "RUST_BACKTRACE=full" "-e" "RUSTFLAGS=--cap-lints=warn" "-e" "RUSTDOCFLAGS=--cap-lints=warn" "-w" "/opt/rustwide/workdir" "--user" "0:0" "171e6fd24a86f6b6fc65b342a3e35c57d84809086425096f1730e5d8a9c4056b" "/opt/rustwide/cargo-home/bin/cargo" "+1.99.0-beta.8" "build" "--frozen" "--message-format=json" "--release", kill_on_drop: false }`
[INFO] [stderr] warning: Cargo.toml: version requirement `1.1.1+spec-1.1.0` for dependency `toml` includes semver metadata which will be ignored, removing the metadata is recommended to avoid confusion
[INFO] [stderr] warning: `yuan-type-id` (manifest) generated 1 warning
[INFO] [stderr]    Compiling quote v1.0.45
[INFO] [stderr]    Compiling winnow v1.0.1
[INFO] [stderr]    Compiling serde_spanned v1.1.1
[INFO] [stderr]    Compiling toml_datetime v1.1.1+spec-1.1.0
[INFO] [stderr]    Compiling toml_writer v1.1.1+spec-1.1.0
[INFO] [stderr]    Compiling serde v1.0.228
[INFO] [stderr]    Compiling syn v2.0.117
[INFO] [stderr]    Compiling toml_parser v1.1.1+spec-1.1.0
[INFO] [stderr]    Compiling toml v1.1.1+spec-1.1.0
[INFO] [stderr]    Compiling serde_derive v1.0.228
[INFO] [stderr]    Compiling yuan-type-id v0.1.2 (/opt/rustwide/workdir)
[INFO] [stdout] warning: function `TYPEID` should have a snake case name
[INFO] [stdout]   --> src/lib.rs:49:8
[INFO] [stdout]    |
[INFO] [stdout] 49 | pub fn TYPEID(_attr: TokenStream, item: TokenStream) -> TokenStream {
[INFO] [stdout]    |        ^^^^^^ help: convert the identifier to snake case: `typeid`
[INFO] [stdout]    |
[INFO] [stdout]    = note: `#[warn(non_snake_case)]` (part of `#[warn(nonstandard_style)]`) on by default
[INFO] [stdout] 
[INFO] [stdout] 
[INFO] [stdout] warning: function `SHORT_TYPEID` should have a snake case name
[INFO] [stdout]   --> src/lib.rs:73:8
[INFO] [stdout]    |
[INFO] [stdout] 73 | pub fn SHORT_TYPEID(_attr: TokenStream, item: TokenStream) -> TokenStream {
[INFO] [stdout]    |        ^^^^^^^^^^^^ help: convert the identifier to snake case: `short_typeid`
[INFO] [stdout] 
[INFO] [stdout] 
[INFO] [stderr]     Finished `release` profile [optimized] target(s) in 10.95s
[INFO] running `Command { std: "docker" "inspect" "171e6fd24a86f6b6fc65b342a3e35c57d84809086425096f1730e5d8a9c4056b", kill_on_drop: false }`
[INFO] running `Command { std: "docker" "exec" "-e" "SOURCE_DIR=/opt/rustwide/workdir" "-e" "CARGO_HOME=/opt/rustwide/cargo-home" "-e" "RUSTUP_HOME=/opt/rustwide/rustup-home" "-e" "CARGO_TARGET_DIR=/opt/rustwide/target" "-e" "CARGO_INCREMENTAL=0" "-e" "RUST_BACKTRACE=full" "-e" "RUSTFLAGS=--cap-lints=warn" "-e" "RUSTDOCFLAGS=--cap-lints=warn" "-w" "/opt/rustwide/workdir" "--user" "0:0" "171e6fd24a86f6b6fc65b342a3e35c57d84809086425096f1730e5d8a9c4056b" "/opt/rustwide/cargo-home/bin/cargo" "+1.99.0-beta.8" "test" "--frozen" "--no-run" "--message-format=json" "--release", kill_on_drop: false }`
[INFO] [stderr] warning: Cargo.toml: version requirement `1.1.1+spec-1.1.0` for dependency `toml` includes semver metadata which will be ignored, removing the metadata is recommended to avoid confusion
[INFO] [stderr] warning: `yuan-type-id` (manifest) generated 1 warning
[INFO] [stderr]    Compiling libc v0.2.183
[INFO] [stderr]    Compiling proc-macro2 v1.0.106
[INFO] [stderr]    Compiling getrandom v0.4.2
[INFO] [stderr]    Compiling rustix v1.1.4
[INFO] [stderr]    Compiling bitflags v2.11.0
[INFO] [stderr]    Compiling quote v1.0.45
[INFO] [stderr]    Compiling fastrand v2.3.0
[INFO] [stderr]    Compiling winnow v1.0.1
[INFO] [stderr]    Compiling serde v1.0.228
[INFO] [stderr]    Compiling yuan-type-id v0.1.2 (/opt/rustwide/workdir)
[INFO] [stdout] warning: function `TYPEID` should have a snake case name
[INFO] [stdout]   --> src/lib.rs:49:8
[INFO] [stdout]    |
[INFO] [stdout] 49 | pub fn TYPEID(_attr: TokenStream, item: TokenStream) -> TokenStream {
[INFO] [stdout]    |        ^^^^^^ help: convert the identifier to snake case: `typeid`
[INFO] [stdout]    |
[INFO] [stdout]    = note: `#[warn(non_snake_case)]` (part of `#[warn(nonstandard_style)]`) on by default
[INFO] [stdout] 
[INFO] [stdout] 
[INFO] [stdout] warning: function `SHORT_TYPEID` should have a snake case name
[INFO] [stdout]   --> src/lib.rs:73:8
[INFO] [stdout]    |
[INFO] [stdout] 73 | pub fn SHORT_TYPEID(_attr: TokenStream, item: TokenStream) -> TokenStream {
[INFO] [stdout]    |        ^^^^^^^^^^^^ help: convert the identifier to snake case: `short_typeid`
[INFO] [stdout] 
[INFO] [stdout] 
[INFO] [stderr]    Compiling toml_parser v1.1.1+spec-1.1.0
[INFO] [stderr]    Compiling syn v2.0.117
[INFO] [stderr]    Compiling toml v1.1.1+spec-1.1.0
[INFO] [stderr]    Compiling tempfile v3.27.0
[INFO] [stdout] warning: function `TYPEID` should have a snake case name
[INFO] [stdout]   --> src/lib.rs:49:8
[INFO] [stdout]    |
[INFO] [stdout] 49 | pub fn TYPEID(_attr: TokenStream, item: TokenStream) -> TokenStream {
[INFO] [stdout]    |        ^^^^^^ help: convert the identifier to snake case: `typeid`
[INFO] [stdout]    |
[INFO] [stdout]    = note: `#[warn(non_snake_case)]` (part of `#[warn(nonstandard_style)]`) on by default
[INFO] [stdout] 
[INFO] [stdout] 
[INFO] [stdout] warning: function `SHORT_TYPEID` should have a snake case name
[INFO] [stdout]   --> src/lib.rs:73:8
[INFO] [stdout]    |
[INFO] [stdout] 73 | pub fn SHORT_TYPEID(_attr: TokenStream, item: TokenStream) -> TokenStream {
[INFO] [stdout]    |        ^^^^^^^^^^^^ help: convert the identifier to snake case: `short_typeid`
[INFO] [stdout] 
[INFO] [stdout] 
[INFO] [stderr]     Finished `release` profile [optimized] target(s) in 23.73s
[INFO] running `Command { std: "docker" "inspect" "171e6fd24a86f6b6fc65b342a3e35c57d84809086425096f1730e5d8a9c4056b", kill_on_drop: false }`
[INFO] running `Command { std: "docker" "exec" "-e" "SOURCE_DIR=/opt/rustwide/workdir" "-e" "CARGO_HOME=/opt/rustwide/cargo-home" "-e" "RUSTUP_HOME=/opt/rustwide/rustup-home" "-e" "CARGO_TARGET_DIR=/opt/rustwide/target" "-e" "CARGO_INCREMENTAL=0" "-e" "RUST_BACKTRACE=full" "-e" "RUSTFLAGS=--cap-lints=warn" "-e" "RUSTDOCFLAGS=--cap-lints=warn" "-w" "/opt/rustwide/workdir" "--user" "0:0" "171e6fd24a86f6b6fc65b342a3e35c57d84809086425096f1730e5d8a9c4056b" "/opt/rustwide/cargo-home/bin/cargo" "+1.99.0-beta.8" "test" "--frozen" "--release", kill_on_drop: false }`
[INFO] [stderr] warning: Cargo.toml: version requirement `1.1.1+spec-1.1.0` for dependency `toml` includes semver metadata which will be ignored, removing the metadata is recommended to avoid confusion
[INFO] [stderr] warning: `yuan-type-id` (manifest) generated 1 warning
[INFO] [stderr] warning: function `TYPEID` should have a snake case name
[INFO] [stderr]   --> src/lib.rs:49:8
[INFO] [stderr]    |
[INFO] [stderr] 49 | pub fn TYPEID(_attr: TokenStream, item: TokenStream) -> TokenStream {
[INFO] [stderr]    |        ^^^^^^ help: convert the identifier to snake case: `typeid`
[INFO] [stderr]    |
[INFO] [stderr]    = note: `#[warn(non_snake_case)]` (part of `#[warn(nonstandard_style)]`) on by default
[INFO] [stderr] 
[INFO] [stderr] warning: function `SHORT_TYPEID` should have a snake case name
[INFO] [stderr]   --> src/lib.rs:73:8
[INFO] [stderr]    |
[INFO] [stderr] 73 | pub fn SHORT_TYPEID(_attr: TokenStream, item: TokenStream) -> TokenStream {
[INFO] [stderr]    |        ^^^^^^^^^^^^ help: convert the identifier to snake case: `short_typeid`
[INFO] [stderr] 
[INFO] [stderr] warning: `yuan-type-id` (lib) generated 2 warnings
[INFO] [stderr] warning: `yuan-type-id` (lib test) generated 2 warnings (2 duplicates)
[INFO] [stderr]     Finished `release` profile [optimized] target(s) in 0.07s
[INFO] [stderr]      Running unittests src/lib.rs (/opt/rustwide/target/release/deps/yuan_type_id-05a9cac73a107105)
[INFO] [stdout] 
[INFO] [stdout] running 0 tests
[INFO] [stdout] 
[INFO] [stdout] test result: ok. 0 passed; 0 failed; 0 ignored; 0 measured; 0 filtered out; finished in 0.00s
[INFO] [stdout] 
[INFO] [stderr]      Running tests/typeid_integration.rs (/opt/rustwide/target/release/deps/typeid_integration-e817c105f2b61413)
[INFO] [stdout] 
[INFO] [stdout] running 1 test
[INFO] [stderr] error: failed to get `quote` as a dependency of package `yuan-type-id v0.1.2 (/opt/rustwide/workdir)`
[INFO] [stderr]     ... which satisfies path dependency `yuan-type-id` of package `typeid_integration_test v0.1.0 (/tmp/.tmpuEDrgo)`
[INFO] [stderr] 
[INFO] [stderr] Caused by:
[INFO] [stderr]   failed to load source for dependency `quote`
[INFO] [stderr] 
[INFO] [stderr] Caused by:
[INFO] [stderr]   unable to update registry `crates-io`
[INFO] [stderr] 
[INFO] [stderr] Caused by:
[INFO] [stderr]   download of config.json failed
[INFO] [stderr] 
[INFO] [stderr] Caused by:
[INFO] [stderr]   [6] Could not resolve hostname (Could not resolve host: index.crates.io)
[INFO] [stdout] test integration_typeid_stable_upon_rebuild ... FAILED
[INFO] [stdout] 
[INFO] [stdout] failures:
[INFO] [stdout] 
[INFO] [stdout] ---- integration_typeid_stable_upon_rebuild stdout ----
[INFO] [stdout] 
[INFO] [stdout] thread 'integration_typeid_stable_upon_rebuild' (680) panicked at tests/typeid_integration.rs:66:5:
[INFO] [stdout] first cargo test should pass
[INFO] [stdout] stack backtrace:
[INFO] [stdout]    0:     0x5f6267ff8621 - <<std[70759c8f55707aa4]::sys::backtrace::BacktraceLock>::print::DisplayBacktrace as core[df12db4294e9bfd3]::fmt::Display>::fmt
[INFO] [stdout]    1:     0x5f626800cb2a - core[df12db4294e9bfd3]::fmt::write
[INFO] [stdout]    2:     0x5f6267ffcd1c - <alloc[2182bb758b4b3781]::vec::Vec<u8> as core[df12db4294e9bfd3]::io::write::Write>::write_fmt
[INFO] [stdout]    3:     0x5f6267fd33a6 - std[70759c8f55707aa4]::panicking::default_hook::{closure#0}
[INFO] [stdout]    4:     0x5f6267ff0489 - std[70759c8f55707aa4]::panicking::default_hook
[INFO] [stdout]    5:     0x5f6267f8a0d0 - test[9d35eded1c95d3be]::test_main_inner::<test[9d35eded1c95d3be]::test_main_static::{closure#0}>::{closure#0}
[INFO] [stdout]    6:     0x5f6267ff0642 - std[70759c8f55707aa4]::panicking::panic_with_hook
[INFO] [stdout]    7:     0x5f6267fd3484 - std[70759c8f55707aa4]::panicking::panic_handler::{closure#0}
[INFO] [stdout]    8:     0x5f6267fcc0b9 - std[70759c8f55707aa4]::sys::backtrace::__rust_end_short_backtrace::<std[70759c8f55707aa4]::panicking::panic_handler::{closure#0}, !>
[INFO] [stdout]    9:     0x5f6267fd404d - __rustc[8fa7c3cbc660c2b3]::rust_begin_unwind
[INFO] [stdout]   10:     0x5f626800d25c - core[df12db4294e9bfd3]::panicking::panic_fmt
[INFO] [stdout]   11:     0x5f6267f7d140 - <typeid_integration[875e46def90f3767]::integration_typeid_stable_upon_rebuild::{closure#0} as core[df12db4294e9bfd3]::ops::function::FnOnce<()>>::call_once
[INFO] [stdout]   12:     0x5f6267f7d3bb - test[9d35eded1c95d3be]::__rust_begin_short_backtrace::<core[df12db4294e9bfd3]::result::Result<(), alloc[2182bb758b4b3781]::string::String>, fn() -> core[df12db4294e9bfd3]::result::Result<(), alloc[2182bb758b4b3781]::string::String>>
[INFO] [stdout]   13:     0x5f6267f8aa25 - test[9d35eded1c95d3be]::run_test::{closure#0}
[INFO] [stdout]   14:     0x5f6267f842e4 - std[70759c8f55707aa4]::sys::backtrace::__rust_begin_short_backtrace::<test[9d35eded1c95d3be]::run_test::{closure#1}, ()>
[INFO] [stdout]   15:     0x5f6267f8db82 - <std[70759c8f55707aa4]::thread::lifecycle::spawn_unchecked<test[9d35eded1c95d3be]::run_test::{closure#1}, ()>::{closure#1} as core[df12db4294e9bfd3]::ops::function::FnOnce<()>>::call_once::{shim:vtable#0}
[INFO] [stdout]   16:     0x5f6267ff7d09 - <std[70759c8f55707aa4]::sys::thread::unix::Thread>::new::thread_start
[INFO] [stdout]   17:     0x7920bd0bddfa - <unknown>
[INFO] [stdout]   18:     0x7920bd1513d4 - clone
[INFO] [stdout]   19:                0x0 - <unknown>
[INFO] [stdout] 
[INFO] [stdout] 
[INFO] [stdout] failures:
[INFO] [stdout]     integration_typeid_stable_upon_rebuild
[INFO] [stdout] 
[INFO] [stdout] test result: FAILED. 0 passed; 1 failed; 0 ignored; 0 measured; 0 filtered out; finished in 22.18s
[INFO] [stdout] 
[INFO] [stderr] error: test failed, to rerun pass `--test typeid_integration`
[INFO] running `Command { std: "docker" "inspect" "171e6fd24a86f6b6fc65b342a3e35c57d84809086425096f1730e5d8a9c4056b", kill_on_drop: false }`
[INFO] running `Command { std: "docker" "rm" "-f" "171e6fd24a86f6b6fc65b342a3e35c57d84809086425096f1730e5d8a9c4056b", kill_on_drop: false }`
[INFO] [stdout] 171e6fd24a86f6b6fc65b342a3e35c57d84809086425096f1730e5d8a9c4056b
