[INFO] fetching crate yt-parallel 0.5.22...
[INFO] testing yt-parallel-0.5.22 against 1.100.0-beta.1+cargoflags=--release for beta-release-1.100-2
[INFO] extracting crate yt-parallel 0.5.22 into /workspace/builds/worker-4-tc2/source
[INFO] started tweaking crates.io crate yt-parallel 0.5.22
[INFO] finished tweaking crates.io crate yt-parallel 0.5.22
[INFO] tweaked toml for crates.io crate yt-parallel 0.5.22 written to /workspace/builds/worker-4-tc2/source/Cargo.toml
[INFO] validating manifest of crates.io crate yt-parallel 0.5.22 on toolchain 1.100.0-beta.1
[INFO] running `Command { std: CARGO_HOME="/workspace/cargo-home" RUSTUP_HOME="/workspace/rustup-home" "/workspace/cargo-home/bin/cargo" "+1.100.0-beta.1" "metadata" "--manifest-path" "Cargo.toml" "--no-deps", kill_on_drop: false }`
[INFO] crate crates.io crate yt-parallel 0.5.22 already has a lockfile, it will not be regenerated
[INFO] running `Command { std: CARGO_HOME="/workspace/cargo-home" RUSTUP_HOME="/workspace/rustup-home" "/workspace/cargo-home/bin/cargo" "+1.100.0-beta.1" "fetch" "--manifest-path" "Cargo.toml", kill_on_drop: false }`
[INFO] running `Command { std: "docker" "create" "-v" "/var/lib/crater-agent-workspace/builds/worker-4-tc2/source:/opt/rustwide/workdir:ro,Z" "-v" "/var/lib/crater-agent-workspace/builds/worker-4-tc2/target:/opt/rustwide/target:rw,Z" "-v" "/var/lib/crater-agent-workspace/cargo-home:/opt/rustwide/cargo-home:ro,Z" "-v" "/var/lib/crater-agent-workspace/rustup-home:/opt/rustwide/rustup-home:ro,Z" "-m" "1610612736" "--network" "none" "ghcr.io/rust-lang/crates-build-env/linux@sha256:77db811e55d90add9212f6832c23229e3de5f1c1f9905e8cb07319ea15df73ac" "sleep" "infinity", kill_on_drop: false }`
[INFO] [stdout] 1d39d719f25b5ee52ea1501107e5245ae6e3bd94ebd48a4293969cebf1a2279b
[INFO] running `Command { std: "docker" "start" "1d39d719f25b5ee52ea1501107e5245ae6e3bd94ebd48a4293969cebf1a2279b", kill_on_drop: false }`
[INFO] running `Command { std: "docker" "inspect" "1d39d719f25b5ee52ea1501107e5245ae6e3bd94ebd48a4293969cebf1a2279b", kill_on_drop: false }`
[INFO] running `Command { std: "docker" "exec" "-e" "SOURCE_DIR=/opt/rustwide/workdir" "-e" "CARGO_HOME=/opt/rustwide/cargo-home" "-e" "RUSTUP_HOME=/opt/rustwide/rustup-home" "-e" "CARGO_TARGET_DIR=/opt/rustwide/target" "-w" "/opt/rustwide/workdir" "--user" "0:0" "1d39d719f25b5ee52ea1501107e5245ae6e3bd94ebd48a4293969cebf1a2279b" "/opt/rustwide/cargo-home/bin/cargo" "+1.100.0-beta.1" "metadata" "--no-deps" "--format-version=1", kill_on_drop: false }`
[INFO] running `Command { std: "docker" "inspect" "1d39d719f25b5ee52ea1501107e5245ae6e3bd94ebd48a4293969cebf1a2279b", kill_on_drop: false }`
[INFO] running `Command { std: "docker" "exec" "-e" "SOURCE_DIR=/opt/rustwide/workdir" "-e" "CARGO_HOME=/opt/rustwide/cargo-home" "-e" "RUSTUP_HOME=/opt/rustwide/rustup-home" "-e" "CARGO_TARGET_DIR=/opt/rustwide/target" "-e" "CARGO_INCREMENTAL=0" "-e" "RUST_BACKTRACE=full" "-e" "RUSTFLAGS=--cap-lints=warn" "-e" "RUSTDOCFLAGS=--cap-lints=warn" "-w" "/opt/rustwide/workdir" "--user" "0:0" "1d39d719f25b5ee52ea1501107e5245ae6e3bd94ebd48a4293969cebf1a2279b" "/opt/rustwide/cargo-home/bin/cargo" "+1.100.0-beta.1" "build" "--frozen" "--message-format=json" "--release", kill_on_drop: false }`
[INFO] [stderr]    Compiling proc-macro2 v1.0.78
[INFO] [stderr]    Compiling memchr v2.7.1
[INFO] [stderr]    Compiling anstyle v1.0.6
[INFO] [stderr]    Compiling anstyle-query v1.0.2
[INFO] [stderr]    Compiling libc v0.2.153
[INFO] [stderr]    Compiling rustix v0.38.31
[INFO] [stderr]    Compiling log v0.4.20
[INFO] [stderr]    Compiling linux-raw-sys v0.4.13
[INFO] [stderr]    Compiling clap_lex v0.6.0
[INFO] [stderr]    Compiling anstyle-parse v0.2.3
[INFO] [stderr]    Compiling num-traits v0.2.17
[INFO] [stderr]    Compiling bitflags v2.4.2
[INFO] [stderr]    Compiling home v0.5.9
[INFO] [stderr]    Compiling either v1.9.0
[INFO] [stderr]    Compiling iana-time-zone v0.1.60
[INFO] [stderr]    Compiling fs_extra v1.3.0
[INFO] [stderr]    Compiling anstream v0.6.11
[INFO] [stderr]    Compiling clap_builder v4.4.18
[INFO] [stderr]    Compiling quote v1.0.35
[INFO] [stderr]    Compiling aho-corasick v1.1.2
[INFO] [stderr]    Compiling syn v2.0.48
[INFO] [stderr]    Compiling chrono v0.4.33
[INFO] [stderr]    Compiling getrandom v0.2.12
[INFO] [stderr]    Compiling uuid v1.7.0
[INFO] [stderr]    Compiling regex-automata v0.4.5
[INFO] [stderr]    Compiling which v6.0.0
[INFO] [stderr]    Compiling regex v1.10.3
[INFO] [stderr]    Compiling env_filter v0.1.0
[INFO] [stderr]    Compiling env_logger v0.11.1
[INFO] [stderr]    Compiling clap_derive v4.4.7
[INFO] [stderr]    Compiling clap v4.4.18
[INFO] [stderr]    Compiling yt-parallel v0.5.22 (/opt/rustwide/workdir)
[INFO] [stderr]     Finished `release` profile [optimized] target(s) in 26.53s
[INFO] running `Command { std: "docker" "inspect" "1d39d719f25b5ee52ea1501107e5245ae6e3bd94ebd48a4293969cebf1a2279b", kill_on_drop: false }`
[INFO] running `Command { std: "docker" "exec" "-e" "SOURCE_DIR=/opt/rustwide/workdir" "-e" "CARGO_HOME=/opt/rustwide/cargo-home" "-e" "RUSTUP_HOME=/opt/rustwide/rustup-home" "-e" "CARGO_TARGET_DIR=/opt/rustwide/target" "-e" "CARGO_INCREMENTAL=0" "-e" "RUST_BACKTRACE=full" "-e" "RUSTFLAGS=--cap-lints=warn" "-e" "RUSTDOCFLAGS=--cap-lints=warn" "-w" "/opt/rustwide/workdir" "--user" "0:0" "1d39d719f25b5ee52ea1501107e5245ae6e3bd94ebd48a4293969cebf1a2279b" "/opt/rustwide/cargo-home/bin/cargo" "+1.100.0-beta.1" "test" "--frozen" "--no-run" "--message-format=json" "--release", kill_on_drop: false }`
[INFO] [stderr]    Compiling yt-parallel v0.5.22 (/opt/rustwide/workdir)
[INFO] [stderr]     Finished `release` profile [optimized] target(s) in 1.47s
[INFO] running `Command { std: "docker" "inspect" "1d39d719f25b5ee52ea1501107e5245ae6e3bd94ebd48a4293969cebf1a2279b", kill_on_drop: false }`
[INFO] running `Command { std: "docker" "exec" "-e" "SOURCE_DIR=/opt/rustwide/workdir" "-e" "CARGO_HOME=/opt/rustwide/cargo-home" "-e" "RUSTUP_HOME=/opt/rustwide/rustup-home" "-e" "CARGO_TARGET_DIR=/opt/rustwide/target" "-e" "CARGO_INCREMENTAL=0" "-e" "RUST_BACKTRACE=full" "-e" "RUSTFLAGS=--cap-lints=warn" "-e" "RUSTDOCFLAGS=--cap-lints=warn" "-w" "/opt/rustwide/workdir" "--user" "0:0" "1d39d719f25b5ee52ea1501107e5245ae6e3bd94ebd48a4293969cebf1a2279b" "/opt/rustwide/cargo-home/bin/cargo" "+1.100.0-beta.1" "test" "--frozen" "--release", kill_on_drop: false }`
[INFO] [stderr]     Finished `release` profile [optimized] target(s) in 0.06s
[INFO] [stderr]      Running unittests src/main.rs (/opt/rustwide/target/release/build/yt-parallel/326694e392cad70b/out/yt_parallel-326694e392cad70b)
[INFO] [stdout] 
[INFO] [stdout] running 11 tests
[INFO] [stdout] test tests::tests::move_path_evaluation_no_path_os_macos ... ok
[INFO] [stderr] 2026-10-18T20:28:14 [TRACE] '13bde9f7-9af9-458c-9555-888dc8a0808a' - Logging system set up.
[INFO] [stdout] test tests::tests::move_with_fs_extra ... ignored
[INFO] [stderr] 2026-10-18T20:28:14 [INFO] '13bde9f7-9af9-458c-9555-888dc8a0808a' - Move path set for the move target by argument: /usr/local/bin/test
[INFO] [stdout] test tests::tests::app_not_present ... ok
[INFO] [stdout] test tests::tests::move_path_evaluation_pass_path ... ok
[INFO] [stdout] test tests::tests::test_one_hour ... ok
[INFO] [stdout] test tests::tests::test_one_minute_61_seconds ... ok
[INFO] [stdout] test tests::tests::get_part_files_and_delete_them ... FAILED
[INFO] [stdout] test tests::tests::test_one_minute_one_second ... ok
[INFO] [stdout] test tests::tests::move_tester ... FAILED
[INFO] [stdout] test tests::tests::app_present ... FAILED
[INFO] [stderr] 2026-10-18T20:28:14 [DEBUG] '13bde9f7-9af9-458c-9555-888dc8a0808a' - Set the path as set in windows overwriting the linux path
[INFO] [stderr] 2026-10-18T20:28:14 [INFO] '13bde9f7-9af9-458c-9555-888dc8a0808a' - There is no parameter passed path set for the move target, so we use the default: H:/media/youtube/
[INFO] [stdout] test tests::tests::move_path_evaluation_no_path_os_windows ... ok
[INFO] [stdout] 
[INFO] [stdout] failures:
[INFO] [stdout] 
[INFO] [stdout] ---- tests::tests::get_part_files_and_delete_them stdout ----
[INFO] [stdout] Did already exist? We push on: Read-only file system (os error 30)
[INFO] [stdout] 
[INFO] [stdout] thread 'tests::tests::get_part_files_and_delete_them' (835) panicked at src/tests.rs:154:14:
[INFO] [stdout] Could not create test file: Os { code: 2, kind: NotFound, message: "No such file or directory" }
[INFO] [stdout] stack backtrace:
[INFO] [stdout]    0:     0x577f5ed55331 - <<std[617be2ca0a6fd877]::sys::backtrace::BacktraceLock>::print::DisplayBacktrace as core[a373ad73a504971]::fmt::Display>::fmt
[INFO] [stdout]    1:     0x577f5ed6b0ca - core[a373ad73a504971]::fmt::write
[INFO] [stdout]    2:     0x577f5ed5b0dc - <alloc[2e1b2a31b91974c5]::vec::Vec<u8> as core[a373ad73a504971]::io::write::Write>::write_fmt
[INFO] [stdout]    3:     0x577f5ed2e976 - std[617be2ca0a6fd877]::panicking::default_hook::{closure#0}
[INFO] [stdout]    4:     0x577f5ed4ba99 - std[617be2ca0a6fd877]::panicking::default_hook
[INFO] [stdout]    5:     0x577f5eccf7a0 - test[aada8e7e76ba119b]::test_main_inner::{closure#0}
[INFO] [stdout]    6:     0x577f5ed4bc52 - std[617be2ca0a6fd877]::panicking::panic_with_hook
[INFO] [stdout]    7:     0x577f5ed2ea22 - std[617be2ca0a6fd877]::panicking::panic_handler::{closure#0}
[INFO] [stdout]    8:     0x577f5ed273b9 - std[617be2ca0a6fd877]::sys::backtrace::__rust_end_short_backtrace::<std[617be2ca0a6fd877]::panicking::panic_handler::{closure#0}, !>
[INFO] [stdout]    9:     0x577f5ed2f62d - __rustc[ea4f61d10b84890b]::rust_begin_unwind
[INFO] [stdout]   10:     0x577f5ed6b82c - core[a373ad73a504971]::panicking::panic_fmt
[INFO] [stdout]   11:     0x577f5ed6b602 - core[a373ad73a504971]::result::unwrap_failed
[INFO] [stdout]   12:     0x577f5ecc07c6 - <yt_parallel[b55d573e1dcf38da]::tests::tests::get_part_files_and_delete_them::{closure#0} as core[a373ad73a504971]::ops::function::FnOnce<()>>::call_once
[INFO] [stdout]   13:     0x577f5ecc2beb - test[aada8e7e76ba119b]::__rust_begin_short_backtrace::<core[a373ad73a504971]::result::Result<(), alloc[2e1b2a31b91974c5]::string::String>, fn() -> core[a373ad73a504971]::result::Result<(), alloc[2e1b2a31b91974c5]::string::String>>
[INFO] [stdout]   14:     0x577f5eccfdc5 - test[aada8e7e76ba119b]::run_test::{closure#0}
[INFO] [stdout]   15:     0x577f5ecc96b4 - std[617be2ca0a6fd877]::sys::backtrace::__rust_begin_short_backtrace::<test[aada8e7e76ba119b]::run_test::{closure#1}, ()>
[INFO] [stdout]   16:     0x577f5ecd2e52 - <std[617be2ca0a6fd877]::thread::lifecycle::spawn_unchecked<test[aada8e7e76ba119b]::run_test::{closure#1}, ()>::{closure#1} as core[a373ad73a504971]::ops::function::FnOnce<()>>::call_once::{shim:vtable#0}
[INFO] [stdout]   17:     0x577f5ed5445f - <std[617be2ca0a6fd877]::sys::thread::unix::Thread>::new::thread_start
[INFO] [stdout]   18:     0x7d424e220dfa - <unknown>
[INFO] [stdout]   19:     0x7d424e2b43d4 - clone
[INFO] [stdout]   20:                0x0 - <unknown>
[INFO] [stdout] 
[INFO] [stdout] ---- tests::tests::move_tester stdout ----
[INFO] [stdout] 
[INFO] [stdout] thread 'tests::tests::move_tester' (839) panicked at src/tests.rs:30:44:
[INFO] [stdout] Creation source folder failed: Os { code: 30, kind: ReadOnlyFilesystem, message: "Read-only file system" }
[INFO] [stdout] stack backtrace:
[INFO] [stdout]    0:     0x577f5ed55331 - <<std[617be2ca0a6fd877]::sys::backtrace::BacktraceLock>::print::DisplayBacktrace as core[a373ad73a504971]::fmt::Display>::fmt
[INFO] [stdout]    1:     0x577f5ed6b0ca - core[a373ad73a504971]::fmt::write
[INFO] [stdout]    2:     0x577f5ed5b0dc - <alloc[2e1b2a31b91974c5]::vec::Vec<u8> as core[a373ad73a504971]::io::write::Write>::write_fmt
[INFO] [stdout]    3:     0x577f5ed2e976 - std[617be2ca0a6fd877]::panicking::default_hook::{closure#0}
[INFO] [stdout]    4:     0x577f5ed4ba99 - std[617be2ca0a6fd877]::panicking::default_hook
[INFO] [stdout]    5:     0x577f5eccf7a0 - test[aada8e7e76ba119b]::test_main_inner::{closure#0}
[INFO] [stdout]    6:     0x577f5ed4bc52 - std[617be2ca0a6fd877]::panicking::panic_with_hook
[INFO] [stdout]    7:     0x577f5ed2ea22 - std[617be2ca0a6fd877]::panicking::panic_handler::{closure#0}
[INFO] [stdout]    8:     0x577f5ed273b9 - std[617be2ca0a6fd877]::sys::backtrace::__rust_end_short_backtrace::<std[617be2ca0a6fd877]::panicking::panic_handler::{closure#0}, !>
[INFO] [stdout]    9:     0x577f5ed2f62d - __rustc[ea4f61d10b84890b]::rust_begin_unwind
[INFO] [stdout]   10:     0x577f5ed6b82c - core[a373ad73a504971]::panicking::panic_fmt
[INFO] [stdout]   11:     0x577f5ed6b602 - core[a373ad73a504971]::result::unwrap_failed
[INFO] [stdout]   12:     0x577f5ecbeb4c - <yt_parallel[b55d573e1dcf38da]::tests::tests::move_tester::{closure#0} as core[a373ad73a504971]::ops::function::FnOnce<()>>::call_once
[INFO] [stdout]   13:     0x577f5ecc2beb - test[aada8e7e76ba119b]::__rust_begin_short_backtrace::<core[a373ad73a504971]::result::Result<(), alloc[2e1b2a31b91974c5]::string::String>, fn() -> core[a373ad73a504971]::result::Result<(), alloc[2e1b2a31b91974c5]::string::String>>
[INFO] [stdout]   14:     0x577f5eccfdc5 - test[aada8e7e76ba119b]::run_test::{closure#0}
[INFO] [stdout]   15:     0x577f5ecc96b4 - std[617be2ca0a6fd877]::sys::backtrace::__rust_begin_short_backtrace::<test[aada8e7e76ba119b]::run_test::{closure#1}, ()>
[INFO] [stdout]   16:     0x577f5ecd2e52 - <std[617be2ca0a6fd877]::thread::lifecycle::spawn_unchecked<test[aada8e7e76ba119b]::run_test::{closure#1}, ()>::{closure#1} as core[a373ad73a504971]::ops::function::FnOnce<()>>::call_once::{shim:vtable#0}
[INFO] [stdout]   17:     0x577f5ed5445f - <std[617be2ca0a6fd877]::sys::thread::unix::Thread>::new::thread_start
[INFO] [stdout]   18:     0x7d424e220dfa - <unknown>
[INFO] [stdout]   19:     0x7d424e2b43d4 - clone
[INFO] [stdout]   20:                0x0 - <unknown>
[INFO] [stdout] 
[INFO] [stdout] ---- tests::tests::app_present stdout ----
[INFO] [stdout] 
[INFO] [stdout] thread 'tests::tests::app_present' (834) panicked at src/tests.rs:13:9:
[INFO] [stdout] assertion failed: result
[INFO] [stdout] stack backtrace:
[INFO] [stdout]    0:     0x577f5ed55331 - <<std[617be2ca0a6fd877]::sys::backtrace::BacktraceLock>::print::DisplayBacktrace as core[a373ad73a504971]::fmt::Display>::fmt
[INFO] [stdout]    1:     0x577f5ed6b0ca - core[a373ad73a504971]::fmt::write
[INFO] [stdout]    2:     0x577f5ed5b0dc - <alloc[2e1b2a31b91974c5]::vec::Vec<u8> as core[a373ad73a504971]::io::write::Write>::write_fmt
[INFO] [stdout]    3:     0x577f5ed2e976 - std[617be2ca0a6fd877]::panicking::default_hook::{closure#0}
[INFO] [stdout]    4:     0x577f5ed4ba99 - std[617be2ca0a6fd877]::panicking::default_hook
[INFO] [stdout]    5:     0x577f5eccf7a0 - test[aada8e7e76ba119b]::test_main_inner::{closure#0}
[INFO] [stdout]    6:     0x577f5ed4bc52 - std[617be2ca0a6fd877]::panicking::panic_with_hook
[INFO] [stdout]    7:     0x577f5ed2ea54 - std[617be2ca0a6fd877]::panicking::panic_handler::{closure#0}
[INFO] [stdout]    8:     0x577f5ed273b9 - std[617be2ca0a6fd877]::sys::backtrace::__rust_end_short_backtrace::<std[617be2ca0a6fd877]::panicking::panic_handler::{closure#0}, !>
[INFO] [stdout]    9:     0x577f5ed2f62d - __rustc[ea4f61d10b84890b]::rust_begin_unwind
[INFO] [stdout]   10:     0x577f5ed6b82c - core[a373ad73a504971]::panicking::panic_fmt
[INFO] [stdout]   11:     0x577f5ed6b7f2 - core[a373ad73a504971]::panicking::panic
[INFO] [stdout]   12:     0x577f5ecbe6dd - <yt_parallel[b55d573e1dcf38da]::tests::tests::app_present::{closure#0} as core[a373ad73a504971]::ops::function::FnOnce<()>>::call_once
[INFO] [stdout]   13:     0x577f5ecc2beb - test[aada8e7e76ba119b]::__rust_begin_short_backtrace::<core[a373ad73a504971]::result::Result<(), alloc[2e1b2a31b91974c5]::string::String>, fn() -> core[a373ad73a504971]::result::Result<(), alloc[2e1b2a31b91974c5]::string::String>>
[INFO] [stdout]   14:     0x577f5eccfdc5 - test[aada8e7e76ba119b]::run_test::{closure#0}
[INFO] [stdout]   15:     0x577f5ecc96b4 - std[617be2ca0a6fd877]::sys::backtrace::__rust_begin_short_backtrace::<test[aada8e7e76ba119b]::run_test::{closure#1}, ()>
[INFO] [stdout]   16:     0x577f5ecd2e52 - <std[617be2ca0a6fd877]::thread::lifecycle::spawn_unchecked<test[aada8e7e76ba119b]::run_test::{closure#1}, ()>::{closure#1} as core[a373ad73a504971]::ops::function::FnOnce<()>>::call_once::{shim:vtable#0}
[INFO] [stdout]   17:     0x577f5ed5445f - <std[617be2ca0a6fd877]::sys::thread::unix::Thread>::new::thread_start
[INFO] [stdout]   18:     0x7d424e220dfa - <unknown>
[INFO] [stdout]   19:     0x7d424e2b43d4 - clone
[INFO] [stdout]   20:                0x0 - <unknown>
[INFO] [stdout] 
[INFO] [stdout] 
[INFO] [stdout] failures:
[INFO] [stdout]     tests::tests::app_present
[INFO] [stdout]     tests::tests::get_part_files_and_delete_them
[INFO] [stdout]     tests::tests::move_tester
[INFO] [stdout] 
[INFO] [stdout] test result: FAILED. 7 passed; 3 failed; 1 ignored; 0 measured; 0 filtered out; finished in 0.01s
[INFO] [stdout] 
[INFO] [stderr] error: test failed, to rerun pass `--bin yt-parallel`
[INFO] running `Command { std: "docker" "inspect" "1d39d719f25b5ee52ea1501107e5245ae6e3bd94ebd48a4293969cebf1a2279b", kill_on_drop: false }`
[INFO] running `Command { std: "docker" "rm" "-f" "1d39d719f25b5ee52ea1501107e5245ae6e3bd94ebd48a4293969cebf1a2279b", kill_on_drop: false }`
[INFO] [stdout] 1d39d719f25b5ee52ea1501107e5245ae6e3bd94ebd48a4293969cebf1a2279b
