[INFO] fetching crate yscv-eval 0.2.0...
[INFO] testing yscv-eval-0.2.0 against 1.100.0-beta.1+cargoflags=--release for beta-release-1.100-2
[INFO] extracting crate yscv-eval 0.2.0 into /workspace/builds/worker-1-tc2/source
[INFO] started tweaking crates.io crate yscv-eval 0.2.0
[INFO] finished tweaking crates.io crate yscv-eval 0.2.0
[INFO] tweaked toml for crates.io crate yscv-eval 0.2.0 written to /workspace/builds/worker-1-tc2/source/Cargo.toml
[INFO] validating manifest of crates.io crate yscv-eval 0.2.0 on toolchain 1.100.0-beta.1
[INFO] running `Command { std: CARGO_HOME="/workspace/cargo-home" RUSTUP_HOME="/workspace/rustup-home" "/workspace/cargo-home/bin/cargo" "+1.100.0-beta.1" "metadata" "--manifest-path" "Cargo.toml" "--no-deps", kill_on_drop: false }`
[INFO] crate crates.io crate yscv-eval 0.2.0 already has a lockfile, it will not be regenerated
[INFO] running `Command { std: CARGO_HOME="/workspace/cargo-home" RUSTUP_HOME="/workspace/rustup-home" "/workspace/cargo-home/bin/cargo" "+1.100.0-beta.1" "fetch" "--manifest-path" "Cargo.toml", kill_on_drop: false }`
[INFO] running `Command { std: "docker" "create" "-v" "/var/lib/crater-agent-workspace/builds/worker-1-tc2/source:/opt/rustwide/workdir:ro,Z" "-v" "/var/lib/crater-agent-workspace/builds/worker-1-tc2/target:/opt/rustwide/target:rw,Z" "-v" "/var/lib/crater-agent-workspace/cargo-home:/opt/rustwide/cargo-home:ro,Z" "-v" "/var/lib/crater-agent-workspace/rustup-home:/opt/rustwide/rustup-home:ro,Z" "-m" "1610612736" "--network" "none" "ghcr.io/rust-lang/crates-build-env/linux@sha256:77db811e55d90add9212f6832c23229e3de5f1c1f9905e8cb07319ea15df73ac" "sleep" "infinity", kill_on_drop: false }`
[INFO] [stdout] c94b1850bcfea821cb00874d3ffc1ac11148598b18572c1700655f84cf7739ce
[INFO] running `Command { std: "docker" "start" "c94b1850bcfea821cb00874d3ffc1ac11148598b18572c1700655f84cf7739ce", kill_on_drop: false }`
[INFO] running `Command { std: "docker" "inspect" "c94b1850bcfea821cb00874d3ffc1ac11148598b18572c1700655f84cf7739ce", kill_on_drop: false }`
[INFO] running `Command { std: "docker" "exec" "-e" "SOURCE_DIR=/opt/rustwide/workdir" "-e" "CARGO_HOME=/opt/rustwide/cargo-home" "-e" "RUSTUP_HOME=/opt/rustwide/rustup-home" "-e" "CARGO_TARGET_DIR=/opt/rustwide/target" "-w" "/opt/rustwide/workdir" "--user" "0:0" "c94b1850bcfea821cb00874d3ffc1ac11148598b18572c1700655f84cf7739ce" "/opt/rustwide/cargo-home/bin/cargo" "+1.100.0-beta.1" "metadata" "--no-deps" "--format-version=1", kill_on_drop: false }`
[INFO] running `Command { std: "docker" "inspect" "c94b1850bcfea821cb00874d3ffc1ac11148598b18572c1700655f84cf7739ce", kill_on_drop: false }`
[INFO] running `Command { std: "docker" "exec" "-e" "SOURCE_DIR=/opt/rustwide/workdir" "-e" "CARGO_HOME=/opt/rustwide/cargo-home" "-e" "RUSTUP_HOME=/opt/rustwide/rustup-home" "-e" "CARGO_TARGET_DIR=/opt/rustwide/target" "-e" "CARGO_INCREMENTAL=0" "-e" "RUST_BACKTRACE=full" "-e" "RUSTFLAGS=--cap-lints=warn" "-e" "RUSTDOCFLAGS=--cap-lints=warn" "-w" "/opt/rustwide/workdir" "--user" "0:0" "c94b1850bcfea821cb00874d3ffc1ac11148598b18572c1700655f84cf7739ce" "/opt/rustwide/cargo-home/bin/cargo" "+1.100.0-beta.1" "build" "--frozen" "--message-format=json" "--release", kill_on_drop: false }`
[INFO] [stderr]    Compiling serde_core v1.0.228
[INFO] [stderr]    Compiling yscv-tensor v0.2.0
[INFO] [stderr]    Compiling yscv-cpu v0.2.0
[INFO] [stderr]    Compiling csv-core v0.1.13
[INFO] [stderr]    Compiling roxmltree v0.20.0
[INFO] [stderr]    Compiling rayon v1.11.0
[INFO] [stderr]    Compiling csv v1.4.0
[INFO] [stderr]    Compiling serde v1.0.228
[INFO] [stderr]    Compiling serde_json v1.0.149
[INFO] [stderr]    Compiling yscv-video v0.2.0
[INFO] [stderr]    Compiling yscv-detect v0.2.0
[INFO] [stderr]    Compiling yscv-track v0.2.0
[INFO] [stderr]    Compiling yscv-eval v0.2.0 (/opt/rustwide/workdir)
[INFO] [stderr]     Finished `release` profile [optimized] target(s) in 33.86s
[INFO] running `Command { std: "docker" "inspect" "c94b1850bcfea821cb00874d3ffc1ac11148598b18572c1700655f84cf7739ce", kill_on_drop: false }`
[INFO] running `Command { std: "docker" "exec" "-e" "SOURCE_DIR=/opt/rustwide/workdir" "-e" "CARGO_HOME=/opt/rustwide/cargo-home" "-e" "RUSTUP_HOME=/opt/rustwide/rustup-home" "-e" "CARGO_TARGET_DIR=/opt/rustwide/target" "-e" "CARGO_INCREMENTAL=0" "-e" "RUST_BACKTRACE=full" "-e" "RUSTFLAGS=--cap-lints=warn" "-e" "RUSTDOCFLAGS=--cap-lints=warn" "-w" "/opt/rustwide/workdir" "--user" "0:0" "c94b1850bcfea821cb00874d3ffc1ac11148598b18572c1700655f84cf7739ce" "/opt/rustwide/cargo-home/bin/cargo" "+1.100.0-beta.1" "test" "--frozen" "--no-run" "--message-format=json" "--release", kill_on_drop: false }`
[INFO] [stderr]    Compiling zerocopy v0.8.42
[INFO] [stderr]    Compiling cc v1.2.56
[INFO] [stderr]    Compiling serde_json v1.0.149
[INFO] [stderr]    Compiling clap_builder v4.6.0
[INFO] [stderr]    Compiling is-terminal v0.4.17
[INFO] [stderr]    Compiling thiserror-impl v2.0.18
[INFO] [stderr]    Compiling zerocopy-derive v0.8.42
[INFO] [stderr]    Compiling csv v1.4.0
[INFO] [stderr]    Compiling serde v1.0.228
[INFO] [stderr]    Compiling thiserror v2.0.18
[INFO] [stderr]    Compiling yscv-tensor v0.2.0
[INFO] [stderr]    Compiling libmimalloc-sys v0.1.44
[INFO] [stderr]    Compiling tinytemplate v1.2.1
[INFO] [stderr]    Compiling yscv-video v0.2.0
[INFO] [stderr]    Compiling clap v4.6.0
[INFO] [stderr]    Compiling mimalloc v0.1.48
[INFO] [stderr]    Compiling half v2.7.1
[INFO] [stderr]    Compiling yscv-detect v0.2.0
[INFO] [stderr]    Compiling ciborium-ll v0.2.2
[INFO] [stderr]    Compiling yscv-track v0.2.0
[INFO] [stderr]    Compiling ciborium v0.2.2
[INFO] [stderr]    Compiling yscv-eval v0.2.0 (/opt/rustwide/workdir)
[INFO] [stderr]    Compiling criterion v0.5.1
[INFO] [stderr]     Finished `release` profile [optimized] target(s) in 1m 01s
[INFO] running `Command { std: "docker" "inspect" "c94b1850bcfea821cb00874d3ffc1ac11148598b18572c1700655f84cf7739ce", kill_on_drop: false }`
[INFO] running `Command { std: "docker" "exec" "-e" "SOURCE_DIR=/opt/rustwide/workdir" "-e" "CARGO_HOME=/opt/rustwide/cargo-home" "-e" "RUSTUP_HOME=/opt/rustwide/rustup-home" "-e" "CARGO_TARGET_DIR=/opt/rustwide/target" "-e" "CARGO_INCREMENTAL=0" "-e" "RUST_BACKTRACE=full" "-e" "RUSTFLAGS=--cap-lints=warn" "-e" "RUSTDOCFLAGS=--cap-lints=warn" "-w" "/opt/rustwide/workdir" "--user" "0:0" "c94b1850bcfea821cb00874d3ffc1ac11148598b18572c1700655f84cf7739ce" "/opt/rustwide/cargo-home/bin/cargo" "+1.100.0-beta.1" "test" "--frozen" "--release", kill_on_drop: false }`
[INFO] [stderr]     Finished `release` profile [optimized] target(s) in 0.16s
[INFO] [stderr]      Running unittests src/lib.rs (/opt/rustwide/target/release/build/yscv-eval/e69c1921b52949d5/out/yscv_eval-e69c1921b52949d5)
[INFO] [stdout] 
[INFO] [stdout] running 95 tests
[INFO] [stdout] test classification::tests::test_accuracy_empty ... ok
[INFO] [stdout] test classification::tests::test_accuracy_half ... ok
[INFO] [stdout] test classification::tests::test_per_class_precision_recall ... ok
[INFO] [stdout] test classification::tests::test_classification_report_format ... ok
[INFO] [stdout] test metrics::tests::dice_score_perfect ... ok
[INFO] [stdout] test classification::tests::test_accuracy_perfect ... ok
[INFO] [stdout] test classification::tests::test_confusion_matrix_basic ... ok
[INFO] [stdout] test metrics::tests::test_mean_iou_partial ... ok
[INFO] [stdout] test tests::camera_diagnostics::parse_camera_diagnostics_report_parses_ok_report ... ok
[INFO] [stdout] test metrics::tests::per_class_iou_known_values ... ok
[INFO] [stdout] test metrics::tests::test_roc_curve_and_auc ... ok
[INFO] [stdout] test metrics::tests::per_class_iou_no_overlap ... ok
[INFO] [stdout] test metrics::tests::test_ssim_identical ... ok
[INFO] [stdout] test metrics::tests::test_mean_iou ... ok
[INFO] [stdout] test metrics::tests::test_top_k_accuracy ... ok
[INFO] [stdout] test metrics::tests::test_psnr_identical ... ok
[INFO] [stdout] test metrics::tests::test_psnr_different ... ok
[INFO] [stdout] test classification::tests::test_accuracy_length_mismatch ... ok
[INFO] [stdout] test tests::camera_diagnostics::validate_camera_diagnostics_report_accepts_within_thresholds ... ok
[INFO] [stdout] test tests::classification::cohens_kappa_random_is_near_zero ... ok
[INFO] [stdout] test tests::classification::pr_curve_perfect_classifier ... ok
[INFO] [stdout] test tests::classification::f1_micro_vs_macro ... ok
[INFO] [stdout] test tests::counting::counting_handles_empty_series ... ok
[INFO] [stdout] test tests::dataset_detection::detection_dataset_jsonl_parses_and_evaluates ... ok
[INFO] [stdout] test tests::classification::average_precision_perfect ... ok
[INFO] [stdout] test tests::counting::counting_computes_expected_errors ... ok
[INFO] [stdout] test tests::classification::f1_perfect_score_is_one ... ok
[INFO] [stdout] test tests::dataset_detection::detection_dataset_coco_parses_and_evaluates ... ok
[INFO] [stdout] test tests::classification::f1_weighted_accounts_for_support ... ok
[INFO] [stdout] test tests::camera_diagnostics::validate_camera_diagnostics_report_reports_failures ... ok
[INFO] [stdout] test tests::dataset_detection::detection_dataset_kitti_label_dirs_reports_manifest_io_error ... ok
[INFO] [stdout] test tests::dataset_detection::detection_dataset_openimages_csv_parses_and_evaluates ... ok
[INFO] [stdout] test tests::dataset_detection::detection_dataset_coco_rejects_negative_bbox_size ... ok
[INFO] [stdout] test tests::dataset_detection::detection_dataset_kitti_label_dirs_load_and_evaluate ... FAILED
[INFO] [stdout] test tests::dataset_detection::detection_dataset_widerface_file_loader_loads_and_evaluates ... FAILED
[INFO] [stdout] test tests::dataset_detection::detection_dataset_kitti_label_dirs_rejects_invalid_bbox ... FAILED
[INFO] [stdout] test tests::dataset_detection::detection_dataset_openimages_csv_files_load_and_evaluate ... FAILED
[INFO] [stdout] test tests::dataset_detection::detection_dataset_coco_rejects_unknown_image_reference ... ok
[INFO] [stdout] test tests::counting::counting_rejects_length_mismatch ... ok
[INFO] [stdout] test tests::classification::cohens_kappa_perfect_agreement ... ok
[INFO] [stdout] test tests::dataset_detection::detection_dataset_widerface_parses_and_evaluates ... ok
[INFO] [stdout] test tests::dataset_detection::detection_dataset_widerface_rejects_unknown_prediction_image ... ok
[INFO] [stdout] test tests::dataset_detection::detection_dataset_voc_xml_dirs_load_and_evaluate ... FAILED
[INFO] [stdout] test tests::dataset_detection::detection_dataset_openimages_csv_rejects_invalid_bbox ... ok
[INFO] [stdout] test tests::dataset_detection::detection_dataset_voc_xml_dirs_reports_manifest_io_error ... ok
[INFO] [stdout] test metrics::tests::dice_score_partial ... ok
[INFO] [stdout] test tests::dataset_detection::detection_dataset_widerface_rejects_invalid_bbox_size ... ok
[INFO] [stdout] test tests::dataset_detection::detection_dataset_jsonl_rejects_bad_line ... ok
[INFO] [stdout] test tests::dataset_detection::load_detection_dataset_openimages_reports_io_errors ... ok
[INFO] [stdout] test tests::dataset_detection::detection_dataset_yolo_label_dirs_load_and_evaluate ... FAILED
[INFO] [stdout] test tests::dataset_tracking::load_tracking_dataset_mot_reports_io_errors ... ok
[INFO] [stdout] test tests::dataset_tracking::tracking_dataset_jsonl_parses_and_evaluates ... ok
[INFO] [stdout] test tests::dataset_tracking::tracking_dataset_jsonl_rejects_bad_line ... ok
[INFO] [stdout] test tests::detection::coco_ap50_higher_than_ap75 ... ok
[INFO] [stdout] test tests::dataset_detection::detection_dataset_yolo_label_dirs_reports_manifest_io_error ... ok
[INFO] [stdout] test tests::dataset_detection::load_detection_dataset_coco_reports_io_errors ... ok
[INFO] [stdout] test tests::dataset_detection::load_detection_dataset_jsonl_reports_io_errors ... ok
[INFO] [stdout] test tests::dataset_detection::detection_dataset_yolo_label_dirs_rejects_invalid_manifest ... FAILED
[INFO] [stdout] test tests::pipeline::parse_pipeline_thresholds_parses_supported_keys ... ok
[INFO] [stdout] test tests::detection::coco_perfect_detections ... ok
[INFO] [stdout] test tests::detection::detection_rejects_invalid_config ... ok
[INFO] [stdout] test tests::pipeline::parse_pipeline_thresholds_rejects_bad_entries ... ok
[INFO] [stdout] test tests::pipeline::validate_pipeline_thresholds_reports_violations ... ok
[INFO] [stdout] test tests::dataset_tracking::tracking_dataset_mot_rejects_invalid_bbox_size ... ok
[INFO] [stdout] test tests::dataset_tracking::tracking_dataset_mot_txt_files_load_and_evaluate ... FAILED
[INFO] [stdout] test tests::detection::coco_no_detections ... ok
[INFO] [stdout] test tests::detection::detection_score_threshold_filters_predictions ... ok
[INFO] [stdout] test tests::dataset_tracking::tracking_dataset_mot_ignores_zero_conf_ground_truth ... ok
[INFO] [stdout] test tests::detection::detection_mixed_case_counts_fp_and_fn ... ok
[INFO] [stdout] test tests::dataset_tracking::tracking_dataset_mot_parses_and_evaluates ... ok
[INFO] [stdout] test tests::detection::detection_perfect_case_returns_full_scores ... ok
[INFO] [stdout] test metrics::tests::test_auc_perfect ... ok
[INFO] [stdout] test tests::dataset_detection::detection_dataset_voc_xml_dirs_rejects_invalid_bbox ... FAILED
[INFO] [stdout] test tests::regression::mae_perfect ... ok
[INFO] [stdout] test tests::regression::r2_mean_predictions ... ok
[INFO] [stdout] test tests::regression::r2_perfect_predictions ... ok
[INFO] [stdout] test tests::regression::rmse_simple ... ok
[INFO] [stdout] test tests::regression::regression_length_mismatch ... ok
[INFO] [stdout] test tests::timing::summarize_durations_rejects_empty_input ... ok
[INFO] [stdout] test tests::timing::summarize_pipeline_computes_report ... ok
[INFO] [stdout] test tests::regression::mae_simple ... ok
[INFO] [stdout] test tests::timing::summarize_durations_computes_expected_stats ... ok
[INFO] [stdout] test tests::regression::rmse_perfect ... ok
[INFO] [stdout] test tests::tracking::idf1_all_wrong ... ok
[INFO] [stdout] test tests::tracking::hota_perfect_tracking ... ok
[INFO] [stdout] test tests::tracking::tracking_counts_id_switches ... ok
[INFO] [stdout] test tests::tracking::tracking_rejects_invalid_iou_threshold ... ok
[INFO] [stdout] test tests::tracking::tracking_counts_fp_and_fn ... ok
[INFO] [stdout] test tests::tracking::idf1_swapped_ids ... ok
[INFO] [stdout] test tests::timing::summarize_pipeline_rejects_length_mismatch ... ok
[INFO] [stdout] test tests::tracking::tracking_perfect_assignment_has_no_errors ... ok
[INFO] [stdout] test tests::regression::mape_perfect ... ok
[INFO] [stderr] error: test failed, to rerun pass `--lib`
[INFO] [stdout] test tests::dataset_detection::load_detection_dataset_widerface_reports_io_errors ... ok
[INFO] [stdout] test tests::tracking::hota_no_detections ... ok
[INFO] [stdout] test tests::tracking::idf1_perfect_tracking ... ok
[INFO] [stdout] 
[INFO] [stdout] failures:
[INFO] [stdout] 
[INFO] [stdout] ---- tests::dataset_detection::detection_dataset_kitti_label_dirs_load_and_evaluate stdout ----
[INFO] [stdout] 
[INFO] [stdout] thread 'tests::dataset_detection::detection_dataset_kitti_label_dirs_load_and_evaluate' (1012) panicked at src/tests/dataset_detection.rs:282:89:
[INFO] [stdout] called `Result::unwrap()` on an `Err` value: DatasetIo { path: "/opt/rustwide/workdir/../../benchmarks/eval-detection-kitti-manifest-sample.txt", message: "No such file or directory (os error 2)" }
[INFO] [stdout] stack backtrace:
[INFO] [stdout]    0:     0x614591520501 - <<std[617be2ca0a6fd877]::sys::backtrace::BacktraceLock>::print::DisplayBacktrace as core[a373ad73a504971]::fmt::Display>::fmt
[INFO] [stdout]    1:     0x6145915367ba - core[a373ad73a504971]::fmt::write
[INFO] [stdout]    2:     0x61459152473c - <alloc[2e1b2a31b91974c5]::vec::Vec<u8> as core[a373ad73a504971]::io::write::Write>::write_fmt
[INFO] [stdout]    3:     0x6145914fc476 - std[617be2ca0a6fd877]::panicking::default_hook::{closure#0}
[INFO] [stdout]    4:     0x614591518839 - std[617be2ca0a6fd877]::panicking::default_hook
[INFO] [stdout]    5:     0x6145914a3d10 - test[aada8e7e76ba119b]::test_main_inner::{closure#0}
[INFO] [stdout]    6:     0x6145915189f2 - std[617be2ca0a6fd877]::panicking::panic_with_hook
[INFO] [stdout]    7:     0x6145914fc522 - std[617be2ca0a6fd877]::panicking::panic_handler::{closure#0}
[INFO] [stdout]    8:     0x6145914f50a9 - std[617be2ca0a6fd877]::sys::backtrace::__rust_end_short_backtrace::<std[617be2ca0a6fd877]::panicking::panic_handler::{closure#0}, !>
[INFO] [stdout]    9:     0x6145914fd12d - __rustc[ea4f61d10b84890b]::rust_begin_unwind
[INFO] [stdout]   10:     0x614591536eec - core[a373ad73a504971]::panicking::panic_fmt
[INFO] [stdout]   11:     0x614591536cc2 - core[a373ad73a504971]::result::unwrap_failed
[INFO] [stdout]   12:     0x614591463e9e - <yscv_eval[3c4343fa08cac515]::tests::dataset_detection::detection_dataset_kitti_label_dirs_load_and_evaluate::{closure#0} as core[a373ad73a504971]::ops::function::FnOnce<()>>::call_once
[INFO] [stdout]   13:     0x61459149715b - test[aada8e7e76ba119b]::__rust_begin_short_backtrace::<core[a373ad73a504971]::result::Result<(), alloc[2e1b2a31b91974c5]::string::String>, fn() -> core[a373ad73a504971]::result::Result<(), alloc[2e1b2a31b91974c5]::string::String>>
[INFO] [stdout]   14:     0x6145914a4335 - test[aada8e7e76ba119b]::run_test::{closure#0}
[INFO] [stdout]   15:     0x61459149dc24 - std[617be2ca0a6fd877]::sys::backtrace::__rust_begin_short_backtrace::<test[aada8e7e76ba119b]::run_test::{closure#1}, ()>
[INFO] [stdout]   16:     0x6145914a73c2 - <std[617be2ca0a6fd877]::thread::lifecycle::spawn_unchecked<test[aada8e7e76ba119b]::run_test::{closure#1}, ()>::{closure#1} as core[a373ad73a504971]::ops::function::FnOnce<()>>::call_once::{shim:vtable#0}
[INFO] [stdout]   17:     0x61459151f9ff - <std[617be2ca0a6fd877]::sys::thread::unix::Thread>::new::thread_start
[INFO] [stdout]   18:     0x7934873d1dfa - <unknown>
[INFO] [stdout]   19:     0x7934874653d4 - clone
[INFO] [stdout]   20:                0x0 - <unknown>
[INFO] [stdout] 
[INFO] [stdout] ---- tests::dataset_detection::detection_dataset_widerface_file_loader_loads_and_evaluates stdout ----
[INFO] [stdout] 
[INFO] [stdout] thread 'tests::dataset_detection::detection_dataset_widerface_file_loader_loads_and_evaluates' (1021) panicked at src/tests/dataset_detection.rs:355:79:
[INFO] [stdout] called `Result::unwrap()` on an `Err` value: DatasetIo { path: "/opt/rustwide/workdir/../../benchmarks/eval-detection-widerface-gt-sample.txt", message: "No such file or directory (os error 2)" }
[INFO] [stdout] stack backtrace:
[INFO] [stdout]    0:     0x614591520501 - <<std[617be2ca0a6fd877]::sys::backtrace::BacktraceLock>::print::DisplayBacktrace as core[a373ad73a504971]::fmt::Display>::fmt
[INFO] [stdout]    1:     0x6145915367ba - core[a373ad73a504971]::fmt::write
[INFO] [stdout]    2:     0x61459152473c - <alloc[2e1b2a31b91974c5]::vec::Vec<u8> as core[a373ad73a504971]::io::write::Write>::write_fmt
[INFO] [stdout]    3:     0x6145914fc476 - std[617be2ca0a6fd877]::panicking::default_hook::{closure#0}
[INFO] [stdout]    4:     0x614591518839 - std[617be2ca0a6fd877]::panicking::default_hook
[INFO] [stdout]    5:     0x6145914a3d10 - test[aada8e7e76ba119b]::test_main_inner::{closure#0}
[INFO] [stdout]    6:     0x6145915189f2 - std[617be2ca0a6fd877]::panicking::panic_with_hook
[INFO] [stdout]    7:     0x6145914fc522 - std[617be2ca0a6fd877]::panicking::panic_handler::{closure#0}
[INFO] [stdout]    8:     0x6145914f50a9 - std[617be2ca0a6fd877]::sys::backtrace::__rust_end_short_backtrace::<std[617be2ca0a6fd877]::panicking::panic_handler::{closure#0}, !>
[INFO] [stdout]    9:     0x6145914fd12d - __rustc[ea4f61d10b84890b]::rust_begin_unwind
[INFO] [stdout]   10:     0x614591536eec - core[a373ad73a504971]::panicking::panic_fmt
[INFO] [stdout]   11:     0x614591536cc2 - core[a373ad73a504971]::result::unwrap_failed
[INFO] [stdout]   12:     0x614591465a0b - <yscv_eval[3c4343fa08cac515]::tests::dataset_detection::detection_dataset_widerface_file_loader_loads_and_evaluates::{closure#0} as core[a373ad73a504971]::ops::function::FnOnce<()>>::call_once
[INFO] [stdout]   13:     0x61459149715b - test[aada8e7e76ba119b]::__rust_begin_short_backtrace::<core[a373ad73a504971]::result::Result<(), alloc[2e1b2a31b91974c5]::string::String>, fn() -> core[a373ad73a504971]::result::Result<(), alloc[2e1b2a31b91974c5]::string::String>>
[INFO] [stdout]   14:     0x6145914a4335 - test[aada8e7e76ba119b]::run_test::{closure#0}
[INFO] [stdout]   15:     0x61459149dc24 - std[617be2ca0a6fd877]::sys::backtrace::__rust_begin_short_backtrace::<test[aada8e7e76ba119b]::run_test::{closure#1}, ()>
[INFO] [stdout]   16:     0x6145914a73c2 - <std[617be2ca0a6fd877]::thread::lifecycle::spawn_unchecked<test[aada8e7e76ba119b]::run_test::{closure#1}, ()>::{closure#1} as core[a373ad73a504971]::ops::function::FnOnce<()>>::call_once::{shim:vtable#0}
[INFO] [stdout]   17:     0x61459151f9ff - <std[617be2ca0a6fd877]::sys::thread::unix::Thread>::new::thread_start
[INFO] [stdout]   18:     0x7934873d1dfa - <unknown>
[INFO] [stdout]   19:     0x7934874653d4 - clone
[INFO] [stdout]   20:                0x0 - <unknown>
[INFO] [stdout] 
[INFO] [stdout] ---- tests::dataset_detection::detection_dataset_kitti_label_dirs_rejects_invalid_bbox stdout ----
[INFO] [stdout] 
[INFO] [stdout] thread 'tests::dataset_detection::detection_dataset_kitti_label_dirs_rejects_invalid_bbox' (1013) panicked at src/tests/dataset_detection.rs:302:18:
[INFO] [stdout] unexpected error: DatasetIo { path: "/opt/rustwide/workdir/../../benchmarks/eval-detection-kitti-manifest-invalid.txt", message: "No such file or directory (os error 2)" }
[INFO] [stdout] stack backtrace:
[INFO] [stdout]    0:     0x614591520501 - <<std[617be2ca0a6fd877]::sys::backtrace::BacktraceLock>::print::DisplayBacktrace as core[a373ad73a504971]::fmt::Display>::fmt
[INFO] [stdout]    1:     0x6145915367ba - core[a373ad73a504971]::fmt::write
[INFO] [stdout]    2:     0x61459152473c - <alloc[2e1b2a31b91974c5]::vec::Vec<u8> as core[a373ad73a504971]::io::write::Write>::write_fmt
[INFO] [stdout]    3:     0x6145914fc476 - std[617be2ca0a6fd877]::panicking::default_hook::{closure#0}
[INFO] [stdout]    4:     0x614591518839 - std[617be2ca0a6fd877]::panicking::default_hook
[INFO] [stdout]    5:     0x6145914a3d10 - test[aada8e7e76ba119b]::test_main_inner::{closure#0}
[INFO] [stdout]    6:     0x6145915189f2 - std[617be2ca0a6fd877]::panicking::panic_with_hook
[INFO] [stdout]    7:     0x6145914fc522 - std[617be2ca0a6fd877]::panicking::panic_handler::{closure#0}
[INFO] [stdout]    8:     0x6145914f50a9 - std[617be2ca0a6fd877]::sys::backtrace::__rust_end_short_backtrace::<std[617be2ca0a6fd877]::panicking::panic_handler::{closure#0}, !>
[INFO] [stdout]    9:     0x6145914fd12d - __rustc[ea4f61d10b84890b]::rust_begin_unwind
[INFO] [stdout]   10:     0x614591536eec - core[a373ad73a504971]::panicking::panic_fmt
[INFO] [stdout]   11:     0x614591464afc - <yscv_eval[3c4343fa08cac515]::tests::dataset_detection::detection_dataset_kitti_label_dirs_rejects_invalid_bbox::{closure#0} as core[a373ad73a504971]::ops::function::FnOnce<()>>::call_once
[INFO] [stdout]   12:     0x61459149715b - test[aada8e7e76ba119b]::__rust_begin_short_backtrace::<core[a373ad73a504971]::result::Result<(), alloc[2e1b2a31b91974c5]::string::String>, fn() -> core[a373ad73a504971]::result::Result<(), alloc[2e1b2a31b91974c5]::string::String>>
[INFO] [stdout]   13:     0x6145914a4335 - test[aada8e7e76ba119b]::run_test::{closure#0}
[INFO] [stdout]   14:     0x61459149dc24 - std[617be2ca0a6fd877]::sys::backtrace::__rust_begin_short_backtrace::<test[aada8e7e76ba119b]::run_test::{closure#1}, ()>
[INFO] [stdout]   15:     0x6145914a73c2 - <std[617be2ca0a6fd877]::thread::lifecycle::spawn_unchecked<test[aada8e7e76ba119b]::run_test::{closure#1}, ()>::{closure#1} as core[a373ad73a504971]::ops::function::FnOnce<()>>::call_once::{shim:vtable#0}
[INFO] [stdout]   16:     0x61459151f9ff - <std[617be2ca0a6fd877]::sys::thread::unix::Thread>::new::thread_start
[INFO] [stdout]   17:     0x7934873d1dfa - <unknown>
[INFO] [stdout]   18:     0x7934874653d4 - clone
[INFO] [stdout]   19:                0x0 - <unknown>
[INFO] [stdout] 
[INFO] [stdout] ---- tests::dataset_detection::detection_dataset_openimages_csv_files_load_and_evaluate stdout ----
[INFO] [stdout] 
[INFO] [stdout] thread 'tests::dataset_detection::detection_dataset_openimages_csv_files_load_and_evaluate' (1015) panicked at src/tests/dataset_detection.rs:148:84:
[INFO] [stdout] called `Result::unwrap()` on an `Err` value: DatasetIo { path: "/opt/rustwide/workdir/../../benchmarks/eval-detection-openimages-gt-sample.csv", message: "No such file or directory (os error 2)" }
[INFO] [stdout] stack backtrace:
[INFO] [stdout]    0:     0x614591520501 - <<std[617be2ca0a6fd877]::sys::backtrace::BacktraceLock>::print::DisplayBacktrace as core[a373ad73a504971]::fmt::Display>::fmt
[INFO] [stdout]    1:     0x6145915367ba - core[a373ad73a504971]::fmt::write
[INFO] [stdout]    2:     0x61459152473c - <alloc[2e1b2a31b91974c5]::vec::Vec<u8> as core[a373ad73a504971]::io::write::Write>::write_fmt
[INFO] [stdout]    3:     0x6145914fc476 - std[617be2ca0a6fd877]::panicking::default_hook::{closure#0}
[INFO] [stdout]    4:     0x614591518839 - std[617be2ca0a6fd877]::panicking::default_hook
[INFO] [stdout]    5:     0x6145914a3d10 - test[aada8e7e76ba119b]::test_main_inner::{closure#0}
[INFO] [stdout]    6:     0x6145915189f2 - std[617be2ca0a6fd877]::panicking::panic_with_hook
[INFO] [stdout]    7:     0x6145914fc522 - std[617be2ca0a6fd877]::panicking::panic_handler::{closure#0}
[INFO] [stdout]    8:     0x6145914f50a9 - std[617be2ca0a6fd877]::sys::backtrace::__rust_end_short_backtrace::<std[617be2ca0a6fd877]::panicking::panic_handler::{closure#0}, !>
[INFO] [stdout]    9:     0x6145914fd12d - __rustc[ea4f61d10b84890b]::rust_begin_unwind
[INFO] [stdout]   10:     0x614591536eec - core[a373ad73a504971]::panicking::panic_fmt
[INFO] [stdout]   11:     0x614591536cc2 - core[a373ad73a504971]::result::unwrap_failed
[INFO] [stdout]   12:     0x614591464e4e - <yscv_eval[3c4343fa08cac515]::tests::dataset_detection::detection_dataset_openimages_csv_files_load_and_evaluate::{closure#0} as core[a373ad73a504971]::ops::function::FnOnce<()>>::call_once
[INFO] [stdout]   13:     0x61459149715b - test[aada8e7e76ba119b]::__rust_begin_short_backtrace::<core[a373ad73a504971]::result::Result<(), alloc[2e1b2a31b91974c5]::string::String>, fn() -> core[a373ad73a504971]::result::Result<(), alloc[2e1b2a31b91974c5]::string::String>>
[INFO] [stdout]   14:     0x6145914a4335 - test[aada8e7e76ba119b]::run_test::{closure#0}
[INFO] [stdout]   15:     0x61459149dc24 - std[617be2ca0a6fd877]::sys::backtrace::__rust_begin_short_backtrace::<test[aada8e7e76ba119b]::run_test::{closure#1}, ()>
[INFO] [stdout]   16:     0x6145914a73c2 - <std[617be2ca0a6fd877]::thread::lifecycle::spawn_unchecked<test[aada8e7e76ba119b]::run_test::{closure#1}, ()>::{closure#1} as core[a373ad73a504971]::ops::function::FnOnce<()>>::call_once::{shim:vtable#0}
[INFO] [stdout]   17:     0x61459151f9ff - <std[617be2ca0a6fd877]::sys::thread::unix::Thread>::new::thread_start
[INFO] [stdout]   18:     0x7934873d1dfa - <unknown>
[INFO] [stdout]   19:     0x7934874653d4 - clone
[INFO] [stdout]   20:                0x0 - <unknown>
[INFO] [stdout] 
[INFO] [stdout] ---- tests::dataset_detection::detection_dataset_voc_xml_dirs_load_and_evaluate stdout ----
[INFO] [stdout] 
[INFO] [stdout] thread 'tests::dataset_detection::detection_dataset_voc_xml_dirs_load_and_evaluate' (1018) panicked at src/tests/dataset_detection.rs:237:85:
[INFO] [stdout] called `Result::unwrap()` on an `Err` value: DatasetIo { path: "/opt/rustwide/workdir/../../benchmarks/eval-detection-voc-manifest-sample.txt", message: "No such file or directory (os error 2)" }
[INFO] [stdout] stack backtrace:
[INFO] [stdout]    0:     0x614591520501 - <<std[617be2ca0a6fd877]::sys::backtrace::BacktraceLock>::print::DisplayBacktrace as core[a373ad73a504971]::fmt::Display>::fmt
[INFO] [stdout]    1:     0x6145915367ba - core[a373ad73a504971]::fmt::write
[INFO] [stdout]    2:     0x61459152473c - <alloc[2e1b2a31b91974c5]::vec::Vec<u8> as core[a373ad73a504971]::io::write::Write>::write_fmt
[INFO] [stdout]    3:     0x6145914fc476 - std[617be2ca0a6fd877]::panicking::default_hook::{closure#0}
[INFO] [stdout]    4:     0x614591518839 - std[617be2ca0a6fd877]::panicking::default_hook
[INFO] [stdout]    5:     0x6145914a3d10 - test[aada8e7e76ba119b]::test_main_inner::{closure#0}
[INFO] [stdout]    6:     0x6145915189f2 - std[617be2ca0a6fd877]::panicking::panic_with_hook
[INFO] [stdout]    7:     0x6145914fc522 - std[617be2ca0a6fd877]::panicking::panic_handler::{closure#0}
[INFO] [stdout]    8:     0x6145914f50a9 - std[617be2ca0a6fd877]::sys::backtrace::__rust_end_short_backtrace::<std[617be2ca0a6fd877]::panicking::panic_handler::{closure#0}, !>
[INFO] [stdout]    9:     0x6145914fd12d - __rustc[ea4f61d10b84890b]::rust_begin_unwind
[INFO] [stdout]   10:     0x614591536eec - core[a373ad73a504971]::panicking::panic_fmt
[INFO] [stdout]   11:     0x614591536cc2 - core[a373ad73a504971]::result::unwrap_failed
[INFO] [stdout]   12:     0x61459146256e - <yscv_eval[3c4343fa08cac515]::tests::dataset_detection::detection_dataset_voc_xml_dirs_load_and_evaluate::{closure#0} as core[a373ad73a504971]::ops::function::FnOnce<()>>::call_once
[INFO] [stdout]   13:     0x61459149715b - test[aada8e7e76ba119b]::__rust_begin_short_backtrace::<core[a373ad73a504971]::result::Result<(), alloc[2e1b2a31b91974c5]::string::String>, fn() -> core[a373ad73a504971]::result::Result<(), alloc[2e1b2a31b91974c5]::string::String>>
[INFO] [stdout]   14:     0x6145914a4335 - test[aada8e7e76ba119b]::run_test::{closure#0}
[INFO] [stdout]   15:     0x61459149dc24 - std[617be2ca0a6fd877]::sys::backtrace::__rust_begin_short_backtrace::<test[aada8e7e76ba119b]::run_test::{closure#1}, ()>
[INFO] [stdout]   16:     0x6145914a73c2 - <std[617be2ca0a6fd877]::thread::lifecycle::spawn_unchecked<test[aada8e7e76ba119b]::run_test::{closure#1}, ()>::{closure#1} as core[a373ad73a504971]::ops::function::FnOnce<()>>::call_once::{shim:vtable#0}
[INFO] [stdout]   17:     0x61459151f9ff - <std[617be2ca0a6fd877]::sys::thread::unix::Thread>::new::thread_start
[INFO] [stdout]   18:     0x7934873d1dfa - <unknown>
[INFO] [stdout]   19:     0x7934874653d4 - clone
[INFO] [stdout]   20:                0x0 - <unknown>
[INFO] [stdout] 
[INFO] [stdout] ---- tests::dataset_detection::detection_dataset_yolo_label_dirs_load_and_evaluate stdout ----
[INFO] [stdout] 
[INFO] [stdout] thread 'tests::dataset_detection::detection_dataset_yolo_label_dirs_load_and_evaluate' (1025) panicked at src/tests/dataset_detection.rs:191:88:
[INFO] [stdout] called `Result::unwrap()` on an `Err` value: DatasetIo { path: "/opt/rustwide/workdir/../../benchmarks/eval-detection-yolo-manifest-sample.txt", message: "No such file or directory (os error 2)" }
[INFO] [stdout] stack backtrace:
[INFO] [stdout]    0:     0x614591520501 - <<std[617be2ca0a6fd877]::sys::backtrace::BacktraceLock>::print::DisplayBacktrace as core[a373ad73a504971]::fmt::Display>::fmt
[INFO] [stdout]    1:     0x6145915367ba - core[a373ad73a504971]::fmt::write
[INFO] [stdout]    2:     0x61459152473c - <alloc[2e1b2a31b91974c5]::vec::Vec<u8> as core[a373ad73a504971]::io::write::Write>::write_fmt
[INFO] [stdout]    3:     0x6145914fc476 - std[617be2ca0a6fd877]::panicking::default_hook::{closure#0}
[INFO] [stdout]    4:     0x614591518839 - std[617be2ca0a6fd877]::panicking::default_hook
[INFO] [stdout]    5:     0x6145914a3d10 - test[aada8e7e76ba119b]::test_main_inner::{closure#0}
[INFO] [stdout]    6:     0x6145915189f2 - std[617be2ca0a6fd877]::panicking::panic_with_hook
[INFO] [stdout]    7:     0x6145914fc522 - std[617be2ca0a6fd877]::panicking::panic_handler::{closure#0}
[INFO] [stdout]    8:     0x6145914f50a9 - std[617be2ca0a6fd877]::sys::backtrace::__rust_end_short_backtrace::<std[617be2ca0a6fd877]::panicking::panic_handler::{closure#0}, !>
[INFO] [stdout]    9:     0x6145914fd12d - __rustc[ea4f61d10b84890b]::rust_begin_unwind
[INFO] [stdout]   10:     0x614591536eec - core[a373ad73a504971]::panicking::panic_fmt
[INFO] [stdout]   11:     0x614591536cc2 - core[a373ad73a504971]::result::unwrap_failed
[INFO] [stdout]   12:     0x6145914635ee - <yscv_eval[3c4343fa08cac515]::tests::dataset_detection::detection_dataset_yolo_label_dirs_load_and_evaluate::{closure#0} as core[a373ad73a504971]::ops::function::FnOnce<()>>::call_once
[INFO] [stdout]   13:     0x61459149715b - test[aada8e7e76ba119b]::__rust_begin_short_backtrace::<core[a373ad73a504971]::result::Result<(), alloc[2e1b2a31b91974c5]::string::String>, fn() -> core[a373ad73a504971]::result::Result<(), alloc[2e1b2a31b91974c5]::string::String>>
[INFO] [stdout]   14:     0x6145914a4335 - test[aada8e7e76ba119b]::run_test::{closure#0}
[INFO] [stdout]   15:     0x61459149dc24 - std[617be2ca0a6fd877]::sys::backtrace::__rust_begin_short_backtrace::<test[aada8e7e76ba119b]::run_test::{closure#1}, ()>
[INFO] [stdout]   16:     0x6145914a73c2 - <std[617be2ca0a6fd877]::thread::lifecycle::spawn_unchecked<test[aada8e7e76ba119b]::run_test::{closure#1}, ()>::{closure#1} as core[a373ad73a504971]::ops::function::FnOnce<()>>::call_once::{shim:vtable#0}
[INFO] [stdout]   17:     0x61459151f9ff - <std[617be2ca0a6fd877]::sys::thread::unix::Thread>::new::thread_start
[INFO] [stdout]   18:     0x7934873d1dfa - <unknown>
[INFO] [stdout]   19:     0x7934874653d4 - clone
[INFO] [stdout]   20:                0x0 - <unknown>
[INFO] [stdout] 
[INFO] [stdout] ---- tests::dataset_detection::detection_dataset_yolo_label_dirs_rejects_invalid_manifest stdout ----
[INFO] [stdout] 
[INFO] [stdout] thread 'tests::dataset_detection::detection_dataset_yolo_label_dirs_rejects_invalid_manifest' (1026) panicked at src/tests/dataset_detection.rs:211:18:
[INFO] [stdout] unexpected error: DatasetIo { path: "/opt/rustwide/workdir/../../benchmarks/eval-detection-yolo-manifest-invalid.txt", message: "No such file or directory (os error 2)" }
[INFO] [stdout] stack backtrace:
[INFO] [stdout]    0:     0x614591520501 - <<std[617be2ca0a6fd877]::sys::backtrace::BacktraceLock>::print::DisplayBacktrace as core[a373ad73a504971]::fmt::Display>::fmt
[INFO] [stdout]    1:     0x6145915367ba - core[a373ad73a504971]::fmt::write
[INFO] [stdout]    2:     0x61459152473c - <alloc[2e1b2a31b91974c5]::vec::Vec<u8> as core[a373ad73a504971]::io::write::Write>::write_fmt
[INFO] [stdout]    3:     0x6145914fc476 - std[617be2ca0a6fd877]::panicking::default_hook::{closure#0}
[INFO] [stdout]    4:     0x614591518839 - std[617be2ca0a6fd877]::panicking::default_hook
[INFO] [stdout]    5:     0x6145914a3d10 - test[aada8e7e76ba119b]::test_main_inner::{closure#0}
[INFO] [stdout]    6:     0x6145915189f2 - std[617be2ca0a6fd877]::panicking::panic_with_hook
[INFO] [stdout]    7:     0x6145914fc522 - std[617be2ca0a6fd877]::panicking::panic_handler::{closure#0}
[INFO] [stdout]    8:     0x6145914f50a9 - std[617be2ca0a6fd877]::sys::backtrace::__rust_end_short_backtrace::<std[617be2ca0a6fd877]::panicking::panic_handler::{closure#0}, !>
[INFO] [stdout]    9:     0x6145914fd12d - __rustc[ea4f61d10b84890b]::rust_begin_unwind
[INFO] [stdout]   10:     0x614591536eec - core[a373ad73a504971]::panicking::panic_fmt
[INFO] [stdout]   11:     0x6145914656f2 - <yscv_eval[3c4343fa08cac515]::tests::dataset_detection::detection_dataset_yolo_label_dirs_rejects_invalid_manifest::{closure#0} as core[a373ad73a504971]::ops::function::FnOnce<()>>::call_once
[INFO] [stdout]   12:     0x61459149715b - test[aada8e7e76ba119b]::__rust_begin_short_backtrace::<core[a373ad73a504971]::result::Result<(), alloc[2e1b2a31b91974c5]::string::String>, fn() -> core[a373ad73a504971]::result::Result<(), alloc[2e1b2a31b91974c5]::string::String>>
[INFO] [stdout]   13:     0x6145914a4335 - test[aada8e7e76ba119b]::run_test::{closure#0}
[INFO] [stdout]   14:     0x61459149dc24 - std[617be2ca0a6fd877]::sys::backtrace::__rust_begin_short_backtrace::<test[aada8e7e76ba119b]::run_test::{closure#1}, ()>
[INFO] [stdout]   15:     0x6145914a73c2 - <std[617be2ca0a6fd877]::thread::lifecycle::spawn_unchecked<test[aada8e7e76ba119b]::run_test::{closure#1}, ()>::{closure#1} as core[a373ad73a504971]::ops::function::FnOnce<()>>::call_once::{shim:vtable#0}
[INFO] [stdout]   16:     0x61459151f9ff - <std[617be2ca0a6fd877]::sys::thread::unix::Thread>::new::thread_start
[INFO] [stdout]   17:     0x7934873d1dfa - <unknown>
[INFO] [stdout]   18:     0x7934874653d4 - clone
[INFO] [stdout]   19:                0x0 - <unknown>
[INFO] [stdout] 
[INFO] [stdout] ---- tests::dataset_tracking::tracking_dataset_mot_txt_files_load_and_evaluate stdout ----
[INFO] [stdout] 
[INFO] [stdout] thread 'tests::dataset_tracking::tracking_dataset_mot_txt_files_load_and_evaluate' (1038) panicked at src/tests/dataset_tracking.rs:54:76:
[INFO] [stdout] called `Result::unwrap()` on an `Err` value: DatasetIo { path: "/opt/rustwide/workdir/../../benchmarks/eval-tracking-mot-gt-sample.txt", message: "No such file or directory (os error 2)" }
[INFO] [stdout] stack backtrace:
[INFO] [stdout]    0:     0x614591520501 - <<std[617be2ca0a6fd877]::sys::backtrace::BacktraceLock>::print::DisplayBacktrace as core[a373ad73a504971]::fmt::Display>::fmt
[INFO] [stdout]    1:     0x6145915367ba - core[a373ad73a504971]::fmt::write
[INFO] [stdout]    2:     0x61459152473c - <alloc[2e1b2a31b91974c5]::vec::Vec<u8> as core[a373ad73a504971]::io::write::Write>::write_fmt
[INFO] [stdout]    3:     0x6145914fc476 - std[617be2ca0a6fd877]::panicking::default_hook::{closure#0}
[INFO] [stdout]    4:     0x614591518839 - std[617be2ca0a6fd877]::panicking::default_hook
[INFO] [stdout]    5:     0x6145914a3d10 - test[aada8e7e76ba119b]::test_main_inner::{closure#0}
[INFO] [stdout]    6:     0x6145915189f2 - std[617be2ca0a6fd877]::panicking::panic_with_hook
[INFO] [stdout]    7:     0x6145914fc522 - std[617be2ca0a6fd877]::panicking::panic_handler::{closure#0}
[INFO] [stdout]    8:     0x6145914f50a9 - std[617be2ca0a6fd877]::sys::backtrace::__rust_end_short_backtrace::<std[617be2ca0a6fd877]::panicking::panic_handler::{closure#0}, !>
[INFO] [stdout]    9:     0x6145914fd12d - __rustc[ea4f61d10b84890b]::rust_begin_unwind
[INFO] [stdout]   10:     0x614591536eec - core[a373ad73a504971]::panicking::panic_fmt
[INFO] [stdout]   11:     0x614591536cc2 - core[a373ad73a504971]::result::unwrap_failed
[INFO] [stdout]   12:     0x61459148da35 - <yscv_eval[3c4343fa08cac515]::tests::dataset_tracking::tracking_dataset_mot_txt_files_load_and_evaluate::{closure#0} as core[a373ad73a504971]::ops::function::FnOnce<()>>::call_once
[INFO] [stdout]   13:     0x61459149715b - test[aada8e7e76ba119b]::__rust_begin_short_backtrace::<core[a373ad73a504971]::result::Result<(), alloc[2e1b2a31b91974c5]::string::String>, fn() -> core[a373ad73a504971]::result::Result<(), alloc[2e1b2a31b91974c5]::string::String>>
[INFO] [stdout]   14:     0x6145914a4335 - test[aada8e7e76ba119b]::run_test::{closure#0}
[INFO] [stdout]   15:     0x61459149dc24 - std[617be2ca0a6fd877]::sys::backtrace::__rust_begin_short_backtrace::<test[aada8e7e76ba119b]::run_test::{closure#1}, ()>
[INFO] [stdout]   16:     0x6145914a73c2 - <std[617be2ca0a6fd877]::thread::lifecycle::spawn_unchecked<test[aada8e7e76ba119b]::run_test::{closure#1}, ()>::{closure#1} as core[a373ad73a504971]::ops::function::FnOnce<()>>::call_once::{shim:vtable#0}
[INFO] [stdout]   17:     0x61459151f9ff - <std[617be2ca0a6fd877]::sys::thread::unix::Thread>::new::thread_start
[INFO] [stdout]   18:     0x7934873d1dfa - <unknown>
[INFO] [stdout]   19:     0x7934874653d4 - clone
[INFO] [stdout]   20:                0x0 - <unknown>
[INFO] [stdout] 
[INFO] [stdout] ---- tests::dataset_detection::detection_dataset_voc_xml_dirs_rejects_invalid_bbox stdout ----
[INFO] [stdout] 
[INFO] [stdout] thread 'tests::dataset_detection::detection_dataset_voc_xml_dirs_rejects_invalid_bbox' (1019) panicked at src/tests/dataset_detection.rs:257:18:
[INFO] [stdout] unexpected error: DatasetIo { path: "/opt/rustwide/workdir/../../benchmarks/eval-detection-voc-manifest-invalid.txt", message: "No such file or directory (os error 2)" }
[INFO] [stdout] stack backtrace:
[INFO] [stdout]    0:     0x614591520501 - <<std[617be2ca0a6fd877]::sys::backtrace::BacktraceLock>::print::DisplayBacktrace as core[a373ad73a504971]::fmt::Display>::fmt
[INFO] [stdout]    1:     0x6145915367ba - core[a373ad73a504971]::fmt::write
[INFO] [stdout]    2:     0x61459152473c - <alloc[2e1b2a31b91974c5]::vec::Vec<u8> as core[a373ad73a504971]::io::write::Write>::write_fmt
[INFO] [stdout]    3:     0x6145914fc476 - std[617be2ca0a6fd877]::panicking::default_hook::{closure#0}
[INFO] [stdout]    4:     0x614591518839 - std[617be2ca0a6fd877]::panicking::default_hook
[INFO] [stdout]    5:     0x6145914a3d10 - test[aada8e7e76ba119b]::test_main_inner::{closure#0}
[INFO] [stdout]    6:     0x6145915189f2 - std[617be2ca0a6fd877]::panicking::panic_with_hook
[INFO] [stdout]    7:     0x6145914fc522 - std[617be2ca0a6fd877]::panicking::panic_handler::{closure#0}
[INFO] [stdout]    8:     0x6145914f50a9 - std[617be2ca0a6fd877]::sys::backtrace::__rust_end_short_backtrace::<std[617be2ca0a6fd877]::panicking::panic_handler::{closure#0}, !>
[INFO] [stdout]    9:     0x6145914fd12d - __rustc[ea4f61d10b84890b]::rust_begin_unwind
[INFO] [stdout]   10:     0x614591536eec - core[a373ad73a504971]::panicking::panic_fmt
[INFO] [stdout]   11:     0x61459146323f - <yscv_eval[3c4343fa08cac515]::tests::dataset_detection::detection_dataset_voc_xml_dirs_rejects_invalid_bbox::{closure#0} as core[a373ad73a504971]::ops::function::FnOnce<()>>::call_once
[INFO] [stdout]   12:     0x61459149715b - test[aada8e7e76ba119b]::__rust_begin_short_backtrace::<core[a373ad73a504971]::result::Result<(), alloc[2e1b2a31b91974c5]::string::String>, fn() -> core[a373ad73a504971]::result::Result<(), alloc[2e1b2a31b91974c5]::string::String>>
[INFO] [stdout]   13:     0x6145914a4335 - test[aada8e7e76ba119b]::run_test::{closure#0}
[INFO] [stdout]   14:     0x61459149dc24 - std[617be2ca0a6fd877]::sys::backtrace::__rust_begin_short_backtrace::<test[aada8e7e76ba119b]::run_test::{closure#1}, ()>
[INFO] [stdout]   15:     0x6145914a73c2 - <std[617be2ca0a6fd877]::thread::lifecycle::spawn_unchecked<test[aada8e7e76ba119b]::run_test::{closure#1}, ()>::{closure#1} as core[a373ad73a504971]::ops::function::FnOnce<()>>::call_once::{shim:vtable#0}
[INFO] [stdout]   16:     0x61459151f9ff - <std[617be2ca0a6fd877]::sys::thread::unix::Thread>::new::thread_start
[INFO] [stdout]   17:     0x7934873d1dfa - <unknown>
[INFO] [stdout]   18:     0x7934874653d4 - clone
[INFO] [stdout]   19:                0x0 - <unknown>
[INFO] [stdout] 
[INFO] [stdout] 
[INFO] [stdout] failures:
[INFO] [stdout]     tests::dataset_detection::detection_dataset_kitti_label_dirs_load_and_evaluate
[INFO] [stdout]     tests::dataset_detection::detection_dataset_kitti_label_dirs_rejects_invalid_bbox
[INFO] [stdout]     tests::dataset_detection::detection_dataset_openimages_csv_files_load_and_evaluate
[INFO] [stdout]     tests::dataset_detection::detection_dataset_voc_xml_dirs_load_and_evaluate
[INFO] [stdout]     tests::dataset_detection::detection_dataset_voc_xml_dirs_rejects_invalid_bbox
[INFO] [stdout]     tests::dataset_detection::detection_dataset_widerface_file_loader_loads_and_evaluates
[INFO] [stdout]     tests::dataset_detection::detection_dataset_yolo_label_dirs_load_and_evaluate
[INFO] [stdout]     tests::dataset_detection::detection_dataset_yolo_label_dirs_rejects_invalid_manifest
[INFO] [stdout]     tests::dataset_tracking::tracking_dataset_mot_txt_files_load_and_evaluate
[INFO] [stdout] 
[INFO] [stdout] test result: FAILED. 86 passed; 9 failed; 0 ignored; 0 measured; 0 filtered out; finished in 0.21s
[INFO] [stdout] 
[INFO] running `Command { std: "docker" "inspect" "c94b1850bcfea821cb00874d3ffc1ac11148598b18572c1700655f84cf7739ce", kill_on_drop: false }`
[INFO] running `Command { std: "docker" "rm" "-f" "c94b1850bcfea821cb00874d3ffc1ac11148598b18572c1700655f84cf7739ce", kill_on_drop: false }`
[INFO] [stdout] c94b1850bcfea821cb00874d3ffc1ac11148598b18572c1700655f84cf7739ce
