[INFO] fetching crate yrs-warp 0.9.0...
[INFO] testing yrs-warp-0.9.0 against 1.100.0-beta.1+cargoflags=--release for beta-release-1.100-2
[INFO] extracting crate yrs-warp 0.9.0 into /workspace/builds/worker-5-tc2/source
[INFO] started tweaking crates.io crate yrs-warp 0.9.0
[INFO] removed 0 missing examples
[INFO] finished tweaking crates.io crate yrs-warp 0.9.0
[INFO] tweaked toml for crates.io crate yrs-warp 0.9.0 written to /workspace/builds/worker-5-tc2/source/Cargo.toml
[INFO] validating manifest of crates.io crate yrs-warp 0.9.0 on toolchain 1.100.0-beta.1
[INFO] running `Command { std: CARGO_HOME="/workspace/cargo-home" RUSTUP_HOME="/workspace/rustup-home" "/workspace/cargo-home/bin/cargo" "+1.100.0-beta.1" "metadata" "--manifest-path" "Cargo.toml" "--no-deps", kill_on_drop: false }`
[INFO] crate crates.io crate yrs-warp 0.9.0 already has a lockfile, it will not be regenerated
[INFO] running `Command { std: CARGO_HOME="/workspace/cargo-home" RUSTUP_HOME="/workspace/rustup-home" "/workspace/cargo-home/bin/cargo" "+1.100.0-beta.1" "fetch" "--manifest-path" "Cargo.toml", kill_on_drop: false }`
[INFO] [stderr] warning: `package.homepage` is redundant with `package.repository`
[INFO] [stderr]   --> Cargo.toml:63:12
[INFO] [stderr]    |
[INFO] [stderr] 63 | homepage = "https://github.com/y-crdt/yrs-warp/"
[INFO] [stderr]    |            ^^^^^^^^^^^^^^^^^^^^^^^^^^^^^^^^^^^^^
[INFO] [stderr] ...
[INFO] [stderr] 68 | repository = "https://github.com/y-crdt/yrs-warp/"
[INFO] [stderr]    |              -------------------------------------
[INFO] [stderr]    |
[INFO] [stderr]    = note: `cargo::redundant_homepage` is set to `warn` by default
[INFO] [stderr] help: consider removing `package.homepage`
[INFO] [stderr] warning: `yrs-warp` (manifest) generated 1 warning
[INFO] running `Command { std: "docker" "create" "-v" "/var/lib/crater-agent-workspace/builds/worker-5-tc2/source:/opt/rustwide/workdir:ro,Z" "-v" "/var/lib/crater-agent-workspace/builds/worker-5-tc2/target:/opt/rustwide/target:rw,Z" "-v" "/var/lib/crater-agent-workspace/cargo-home:/opt/rustwide/cargo-home:ro,Z" "-v" "/var/lib/crater-agent-workspace/rustup-home:/opt/rustwide/rustup-home:ro,Z" "-m" "1610612736" "--network" "none" "ghcr.io/rust-lang/crates-build-env/linux@sha256:77db811e55d90add9212f6832c23229e3de5f1c1f9905e8cb07319ea15df73ac" "sleep" "infinity", kill_on_drop: false }`
[INFO] [stdout] 512e8a0364e26b0fc09f2ff4b33b7ba17869e215c374b3a40c081607c6b23484
[INFO] running `Command { std: "docker" "start" "512e8a0364e26b0fc09f2ff4b33b7ba17869e215c374b3a40c081607c6b23484", kill_on_drop: false }`
[INFO] running `Command { std: "docker" "inspect" "512e8a0364e26b0fc09f2ff4b33b7ba17869e215c374b3a40c081607c6b23484", kill_on_drop: false }`
[INFO] running `Command { std: "docker" "exec" "-e" "SOURCE_DIR=/opt/rustwide/workdir" "-e" "CARGO_HOME=/opt/rustwide/cargo-home" "-e" "RUSTUP_HOME=/opt/rustwide/rustup-home" "-e" "CARGO_TARGET_DIR=/opt/rustwide/target" "-w" "/opt/rustwide/workdir" "--user" "0:0" "512e8a0364e26b0fc09f2ff4b33b7ba17869e215c374b3a40c081607c6b23484" "/opt/rustwide/cargo-home/bin/cargo" "+1.100.0-beta.1" "metadata" "--no-deps" "--format-version=1", kill_on_drop: false }`
[INFO] running `Command { std: "docker" "inspect" "512e8a0364e26b0fc09f2ff4b33b7ba17869e215c374b3a40c081607c6b23484", kill_on_drop: false }`
[INFO] running `Command { std: "docker" "exec" "-e" "SOURCE_DIR=/opt/rustwide/workdir" "-e" "CARGO_HOME=/opt/rustwide/cargo-home" "-e" "RUSTUP_HOME=/opt/rustwide/rustup-home" "-e" "CARGO_TARGET_DIR=/opt/rustwide/target" "-e" "CARGO_INCREMENTAL=0" "-e" "RUST_BACKTRACE=full" "-e" "RUSTFLAGS=--cap-lints=warn" "-e" "RUSTDOCFLAGS=--cap-lints=warn" "-w" "/opt/rustwide/workdir" "--user" "0:0" "512e8a0364e26b0fc09f2ff4b33b7ba17869e215c374b3a40c081607c6b23484" "/opt/rustwide/cargo-home/bin/cargo" "+1.100.0-beta.1" "build" "--frozen" "--message-format=json" "--release", kill_on_drop: false }`
[INFO] [stderr] warning: `package.homepage` is redundant with `package.repository`
[INFO] [stderr]   --> Cargo.toml:63:12
[INFO] [stderr]    |
[INFO] [stderr] 63 | homepage = "https://github.com/y-crdt/yrs-warp/"
[INFO] [stderr]    |            ^^^^^^^^^^^^^^^^^^^^^^^^^^^^^^^^^^^^^
[INFO] [stderr] ...
[INFO] [stderr] 68 | repository = "https://github.com/y-crdt/yrs-warp/"
[INFO] [stderr]    |              -------------------------------------
[INFO] [stderr]    |
[INFO] [stderr]    = note: `cargo::redundant_homepage` is set to `warn` by default
[INFO] [stderr] help: consider removing `package.homepage`
[INFO] [stderr] warning: `yrs-warp` (manifest) generated 1 warning
[INFO] [stderr]    Compiling proc-macro2 v1.0.95
[INFO] [stderr]    Compiling unicode-ident v1.0.18
[INFO] [stderr]    Compiling libc v0.2.174
[INFO] [stderr]    Compiling stable_deref_trait v1.2.0
[INFO] [stderr]    Compiling cfg-if v1.0.1
[INFO] [stderr]    Compiling bytes v1.10.1
[INFO] [stderr]    Compiling typenum v1.18.0
[INFO] [stderr]    Compiling litemap v0.8.0
[INFO] [stderr]    Compiling writeable v0.6.1
[INFO] [stderr]    Compiling icu_properties_data v2.0.1
[INFO] [stderr]    Compiling icu_normalizer_data v2.0.0
[INFO] [stderr]    Compiling crossbeam-utils v0.8.21
[INFO] [stderr]    Compiling zerocopy v0.8.26
[INFO] [stderr]    Compiling log v0.4.27
[INFO] [stderr]    Compiling slab v0.4.10
[INFO] [stderr]    Compiling percent-encoding v2.3.1
[INFO] [stderr]    Compiling serde v1.0.219
[INFO] [stderr]    Compiling futures-task v0.3.31
[INFO] [stderr]    Compiling lock_api v0.4.13
[INFO] [stderr]    Compiling tracing-core v0.1.34
[INFO] [stderr]    Compiling serde_json v1.0.141
[INFO] [stderr]    Compiling form_urlencoded v1.2.1
[INFO] [stderr]    Compiling parking_lot_core v0.9.11
[INFO] [stderr]    Compiling hashbrown v0.15.4
[INFO] [stderr]    Compiling unicase v2.8.1
[INFO] [stderr]    Compiling memchr v2.7.5
[INFO] [stderr]    Compiling multer v2.1.0
[INFO] [stderr]    Compiling thiserror v2.0.12
[INFO] [stderr]    Compiling data-encoding v2.9.0
[INFO] [stderr]    Compiling mime_guess v2.0.5
[INFO] [stderr]    Compiling encoding_rs v0.8.35
[INFO] [stderr]    Compiling futures-channel v0.3.31
[INFO] [stderr]    Compiling http v0.2.12
[INFO] [stderr]    Compiling http v1.3.1
[INFO] [stderr]    Compiling hashbrown v0.14.5
[INFO] [stderr]    Compiling indexmap v2.10.0
[INFO] [stderr]    Compiling mio v1.0.4
[INFO] [stderr]    Compiling quote v1.0.40
[INFO] [stderr]    Compiling socket2 v0.5.10
[INFO] [stderr]    Compiling getrandom v0.2.16
[INFO] [stderr]    Compiling syn v2.0.104
[INFO] [stderr]    Compiling rand_core v0.6.4
[INFO] [stderr]    Compiling concurrent-queue v2.5.0
[INFO] [stderr]    Compiling generic-array v0.14.7
[INFO] [stderr]    Compiling spin v0.9.8
[INFO] [stderr]    Compiling smallstr v0.3.0
[INFO] [stderr]    Compiling event-listener v5.4.0
[INFO] [stderr]    Compiling dashmap v6.1.0
[INFO] [stderr]    Compiling arc-swap v1.7.1
[INFO] [stderr]    Compiling fastrand v2.3.0
[INFO] [stderr]    Compiling event-listener-strategy v0.5.4
[INFO] [stderr]    Compiling async-lock v3.4.0
[INFO] [stderr]    Compiling http-body v0.4.6
[INFO] [stderr]    Compiling headers-core v0.2.0
[INFO] [stderr]    Compiling block-buffer v0.10.4
[INFO] [stderr]    Compiling crypto-common v0.1.6
[INFO] [stderr]    Compiling digest v0.10.7
[INFO] [stderr]    Compiling sha1 v0.10.6
[INFO] [stderr]    Compiling headers v0.3.9
[INFO] [stderr]    Compiling ppv-lite86 v0.2.21
[INFO] [stderr]    Compiling rand_chacha v0.3.1
[INFO] [stderr]    Compiling rand v0.8.5
[INFO] [stderr]    Compiling synstructure v0.13.2
[INFO] [stderr]    Compiling zerofrom-derive v0.1.6
[INFO] [stderr]    Compiling yoke-derive v0.8.0
[INFO] [stderr]    Compiling zerovec-derive v0.11.1
[INFO] [stderr]    Compiling displaydoc v0.2.5
[INFO] [stderr]    Compiling tokio-macros v2.5.0
[INFO] [stderr]    Compiling futures-macro v0.3.31
[INFO] [stderr]    Compiling serde_derive v1.0.219
[INFO] [stderr]    Compiling tracing-attributes v0.1.30
[INFO] [stderr]    Compiling thiserror-impl v1.0.69
[INFO] [stderr]    Compiling thiserror-impl v2.0.12
[INFO] [stderr]    Compiling pin-project-internal v1.1.10
[INFO] [stderr]    Compiling async-trait v0.1.88
[INFO] [stderr]    Compiling tokio v1.46.1
[INFO] [stderr]    Compiling thiserror v1.0.69
[INFO] [stderr]    Compiling futures-util v0.3.31
[INFO] [stderr]    Compiling tracing v0.1.41
[INFO] [stderr]    Compiling zerofrom v0.1.6
[INFO] [stderr]    Compiling pin-project v1.1.10
[INFO] [stderr]    Compiling yoke v0.8.0
[INFO] [stderr]    Compiling zerovec v0.11.2
[INFO] [stderr]    Compiling zerotrie v0.2.2
[INFO] [stderr]    Compiling tinystr v0.8.1
[INFO] [stderr]    Compiling potential_utf v0.1.2
[INFO] [stderr]    Compiling icu_collections v2.0.0
[INFO] [stderr]    Compiling icu_locale_core v2.0.0
[INFO] [stderr]    Compiling icu_provider v2.0.0
[INFO] [stderr]    Compiling icu_normalizer v2.0.0
[INFO] [stderr]    Compiling icu_properties v2.0.1
[INFO] [stderr]    Compiling idna_adapter v1.2.1
[INFO] [stderr]    Compiling idna v1.0.3
[INFO] [stderr]    Compiling url v2.5.4
[INFO] [stderr]    Compiling tokio-util v0.7.15
[INFO] [stderr]    Compiling serde_urlencoded v0.7.1
[INFO] [stderr]    Compiling tungstenite v0.21.0
[INFO] [stderr]    Compiling h2 v0.3.27
[INFO] [stderr]    Compiling tokio-tungstenite v0.21.0
[INFO] [stderr]    Compiling yrs v0.24.0
[INFO] [stderr]    Compiling hyper v0.14.32
[INFO] [stderr]    Compiling warp v0.3.7
[INFO] [stderr]    Compiling yrs-warp v0.9.0 (/opt/rustwide/workdir)
[INFO] [stderr]     Finished `release` profile [optimized] target(s) in 1m 25s
[INFO] running `Command { std: "docker" "inspect" "512e8a0364e26b0fc09f2ff4b33b7ba17869e215c374b3a40c081607c6b23484", kill_on_drop: false }`
[INFO] running `Command { std: "docker" "exec" "-e" "SOURCE_DIR=/opt/rustwide/workdir" "-e" "CARGO_HOME=/opt/rustwide/cargo-home" "-e" "RUSTUP_HOME=/opt/rustwide/rustup-home" "-e" "CARGO_TARGET_DIR=/opt/rustwide/target" "-e" "CARGO_INCREMENTAL=0" "-e" "RUST_BACKTRACE=full" "-e" "RUSTFLAGS=--cap-lints=warn" "-e" "RUSTDOCFLAGS=--cap-lints=warn" "-w" "/opt/rustwide/workdir" "--user" "0:0" "512e8a0364e26b0fc09f2ff4b33b7ba17869e215c374b3a40c081607c6b23484" "/opt/rustwide/cargo-home/bin/cargo" "+1.100.0-beta.1" "test" "--frozen" "--no-run" "--message-format=json" "--release", kill_on_drop: false }`
[INFO] [stderr] warning: `package.homepage` is redundant with `package.repository`
[INFO] [stderr]   --> Cargo.toml:63:12
[INFO] [stderr]    |
[INFO] [stderr] 63 | homepage = "https://github.com/y-crdt/yrs-warp/"
[INFO] [stderr]    |            ^^^^^^^^^^^^^^^^^^^^^^^^^^^^^^^^^^^^^
[INFO] [stderr] ...
[INFO] [stderr] 68 | repository = "https://github.com/y-crdt/yrs-warp/"
[INFO] [stderr]    |              -------------------------------------
[INFO] [stderr]    |
[INFO] [stderr]    = note: `cargo::redundant_homepage` is set to `warn` by default
[INFO] [stderr] help: consider removing `package.homepage`
[INFO] [stderr] warning: `yrs-warp` (manifest) generated 1 warning
[INFO] [stderr]    Compiling signal-hook-registry v1.4.5
[INFO] [stderr]    Compiling parking_lot v0.12.4
[INFO] [stderr]    Compiling getrandom v0.3.3
[INFO] [stderr]    Compiling tokio v1.46.1
[INFO] [stderr]    Compiling rand_core v0.9.3
[INFO] [stderr]    Compiling rand_chacha v0.9.0
[INFO] [stderr]    Compiling rand v0.9.2
[INFO] [stderr]    Compiling tungstenite v0.27.0
[INFO] [stderr]    Compiling tokio-util v0.7.15
[INFO] [stderr]    Compiling tokio-tungstenite v0.21.0
[INFO] [stderr]    Compiling tokio-tungstenite v0.27.0
[INFO] [stderr]    Compiling h2 v0.3.27
[INFO] [stderr]    Compiling hyper v0.14.32
[INFO] [stderr]    Compiling warp v0.3.7
[INFO] [stderr]    Compiling yrs-warp v0.9.0 (/opt/rustwide/workdir)
[INFO] [stderr]     Finished `release` profile [optimized] target(s) in 1m 18s
[INFO] running `Command { std: "docker" "inspect" "512e8a0364e26b0fc09f2ff4b33b7ba17869e215c374b3a40c081607c6b23484", kill_on_drop: false }`
[INFO] running `Command { std: "docker" "exec" "-e" "SOURCE_DIR=/opt/rustwide/workdir" "-e" "CARGO_HOME=/opt/rustwide/cargo-home" "-e" "RUSTUP_HOME=/opt/rustwide/rustup-home" "-e" "CARGO_TARGET_DIR=/opt/rustwide/target" "-e" "CARGO_INCREMENTAL=0" "-e" "RUST_BACKTRACE=full" "-e" "RUSTFLAGS=--cap-lints=warn" "-e" "RUSTDOCFLAGS=--cap-lints=warn" "-w" "/opt/rustwide/workdir" "--user" "0:0" "512e8a0364e26b0fc09f2ff4b33b7ba17869e215c374b3a40c081607c6b23484" "/opt/rustwide/cargo-home/bin/cargo" "+1.100.0-beta.1" "test" "--frozen" "--release", kill_on_drop: false }`
[INFO] [stderr] warning: `package.homepage` is redundant with `package.repository`
[INFO] [stderr]   --> Cargo.toml:63:12
[INFO] [stderr]    |
[INFO] [stderr] 63 | homepage = "https://github.com/y-crdt/yrs-warp/"
[INFO] [stderr]    |            ^^^^^^^^^^^^^^^^^^^^^^^^^^^^^^^^^^^^^
[INFO] [stderr] ...
[INFO] [stderr] 68 | repository = "https://github.com/y-crdt/yrs-warp/"
[INFO] [stderr]    |              -------------------------------------
[INFO] [stderr]    |
[INFO] [stderr]    = note: `cargo::redundant_homepage` is set to `warn` by default
[INFO] [stderr] help: consider removing `package.homepage`
[INFO] [stderr] warning: `yrs-warp` (manifest) generated 1 warning
[INFO] [stderr]     Finished `release` profile [optimized] target(s) in 0.24s
[INFO] [stderr]      Running unittests src/lib.rs (/opt/rustwide/target/release/build/yrs-warp/75ed6ef8b5a7869d/out/yrs_warp-75ed6ef8b5a7869d)
[INFO] [stdout] 
[INFO] [stdout] running 9 tests
[INFO] [stdout] test broadcast::test::broadcast_changes ... ok
[INFO] [stdout] test conn::test::subscribed_client_fetches_initial_state ... ok
[INFO] [stdout] test conn::test::change_introduced_by_server_reaches_subscribed_clients ... ok
[INFO] [stdout] test conn::test::changes_from_one_client_reach_others ... ok
[INFO] [stdout] test ws::test::change_introduced_by_server_reaches_subscribed_clients ... ok
[INFO] [stdout] test ws::test::subscribed_client_fetches_initial_state ... FAILED
[INFO] [stdout] test ws::test::changes_from_one_client_reach_others ... ok
[INFO] [stdout] test conn::test::client_failure_doesnt_affect_others ... ok
[INFO] [stdout] test ws::test::client_failure_doesnt_affect_others ... ok
[INFO] [stdout] 
[INFO] [stdout] failures:
[INFO] [stdout] 
[INFO] [stdout] ---- ws::test::subscribed_client_fetches_initial_state stdout ----
[INFO] [stdout] 
[INFO] [stdout] thread 'ws::test::subscribed_client_fetches_initial_state' (2606) panicked at /opt/rustwide/cargo-home/registry/src/index.crates.io-1949cf8c6b5b557f/warp-0.3.7/src/server.rs:217:27:
[INFO] [stdout] error binding to 0.0.0.0:6601: error creating server listener: Address already in use (os error 98)
[INFO] [stdout] stack backtrace:
[INFO] [stdout]    0:     0x55e2f216d051 - <<std[617be2ca0a6fd877]::sys::backtrace::BacktraceLock>::print::DisplayBacktrace as core[a373ad73a504971]::fmt::Display>::fmt
[INFO] [stdout]    1:     0x55e2f2183a3a - core[a373ad73a504971]::fmt::write
[INFO] [stdout]    2:     0x55e2f21719fc - <alloc[2e1b2a31b91974c5]::vec::Vec<u8> as core[a373ad73a504971]::io::write::Write>::write_fmt
[INFO] [stdout]    3:     0x55e2f21480a6 - std[617be2ca0a6fd877]::panicking::default_hook::{closure#0}
[INFO] [stdout]    4:     0x55e2f2164d99 - std[617be2ca0a6fd877]::panicking::default_hook
[INFO] [stdout]    5:     0x55e2f1fcee00 - test[aada8e7e76ba119b]::test_main_inner::{closure#0}
[INFO] [stdout]    6:     0x55e2f21650c2 - std[617be2ca0a6fd877]::panicking::panic_with_hook
[INFO] [stdout]    7:     0x55e2f2148152 - std[617be2ca0a6fd877]::panicking::panic_handler::{closure#0}
[INFO] [stdout]    8:     0x55e2f2140d89 - std[617be2ca0a6fd877]::sys::backtrace::__rust_end_short_backtrace::<std[617be2ca0a6fd877]::panicking::panic_handler::{closure#0}, !>
[INFO] [stdout]    9:     0x55e2f2148f4d - __rustc[ea4f61d10b84890b]::rust_begin_unwind
[INFO] [stdout]   10:     0x55e2f218419c - core[a373ad73a504971]::panicking::panic_fmt
[INFO] [stdout]   11:     0x55e2f1f14a1a - <warp[a420268deea87cea]::server::Server<warp[a420268deea87cea]::filter::and_then::AndThen<warp[a420268deea87cea]::filter::and::And<warp[a420268deea87cea]::filter::and::And<warp[a420268deea87cea]::filters::path::Exact<warp[a420268deea87cea]::filters::path::internal::Opaque<&str>>, warp[a420268deea87cea]::filter::map::Map<warp[a420268deea87cea]::filter::and::And<warp[a420268deea87cea]::filter::and::And<warp[a420268deea87cea]::filter::and::And<warp[a420268deea87cea]::filter::and::And<warp[a420268deea87cea]::filter::and::And<warp[a420268deea87cea]::filter::FilterFn<warp[a420268deea87cea]::filters::method::method_is<warp[a420268deea87cea]::filters::method::get::{closure#0}>::{closure#0}>, warp[a420268deea87cea]::filter::untuple_one::UntupleOne<warp[a420268deea87cea]::filter::and_then::AndThen<warp[a420268deea87cea]::filter::FilterFn<warp[a420268deea87cea]::filter::filter_fn_one<warp[a420268deea87cea]::filters::header::header2<headers[842122725c1b26e3]::common::connection::Connection>::{closure#0}, futures_util[649a7094f2887d64]::future::ready::Ready<core[a373ad73a504971]::result::Result<headers[842122725c1b26e3]::common::connection::Connection, warp[a420268deea87cea]::reject::Rejection>>>::{closure#0}>, warp[a420268deea87cea]::filters::ws::ws::{closure#0}>>>, warp[a420268deea87cea]::filter::FilterFn<warp[a420268deea87cea]::filters::header::exact_ignore_case::{closure#0}>>, warp[a420268deea87cea]::filter::FilterFn<warp[a420268deea87cea]::filters::header::exact::{closure#0}>>, warp[a420268deea87cea]::filter::FilterFn<warp[a420268deea87cea]::filter::filter_fn_one<warp[a420268deea87cea]::filters::header::header2<headers[842122725c1b26e3]::common::sec_websocket_key::SecWebsocketKey>::{closure#0}, futures_util[649a7094f2887d64]::future::ready::Ready<core[a373ad73a504971]::result::Result<headers[842122725c1b26e3]::common::sec_websocket_key::SecWebsocketKey, warp[a420268deea87cea]::reject::Rejection>>>::{closure#0}>>, warp[a420268deea87cea]::filter::FilterFn<warp[a420268deea87cea]::filter::filter_fn_one<warp[a420268deea87cea]::filters::ws::on_upgrade::{closure#0}, futures_util[649a7094f2887d64]::future::ready::Ready<core[a373ad73a504971]::result::Result<core[a373ad73a504971]::option::Option<hyper[ed7a232d320ab469]::upgrade::OnUpgrade>, warp[a420268deea87cea]::reject::Rejection>>>::{closure#0}>>, warp[a420268deea87cea]::filters::ws::ws::{closure#1}>>, warp[a420268deea87cea]::filter::map::Map<warp[a420268deea87cea]::filters::any::Any, yrs_warp[76ea382ea7ca1162]::ws::test::start_server::{closure#0}::{closure#0}>>, yrs_warp[76ea382ea7ca1162]::ws::test::ws_handler>>>::bind_ephemeral::<core[a373ad73a504971]::net::socket_addr::SocketAddr>::{closure#2}
[INFO] [stdout]   12:     0x55e2f1f10189 - <warp[a420268deea87cea]::server::Server<warp[a420268deea87cea]::filter::and_then::AndThen<warp[a420268deea87cea]::filter::and::And<warp[a420268deea87cea]::filter::and::And<warp[a420268deea87cea]::filters::path::Exact<warp[a420268deea87cea]::filters::path::internal::Opaque<&str>>, warp[a420268deea87cea]::filter::map::Map<warp[a420268deea87cea]::filter::and::And<warp[a420268deea87cea]::filter::and::And<warp[a420268deea87cea]::filter::and::And<warp[a420268deea87cea]::filter::and::And<warp[a420268deea87cea]::filter::and::And<warp[a420268deea87cea]::filter::FilterFn<warp[a420268deea87cea]::filters::method::method_is<warp[a420268deea87cea]::filters::method::get::{closure#0}>::{closure#0}>, warp[a420268deea87cea]::filter::untuple_one::UntupleOne<warp[a420268deea87cea]::filter::and_then::AndThen<warp[a420268deea87cea]::filter::FilterFn<warp[a420268deea87cea]::filter::filter_fn_one<warp[a420268deea87cea]::filters::header::header2<headers[842122725c1b26e3]::common::connection::Connection>::{closure#0}, futures_util[649a7094f2887d64]::future::ready::Ready<core[a373ad73a504971]::result::Result<headers[842122725c1b26e3]::common::connection::Connection, warp[a420268deea87cea]::reject::Rejection>>>::{closure#0}>, warp[a420268deea87cea]::filters::ws::ws::{closure#0}>>>, warp[a420268deea87cea]::filter::FilterFn<warp[a420268deea87cea]::filters::header::exact_ignore_case::{closure#0}>>, warp[a420268deea87cea]::filter::FilterFn<warp[a420268deea87cea]::filters::header::exact::{closure#0}>>, warp[a420268deea87cea]::filter::FilterFn<warp[a420268deea87cea]::filter::filter_fn_one<warp[a420268deea87cea]::filters::header::header2<headers[842122725c1b26e3]::common::sec_websocket_key::SecWebsocketKey>::{closure#0}, futures_util[649a7094f2887d64]::future::ready::Ready<core[a373ad73a504971]::result::Result<headers[842122725c1b26e3]::common::sec_websocket_key::SecWebsocketKey, warp[a420268deea87cea]::reject::Rejection>>>::{closure#0}>>, warp[a420268deea87cea]::filter::FilterFn<warp[a420268deea87cea]::filter::filter_fn_one<warp[a420268deea87cea]::filters::ws::on_upgrade::{closure#0}, futures_util[649a7094f2887d64]::future::ready::Ready<core[a373ad73a504971]::result::Result<core[a373ad73a504971]::option::Option<hyper[ed7a232d320ab469]::upgrade::OnUpgrade>, warp[a420268deea87cea]::reject::Rejection>>>::{closure#0}>>, warp[a420268deea87cea]::filters::ws::ws::{closure#1}>>, warp[a420268deea87cea]::filter::map::Map<warp[a420268deea87cea]::filters::any::Any, yrs_warp[76ea382ea7ca1162]::ws::test::start_server::{closure#0}::{closure#0}>>, yrs_warp[76ea382ea7ca1162]::ws::test::ws_handler>>>::bind_ephemeral::<core[a373ad73a504971]::net::socket_addr::SocketAddr>
[INFO] [stdout]   13:     0x55e2f1f0392d - yrs_warp[76ea382ea7ca1162]::ws::test::start_server::{closure#0}::{closure#1}
[INFO] [stdout]   14:     0x55e2f1f09e77 - <tokio[8c8c2b654adfba2d]::runtime::task::core::Core<yrs_warp[76ea382ea7ca1162]::ws::test::start_server::{closure#0}::{closure#1}, alloc[2e1b2a31b91974c5]::sync::Arc<tokio[8c8c2b654adfba2d]::runtime::scheduler::multi_thread::handle::Handle>>>::poll
[INFO] [stdout]   15:     0x55e2f1ef1b5f - <tokio[8c8c2b654adfba2d]::runtime::task::harness::Harness<yrs_warp[76ea382ea7ca1162]::ws::test::start_server::{closure#0}::{closure#1}, alloc[2e1b2a31b91974c5]::sync::Arc<tokio[8c8c2b654adfba2d]::runtime::scheduler::current_thread::Handle>>>::poll
[INFO] [stdout]   16:     0x55e2f1f39344 - <tokio[8c8c2b654adfba2d]::runtime::scheduler::current_thread::Context>::enter::<(), <tokio[8c8c2b654adfba2d]::runtime::scheduler::current_thread::Context>::run_task<(), <tokio[8c8c2b654adfba2d]::runtime::scheduler::current_thread::CoreGuard>::block_on<core[a373ad73a504971]::pin::Pin<&mut core[a373ad73a504971]::pin::Pin<&mut dyn core[a373ad73a504971]::future::future::Future<Output = core[a373ad73a504971]::result::Result<(), alloc[2e1b2a31b91974c5]::boxed::Box<dyn core[a373ad73a504971]::error::Error>>>>>>::{closure#0}::{closure#1}>::{closure#0}>
[INFO] [stdout]   17:     0x55e2f1f2b565 - <tokio[8c8c2b654adfba2d]::runtime::context::scoped::Scoped<tokio[8c8c2b654adfba2d]::runtime::scheduler::Context>>::set::<<tokio[8c8c2b654adfba2d]::runtime::scheduler::current_thread::CoreGuard>::enter<<tokio[8c8c2b654adfba2d]::runtime::scheduler::current_thread::CoreGuard>::block_on<core[a373ad73a504971]::pin::Pin<&mut core[a373ad73a504971]::pin::Pin<&mut dyn core[a373ad73a504971]::future::future::Future<Output = ()>>>>::{closure#0}, core[a373ad73a504971]::option::Option<()>>::{closure#0}, (alloc[2e1b2a31b91974c5]::boxed::Box<tokio[8c8c2b654adfba2d]::runtime::scheduler::current_thread::Core>, core[a373ad73a504971]::option::Option<()>)>
[INFO] [stdout]   18:     0x55e2f1f3aee7 - <tokio[8c8c2b654adfba2d]::runtime::scheduler::current_thread::CoreGuard>::block_on::<core[a373ad73a504971]::pin::Pin<&mut core[a373ad73a504971]::pin::Pin<&mut dyn core[a373ad73a504971]::future::future::Future<Output = ()>>>>
[INFO] [stdout]   19:     0x55e2f1f8645d - tokio[8c8c2b654adfba2d]::runtime::context::runtime::enter_runtime::<<tokio[8c8c2b654adfba2d]::runtime::scheduler::current_thread::CurrentThread>::block_on<core[a373ad73a504971]::pin::Pin<&mut dyn core[a373ad73a504971]::future::future::Future<Output = ()>>>::{closure#0}, ()>
[INFO] [stdout]   20:     0x55e2f1f386d5 - <tokio[8c8c2b654adfba2d]::runtime::runtime::Runtime>::block_on::<core[a373ad73a504971]::pin::Pin<&mut dyn core[a373ad73a504971]::future::future::Future<Output = ()>>>
[INFO] [stdout]   21:     0x55e2f1f4eb2e - <yrs_warp[76ea382ea7ca1162]::ws::test::subscribed_client_fetches_initial_state::{closure#0} as core[a373ad73a504971]::ops::function::FnOnce<()>>::call_once
[INFO] [stdout]   22:     0x55e2f1fc224b - test[aada8e7e76ba119b]::__rust_begin_short_backtrace::<core[a373ad73a504971]::result::Result<(), alloc[2e1b2a31b91974c5]::string::String>, fn() -> core[a373ad73a504971]::result::Result<(), alloc[2e1b2a31b91974c5]::string::String>>
[INFO] [stdout]   23:     0x55e2f1fcf425 - test[aada8e7e76ba119b]::run_test::{closure#0}
[INFO] [stdout]   24:     0x55e2f1fc8d14 - std[617be2ca0a6fd877]::sys::backtrace::__rust_begin_short_backtrace::<test[aada8e7e76ba119b]::run_test::{closure#1}, ()>
[INFO] [stdout]   25:     0x55e2f1fd24b2 - <std[617be2ca0a6fd877]::thread::lifecycle::spawn_unchecked<test[aada8e7e76ba119b]::run_test::{closure#1}, ()>::{closure#1} as core[a373ad73a504971]::ops::function::FnOnce<()>>::call_once::{shim:vtable#0}
[INFO] [stdout]   26:     0x55e2f216c2af - <std[617be2ca0a6fd877]::sys::thread::unix::Thread>::new::thread_start
[INFO] [stdout]   27:     0x73d07e3b9dfa - <unknown>
[INFO] [stdout]   28:     0x73d07e44d3d4 - clone
[INFO] [stdout]   29:                0x0 - <unknown>
[INFO] [stdout] 
[INFO] [stdout] thread 'ws::test::subscribed_client_fetches_initial_state' (2606) panicked at src/ws.rs:405:67:
[INFO] [stdout] called `Result::unwrap()` on an `Err` value: Io(Os { code: 111, kind: ConnectionRefused, message: "Connection refused" })
[INFO] [stdout] stack backtrace:
[INFO] [stdout]    0:     0x55e2f216d051 - <<std[617be2ca0a6fd877]::sys::backtrace::BacktraceLock>::print::DisplayBacktrace as core[a373ad73a504971]::fmt::Display>::fmt
[INFO] [stdout]    1:     0x55e2f2183a3a - core[a373ad73a504971]::fmt::write
[INFO] [stdout]    2:     0x55e2f21719fc - <alloc[2e1b2a31b91974c5]::vec::Vec<u8> as core[a373ad73a504971]::io::write::Write>::write_fmt
[INFO] [stdout]    3:     0x55e2f21480a6 - std[617be2ca0a6fd877]::panicking::default_hook::{closure#0}
[INFO] [stdout]    4:     0x55e2f2164d99 - std[617be2ca0a6fd877]::panicking::default_hook
[INFO] [stdout]    5:     0x55e2f1fcee00 - test[aada8e7e76ba119b]::test_main_inner::{closure#0}
[INFO] [stdout]    6:     0x55e2f21650c2 - std[617be2ca0a6fd877]::panicking::panic_with_hook
[INFO] [stdout]    7:     0x55e2f2148152 - std[617be2ca0a6fd877]::panicking::panic_handler::{closure#0}
[INFO] [stdout]    8:     0x55e2f2140d89 - std[617be2ca0a6fd877]::sys::backtrace::__rust_end_short_backtrace::<std[617be2ca0a6fd877]::panicking::panic_handler::{closure#0}, !>
[INFO] [stdout]    9:     0x55e2f2148f4d - __rustc[ea4f61d10b84890b]::rust_begin_unwind
[INFO] [stdout]   10:     0x55e2f218419c - core[a373ad73a504971]::panicking::panic_fmt
[INFO] [stdout]   11:     0x55e2f2183f72 - core[a373ad73a504971]::result::unwrap_failed
[INFO] [stdout]   12:     0x55e2f1f47ec3 - yrs_warp[76ea382ea7ca1162]::ws::test::subscribed_client_fetches_initial_state::{closure#0}
[INFO] [stdout]   13:     0x55e2f1f391b3 - <tokio[8c8c2b654adfba2d]::runtime::scheduler::current_thread::Context>::enter::<core[a373ad73a504971]::task::poll::Poll<()>, <tokio[8c8c2b654adfba2d]::runtime::scheduler::current_thread::CoreGuard>::block_on<core[a373ad73a504971]::pin::Pin<&mut core[a373ad73a504971]::pin::Pin<&mut dyn core[a373ad73a504971]::future::future::Future<Output = ()>>>>::{closure#0}::{closure#0}>
[INFO] [stdout]   14:     0x55e2f1f2b50c - <tokio[8c8c2b654adfba2d]::runtime::context::scoped::Scoped<tokio[8c8c2b654adfba2d]::runtime::scheduler::Context>>::set::<<tokio[8c8c2b654adfba2d]::runtime::scheduler::current_thread::CoreGuard>::enter<<tokio[8c8c2b654adfba2d]::runtime::scheduler::current_thread::CoreGuard>::block_on<core[a373ad73a504971]::pin::Pin<&mut core[a373ad73a504971]::pin::Pin<&mut dyn core[a373ad73a504971]::future::future::Future<Output = ()>>>>::{closure#0}, core[a373ad73a504971]::option::Option<()>>::{closure#0}, (alloc[2e1b2a31b91974c5]::boxed::Box<tokio[8c8c2b654adfba2d]::runtime::scheduler::current_thread::Core>, core[a373ad73a504971]::option::Option<()>)>
[INFO] [stdout]   15:     0x55e2f1f3aee7 - <tokio[8c8c2b654adfba2d]::runtime::scheduler::current_thread::CoreGuard>::block_on::<core[a373ad73a504971]::pin::Pin<&mut core[a373ad73a504971]::pin::Pin<&mut dyn core[a373ad73a504971]::future::future::Future<Output = ()>>>>
[INFO] [stdout]   16:     0x55e2f1f8645d - tokio[8c8c2b654adfba2d]::runtime::context::runtime::enter_runtime::<<tokio[8c8c2b654adfba2d]::runtime::scheduler::current_thread::CurrentThread>::block_on<core[a373ad73a504971]::pin::Pin<&mut dyn core[a373ad73a504971]::future::future::Future<Output = ()>>>::{closure#0}, ()>
[INFO] [stdout]   17:     0x55e2f1f386d5 - <tokio[8c8c2b654adfba2d]::runtime::runtime::Runtime>::block_on::<core[a373ad73a504971]::pin::Pin<&mut dyn core[a373ad73a504971]::future::future::Future<Output = ()>>>
[INFO] [stdout]   18:     0x55e2f1f4eb2e - <yrs_warp[76ea382ea7ca1162]::ws::test::subscribed_client_fetches_initial_state::{closure#0} as core[a373ad73a504971]::ops::function::FnOnce<()>>::call_once
[INFO] [stdout]   19:     0x55e2f1fc224b - test[aada8e7e76ba119b]::__rust_begin_short_backtrace::<core[a373ad73a504971]::result::Result<(), alloc[2e1b2a31b91974c5]::string::String>, fn() -> core[a373ad73a504971]::result::Result<(), alloc[2e1b2a31b91974c5]::string::String>>
[INFO] [stdout]   20:     0x55e2f1fcf425 - test[aada8e7e76ba119b]::run_test::{closure#0}
[INFO] [stdout]   21:     0x55e2f1fc8d14 - std[617be2ca0a6fd877]::sys::backtrace::__rust_begin_short_backtrace::<test[aada8e7e76ba119b]::run_test::{closure#1}, ()>
[INFO] [stdout]   22:     0x55e2f1fd24b2 - <std[617be2ca0a6fd877]::thread::lifecycle::spawn_unchecked<test[aada8e7e76ba119b]::run_test::{closure#1}, ()>::{closure#1} as core[a373ad73a504971]::ops::function::FnOnce<()>>::call_once::{shim:vtable#0}
[INFO] [stdout]   23:     0x55e2f216c2af - <std[617be2ca0a6fd877]::sys::thread::unix::Thread>::new::thread_start
[INFO] [stdout]   24:     0x73d07e3b9dfa - <unknown>
[INFO] [stdout]   25:     0x73d07e44d3d4 - clone
[INFO] [stdout]   26:                0x0 - <unknown>
[INFO] [stdout] 
[INFO] [stdout] 
[INFO] [stdout] failures:
[INFO] [stdout]     ws::test::subscribed_client_fetches_initial_state
[INFO] [stdout] 
[INFO] [stdout] test result: FAILED. 8 passed; 1 failed; 0 ignored; 0 measured; 0 filtered out; finished in 5.02s
[INFO] [stdout] 
[INFO] [stderr] error: test failed, to rerun pass `--lib`
[INFO] running `Command { std: "docker" "inspect" "512e8a0364e26b0fc09f2ff4b33b7ba17869e215c374b3a40c081607c6b23484", kill_on_drop: false }`
[INFO] running `Command { std: "docker" "rm" "-f" "512e8a0364e26b0fc09f2ff4b33b7ba17869e215c374b3a40c081607c6b23484", kill_on_drop: false }`
[INFO] [stdout] 512e8a0364e26b0fc09f2ff4b33b7ba17869e215c374b3a40c081607c6b23484
