[INFO] fetching crate youtube_dl 0.10.0...
[INFO] testing youtube_dl-0.10.0 against 1.99.0-beta.8+cargoflags=--release for beta-release-1.100-2
[INFO] extracting crate youtube_dl 0.10.0 into /workspace/builds/worker-7-tc1/source
[INFO] started tweaking crates.io crate youtube_dl 0.10.0
[INFO] removed 0 missing examples
[INFO] finished tweaking crates.io crate youtube_dl 0.10.0
[INFO] tweaked toml for crates.io crate youtube_dl 0.10.0 written to /workspace/builds/worker-7-tc1/source/Cargo.toml
[INFO] validating manifest of crates.io crate youtube_dl 0.10.0 on toolchain 1.99.0-beta.8
[INFO] running `Command { std: CARGO_HOME="/workspace/cargo-home" RUSTUP_HOME="/workspace/rustup-home" "/workspace/cargo-home/bin/cargo" "+1.99.0-beta.8" "metadata" "--manifest-path" "Cargo.toml" "--no-deps", kill_on_drop: false }`
[INFO] crate crates.io crate youtube_dl 0.10.0 already has a lockfile, it will not be regenerated
[INFO] running `Command { std: CARGO_HOME="/workspace/cargo-home" RUSTUP_HOME="/workspace/rustup-home" "/workspace/cargo-home/bin/cargo" "+1.99.0-beta.8" "fetch" "--manifest-path" "Cargo.toml", kill_on_drop: false }`
[INFO] [stderr]  Downloading crates ...
[INFO] [stderr]   Downloaded fastrand v2.0.2
[INFO] [stderr]   Downloaded wasm-bindgen-futures v0.4.42
[INFO] [stderr]   Downloaded rustls-pki-types v1.4.1
[INFO] [stderr]   Downloaded syn v2.0.58
[INFO] [stderr]   Downloaded socket2 v0.5.6
[INFO] [stderr]   Downloaded cc v1.0.91
[INFO] [stderr]   Downloaded security-framework-sys v2.10.0
[INFO] [stderr]   Downloaded rustls-pemfile v2.1.2
[INFO] [stderr]   Downloaded pin-project-internal v1.1.5
[INFO] [stderr]   Downloaded bumpalo v3.15.4
[INFO] [stderr]   Downloaded hyper-util v0.1.3
[INFO] [stderr]   Downloaded http-body-util v0.1.1
[INFO] [stderr]   Downloaded pin-project v1.1.5
[INFO] [stderr]   Downloaded anstyle v1.0.6
[INFO] [stderr]   Downloaded base64 v0.22.0
[INFO] [stderr]   Downloaded hyper-rustls v0.26.0
[INFO] [stderr]   Downloaded env_filter v0.1.0
[INFO] [stderr]   Downloaded reqwest v0.12.3
[INFO] [stderr]   Downloaded env_logger v0.11.3
[INFO] [stderr]   Downloaded anstream v0.6.13
[INFO] [stderr]   Downloaded serde_json v1.0.115
[INFO] [stderr]   Downloaded security-framework v2.10.0
[INFO] [stderr]   Downloaded hyper v1.3.1
[INFO] [stderr]   Downloaded rustls-webpki v0.102.2
[INFO] [stderr]   Downloaded webpki-roots v0.26.1
[INFO] [stderr]   Downloaded rustix v0.38.32
[INFO] [stderr]   Downloaded rustls v0.22.3
[INFO] [stderr]   Downloaded regex v1.10.4
[INFO] [stderr]   Downloaded tokio v1.37.0
[INFO] running `Command { std: "docker" "create" "-v" "/var/lib/crater-agent-workspace/builds/worker-7-tc1/source:/opt/rustwide/workdir:ro,Z" "-v" "/var/lib/crater-agent-workspace/builds/worker-7-tc1/target:/opt/rustwide/target:rw,Z" "-v" "/var/lib/crater-agent-workspace/cargo-home:/opt/rustwide/cargo-home:ro,Z" "-v" "/var/lib/crater-agent-workspace/rustup-home:/opt/rustwide/rustup-home:ro,Z" "-m" "1610612736" "--network" "none" "ghcr.io/rust-lang/crates-build-env/linux@sha256:77db811e55d90add9212f6832c23229e3de5f1c1f9905e8cb07319ea15df73ac" "sleep" "infinity", kill_on_drop: false }`
[INFO] [stdout] 506844e90a50f1eecc6d1a7f61b14726aee97112b7dbae4fa01cae1d1139852c
[INFO] running `Command { std: "docker" "start" "506844e90a50f1eecc6d1a7f61b14726aee97112b7dbae4fa01cae1d1139852c", kill_on_drop: false }`
[INFO] running `Command { std: "docker" "inspect" "506844e90a50f1eecc6d1a7f61b14726aee97112b7dbae4fa01cae1d1139852c", kill_on_drop: false }`
[INFO] running `Command { std: "docker" "exec" "-e" "SOURCE_DIR=/opt/rustwide/workdir" "-e" "CARGO_HOME=/opt/rustwide/cargo-home" "-e" "RUSTUP_HOME=/opt/rustwide/rustup-home" "-e" "CARGO_TARGET_DIR=/opt/rustwide/target" "-w" "/opt/rustwide/workdir" "--user" "0:0" "506844e90a50f1eecc6d1a7f61b14726aee97112b7dbae4fa01cae1d1139852c" "/opt/rustwide/cargo-home/bin/cargo" "+1.99.0-beta.8" "metadata" "--no-deps" "--format-version=1", kill_on_drop: false }`
[INFO] running `Command { std: "docker" "inspect" "506844e90a50f1eecc6d1a7f61b14726aee97112b7dbae4fa01cae1d1139852c", kill_on_drop: false }`
[INFO] running `Command { std: "docker" "exec" "-e" "SOURCE_DIR=/opt/rustwide/workdir" "-e" "CARGO_HOME=/opt/rustwide/cargo-home" "-e" "RUSTUP_HOME=/opt/rustwide/rustup-home" "-e" "CARGO_TARGET_DIR=/opt/rustwide/target" "-e" "CARGO_INCREMENTAL=0" "-e" "RUST_BACKTRACE=full" "-e" "RUSTFLAGS=--cap-lints=warn" "-e" "RUSTDOCFLAGS=--cap-lints=warn" "-w" "/opt/rustwide/workdir" "--user" "0:0" "506844e90a50f1eecc6d1a7f61b14726aee97112b7dbae4fa01cae1d1139852c" "/opt/rustwide/cargo-home/bin/cargo" "+1.99.0-beta.8" "build" "--frozen" "--message-format=json" "--release", kill_on_drop: false }`
[INFO] [stderr]    Compiling proc-macro2 v1.0.79
[INFO] [stderr]    Compiling libc v0.2.153
[INFO] [stderr]    Compiling serde v1.0.197
[INFO] [stderr]    Compiling serde_json v1.0.115
[INFO] [stderr]    Compiling ryu v1.0.17
[INFO] [stderr]    Compiling log v0.4.21
[INFO] [stderr]    Compiling quote v1.0.35
[INFO] [stderr]    Compiling wait-timeout v0.2.0
[INFO] [stderr]    Compiling syn v2.0.58
[INFO] [stderr]    Compiling serde_derive v1.0.197
[INFO] [stderr]    Compiling youtube_dl v0.10.0 (/opt/rustwide/workdir)
[INFO] [stderr]     Finished `release` profile [optimized] target(s) in 23.61s
[INFO] running `Command { std: "docker" "inspect" "506844e90a50f1eecc6d1a7f61b14726aee97112b7dbae4fa01cae1d1139852c", kill_on_drop: false }`
[INFO] running `Command { std: "docker" "exec" "-e" "SOURCE_DIR=/opt/rustwide/workdir" "-e" "CARGO_HOME=/opt/rustwide/cargo-home" "-e" "RUSTUP_HOME=/opt/rustwide/rustup-home" "-e" "CARGO_TARGET_DIR=/opt/rustwide/target" "-e" "CARGO_INCREMENTAL=0" "-e" "RUST_BACKTRACE=full" "-e" "RUSTFLAGS=--cap-lints=warn" "-e" "RUSTDOCFLAGS=--cap-lints=warn" "-w" "/opt/rustwide/workdir" "--user" "0:0" "506844e90a50f1eecc6d1a7f61b14726aee97112b7dbae4fa01cae1d1139852c" "/opt/rustwide/cargo-home/bin/cargo" "+1.99.0-beta.8" "test" "--frozen" "--no-run" "--message-format=json" "--release", kill_on_drop: false }`
[INFO] [stderr]    Compiling proc-macro2 v1.0.79
[INFO] [stderr]    Compiling memchr v2.7.2
[INFO] [stderr]    Compiling regex-syntax v0.8.3
[INFO] [stderr]    Compiling log v0.4.21
[INFO] [stderr]    Compiling utf8parse v0.2.1
[INFO] [stderr]    Compiling rustix v0.38.32
[INFO] [stderr]    Compiling anstyle v1.0.6
[INFO] [stderr]    Compiling colorchoice v1.0.0
[INFO] [stderr]    Compiling anstyle-query v1.0.2
[INFO] [stderr]    Compiling linux-raw-sys v0.4.13
[INFO] [stderr]    Compiling bitflags v2.5.0
[INFO] [stderr]    Compiling fastrand v2.0.2
[INFO] [stderr]    Compiling num_cpus v1.16.0
[INFO] [stderr]    Compiling anstyle-parse v0.2.3
[INFO] [stderr]    Compiling anstream v0.6.13
[INFO] [stderr]    Compiling quote v1.0.35
[INFO] [stderr]    Compiling aho-corasick v1.1.3
[INFO] [stderr]    Compiling syn v2.0.58
[INFO] [stderr]    Compiling tempfile v3.10.1
[INFO] [stderr]    Compiling regex-automata v0.4.6
[INFO] [stderr]    Compiling serde_derive v1.0.197
[INFO] [stderr]    Compiling tokio-macros v2.2.0
[INFO] [stderr]    Compiling tokio v1.37.0
[INFO] [stderr]    Compiling regex v1.10.4
[INFO] [stderr]    Compiling env_filter v0.1.0
[INFO] [stderr]    Compiling env_logger v0.11.3
[INFO] [stderr]    Compiling serde v1.0.197
[INFO] [stderr]    Compiling serde_json v1.0.115
[INFO] [stderr]    Compiling youtube_dl v0.10.0 (/opt/rustwide/workdir)
[INFO] [stdout] warning: missing documentation for a method
[INFO] [stdout]    --> src/lib.rs:474:5
[INFO] [stdout]     |
[INFO] [stdout] 474 |     pub fn debug(&mut self, arg: bool) -> &mut Self {
[INFO] [stdout]     |     ^^^^^^^^^^^^^^^^^^^^^^^^^^^^^^^^^^^^^^^^^^^^^^^
[INFO] [stdout]     |
[INFO] [stdout] note: the lint level is defined here
[INFO] [stdout]    --> src/lib.rs:23:9
[INFO] [stdout]     |
[INFO] [stdout]  23 | #![warn(missing_docs)]
[INFO] [stdout]     |         ^^^^^^^^^^^^
[INFO] [stdout] 
[INFO] [stdout] 
[INFO] [stderr]     Finished `release` profile [optimized] target(s) in 39.61s
[INFO] running `Command { std: "docker" "inspect" "506844e90a50f1eecc6d1a7f61b14726aee97112b7dbae4fa01cae1d1139852c", kill_on_drop: false }`
[INFO] running `Command { std: "docker" "exec" "-e" "SOURCE_DIR=/opt/rustwide/workdir" "-e" "CARGO_HOME=/opt/rustwide/cargo-home" "-e" "RUSTUP_HOME=/opt/rustwide/rustup-home" "-e" "CARGO_TARGET_DIR=/opt/rustwide/target" "-e" "CARGO_INCREMENTAL=0" "-e" "RUST_BACKTRACE=full" "-e" "RUSTFLAGS=--cap-lints=warn" "-e" "RUSTDOCFLAGS=--cap-lints=warn" "-w" "/opt/rustwide/workdir" "--user" "0:0" "506844e90a50f1eecc6d1a7f61b14726aee97112b7dbae4fa01cae1d1139852c" "/opt/rustwide/cargo-home/bin/cargo" "+1.99.0-beta.8" "test" "--frozen" "--release", kill_on_drop: false }`
[INFO] [stderr] warning: missing documentation for a method
[INFO] [stderr]    --> src/lib.rs:474:5
[INFO] [stderr]     |
[INFO] [stderr] 474 |     pub fn debug(&mut self, arg: bool) -> &mut Self {
[INFO] [stderr]     |     ^^^^^^^^^^^^^^^^^^^^^^^^^^^^^^^^^^^^^^^^^^^^^^^
[INFO] [stderr]     |
[INFO] [stderr] note: the lint level is defined here
[INFO] [stderr]    --> src/lib.rs:23:9
[INFO] [stderr]     |
[INFO] [stderr]  23 | #![warn(missing_docs)]
[INFO] [stderr]     |         ^^^^^^^^^^^^
[INFO] [stderr] 
[INFO] [stderr] warning: `youtube_dl` (lib test) generated 1 warning
[INFO] [stderr]     Finished `release` profile [optimized] target(s) in 0.10s
[INFO] [stderr]      Running unittests src/lib.rs (/opt/rustwide/target/release/deps/youtube_dl-95f38ff62b4577a2)
[INFO] [stdout] 
[INFO] [stdout] running 10 tests
[INFO] [stdout] test tests::test_timestamp_parse_error ... ignored
[INFO] [stdout] test tests::test_protocol_fallback ... ok
[INFO] [stdout] test tests::test_unknown_url ... ok
[INFO] [stdout] test tests::test_with_yt_dlp ... FAILED
[INFO] [stdout] test tests::correct_format_codec_parsing ... FAILED
[INFO] [stdout] test tests::test_search ... FAILED
[INFO] [stdout] test tests::test_with_timeout ... FAILED
[INFO] [stdout] test tests::test_download_with_yt_dlp ... FAILED
[INFO] [stdout] test tests::test_download_to_destination ... FAILED
[INFO] [stderr] error: test failed, to rerun pass `--lib`
[INFO] [stdout] test tests::test_youtube_url ... FAILED
[INFO] [stdout] 
[INFO] [stdout] failures:
[INFO] [stdout] 
[INFO] [stdout] ---- tests::test_with_yt_dlp stdout ----
[INFO] [stdout] 
[INFO] [stdout] thread 'tests::test_with_yt_dlp' (1058) panicked at src/lib.rs:946:14:
[INFO] [stdout] called `Result::unwrap()` on an `Err` value: Io(Os { code: 2, kind: NotFound, message: "No such file or directory" })
[INFO] [stdout] stack backtrace:
[INFO] [stdout]    0:     0x574b6a9d7811 - <<std[70759c8f55707aa4]::sys::backtrace::BacktraceLock>::print::DisplayBacktrace as core[df12db4294e9bfd3]::fmt::Display>::fmt
[INFO] [stdout]    1:     0x574b6a9ec88a - core[df12db4294e9bfd3]::fmt::write
[INFO] [stdout]    2:     0x574b6a9dc06c - <alloc[2182bb758b4b3781]::vec::Vec<u8> as core[df12db4294e9bfd3]::io::write::Write>::write_fmt
[INFO] [stdout]    3:     0x574b6a9b2186 - std[70759c8f55707aa4]::panicking::default_hook::{closure#0}
[INFO] [stdout]    4:     0x574b6a9cf4b9 - std[70759c8f55707aa4]::panicking::default_hook
[INFO] [stdout]    5:     0x574b6a962410 - test[9d35eded1c95d3be]::test_main_inner::<test[9d35eded1c95d3be]::test_main_static::{closure#0}>::{closure#0}
[INFO] [stdout]    6:     0x574b6a9cf672 - std[70759c8f55707aa4]::panicking::panic_with_hook
[INFO] [stdout]    7:     0x574b6a9b2232 - std[70759c8f55707aa4]::panicking::panic_handler::{closure#0}
[INFO] [stdout]    8:     0x574b6a9aadf9 - std[70759c8f55707aa4]::sys::backtrace::__rust_end_short_backtrace::<std[70759c8f55707aa4]::panicking::panic_handler::{closure#0}, !>
[INFO] [stdout]    9:     0x574b6a9b2e2d - __rustc[8fa7c3cbc660c2b3]::rust_begin_unwind
[INFO] [stdout]   10:     0x574b6a9ecfbc - core[df12db4294e9bfd3]::panicking::panic_fmt
[INFO] [stdout]   11:     0x574b6a9ecd92 - core[df12db4294e9bfd3]::result::unwrap_failed
[INFO] [stdout]   12:     0x574b6a939117 - youtube_dl[fff3d2404165afea]::tests::test_with_yt_dlp
[INFO] [stdout]   13:     0x574b6a945dc9 - <youtube_dl[fff3d2404165afea]::tests::test_with_yt_dlp::{closure#0} as core[df12db4294e9bfd3]::ops::function::FnOnce<()>>::call_once
[INFO] [stdout]   14:     0x574b6a9556fb - test[9d35eded1c95d3be]::__rust_begin_short_backtrace::<core[df12db4294e9bfd3]::result::Result<(), alloc[2182bb758b4b3781]::string::String>, fn() -> core[df12db4294e9bfd3]::result::Result<(), alloc[2182bb758b4b3781]::string::String>>
[INFO] [stdout]   15:     0x574b6a962d65 - test[9d35eded1c95d3be]::run_test::{closure#0}
[INFO] [stdout]   16:     0x574b6a95c624 - std[70759c8f55707aa4]::sys::backtrace::__rust_begin_short_backtrace::<test[9d35eded1c95d3be]::run_test::{closure#1}, ()>
[INFO] [stdout]   17:     0x574b6a965ec2 - <std[70759c8f55707aa4]::thread::lifecycle::spawn_unchecked<test[9d35eded1c95d3be]::run_test::{closure#1}, ()>::{closure#1} as core[df12db4294e9bfd3]::ops::function::FnOnce<()>>::call_once::{shim:vtable#0}
[INFO] [stdout]   18:     0x574b6a9d70e9 - <std[70759c8f55707aa4]::sys::thread::unix::Thread>::new::thread_start
[INFO] [stdout]   19:     0x78aa78d2adfa - <unknown>
[INFO] [stdout]   20:     0x78aa78dbe3d4 - clone
[INFO] [stdout]   21:                0x0 - <unknown>
[INFO] [stdout] 
[INFO] [stdout] ---- tests::correct_format_codec_parsing stdout ----
[INFO] [stdout] 
[INFO] [stdout] thread 'tests::correct_format_codec_parsing' (1051) panicked at src/lib.rs:910:14:
[INFO] [stdout] called `Result::unwrap()` on an `Err` value: Io(Os { code: 2, kind: NotFound, message: "No such file or directory" })
[INFO] [stdout] stack backtrace:
[INFO] [stdout]    0:     0x574b6a9d7811 - <<std[70759c8f55707aa4]::sys::backtrace::BacktraceLock>::print::DisplayBacktrace as core[df12db4294e9bfd3]::fmt::Display>::fmt
[INFO] [stdout]    1:     0x574b6a9ec88a - core[df12db4294e9bfd3]::fmt::write
[INFO] [stdout]    2:     0x574b6a9dc06c - <alloc[2182bb758b4b3781]::vec::Vec<u8> as core[df12db4294e9bfd3]::io::write::Write>::write_fmt
[INFO] [stdout]    3:     0x574b6a9b2186 - std[70759c8f55707aa4]::panicking::default_hook::{closure#0}
[INFO] [stdout]    4:     0x574b6a9cf4b9 - std[70759c8f55707aa4]::panicking::default_hook
[INFO] [stdout]    5:     0x574b6a962410 - test[9d35eded1c95d3be]::test_main_inner::<test[9d35eded1c95d3be]::test_main_static::{closure#0}>::{closure#0}
[INFO] [stdout]    6:     0x574b6a9cf672 - std[70759c8f55707aa4]::panicking::panic_with_hook
[INFO] [stdout]    7:     0x574b6a9b2232 - std[70759c8f55707aa4]::panicking::panic_handler::{closure#0}
[INFO] [stdout]    8:     0x574b6a9aadf9 - std[70759c8f55707aa4]::sys::backtrace::__rust_end_short_backtrace::<std[70759c8f55707aa4]::panicking::panic_handler::{closure#0}, !>
[INFO] [stdout]    9:     0x574b6a9b2e2d - __rustc[8fa7c3cbc660c2b3]::rust_begin_unwind
[INFO] [stdout]   10:     0x574b6a9ecfbc - core[df12db4294e9bfd3]::panicking::panic_fmt
[INFO] [stdout]   11:     0x574b6a9ecd92 - core[df12db4294e9bfd3]::result::unwrap_failed
[INFO] [stdout]   12:     0x574b6a93b2b9 - youtube_dl[fff3d2404165afea]::tests::correct_format_codec_parsing
[INFO] [stdout]   13:     0x574b6a945e89 - <youtube_dl[fff3d2404165afea]::tests::correct_format_codec_parsing::{closure#0} as core[df12db4294e9bfd3]::ops::function::FnOnce<()>>::call_once
[INFO] [stdout]   14:     0x574b6a9556fb - test[9d35eded1c95d3be]::__rust_begin_short_backtrace::<core[df12db4294e9bfd3]::result::Result<(), alloc[2182bb758b4b3781]::string::String>, fn() -> core[df12db4294e9bfd3]::result::Result<(), alloc[2182bb758b4b3781]::string::String>>
[INFO] [stdout]   15:     0x574b6a962d65 - test[9d35eded1c95d3be]::run_test::{closure#0}
[INFO] [stdout]   16:     0x574b6a95c624 - std[70759c8f55707aa4]::sys::backtrace::__rust_begin_short_backtrace::<test[9d35eded1c95d3be]::run_test::{closure#1}, ()>
[INFO] [stdout]   17:     0x574b6a965ec2 - <std[70759c8f55707aa4]::thread::lifecycle::spawn_unchecked<test[9d35eded1c95d3be]::run_test::{closure#1}, ()>::{closure#1} as core[df12db4294e9bfd3]::ops::function::FnOnce<()>>::call_once::{shim:vtable#0}
[INFO] [stdout]   18:     0x574b6a9d70e9 - <std[70759c8f55707aa4]::sys::thread::unix::Thread>::new::thread_start
[INFO] [stdout]   19:     0x78aa78d2adfa - <unknown>
[INFO] [stdout]   20:     0x78aa78dbe3d4 - clone
[INFO] [stdout]   21:                0x0 - <unknown>
[INFO] [stdout] 
[INFO] [stdout] ---- tests::test_search stdout ----
[INFO] [stdout] 
[INFO] [stdout] thread 'tests::test_search' (1055) panicked at src/lib.rs:900:14:
[INFO] [stdout] called `Result::unwrap()` on an `Err` value: Io(Os { code: 2, kind: NotFound, message: "No such file or directory" })
[INFO] [stdout] stack backtrace:
[INFO] [stdout]    0:     0x574b6a9d7811 - <<std[70759c8f55707aa4]::sys::backtrace::BacktraceLock>::print::DisplayBacktrace as core[df12db4294e9bfd3]::fmt::Display>::fmt
[INFO] [stdout]    1:     0x574b6a9ec88a - core[df12db4294e9bfd3]::fmt::write
[INFO] [stdout]    2:     0x574b6a9dc06c - <alloc[2182bb758b4b3781]::vec::Vec<u8> as core[df12db4294e9bfd3]::io::write::Write>::write_fmt
[INFO] [stdout]    3:     0x574b6a9b2186 - std[70759c8f55707aa4]::panicking::default_hook::{closure#0}
[INFO] [stdout]    4:     0x574b6a9cf4b9 - std[70759c8f55707aa4]::panicking::default_hook
[INFO] [stdout]    5:     0x574b6a962410 - test[9d35eded1c95d3be]::test_main_inner::<test[9d35eded1c95d3be]::test_main_static::{closure#0}>::{closure#0}
[INFO] [stdout]    6:     0x574b6a9cf672 - std[70759c8f55707aa4]::panicking::panic_with_hook
[INFO] [stdout]    7:     0x574b6a9b2232 - std[70759c8f55707aa4]::panicking::panic_handler::{closure#0}
[INFO] [stdout]    8:     0x574b6a9aadf9 - std[70759c8f55707aa4]::sys::backtrace::__rust_end_short_backtrace::<std[70759c8f55707aa4]::panicking::panic_handler::{closure#0}, !>
[INFO] [stdout]    9:     0x574b6a9b2e2d - __rustc[8fa7c3cbc660c2b3]::rust_begin_unwind
[INFO] [stdout]   10:     0x574b6a9ecfbc - core[df12db4294e9bfd3]::panicking::panic_fmt
[INFO] [stdout]   11:     0x574b6a9ecd92 - core[df12db4294e9bfd3]::result::unwrap_failed
[INFO] [stdout]   12:     0x574b6a9388cb - youtube_dl[fff3d2404165afea]::tests::test_search
[INFO] [stdout]   13:     0x574b6a945d89 - <youtube_dl[fff3d2404165afea]::tests::test_search::{closure#0} as core[df12db4294e9bfd3]::ops::function::FnOnce<()>>::call_once
[INFO] [stdout]   14:     0x574b6a9556fb - test[9d35eded1c95d3be]::__rust_begin_short_backtrace::<core[df12db4294e9bfd3]::result::Result<(), alloc[2182bb758b4b3781]::string::String>, fn() -> core[df12db4294e9bfd3]::result::Result<(), alloc[2182bb758b4b3781]::string::String>>
[INFO] [stdout]   15:     0x574b6a962d65 - test[9d35eded1c95d3be]::run_test::{closure#0}
[INFO] [stdout]   16:     0x574b6a95c624 - std[70759c8f55707aa4]::sys::backtrace::__rust_begin_short_backtrace::<test[9d35eded1c95d3be]::run_test::{closure#1}, ()>
[INFO] [stdout]   17:     0x574b6a965ec2 - <std[70759c8f55707aa4]::thread::lifecycle::spawn_unchecked<test[9d35eded1c95d3be]::run_test::{closure#1}, ()>::{closure#1} as core[df12db4294e9bfd3]::ops::function::FnOnce<()>>::call_once::{shim:vtable#0}
[INFO] [stdout]   18:     0x574b6a9d70e9 - <std[70759c8f55707aa4]::sys::thread::unix::Thread>::new::thread_start
[INFO] [stdout]   19:     0x78aa78d2adfa - <unknown>
[INFO] [stdout]   20:     0x78aa78dbe3d4 - clone
[INFO] [stdout]   21:                0x0 - <unknown>
[INFO] [stdout] 
[INFO] [stdout] ---- tests::test_with_timeout stdout ----
[INFO] [stdout] 
[INFO] [stdout] thread 'tests::test_with_timeout' (1057) panicked at src/lib.rs:879:14:
[INFO] [stdout] called `Result::unwrap()` on an `Err` value: Io(Os { code: 2, kind: NotFound, message: "No such file or directory" })
[INFO] [stdout] stack backtrace:
[INFO] [stdout]    0:     0x574b6a9d7811 - <<std[70759c8f55707aa4]::sys::backtrace::BacktraceLock>::print::DisplayBacktrace as core[df12db4294e9bfd3]::fmt::Display>::fmt
[INFO] [stdout]    1:     0x574b6a9ec88a - core[df12db4294e9bfd3]::fmt::write
[INFO] [stdout]    2:     0x574b6a9dc06c - <alloc[2182bb758b4b3781]::vec::Vec<u8> as core[df12db4294e9bfd3]::io::write::Write>::write_fmt
[INFO] [stdout]    3:     0x574b6a9b2186 - std[70759c8f55707aa4]::panicking::default_hook::{closure#0}
[INFO] [stdout]    4:     0x574b6a9cf4b9 - std[70759c8f55707aa4]::panicking::default_hook
[INFO] [stdout]    5:     0x574b6a962410 - test[9d35eded1c95d3be]::test_main_inner::<test[9d35eded1c95d3be]::test_main_static::{closure#0}>::{closure#0}
[INFO] [stdout]    6:     0x574b6a9cf672 - std[70759c8f55707aa4]::panicking::panic_with_hook
[INFO] [stdout]    7:     0x574b6a9b2232 - std[70759c8f55707aa4]::panicking::panic_handler::{closure#0}
[INFO] [stdout]    8:     0x574b6a9aadf9 - std[70759c8f55707aa4]::sys::backtrace::__rust_end_short_backtrace::<std[70759c8f55707aa4]::panicking::panic_handler::{closure#0}, !>
[INFO] [stdout]    9:     0x574b6a9b2e2d - __rustc[8fa7c3cbc660c2b3]::rust_begin_unwind
[INFO] [stdout]   10:     0x574b6a9ecfbc - core[df12db4294e9bfd3]::panicking::panic_fmt
[INFO] [stdout]   11:     0x574b6a9ecd92 - core[df12db4294e9bfd3]::result::unwrap_failed
[INFO] [stdout]   12:     0x574b6a939859 - youtube_dl[fff3d2404165afea]::tests::test_with_timeout
[INFO] [stdout]   13:     0x574b6a945e09 - <youtube_dl[fff3d2404165afea]::tests::test_with_timeout::{closure#0} as core[df12db4294e9bfd3]::ops::function::FnOnce<()>>::call_once
[INFO] [stdout]   14:     0x574b6a9556fb - test[9d35eded1c95d3be]::__rust_begin_short_backtrace::<core[df12db4294e9bfd3]::result::Result<(), alloc[2182bb758b4b3781]::string::String>, fn() -> core[df12db4294e9bfd3]::result::Result<(), alloc[2182bb758b4b3781]::string::String>>
[INFO] [stdout]   15:     0x574b6a962d65 - test[9d35eded1c95d3be]::run_test::{closure#0}
[INFO] [stdout]   16:     0x574b6a95c624 - std[70759c8f55707aa4]::sys::backtrace::__rust_begin_short_backtrace::<test[9d35eded1c95d3be]::run_test::{closure#1}, ()>
[INFO] [stdout]   17:     0x574b6a965ec2 - <std[70759c8f55707aa4]::thread::lifecycle::spawn_unchecked<test[9d35eded1c95d3be]::run_test::{closure#1}, ()>::{closure#1} as core[df12db4294e9bfd3]::ops::function::FnOnce<()>>::call_once::{shim:vtable#0}
[INFO] [stdout]   18:     0x574b6a9d70e9 - <std[70759c8f55707aa4]::sys::thread::unix::Thread>::new::thread_start
[INFO] [stdout]   19:     0x78aa78d2adfa - <unknown>
[INFO] [stdout]   20:     0x78aa78dbe3d4 - clone
[INFO] [stdout]   21:                0x0 - <unknown>
[INFO] [stdout] 
[INFO] [stdout] ---- tests::test_download_with_yt_dlp stdout ----
[INFO] [stdout] 
[INFO] [stdout] thread 'tests::test_download_with_yt_dlp' (1053) panicked at src/lib.rs:960:14:
[INFO] [stdout] called `Result::unwrap()` on an `Err` value: Io(Os { code: 2, kind: NotFound, message: "No such file or directory" })
[INFO] [stdout] stack backtrace:
[INFO] [stdout]    0:     0x574b6a9d7811 - <<std[70759c8f55707aa4]::sys::backtrace::BacktraceLock>::print::DisplayBacktrace as core[df12db4294e9bfd3]::fmt::Display>::fmt
[INFO] [stdout]    1:     0x574b6a9ec88a - core[df12db4294e9bfd3]::fmt::write
[INFO] [stdout]    2:     0x574b6a9dc06c - <alloc[2182bb758b4b3781]::vec::Vec<u8> as core[df12db4294e9bfd3]::io::write::Write>::write_fmt
[INFO] [stdout]    3:     0x574b6a9b2186 - std[70759c8f55707aa4]::panicking::default_hook::{closure#0}
[INFO] [stdout]    4:     0x574b6a9cf4b9 - std[70759c8f55707aa4]::panicking::default_hook
[INFO] [stdout]    5:     0x574b6a962410 - test[9d35eded1c95d3be]::test_main_inner::<test[9d35eded1c95d3be]::test_main_static::{closure#0}>::{closure#0}
[INFO] [stdout]    6:     0x574b6a9cf672 - std[70759c8f55707aa4]::panicking::panic_with_hook
[INFO] [stdout]    7:     0x574b6a9b2232 - std[70759c8f55707aa4]::panicking::panic_handler::{closure#0}
[INFO] [stdout]    8:     0x574b6a9aadf9 - std[70759c8f55707aa4]::sys::backtrace::__rust_end_short_backtrace::<std[70759c8f55707aa4]::panicking::panic_handler::{closure#0}, !>
[INFO] [stdout]    9:     0x574b6a9b2e2d - __rustc[8fa7c3cbc660c2b3]::rust_begin_unwind
[INFO] [stdout]   10:     0x574b6a9ecfbc - core[df12db4294e9bfd3]::panicking::panic_fmt
[INFO] [stdout]   11:     0x574b6a9ecd92 - core[df12db4294e9bfd3]::result::unwrap_failed
[INFO] [stdout]   12:     0x574b6a939d14 - youtube_dl[fff3d2404165afea]::tests::test_download_with_yt_dlp
[INFO] [stdout]   13:     0x574b6a945e49 - <youtube_dl[fff3d2404165afea]::tests::test_download_with_yt_dlp::{closure#0} as core[df12db4294e9bfd3]::ops::function::FnOnce<()>>::call_once
[INFO] [stdout]   14:     0x574b6a9556fb - test[9d35eded1c95d3be]::__rust_begin_short_backtrace::<core[df12db4294e9bfd3]::result::Result<(), alloc[2182bb758b4b3781]::string::String>, fn() -> core[df12db4294e9bfd3]::result::Result<(), alloc[2182bb758b4b3781]::string::String>>
[INFO] [stdout]   15:     0x574b6a962d65 - test[9d35eded1c95d3be]::run_test::{closure#0}
[INFO] [stdout]   16:     0x574b6a95c624 - std[70759c8f55707aa4]::sys::backtrace::__rust_begin_short_backtrace::<test[9d35eded1c95d3be]::run_test::{closure#1}, ()>
[INFO] [stdout]   17:     0x574b6a965ec2 - <std[70759c8f55707aa4]::thread::lifecycle::spawn_unchecked<test[9d35eded1c95d3be]::run_test::{closure#1}, ()>::{closure#1} as core[df12db4294e9bfd3]::ops::function::FnOnce<()>>::call_once::{shim:vtable#0}
[INFO] [stdout]   18:     0x574b6a9d70e9 - <std[70759c8f55707aa4]::sys::thread::unix::Thread>::new::thread_start
[INFO] [stdout]   19:     0x78aa78d2adfa - <unknown>
[INFO] [stdout]   20:     0x78aa78dbe3d4 - clone
[INFO] [stdout]   21:                0x0 - <unknown>
[INFO] [stdout] 
[INFO] [stdout] ---- tests::test_download_to_destination stdout ----
[INFO] [stdout] 
[INFO] [stdout] thread 'tests::test_download_to_destination' (1052) panicked at src/lib.rs:991:14:
[INFO] [stdout] called `Result::unwrap()` on an `Err` value: Io(Os { code: 2, kind: NotFound, message: "No such file or directory" })
[INFO] [stdout] stack backtrace:
[INFO] [stdout]    0:     0x574b6a9d7811 - <<std[70759c8f55707aa4]::sys::backtrace::BacktraceLock>::print::DisplayBacktrace as core[df12db4294e9bfd3]::fmt::Display>::fmt
[INFO] [stdout]    1:     0x574b6a9ec88a - core[df12db4294e9bfd3]::fmt::write
[INFO] [stdout]    2:     0x574b6a9dc06c - <alloc[2182bb758b4b3781]::vec::Vec<u8> as core[df12db4294e9bfd3]::io::write::Write>::write_fmt
[INFO] [stdout]    3:     0x574b6a9b2186 - std[70759c8f55707aa4]::panicking::default_hook::{closure#0}
[INFO] [stdout]    4:     0x574b6a9cf4b9 - std[70759c8f55707aa4]::panicking::default_hook
[INFO] [stdout]    5:     0x574b6a962410 - test[9d35eded1c95d3be]::test_main_inner::<test[9d35eded1c95d3be]::test_main_static::{closure#0}>::{closure#0}
[INFO] [stdout]    6:     0x574b6a9cf672 - std[70759c8f55707aa4]::panicking::panic_with_hook
[INFO] [stdout]    7:     0x574b6a9b2232 - std[70759c8f55707aa4]::panicking::panic_handler::{closure#0}
[INFO] [stdout]    8:     0x574b6a9aadf9 - std[70759c8f55707aa4]::sys::backtrace::__rust_end_short_backtrace::<std[70759c8f55707aa4]::panicking::panic_handler::{closure#0}, !>
[INFO] [stdout]    9:     0x574b6a9b2e2d - __rustc[8fa7c3cbc660c2b3]::rust_begin_unwind
[INFO] [stdout]   10:     0x574b6a9ecfbc - core[df12db4294e9bfd3]::panicking::panic_fmt
[INFO] [stdout]   11:     0x574b6a9ecd92 - core[df12db4294e9bfd3]::result::unwrap_failed
[INFO] [stdout]   12:     0x574b6a93ca37 - youtube_dl[fff3d2404165afea]::tests::test_download_to_destination
[INFO] [stdout]   13:     0x574b6a945ea9 - <youtube_dl[fff3d2404165afea]::tests::test_download_to_destination::{closure#0} as core[df12db4294e9bfd3]::ops::function::FnOnce<()>>::call_once
[INFO] [stdout]   14:     0x574b6a9556fb - test[9d35eded1c95d3be]::__rust_begin_short_backtrace::<core[df12db4294e9bfd3]::result::Result<(), alloc[2182bb758b4b3781]::string::String>, fn() -> core[df12db4294e9bfd3]::result::Result<(), alloc[2182bb758b4b3781]::string::String>>
[INFO] [stdout]   15:     0x574b6a962d65 - test[9d35eded1c95d3be]::run_test::{closure#0}
[INFO] [stdout]   16:     0x574b6a95c624 - std[70759c8f55707aa4]::sys::backtrace::__rust_begin_short_backtrace::<test[9d35eded1c95d3be]::run_test::{closure#1}, ()>
[INFO] [stdout]   17:     0x574b6a965ec2 - <std[70759c8f55707aa4]::thread::lifecycle::spawn_unchecked<test[9d35eded1c95d3be]::run_test::{closure#1}, ()>::{closure#1} as core[df12db4294e9bfd3]::ops::function::FnOnce<()>>::call_once::{shim:vtable#0}
[INFO] [stdout]   18:     0x574b6a9d70e9 - <std[70759c8f55707aa4]::sys::thread::unix::Thread>::new::thread_start
[INFO] [stdout]   19:     0x78aa78d2adfa - <unknown>
[INFO] [stdout]   20:     0x78aa78dbe3d4 - clone
[INFO] [stdout]   21:                0x0 - <unknown>
[INFO] [stdout] 
[INFO] [stdout] ---- tests::test_youtube_url stdout ----
[INFO] [stdout] 
[INFO] [stdout] thread 'tests::test_youtube_url' (1059) panicked at src/lib.rs:867:14:
[INFO] [stdout] called `Result::unwrap()` on an `Err` value: Io(Os { code: 2, kind: NotFound, message: "No such file or directory" })
[INFO] [stdout] stack backtrace:
[INFO] [stdout]    0:     0x574b6a9d7811 - <<std[70759c8f55707aa4]::sys::backtrace::BacktraceLock>::print::DisplayBacktrace as core[df12db4294e9bfd3]::fmt::Display>::fmt
[INFO] [stdout]    1:     0x574b6a9ec88a - core[df12db4294e9bfd3]::fmt::write
[INFO] [stdout]    2:     0x574b6a9dc06c - <alloc[2182bb758b4b3781]::vec::Vec<u8> as core[df12db4294e9bfd3]::io::write::Write>::write_fmt
[INFO] [stdout]    3:     0x574b6a9b2186 - std[70759c8f55707aa4]::panicking::default_hook::{closure#0}
[INFO] [stdout]    4:     0x574b6a9cf4b9 - std[70759c8f55707aa4]::panicking::default_hook
[INFO] [stdout]    5:     0x574b6a962410 - test[9d35eded1c95d3be]::test_main_inner::<test[9d35eded1c95d3be]::test_main_static::{closure#0}>::{closure#0}
[INFO] [stdout]    6:     0x574b6a9cf672 - std[70759c8f55707aa4]::panicking::panic_with_hook
[INFO] [stdout]    7:     0x574b6a9b2232 - std[70759c8f55707aa4]::panicking::panic_handler::{closure#0}
[INFO] [stdout]    8:     0x574b6a9aadf9 - std[70759c8f55707aa4]::sys::backtrace::__rust_end_short_backtrace::<std[70759c8f55707aa4]::panicking::panic_handler::{closure#0}, !>
[INFO] [stdout]    9:     0x574b6a9b2e2d - __rustc[8fa7c3cbc660c2b3]::rust_begin_unwind
[INFO] [stdout]   10:     0x574b6a9ecfbc - core[df12db4294e9bfd3]::panicking::panic_fmt
[INFO] [stdout]   11:     0x574b6a9ecd92 - core[df12db4294e9bfd3]::result::unwrap_failed
[INFO] [stdout]   12:     0x574b6a9394a2 - youtube_dl[fff3d2404165afea]::tests::test_youtube_url
[INFO] [stdout]   13:     0x574b6a945de9 - <youtube_dl[fff3d2404165afea]::tests::test_youtube_url::{closure#0} as core[df12db4294e9bfd3]::ops::function::FnOnce<()>>::call_once
[INFO] [stdout]   14:     0x574b6a9556fb - test[9d35eded1c95d3be]::__rust_begin_short_backtrace::<core[df12db4294e9bfd3]::result::Result<(), alloc[2182bb758b4b3781]::string::String>, fn() -> core[df12db4294e9bfd3]::result::Result<(), alloc[2182bb758b4b3781]::string::String>>
[INFO] [stdout]   15:     0x574b6a962d65 - test[9d35eded1c95d3be]::run_test::{closure#0}
[INFO] [stdout]   16:     0x574b6a95c624 - std[70759c8f55707aa4]::sys::backtrace::__rust_begin_short_backtrace::<test[9d35eded1c95d3be]::run_test::{closure#1}, ()>
[INFO] [stdout]   17:     0x574b6a965ec2 - <std[70759c8f55707aa4]::thread::lifecycle::spawn_unchecked<test[9d35eded1c95d3be]::run_test::{closure#1}, ()>::{closure#1} as core[df12db4294e9bfd3]::ops::function::FnOnce<()>>::call_once::{shim:vtable#0}
[INFO] [stdout]   18:     0x574b6a9d70e9 - <std[70759c8f55707aa4]::sys::thread::unix::Thread>::new::thread_start
[INFO] [stdout]   19:     0x78aa78d2adfa - <unknown>
[INFO] [stdout]   20:     0x78aa78dbe3d4 - clone
[INFO] [stdout]   21:                0x0 - <unknown>
[INFO] [stdout] 
[INFO] [stdout] 
[INFO] [stdout] failures:
[INFO] [stdout]     tests::correct_format_codec_parsing
[INFO] [stdout]     tests::test_download_to_destination
[INFO] [stdout]     tests::test_download_with_yt_dlp
[INFO] [stdout]     tests::test_search
[INFO] [stdout]     tests::test_with_timeout
[INFO] [stdout]     tests::test_with_yt_dlp
[INFO] [stdout]     tests::test_youtube_url
[INFO] [stdout] 
[INFO] [stdout] test result: FAILED. 2 passed; 7 failed; 1 ignored; 0 measured; 0 filtered out; finished in 0.10s
[INFO] [stdout] 
[INFO] running `Command { std: "docker" "inspect" "506844e90a50f1eecc6d1a7f61b14726aee97112b7dbae4fa01cae1d1139852c", kill_on_drop: false }`
[INFO] running `Command { std: "docker" "rm" "-f" "506844e90a50f1eecc6d1a7f61b14726aee97112b7dbae4fa01cae1d1139852c", kill_on_drop: false }`
[INFO] [stdout] 506844e90a50f1eecc6d1a7f61b14726aee97112b7dbae4fa01cae1d1139852c
