[INFO] fetching crate youtube_chapter_splitter 0.15.12...
[INFO] testing youtube_chapter_splitter-0.15.12 against 1.100.0-beta.1+cargoflags=--release for beta-release-1.100-2
[INFO] extracting crate youtube_chapter_splitter 0.15.12 into /workspace/builds/worker-1-tc2/source
[INFO] started tweaking crates.io crate youtube_chapter_splitter 0.15.12
[INFO] removed 0 missing examples
[INFO] removed 0 missing tests
[INFO] finished tweaking crates.io crate youtube_chapter_splitter 0.15.12
[INFO] tweaked toml for crates.io crate youtube_chapter_splitter 0.15.12 written to /workspace/builds/worker-1-tc2/source/Cargo.toml
[INFO] validating manifest of crates.io crate youtube_chapter_splitter 0.15.12 on toolchain 1.100.0-beta.1
[INFO] running `Command { std: CARGO_HOME="/workspace/cargo-home" RUSTUP_HOME="/workspace/rustup-home" "/workspace/cargo-home/bin/cargo" "+1.100.0-beta.1" "metadata" "--manifest-path" "Cargo.toml" "--no-deps", kill_on_drop: false }`
[INFO] crate crates.io crate youtube_chapter_splitter 0.15.12 already has a lockfile, it will not be regenerated
[INFO] running `Command { std: CARGO_HOME="/workspace/cargo-home" RUSTUP_HOME="/workspace/rustup-home" "/workspace/cargo-home/bin/cargo" "+1.100.0-beta.1" "fetch" "--manifest-path" "Cargo.toml", kill_on_drop: false }`
[INFO] running `Command { std: "docker" "create" "-v" "/var/lib/crater-agent-workspace/builds/worker-1-tc2/source:/opt/rustwide/workdir:ro,Z" "-v" "/var/lib/crater-agent-workspace/builds/worker-1-tc2/target:/opt/rustwide/target:rw,Z" "-v" "/var/lib/crater-agent-workspace/cargo-home:/opt/rustwide/cargo-home:ro,Z" "-v" "/var/lib/crater-agent-workspace/rustup-home:/opt/rustwide/rustup-home:ro,Z" "-m" "1610612736" "--network" "none" "ghcr.io/rust-lang/crates-build-env/linux@sha256:77db811e55d90add9212f6832c23229e3de5f1c1f9905e8cb07319ea15df73ac" "sleep" "infinity", kill_on_drop: false }`
[INFO] [stdout] 29491a21d4478fae45e7b162405d4d0fb74251c719824aec808dc6bfb2092700
[INFO] running `Command { std: "docker" "start" "29491a21d4478fae45e7b162405d4d0fb74251c719824aec808dc6bfb2092700", kill_on_drop: false }`
[INFO] running `Command { std: "docker" "inspect" "29491a21d4478fae45e7b162405d4d0fb74251c719824aec808dc6bfb2092700", kill_on_drop: false }`
[INFO] running `Command { std: "docker" "exec" "-e" "SOURCE_DIR=/opt/rustwide/workdir" "-e" "CARGO_HOME=/opt/rustwide/cargo-home" "-e" "RUSTUP_HOME=/opt/rustwide/rustup-home" "-e" "CARGO_TARGET_DIR=/opt/rustwide/target" "-w" "/opt/rustwide/workdir" "--user" "0:0" "29491a21d4478fae45e7b162405d4d0fb74251c719824aec808dc6bfb2092700" "/opt/rustwide/cargo-home/bin/cargo" "+1.100.0-beta.1" "metadata" "--no-deps" "--format-version=1", kill_on_drop: false }`
[INFO] running `Command { std: "docker" "inspect" "29491a21d4478fae45e7b162405d4d0fb74251c719824aec808dc6bfb2092700", kill_on_drop: false }`
[INFO] running `Command { std: "docker" "exec" "-e" "SOURCE_DIR=/opt/rustwide/workdir" "-e" "CARGO_HOME=/opt/rustwide/cargo-home" "-e" "RUSTUP_HOME=/opt/rustwide/rustup-home" "-e" "CARGO_TARGET_DIR=/opt/rustwide/target" "-e" "CARGO_INCREMENTAL=0" "-e" "RUST_BACKTRACE=full" "-e" "RUSTFLAGS=--cap-lints=warn" "-e" "RUSTDOCFLAGS=--cap-lints=warn" "-w" "/opt/rustwide/workdir" "--user" "0:0" "29491a21d4478fae45e7b162405d4d0fb74251c719824aec808dc6bfb2092700" "/opt/rustwide/cargo-home/bin/cargo" "+1.100.0-beta.1" "build" "--frozen" "--message-format=json" "--release", kill_on_drop: false }`
[INFO] [stderr]    Compiling quote v1.0.44
[INFO] [stderr]    Compiling memchr v2.7.6
[INFO] [stderr]    Compiling proc-macro2 v1.0.106
[INFO] [stderr]    Compiling cc v1.2.55
[INFO] [stderr]    Compiling rustls-pki-types v1.14.0
[INFO] [stderr]    Compiling smallvec v1.15.1
[INFO] [stderr]    Compiling zmij v1.0.18
[INFO] [stderr]    Compiling anstyle v1.0.13
[INFO] [stderr]    Compiling anstyle-parse v0.2.7
[INFO] [stderr]    Compiling portable-atomic v1.13.1
[INFO] [stderr]    Compiling colorchoice v1.0.4
[INFO] [stderr]    Compiling indexmap v2.13.0
[INFO] [stderr]    Compiling dirs-sys v0.4.1
[INFO] [stderr]    Compiling clap_lex v0.7.7
[INFO] [stderr]    Compiling regex-syntax v0.8.8
[INFO] [stderr]    Compiling winnow v0.7.14
[INFO] [stderr]    Compiling console v0.15.11
[INFO] [stderr]    Compiling anstream v0.6.21
[INFO] [stderr]    Compiling ogg_pager v0.7.0
[INFO] [stderr]    Compiling dirs v5.0.1
[INFO] [stderr]    Compiling data-encoding v2.10.0
[INFO] [stderr]    Compiling num-conv v0.2.0
[INFO] [stderr]    Compiling webpki-roots v1.0.5
[INFO] [stderr]    Compiling number_prefix v0.4.0
[INFO] [stderr]    Compiling webpki-roots v0.26.11
[INFO] [stderr]    Compiling clap_builder v4.5.56
[INFO] [stderr]    Compiling time v0.3.47
[INFO] [stderr]    Compiling colored v2.2.0
[INFO] [stderr]    Compiling shellexpand v3.1.1
[INFO] [stderr]    Compiling aho-corasick v1.1.4
[INFO] [stderr]    Compiling syn v2.0.114
[INFO] [stderr]    Compiling serde_json v1.0.149
[INFO] [stderr]    Compiling indicatif v0.17.11
[INFO] [stderr]    Compiling ring v0.17.14
[INFO] [stderr]    Compiling regex-automata v0.4.13
[INFO] [stderr]    Compiling synstructure v0.13.2
[INFO] [stderr]    Compiling zerovec-derive v0.11.2
[INFO] [stderr]    Compiling displaydoc v0.2.5
[INFO] [stderr]    Compiling serde_derive v1.0.228
[INFO] [stderr]    Compiling thiserror-impl v1.0.69
[INFO] [stderr]    Compiling lofty_attr v0.11.1
[INFO] [stderr]    Compiling clap_derive v4.5.55
[INFO] [stderr]    Compiling zerofrom-derive v0.1.6
[INFO] [stderr]    Compiling yoke-derive v0.8.1
[INFO] [stderr]    Compiling regex v1.12.2
[INFO] [stderr]    Compiling lofty v0.22.4
[INFO] [stderr]    Compiling thiserror v1.0.69
[INFO] [stderr]    Compiling zerofrom v0.1.6
[INFO] [stderr]    Compiling yoke v0.8.1
[INFO] [stderr]    Compiling zerovec v0.11.5
[INFO] [stderr]    Compiling zerotrie v0.2.3
[INFO] [stderr]    Compiling clap v4.5.56
[INFO] [stderr]    Compiling tinystr v0.8.2
[INFO] [stderr]    Compiling potential_utf v0.1.4
[INFO] [stderr]    Compiling icu_collections v2.1.1
[INFO] [stderr]    Compiling icu_locale_core v2.1.1
[INFO] [stderr]    Compiling serde v1.0.228
[INFO] [stderr]    Compiling serde_spanned v0.6.9
[INFO] [stderr]    Compiling toml_datetime v0.6.11
[INFO] [stderr]    Compiling toml_edit v0.22.27
[INFO] [stderr]    Compiling icu_provider v2.1.1
[INFO] [stderr]    Compiling icu_normalizer v2.1.1
[INFO] [stderr]    Compiling icu_properties v2.1.2
[INFO] [stderr]    Compiling idna_adapter v1.2.1
[INFO] [stderr]    Compiling idna v1.1.0
[INFO] [stderr]    Compiling toml v0.8.23
[INFO] [stderr]    Compiling url v2.5.8
[INFO] [stderr]    Compiling rustls v0.23.36
[INFO] [stderr]    Compiling rustls-webpki v0.103.9
[INFO] [stderr]    Compiling ureq v2.12.1
[INFO] [stderr]    Compiling youtube_chapter_splitter v0.15.12 (/opt/rustwide/workdir)
[INFO] [stderr]     Finished `release` profile [optimized] target(s) in 1m 40s
[INFO] running `Command { std: "docker" "inspect" "29491a21d4478fae45e7b162405d4d0fb74251c719824aec808dc6bfb2092700", kill_on_drop: false }`
[INFO] running `Command { std: "docker" "exec" "-e" "SOURCE_DIR=/opt/rustwide/workdir" "-e" "CARGO_HOME=/opt/rustwide/cargo-home" "-e" "RUSTUP_HOME=/opt/rustwide/rustup-home" "-e" "CARGO_TARGET_DIR=/opt/rustwide/target" "-e" "CARGO_INCREMENTAL=0" "-e" "RUST_BACKTRACE=full" "-e" "RUSTFLAGS=--cap-lints=warn" "-e" "RUSTDOCFLAGS=--cap-lints=warn" "-w" "/opt/rustwide/workdir" "--user" "0:0" "29491a21d4478fae45e7b162405d4d0fb74251c719824aec808dc6bfb2092700" "/opt/rustwide/cargo-home/bin/cargo" "+1.100.0-beta.1" "test" "--frozen" "--no-run" "--message-format=json" "--release", kill_on_drop: false }`
[INFO] [stderr]    Compiling youtube_chapter_splitter v0.15.12 (/opt/rustwide/workdir)
[INFO] [stderr]     Finished `release` profile [optimized] target(s) in 15.28s
[INFO] running `Command { std: "docker" "inspect" "29491a21d4478fae45e7b162405d4d0fb74251c719824aec808dc6bfb2092700", kill_on_drop: false }`
[INFO] running `Command { std: "docker" "exec" "-e" "SOURCE_DIR=/opt/rustwide/workdir" "-e" "CARGO_HOME=/opt/rustwide/cargo-home" "-e" "RUSTUP_HOME=/opt/rustwide/rustup-home" "-e" "CARGO_TARGET_DIR=/opt/rustwide/target" "-e" "CARGO_INCREMENTAL=0" "-e" "RUST_BACKTRACE=full" "-e" "RUSTFLAGS=--cap-lints=warn" "-e" "RUSTDOCFLAGS=--cap-lints=warn" "-w" "/opt/rustwide/workdir" "--user" "0:0" "29491a21d4478fae45e7b162405d4d0fb74251c719824aec808dc6bfb2092700" "/opt/rustwide/cargo-home/bin/cargo" "+1.100.0-beta.1" "test" "--frozen" "--release", kill_on_drop: false }`
[INFO] [stderr]     Finished `release` profile [optimized] target(s) in 0.14s
[INFO] [stderr]      Running unittests src/lib.rs (/opt/rustwide/target/release/build/youtube_chapter_splitter/67328a0237659739/out/youtube_chapter_splitter-67328a0237659739)
[INFO] [stdout] 
[INFO] [stdout] running 71 tests
[INFO] [stdout] test chapter_refinement::tests::test_refine_chapters ... ignored
[INFO] [stdout] test cookie_helper::tests::test_add_cookie_args_no_cookies ... ok
[INFO] [stdout] test chapter_refinement::tests::test_compute_refined_boundaries_handles_many_close_declared_cuts ... ok
[INFO] [stdout] test chapter_refinement::tests::test_compute_refined_boundaries_keeps_declared_cut_when_no_silence_nearby ... ok
[INFO] [stdout] test chapter_refinement::tests::test_find_nearest_silence ... ok
[INFO] [stdout] test chapters_from_description::tests::test_parse_chapters_mixed_format ... ok
[INFO] [stdout] test chapter_refinement::tests::test_silence_point_position ... ok
[INFO] [stdout] test cookie_helper::tests::test_add_cookie_args_with_browser ... ok
[INFO] [stdout] test cookie_helper::tests::test_cookies_available_with_browser ... ok
[INFO] [stdout] test chapter_refinement::tests::test_compute_refined_boundaries_never_moves_first_start_or_last_end ... ok
[INFO] [stdout] test chapter_refinement::tests::test_compute_refined_boundaries_no_gap_or_overlap ... ok
[INFO] [stdout] test chapters_from_description::tests::test_parse_chapters_without_brackets ... ok
[INFO] [stdout] test chapters_from_description::tests::test_parse_chapters_track_number_format ... ok
[INFO] [stdout] test downloader::thumbnail_helpers_tests::redact_passes_through_when_no_query ... ok
[INFO] [stdout] test downloader::thumbnail_helpers_tests::redact_handles_empty_query ... ok
[INFO] [stdout] test downloader::thumbnail_helpers_tests::redact_strips_query_string ... ok
[INFO] [stdout] test error_handler::tests::test_dependency_missing_display ... ok
[INFO] [stdout] test dependency::detect::tests::test_platform_detection ... ok
[INFO] [stdout] test dependency::detect::tests::test_install_method ... ok
[INFO] [stdout] test error_handler::tests::test_terminal_too_small ... ok
[INFO] [stdout] test playlist::tests::test_is_playlist_url ... ok
[INFO] [stdout] test playlist::tests::test_remove_playlist_param ... ok
[INFO] [stdout] test dependency::install::tests::test_installer_creation ... ok
[INFO] [stdout] test playlist::tests::test_extract_video_id ... ok
[INFO] [stdout] test temp_file::tests::test_temp_file_keep ... ok
[INFO] [stdout] test ui::tests::test_metadata_source_labels ... ok
[INFO] [stdout] test ui::tests::test_status_icon ... ok
[INFO] [stdout] test ui::tests::test_track_progress_alignment ... ok
[INFO] [stdout] test temp_file::tests::test_temp_file_non_existent ... ok
[INFO] [stdout] test utils::tests::test_clean_folder_name ... ok
[INFO] [stdout] test utils::tests::test_format_duration ... ok
[INFO] [stdout] test utils::tests::test_format_duration_short ... ok
[INFO] [stdout] test utils::tests::test_parse_artist_album ... ok
[INFO] [stdout] test utils::tests::test_sanitize_filesystem_chars_colon ... ok
[INFO] [stdout] test utils::tests::test_sanitize_filesystem_chars_forbidden_set ... ok
[INFO] [stdout] test utils::tests::test_sanitize_title ... ok
[INFO] [stdout] test progress::tests::test_create_download_progress ... ok
[INFO] [stdout] test utils::tests::test_upload_date_to_id3_date ... ok
[INFO] [stdout] test yt_dlp_progress::tests::test_extract_error_message ... ok
[INFO] [stdout] test yt_dlp_progress::tests::test_extract_error_message_outdated ... ok
[INFO] [stdout] test temp_file::tests::test_temp_file_auto_cleanup ... ok
[INFO] [stdout] test progress::tests::test_create_audio_progress ... ok
[INFO] [stdout] test progress::tests::test_create_progress_with_type ... ok
[INFO] [stdout] test yt_dlp_progress::tests::test_parse_download_line_ignores_complete ... ok
[INFO] [stdout] test yt_dlp_progress::tests::test_ignore_non_download_lines ... ok
[INFO] [stdout] test yt_dlp_progress::tests::test_shared_progress_callback ... ok
[INFO] [stdout] test ui::tests::test_clean_title ... ok
[INFO] [stdout] test yt_dlp_progress::tests::test_parse_gib_line ... ok
[INFO] [stdout] test yt_dlp_progress::tests::test_parse_size_line ... ok
[INFO] [stdout] test yt_dlp_progress::tests::test_parse_download_line_kib ... ok
[INFO] [stdout] test progress::tests::test_create_track_progress ... ok
[INFO] [stdout] test yt_dlp_progress::tests::test_parse_download_progress_callback ... ok
[INFO] [stdout] test chapters_from_description::tests::test_parse_chapters_with_brackets ... ok
[INFO] [stdout] test yt_dlp_progress::tests::test_parse_percentage_line ... ok
[INFO] [stdout] test yt_dlp_progress::tests::test_parse_download_line_extracts_speed_and_eta ... ok
[INFO] [stdout] test yt_dlp_progress::tests::test_parse_download_line_no_percentage ... ok
[INFO] [stdout] test chapters_from_description::tests::test_parse_chapters_no_chapters ... ok
[INFO] [stdout] test yt_dlp_update::tests::test_should_check_when_no_previous_update ... ok
[INFO] [stdout] test ytdlp_error_parser::tests::test_clean_error_message ... ok
[INFO] [stdout] test ytdlp_error_parser::tests::test_js_runtime_missing_error ... ok
[INFO] [stdout] test ytdlp_error_parser::tests::test_geo_restricted_error ... ok
[INFO] [stdout] test yt_dlp_update::tests::test_update_config_default ... ok
[INFO] [stdout] test ytdlp_error_parser::tests::test_age_restricted_error ... ok
[INFO] [stdout] test ytdlp_error_parser::tests::test_network_error ... ok
[INFO] [stdout] test ytdlp_error_parser::tests::test_members_only_error ... ok
[INFO] [stdout] test ytdlp_error_parser::tests::test_video_unavailable ... ok
[INFO] [stdout] test ytdlp_error_parser::tests::test_rate_limit_error ... ok
[INFO] [stdout] test ytdlp_error_parser::tests::test_bot_detection_error ... ok
[INFO] [stdout] test ytdlp_helper::tests::test_get_ytdlp_version ... ok
[INFO] [stdout] test chapters_from_description::tests::test_parse_chapters_insufficient ... ok
[INFO] [stdout] test ytdlp_error_parser::tests::test_only_images_available_error ... ok
[INFO] [stdout] 
[INFO] [stdout] test result: ok. 70 passed; 0 failed; 1 ignored; 0 measured; 0 filtered out; finished in 0.10s
[INFO] [stdout] 
[INFO] [stdout] 
[INFO] [stderr]      Running unittests src/main.rs (/opt/rustwide/target/release/build/youtube_chapter_splitter/c56109df6152bfe3/out/ytcs-c56109df6152bfe3)
[INFO] [stdout] running 0 tests
[INFO] [stderr]      Running tests/test_audio_functions.rs (/opt/rustwide/target/release/build/youtube_chapter_splitter/f494f8426a295240/out/test_audio_functions-f494f8426a295240)
[INFO] [stdout] 
[INFO] [stdout] test result: ok. 0 passed; 0 failed; 0 ignored; 0 measured; 0 filtered out; finished in 0.00s
[INFO] [stdout] 
[INFO] [stdout] 
[INFO] [stdout] running 7 tests
[INFO] [stdout] test audio_function_tests::test_get_audio_duration ... ignored
[INFO] [stdout] test audio_function_tests::test_multiple_chapters_no_overlap ... ok
[INFO] [stderr]      Running tests/test_audio_split_atomicity.rs (/opt/rustwide/target/release/build/youtube_chapter_splitter/0244757144a1a7e2/out/test_audio_split_atomicity-0244757144a1a7e2)
[INFO] [stdout] test audio_function_tests::test_chapter_duration_calculation ... ok
[INFO] [stdout] test audio_function_tests::test_chapter_sanitize_title_removes_prefix ... ok
[INFO] [stdout] test audio_function_tests::test_chapter_sanitize_title_replaces_invalid_chars ... ok
[INFO] [stdout] test audio_function_tests::test_chapter_sanitize_title_track_prefix ... ok
[INFO] [stdout] test audio_function_tests::test_chapter_zero_duration - should panic ... ok
[INFO] [stdout] 
[INFO] [stdout] test result: ok. 6 passed; 0 failed; 1 ignored; 0 measured; 0 filtered out; finished in 0.01s
[INFO] [stdout] 
[INFO] [stdout] 
[INFO] [stdout] running 3 tests
[INFO] [stdout] test test_split_leaves_no_temp_files_behind_on_success ... ok
[INFO] [stdout] test test_split_fails_upfront_and_leaves_earlier_tracks_untouched_on_conflict ... ok
[INFO] [stderr]      Running tests/test_audio_tags.rs (/opt/rustwide/target/release/build/youtube_chapter_splitter/2c1cdba0c4c08f3f/out/test_audio_tags-2c1cdba0c4c08f3f)
[INFO] [stdout] test test_split_rejects_duplicate_filenames_from_template_before_any_ffmpeg_call ... ok
[INFO] [stdout] 
[INFO] [stdout] test result: ok. 3 passed; 0 failed; 0 ignored; 0 measured; 0 filtered out; finished in 0.01s
[INFO] [stdout] 
[INFO] [stdout] 
[INFO] [stdout] running 1 test
[INFO] [stdout] test audio_tags_tests::test_metadata_preservation_with_lofty ... ignored
[INFO] [stdout] 
[INFO] [stdout] test result: ok. 0 passed; 0 failed; 1 ignored; 0 measured; 0 filtered out; finished in 0.00s
[INFO] [stdout] 
[INFO] [stderr]      Running tests/test_chapters.rs (/opt/rustwide/target/release/build/youtube_chapter_splitter/b7863e1820032873/out/test_chapters-b7863e1820032873)
[INFO] [stdout] 
[INFO] [stdout] running 10 tests
[INFO] [stdout] test test_chapter_creation ... ok
[INFO] [stdout] test test_chapter_serialization ... ok
[INFO] [stdout] test test_format_timestamp_long ... ok
[INFO] [stdout] test test_chapter_duration ... ok
[INFO] [stdout] test test_parse_timestamp_hours_minutes_seconds ... ok
[INFO] [stdout] test test_parse_timestamp_invalid ... ok
[INFO] [stdout] test test_format_timestamp_short ... ok
[INFO] [stderr]      Running tests/test_chapters_numbered_format.rs (/opt/rustwide/target/release/build/youtube_chapter_splitter/7858378a7219d97e/out/test_chapters_numbered_format-7858378a7219d97e)
[INFO] [stdout] test test_parse_timestamp_minutes_seconds ... ok
[INFO] [stdout] test test_parse_timestamp_seconds ... ok
[INFO] [stdout] test test_sanitize_title ... ok
[INFO] [stdout] 
[INFO] [stdout] test result: ok. 10 passed; 0 failed; 0 ignored; 0 measured; 0 filtered out; finished in 0.01s
[INFO] [stdout] 
[INFO] [stdout] 
[INFO] [stdout] running 7 tests
[INFO] [stdout] test test_numbered_format_title_preserved_filename_sanitized ... ok
[INFO] [stdout] test test_numbered_format_with_parentheses_in_title ... ok
[INFO] [stdout] test test_numbered_format_double_digit_numbers ... ok
[INFO] [stdout] test test_numbered_format_mixed_with_standard ... ok
[INFO] [stdout] test test_numbered_format_basic ... ok
[INFO] [stdout] test test_standard_format_still_works ... ok
[INFO] [stderr]      Running tests/test_config_options.rs (/opt/rustwide/target/release/build/youtube_chapter_splitter/4e9c5e2e424e447e/out/test_config_options-4e9c5e2e424e447e)
[INFO] [stdout] test test_numbered_format_with_hour_timestamps ... ok
[INFO] [stdout] 
[INFO] [stdout] test result: ok. 7 passed; 0 failed; 0 ignored; 0 measured; 0 filtered out; finished in 0.01s
[INFO] [stdout] 
[INFO] [stdout] 
[INFO] [stdout] running 14 tests
[INFO] [stdout] test test_config_format_directory_custom ... ok
[INFO] [stdout] test test_config_format_filename_sanitizes_artist_album_placeholders ... ok
[INFO] [stdout] test test_config_format_directory ... ok
[INFO] [stdout] test test_config_format_filename_with_template ... ok
[INFO] [stdout] test test_config_format_filename ... ok
[INFO] [stdout] test test_config_max_retries ... ok
[INFO] [stdout] test test_config_serialization ... ok
[INFO] [stdout] test test_config_create_playlist ... ok
[INFO] [stdout] test test_config_deserialization ... ok
[INFO] [stderr]      Running tests/test_config_validation.rs (/opt/rustwide/target/release/build/youtube_chapter_splitter/f1c27bdcc2ee93e4/out/test_config_validation-f1c27bdcc2ee93e4)
[INFO] [stdout] test test_config_default_values ... ok
[INFO] [stdout] test test_config_format_filename_custom ... ok
[INFO] [stdout] test test_config_overwrite_existing ... ok
[INFO] [stdout] test test_config_audio_quality ... ok
[INFO] [stdout] test test_config_format_directory_windows_forbidden_chars ... ok
[INFO] [stdout] 
[INFO] [stdout] test result: ok. 14 passed; 0 failed; 0 ignored; 0 measured; 0 filtered out; finished in 0.00s
[INFO] [stdout] 
[INFO] [stdout] 
[INFO] [stdout] running 10 tests
[INFO] [stdout] test test_validate_accepts_default_config ... ok
[INFO] [stderr]      Running tests/test_dependency.rs (/opt/rustwide/target/release/build/youtube_chapter_splitter/4bd7ffc917f323fe/out/test_dependency-4bd7ffc917f323fe)
[INFO] [stdout] test test_validate_rejects_arbitrary_audio_quality ... ok
[INFO] [stdout] test test_validate_rejects_path_separator_in_filename_format ... ok
[INFO] [stdout] test test_validate_rejects_empty_filename_format ... ok
[INFO] [stdout] test test_validate_rejects_zero_max_retries ... ok
[INFO] [stdout] test test_validate_rejects_path_separator_in_directory_format ... ok
[INFO] [stdout] test test_validate_rejects_zero_refine_min_silence ... ok
[INFO] [stdout] test test_validate_rejects_negative_refine_silence_window ... ok
[INFO] [stdout] test test_validate_rejects_non_finite_refine_noise_db ... ok
[INFO] [stdout] test test_load_rejects_hand_edited_invalid_config ... ok
[INFO] [stdout] 
[INFO] [stdout] test result: ok. 10 passed; 0 failed; 0 ignored; 0 measured; 0 filtered out; finished in 0.00s
[INFO] [stdout] 
[INFO] [stdout] 
[INFO] [stdout] running 4 tests
[INFO] [stdout] test tests::test_dependency_state_missing ... ok
[INFO] [stdout] test tests::test_install_method_for_platform ... ok
[INFO] [stdout] test tests::test_platform_detection ... ok
[INFO] [stdout] test tests::test_dependency_state_all_present ... ok
[INFO] [stdout] 
[INFO] [stdout] test result: ok. 4 passed; 0 failed; 0 ignored; 0 measured; 0 filtered out; finished in 0.03s
[INFO] [stdout] 
[INFO] [stderr]      Running tests/test_downloader.rs (/opt/rustwide/target/release/build/youtube_chapter_splitter/5f6bdedcad531bd9/out/test_downloader-5f6bdedcad531bd9)
[INFO] [stdout] 
[INFO] [stdout] running 7 tests
[INFO] [stdout] test download_thumbnail_reachability ... ignored
[INFO] [stdout] test test_extract_video_id_invalid ... ok
[INFO] [stdout] test test_extract_video_id_short_url ... ok
[INFO] [stdout] test test_extract_video_id_malformed ... ok
[INFO] [stdout] test test_extract_video_id_standard ... ok
[INFO] [stdout] test test_video_id_length ... ok
[INFO] [stdout] test test_extract_video_id_with_params ... ok
[INFO] [stdout] 
[INFO] [stdout] test result: ok. 6 passed; 0 failed; 1 ignored; 0 measured; 0 filtered out; finished in 0.00s
[INFO] [stdout] 
[INFO] [stderr]      Running tests/test_downloader_functions.rs (/opt/rustwide/target/release/build/youtube_chapter_splitter/d1226bb90dfeabbc/out/test_downloader_functions-d1226bb90dfeabbc)
[INFO] [stdout] 
[INFO] [stdout] running 10 tests
[INFO] [stdout] test downloader_function_tests::test_extract_video_id_case_sensitive ... ok
[INFO] [stdout] test downloader_function_tests::test_video_id_alphanumeric ... ok
[INFO] [stdout] test downloader_function_tests::test_extract_video_id_invalid_chars ... ok
[INFO] [stdout] test downloader_function_tests::test_extract_video_id_with_protocol ... ok
[INFO] [stdout] test downloader_function_tests::test_extract_video_id_with_anchor ... ok
[INFO] [stdout] test downloader_function_tests::test_extract_video_id_length ... ok
[INFO] [stdout] test downloader_function_tests::test_extract_video_id_too_short ... ok
[INFO] [stdout] test downloader_function_tests::test_extract_video_id_embedded ... ok
[INFO] [stdout] test downloader_function_tests::test_extract_video_id_without_protocol ... ok
[INFO] [stdout] test downloader_function_tests::test_check_dependencies_returns_result ... ok
[INFO] [stdout] 
[INFO] [stdout] test result: ok. 10 passed; 0 failed; 0 ignored; 0 measured; 0 filtered out; finished in 0.01s
[INFO] [stdout] 
[INFO] [stderr]      Running tests/test_edge_cases_advanced.rs (/opt/rustwide/target/release/build/youtube_chapter_splitter/5f1fcc2c776f8441/out/test_edge_cases_advanced-5f1fcc2c776f8441)
[INFO] [stdout] 
[INFO] [stdout] running 32 tests
[INFO] [stdout] test advanced_edge_cases_tests::test_chapter_very_long_duration ... ok
[INFO] [stdout] test advanced_edge_cases_tests::test_chapter_end_before_start - should panic ... ok
[INFO] [stdout] test advanced_edge_cases_tests::test_chapter_equal_times - should panic ... ok
[INFO] [stdout] test advanced_edge_cases_tests::test_chapter_very_short_duration ... ok
[INFO] [stdout] test advanced_edge_cases_tests::test_chapter_sanitize_real_world ... ok
[INFO] [stdout] test advanced_edge_cases_tests::test_chapter_negative_start_time - should panic ... ok
[INFO] [stdout] test advanced_edge_cases_tests::test_chapter_fractional_times ... ok
[INFO] [stdout] test advanced_edge_cases_tests::test_clean_folder_name_japanese ... ok
[INFO] [stdout] test advanced_edge_cases_tests::test_parse_artist_album_nested_brackets ... ok
[INFO] [stdout] test advanced_edge_cases_tests::test_parse_artist_album_mixed_separators ... ok
[INFO] [stdout] test advanced_edge_cases_tests::test_clean_folder_name_arabic ... ok
[INFO] [stdout] test advanced_edge_cases_tests::test_clean_folder_name_emoji_heavy ... ok
[INFO] [stdout] test advanced_edge_cases_tests::test_clean_folder_name_zero_width_chars ... ok
[INFO] [stdout] test advanced_edge_cases_tests::test_clean_folder_name_cyrillic ... ok
[INFO] [stdout] test advanced_edge_cases_tests::test_clean_folder_name_mixed_scripts ... ok
[INFO] [stdout] test advanced_edge_cases_tests::test_clean_folder_name_only_special_chars ... ok
[INFO] [stdout] test advanced_edge_cases_tests::test_parse_artist_album_url_encoded ... ok
[INFO] [stdout] test advanced_edge_cases_tests::test_parse_artist_album_very_long ... ok
[INFO] [stdout] test advanced_edge_cases_tests::test_clean_folder_name_non_breaking_space ... ok
[INFO] [stdout] test advanced_edge_cases_tests::test_parse_artist_album_multiple_dashes ... ok
[INFO] [stdout] test advanced_edge_cases_tests::test_clean_folder_name_various_whitespace ... ok
[INFO] [stdout] test advanced_edge_cases_tests::test_clean_folder_name_repeated_separators ... ok
[INFO] [stdout] test advanced_edge_cases_tests::test_clean_folder_name_very_long ... ok
[INFO] [stdout] test advanced_edge_cases_tests::test_sanitize_title_various_number_formats ... ok
[INFO] [stdout] test advanced_edge_cases_tests::test_clean_folder_name_rtl_marks ... ok
[INFO] [stdout] test advanced_edge_cases_tests::test_parse_artist_album_only_separators ... ok
[INFO] [stdout] test advanced_edge_cases_tests::test_sanitize_title_very_long ... ok
[INFO] [stdout] test advanced_edge_cases_tests::test_real_world_titles ... ok
[INFO] [stdout] test advanced_edge_cases_tests::test_sanitize_title_all_forbidden_chars ... ok
[INFO] [stdout] test advanced_edge_cases_tests::test_sanitize_title_mixed_valid_invalid ... ok
[INFO] [stdout] test advanced_edge_cases_tests::test_sanitize_title_multiple_track_prefixes ... ok
[INFO] [stdout] test advanced_edge_cases_tests::test_sanitize_title_unicode_with_invalid ... ok
[INFO] [stdout] 
[INFO] [stdout] test result: ok. 32 passed; 0 failed; 0 ignored; 0 measured; 0 filtered out; finished in 0.01s
[INFO] [stdout] 
[INFO] [stderr]      Running tests/test_error.rs (/opt/rustwide/target/release/build/youtube_chapter_splitter/2b26cf6664b294c1/out/test_error-2b26cf6664b294c1)
[INFO] [stdout] 
[INFO] [stdout] running 7 tests
[INFO] [stderr]      Running tests/test_filename_sanitization.rs (/opt/rustwide/target/release/build/youtube_chapter_splitter/802d3865b02f924e/out/test_filename_sanitization-802d3865b02f924e)
[INFO] [stdout] test test_error_types ... ok
[INFO] [stdout] test test_error_from_json ... ok
[INFO] [stdout] test test_error_display ... ok
[INFO] [stdout] test test_missing_tools_error_tools_to_install ... ok
[INFO] [stdout] test test_result_error ... ok
[INFO] [stdout] test test_result_type ... ok
[INFO] [stdout] test test_error_from_io ... ok
[INFO] [stdout] 
[INFO] [stdout] test result: ok. 7 passed; 0 failed; 0 ignored; 0 measured; 0 filtered out; finished in 0.00s
[INFO] [stdout] 
[INFO] [stdout] 
[INFO] [stdout] running 31 tests
[INFO] [stdout] test filename_sanitization_tests::test_sanitize_all_caps ... ok
[INFO] [stdout] test filename_sanitization_tests::test_sanitize_all_invalid_chars ... ok
[INFO] [stdout] test filename_sanitization_tests::test_sanitize_asterisk ... ok
[INFO] [stdout] test filename_sanitization_tests::test_sanitize_all_lowercase ... ok
[INFO] [stdout] test filename_sanitization_tests::test_sanitize_colon ... ok
[INFO] [stdout] test filename_sanitization_tests::test_sanitize_backslash ... ok
[INFO] [stdout] test filename_sanitization_tests::test_sanitize_complex_title ... ok
[INFO] [stdout] test filename_sanitization_tests::test_sanitize_consecutive_invalid_chars ... ok
[INFO] [stdout] test filename_sanitization_tests::test_sanitize_only_number ... ok
[INFO] [stdout] test filename_sanitization_tests::test_sanitize_double_quote ... ok
[INFO] [stdout] test filename_sanitization_tests::test_sanitize_pipe ... ok
[INFO] [stdout] test filename_sanitization_tests::test_sanitize_only_dashes ... ok
[INFO] [stdout] test filename_sanitization_tests::test_sanitize_prefix_two_digit ... ok
[INFO] [stdout] test filename_sanitization_tests::test_sanitize_prefix_track_colon ... ok
[INFO] [stdout] test filename_sanitization_tests::test_sanitize_empty ... ok
[INFO] [stdout] test filename_sanitization_tests::test_sanitize_prefix_with_dash ... ok
[INFO] [stdout] test filename_sanitization_tests::test_sanitize_unicode_umlaut ... ok
[INFO] [stdout] test filename_sanitization_tests::test_sanitize_forward_slash ... ok
[INFO] [stdout] test filename_sanitization_tests::test_sanitize_mixed_case ... ok
[INFO] [stdout] test filename_sanitization_tests::test_sanitize_long_title ... ok
[INFO] [stdout] test filename_sanitization_tests::test_sanitize_greater_than ... ok
[INFO] [stdout] test filename_sanitization_tests::test_sanitize_unicode_acute ... ok
[INFO] [stdout] test filename_sanitization_tests::test_sanitize_unicode_cjk ... ok
[INFO] [stdout] test filename_sanitization_tests::test_sanitize_prefix_with_dot ... ok
[INFO] [stdout] test filename_sanitization_tests::test_sanitize_whitespace_only ... ok
[INFO] [stdout] test filename_sanitization_tests::test_sanitize_prefix_number_only ... ok
[INFO] [stdout] test filename_sanitization_tests::test_sanitize_unicode_tilde ... ok
[INFO] [stdout] test filename_sanitization_tests::test_sanitize_question_mark ... ok
[INFO] [stdout] test filename_sanitization_tests::test_sanitize_less_than ... ok
[INFO] [stdout] test filename_sanitization_tests::test_sanitize_mixed_prefix_caps_invalid ... ok
[INFO] [stdout] test filename_sanitization_tests::test_sanitize_unicode_greek ... ok
[INFO] [stdout] 
[INFO] [stdout] test result: ok. 31 passed; 0 failed; 0 ignored; 0 measured; 0 filtered out; finished in 0.01s
[INFO] [stdout] 
[INFO] [stderr]      Running tests/test_integration_e2e.rs (/opt/rustwide/target/release/build/youtube_chapter_splitter/1b22530f2d4e9d8c/out/test_integration_e2e-1b22530f2d4e9d8c)
[INFO] [stdout] 
[INFO] [stdout] running 9 tests
[INFO] [stdout] test integration_e2e_tests::test_e2e_download_and_split_with_chapters ... ignored
[INFO] [stdout] test integration_e2e_tests::test_e2e_invalid_url ... ignored
[INFO] [stdout] test integration_e2e_tests::test_e2e_private_video ... ignored
[INFO] [stdout] test integration_e2e_tests::test_e2e_silence_detection ... ignored
[INFO] [stdout] test integration_e2e_tests::test_e2e_skip_download_reuses_and_preserves_temp_audio ... ignored
[INFO] [stdout] test integration_e2e_tests::test_e2e_thumbnail_download ... ignored
[INFO] [stdout] test integration_e2e_tests::test_e2e_video_info_extraction ... ignored
[INFO] [stdout] test integration_e2e_tests::test_e2e_chapter_duration_calculation ... ok
[INFO] [stdout] test integration_e2e_tests::test_e2e_metadata_parsing ... ok
[INFO] [stdout] 
[INFO] [stdout] test result: ok. 2 passed; 0 failed; 7 ignored; 0 measured; 0 filtered out; finished in 0.00s
[INFO] [stdout] 
[INFO] [stdout] 
[INFO] [stderr]      Running tests/test_main.rs (/opt/rustwide/target/release/build/youtube_chapter_splitter/ec95ec2b4c09628b/out/test_main-ec95ec2b4c09628b)
[INFO] [stdout] running 5 tests
[INFO] [stdout] test test_binary_help_lists_documented_flags ... ok
[INFO] [stdout] test test_binary_no_arguments_prints_usage_and_fails ... ok
[INFO] [stdout] test test_binary_config_show_prints_settings ... ok
[INFO] [stdout] test test_binary_non_interactive_playlist_ask_exits_with_code_2 ... ok
[INFO] [stdout] test test_binary_rejects_non_youtube_url_with_generic_error ... FAILED
[INFO] [stdout] 
[INFO] [stdout] failures:
[INFO] [stdout] 
[INFO] [stdout] ---- test_binary_rejects_non_youtube_url_with_generic_error stdout ----
[INFO] [stdout] 
[INFO] [stdout] thread 'test_binary_rejects_non_youtube_url_with_generic_error' (2641) panicked at tests/test_main.rs:60:5:
[INFO] [stdout] assertion `left == right` failed
[INFO] [stdout]   left: Some(2)
[INFO] [stdout]  right: Some(1)
[INFO] [stdout] stack backtrace:
[INFO] [stdout]    0:     0x5ec0d7fdee01 - <<std[617be2ca0a6fd877]::sys::backtrace::BacktraceLock>::print::DisplayBacktrace as core[a373ad73a504971]::fmt::Display>::fmt
[INFO] [stdout]    1:     0x5ec0d7ff338a - core[a373ad73a504971]::fmt::write
[INFO] [stdout]    2:     0x5ec0d7fe327c - <alloc[2e1b2a31b91974c5]::vec::Vec<u8> as core[a373ad73a504971]::io::write::Write>::write_fmt
[INFO] [stdout]    3:     0x5ec0d7fb9db6 - std[617be2ca0a6fd877]::panicking::default_hook::{closure#0}
[INFO] [stdout]    4:     0x5ec0d7fd6bd9 - std[617be2ca0a6fd877]::panicking::default_hook
[INFO] [stdout]    5:     0x5ec0d7f724a0 - test[aada8e7e76ba119b]::test_main_inner::{closure#0}
[INFO] [stdout]    6:     0x5ec0d7fd6d92 - std[617be2ca0a6fd877]::panicking::panic_with_hook
[INFO] [stdout]    7:     0x5ec0d7fb9e62 - std[617be2ca0a6fd877]::panicking::panic_handler::{closure#0}
[INFO] [stdout]    8:     0x5ec0d7fb2a59 - std[617be2ca0a6fd877]::sys::backtrace::__rust_end_short_backtrace::<std[617be2ca0a6fd877]::panicking::panic_handler::{closure#0}, !>
[INFO] [stdout]    9:     0x5ec0d7fbaa6d - __rustc[ea4f61d10b84890b]::rust_begin_unwind
[INFO] [stdout]   10:     0x5ec0d7ff3abc - core[a373ad73a504971]::panicking::panic_fmt
[INFO] [stdout]   11:     0x5ec0d7ff39d3 - core[a373ad73a504971]::panicking::assert_failed_inner
[INFO] [stdout]   12:     0x5ec0d7f6387a - core[a373ad73a504971]::panicking::assert_failed::<core[a373ad73a504971]::option::Option<i32>, core[a373ad73a504971]::option::Option<i32>>
[INFO] [stdout]   13:     0x5ec0d7f6513c - <test_main[369141b09a1474c8]::test_binary_rejects_non_youtube_url_with_generic_error::{closure#0} as core[a373ad73a504971]::ops::function::FnOnce<()>>::call_once
[INFO] [stdout]   14:     0x5ec0d7f658eb - test[aada8e7e76ba119b]::__rust_begin_short_backtrace::<core[a373ad73a504971]::result::Result<(), alloc[2e1b2a31b91974c5]::string::String>, fn() -> core[a373ad73a504971]::result::Result<(), alloc[2e1b2a31b91974c5]::string::String>>
[INFO] [stdout]   15:     0x5ec0d7f72ac5 - test[aada8e7e76ba119b]::run_test::{closure#0}
[INFO] [stdout]   16:     0x5ec0d7f6c3b4 - std[617be2ca0a6fd877]::sys::backtrace::__rust_begin_short_backtrace::<test[aada8e7e76ba119b]::run_test::{closure#1}, ()>
[INFO] [stdout]   17:     0x5ec0d7f75b52 - <std[617be2ca0a6fd877]::thread::lifecycle::spawn_unchecked<test[aada8e7e76ba119b]::run_test::{closure#1}, ()>::{closure#1} as core[a373ad73a504971]::ops::function::FnOnce<()>>::call_once::{shim:vtable#0}
[INFO] [stdout]   18:     0x5ec0d7fde47f - <std[617be2ca0a6fd877]::sys::thread::unix::Thread>::new::thread_start
[INFO] [stdout]   19:     0x7496794e7dfa - <unknown>
[INFO] [stdout]   20:     0x74967957b3d4 - clone
[INFO] [stdout]   21:                0x0 - <unknown>
[INFO] [stdout] 
[INFO] [stdout] 
[INFO] [stdout] failures:
[INFO] [stdout]     test_binary_rejects_non_youtube_url_with_generic_error
[INFO] [stdout] 
[INFO] [stdout] test result: FAILED. 4 passed; 1 failed; 0 ignored; 0 measured; 0 filtered out; finished in 0.01s
[INFO] [stdout] 
[INFO] [stderr] error: test failed, to rerun pass `--test test_main`
[INFO] running `Command { std: "docker" "inspect" "29491a21d4478fae45e7b162405d4d0fb74251c719824aec808dc6bfb2092700", kill_on_drop: false }`
[INFO] running `Command { std: "docker" "rm" "-f" "29491a21d4478fae45e7b162405d4d0fb74251c719824aec808dc6bfb2092700", kill_on_drop: false }`
[INFO] [stdout] 29491a21d4478fae45e7b162405d4d0fb74251c719824aec808dc6bfb2092700
