[INFO] fetching crate youtube-uploader 0.6.0...
[INFO] testing youtube-uploader-0.6.0 against 1.99.0-beta.8+cargoflags=--release for beta-release-1.100-2
[INFO] extracting crate youtube-uploader 0.6.0 into /workspace/builds/worker-7-tc1/source
[INFO] started tweaking crates.io crate youtube-uploader 0.6.0
[INFO] removed 0 missing examples
[INFO] removed 0 missing tests
[INFO] finished tweaking crates.io crate youtube-uploader 0.6.0
[INFO] tweaked toml for crates.io crate youtube-uploader 0.6.0 written to /workspace/builds/worker-7-tc1/source/Cargo.toml
[INFO] validating manifest of crates.io crate youtube-uploader 0.6.0 on toolchain 1.99.0-beta.8
[INFO] running `Command { std: CARGO_HOME="/workspace/cargo-home" RUSTUP_HOME="/workspace/rustup-home" "/workspace/cargo-home/bin/cargo" "+1.99.0-beta.8" "metadata" "--manifest-path" "Cargo.toml" "--no-deps", kill_on_drop: false }`
[INFO] crate crates.io crate youtube-uploader 0.6.0 already has a lockfile, it will not be regenerated
[INFO] running `Command { std: CARGO_HOME="/workspace/cargo-home" RUSTUP_HOME="/workspace/rustup-home" "/workspace/cargo-home/bin/cargo" "+1.99.0-beta.8" "fetch" "--manifest-path" "Cargo.toml", kill_on_drop: false }`
[INFO] [stderr]     Updating crates.io index
[INFO] [stderr]  Downloading crates ...
[INFO] [stderr]   Downloaded openssl-sys v0.9.115
[INFO] [stderr]   Downloaded is-wsl v0.4.0
[INFO] [stderr]   Downloaded open v5.3.5
[INFO] [stderr]   Downloaded is-docker v0.2.0
[INFO] [stderr]   Downloaded tower-http v0.6.10
[INFO] [stderr]   Downloaded openssl v0.10.79
[INFO] running `Command { std: "docker" "create" "-v" "/var/lib/crater-agent-workspace/builds/worker-7-tc1/source:/opt/rustwide/workdir:ro,Z" "-v" "/var/lib/crater-agent-workspace/builds/worker-7-tc1/target:/opt/rustwide/target:rw,Z" "-v" "/var/lib/crater-agent-workspace/cargo-home:/opt/rustwide/cargo-home:ro,Z" "-v" "/var/lib/crater-agent-workspace/rustup-home:/opt/rustwide/rustup-home:ro,Z" "-m" "1610612736" "--network" "none" "ghcr.io/rust-lang/crates-build-env/linux@sha256:77db811e55d90add9212f6832c23229e3de5f1c1f9905e8cb07319ea15df73ac" "sleep" "infinity", kill_on_drop: false }`
[INFO] [stdout] 319dc59f0e1df6aa08c48b0b086945aa2a0347dfc39236cb2cb645fa1729f506
[INFO] running `Command { std: "docker" "start" "319dc59f0e1df6aa08c48b0b086945aa2a0347dfc39236cb2cb645fa1729f506", kill_on_drop: false }`
[INFO] running `Command { std: "docker" "inspect" "319dc59f0e1df6aa08c48b0b086945aa2a0347dfc39236cb2cb645fa1729f506", kill_on_drop: false }`
[INFO] running `Command { std: "docker" "exec" "-e" "SOURCE_DIR=/opt/rustwide/workdir" "-e" "CARGO_HOME=/opt/rustwide/cargo-home" "-e" "RUSTUP_HOME=/opt/rustwide/rustup-home" "-e" "CARGO_TARGET_DIR=/opt/rustwide/target" "-w" "/opt/rustwide/workdir" "--user" "0:0" "319dc59f0e1df6aa08c48b0b086945aa2a0347dfc39236cb2cb645fa1729f506" "/opt/rustwide/cargo-home/bin/cargo" "+1.99.0-beta.8" "metadata" "--no-deps" "--format-version=1", kill_on_drop: false }`
[INFO] running `Command { std: "docker" "inspect" "319dc59f0e1df6aa08c48b0b086945aa2a0347dfc39236cb2cb645fa1729f506", kill_on_drop: false }`
[INFO] running `Command { std: "docker" "exec" "-e" "SOURCE_DIR=/opt/rustwide/workdir" "-e" "CARGO_HOME=/opt/rustwide/cargo-home" "-e" "RUSTUP_HOME=/opt/rustwide/rustup-home" "-e" "CARGO_TARGET_DIR=/opt/rustwide/target" "-e" "CARGO_INCREMENTAL=0" "-e" "RUST_BACKTRACE=full" "-e" "RUSTFLAGS=--cap-lints=warn" "-e" "RUSTDOCFLAGS=--cap-lints=warn" "-w" "/opt/rustwide/workdir" "--user" "0:0" "319dc59f0e1df6aa08c48b0b086945aa2a0347dfc39236cb2cb645fa1729f506" "/opt/rustwide/cargo-home/bin/cargo" "+1.99.0-beta.8" "build" "--frozen" "--message-format=json" "--release", kill_on_drop: false }`
[INFO] [stderr]    Compiling tokio-macros v2.7.0
[INFO] [stderr]    Compiling parking_lot_core v0.9.12
[INFO] [stderr]    Compiling cc v1.2.62
[INFO] [stderr]    Compiling mio v1.2.0
[INFO] [stderr]    Compiling socket2 v0.6.3
[INFO] [stderr]    Compiling rand_core v0.6.4
[INFO] [stderr]    Compiling zerotrie v0.2.4
[INFO] [stderr]    Compiling tinystr v0.8.3
[INFO] [stderr]    Compiling openssl v0.10.79
[INFO] [stderr]    Compiling icu_collections v2.2.0
[INFO] [stderr]    Compiling openssl-macros v0.1.1
[INFO] [stderr]    Compiling inout v0.1.4
[INFO] [stderr]    Compiling unicase v2.9.0
[INFO] [stderr]    Compiling getrandom v0.3.4
[INFO] [stderr]    Compiling zeroize v1.8.2
[INFO] [stderr]    Compiling toml_datetime v0.6.11
[INFO] [stderr]    Compiling serde_spanned v0.6.9
[INFO] [stderr]    Compiling crypto-common v0.1.7
[INFO] [stderr]    Compiling rand_core v0.9.5
[INFO] [stderr]    Compiling is-docker v0.2.0
[INFO] [stderr]    Compiling mime_guess v2.0.5
[INFO] [stderr]    Compiling parking_lot v0.12.5
[INFO] [stderr]    Compiling icu_locale_core v2.2.0
[INFO] [stderr]    Compiling digest v0.10.7
[INFO] [stderr]    Compiling cipher v0.4.4
[INFO] [stderr]    Compiling universal-hash v0.5.1
[INFO] [stderr]    Compiling polyval v0.6.2
[INFO] [stderr]    Compiling winnow v0.7.15
[INFO] [stderr]    Compiling toml_write v0.1.2
[INFO] [stderr]    Compiling rustls-pki-types v1.14.1
[INFO] [stderr]    Compiling rand_chacha v0.9.0
[INFO] [stderr]    Compiling aead v0.5.2
[INFO] [stderr]    Compiling hmac v0.12.1
[INFO] [stderr]    Compiling is-wsl v0.4.0
[INFO] [stderr]    Compiling tokio v1.52.3
[INFO] [stderr]    Compiling ghash v0.5.1
[INFO] [stderr]    Compiling serde_urlencoded v0.7.1
[INFO] [stderr]    Compiling open v5.3.5
[INFO] [stderr]    Compiling pbkdf2 v0.12.2
[INFO] [stderr]    Compiling sha2 v0.10.9
[INFO] [stderr]    Compiling ctr v0.9.2
[INFO] [stderr]    Compiling aes v0.8.4
[INFO] [stderr]    Compiling rand v0.9.4
[INFO] [stderr]    Compiling dirs v6.0.0
[INFO] [stderr]    Compiling openssl-sys v0.9.115
[INFO] [stderr]    Compiling aes-gcm v0.10.3
[INFO] [stderr]    Compiling native-tls v0.2.18
[INFO] [stderr]    Compiling icu_provider v2.2.0
[INFO] [stderr]    Compiling icu_normalizer v2.2.0
[INFO] [stderr]    Compiling icu_properties v2.2.0
[INFO] [stderr]    Compiling idna_adapter v1.2.2
[INFO] [stderr]    Compiling idna v1.1.0
[INFO] [stderr]    Compiling toml_edit v0.22.27
[INFO] [stderr]    Compiling url v2.5.8
[INFO] [stderr]    Compiling toml v0.8.23
[INFO] [stderr]    Compiling tokio-util v0.7.18
[INFO] [stderr]    Compiling tokio-native-tls v0.3.1
[INFO] [stderr]    Compiling tower v0.5.3
[INFO] [stderr]    Compiling tower-http v0.6.10
[INFO] [stderr]    Compiling h2 v0.4.14
[INFO] [stderr]    Compiling hyper v1.9.0
[INFO] [stderr]    Compiling hyper-util v0.1.20
[INFO] [stderr]    Compiling hyper-tls v0.6.0
[INFO] [stderr]    Compiling reqwest v0.12.28
[INFO] [stderr]    Compiling youtube-uploader v0.6.0 (/opt/rustwide/workdir)
[INFO] [stderr]     Finished `release` profile [optimized] target(s) in 45.86s
[INFO] running `Command { std: "docker" "inspect" "319dc59f0e1df6aa08c48b0b086945aa2a0347dfc39236cb2cb645fa1729f506", kill_on_drop: false }`
[INFO] running `Command { std: "docker" "exec" "-e" "SOURCE_DIR=/opt/rustwide/workdir" "-e" "CARGO_HOME=/opt/rustwide/cargo-home" "-e" "RUSTUP_HOME=/opt/rustwide/rustup-home" "-e" "CARGO_TARGET_DIR=/opt/rustwide/target" "-e" "CARGO_INCREMENTAL=0" "-e" "RUST_BACKTRACE=full" "-e" "RUSTFLAGS=--cap-lints=warn" "-e" "RUSTDOCFLAGS=--cap-lints=warn" "-w" "/opt/rustwide/workdir" "--user" "0:0" "319dc59f0e1df6aa08c48b0b086945aa2a0347dfc39236cb2cb645fa1729f506" "/opt/rustwide/cargo-home/bin/cargo" "+1.99.0-beta.8" "test" "--frozen" "--no-run" "--message-format=json" "--release", kill_on_drop: false }`
[INFO] [stderr]    Compiling tokio v1.52.3
[INFO] [stderr]    Compiling futures-util v0.3.32
[INFO] [stderr]    Compiling openssl v0.10.79
[INFO] [stderr]    Compiling serde_json v1.0.149
[INFO] [stderr]    Compiling num-traits v0.2.19
[INFO] [stderr]    Compiling getrandom v0.4.2
[INFO] [stderr]    Compiling aho-corasick v1.1.4
[INFO] [stderr]    Compiling num_cpus v1.17.0
[INFO] [stderr]    Compiling wait-timeout v0.2.1
[INFO] [stderr]    Compiling bit-vec v0.8.0
[INFO] [stderr]    Compiling deadpool-runtime v0.1.4
[INFO] [stderr]    Compiling quick-error v1.2.3
[INFO] [stderr]    Compiling rand_xorshift v0.4.0
[INFO] [stderr]    Compiling unarray v0.1.4
[INFO] [stderr]    Compiling bit-set v0.8.0
[INFO] [stderr]    Compiling tempfile v3.27.0
[INFO] [stderr]    Compiling rusty-fork v0.3.1
[INFO] [stderr]    Compiling proptest v1.11.0
[INFO] [stderr]    Compiling assert-json-diff v2.0.2
[INFO] [stderr]    Compiling regex-automata v0.4.14
[INFO] [stderr]    Compiling futures-executor v0.3.32
[INFO] [stderr]    Compiling futures v0.3.32
[INFO] [stderr]    Compiling native-tls v0.2.18
[INFO] [stderr]    Compiling regex v1.12.3
[INFO] [stderr]    Compiling tokio-util v0.7.18
[INFO] [stderr]    Compiling tokio-native-tls v0.3.1
[INFO] [stderr]    Compiling tower v0.5.3
[INFO] [stderr]    Compiling deadpool v0.12.3
[INFO] [stderr]    Compiling tokio-stream v0.1.18
[INFO] [stderr]    Compiling tokio-test v0.4.5
[INFO] [stderr]    Compiling h2 v0.4.14
[INFO] [stderr]    Compiling tower-http v0.6.10
[INFO] [stderr]    Compiling hyper v1.9.0
[INFO] [stderr]    Compiling hyper-util v0.1.20
[INFO] [stderr]    Compiling hyper-tls v0.6.0
[INFO] [stderr]    Compiling wiremock v0.6.5
[INFO] [stderr]    Compiling reqwest v0.12.28
[INFO] [stderr]    Compiling youtube-uploader v0.6.0 (/opt/rustwide/workdir)
[INFO] [stderr]     Finished `release` profile [optimized] target(s) in 1m 02s
[INFO] running `Command { std: "docker" "inspect" "319dc59f0e1df6aa08c48b0b086945aa2a0347dfc39236cb2cb645fa1729f506", kill_on_drop: false }`
[INFO] running `Command { std: "docker" "exec" "-e" "SOURCE_DIR=/opt/rustwide/workdir" "-e" "CARGO_HOME=/opt/rustwide/cargo-home" "-e" "RUSTUP_HOME=/opt/rustwide/rustup-home" "-e" "CARGO_TARGET_DIR=/opt/rustwide/target" "-e" "CARGO_INCREMENTAL=0" "-e" "RUST_BACKTRACE=full" "-e" "RUSTFLAGS=--cap-lints=warn" "-e" "RUSTDOCFLAGS=--cap-lints=warn" "-w" "/opt/rustwide/workdir" "--user" "0:0" "319dc59f0e1df6aa08c48b0b086945aa2a0347dfc39236cb2cb645fa1729f506" "/opt/rustwide/cargo-home/bin/cargo" "+1.99.0-beta.8" "test" "--frozen" "--release", kill_on_drop: false }`
[INFO] [stderr]     Finished `release` profile [optimized] target(s) in 0.20s
[INFO] [stderr]      Running unittests src/lib.rs (/opt/rustwide/target/release/deps/youtube_uploader-2299192a2256baf8)
[INFO] [stdout] 
[INFO] [stdout] running 108 tests
[INFO] [stdout] test auth::device_code::tests::test_token_response_without_refresh_token ... ok
[INFO] [stdout] test auth::device_code::tests::test_token_response_deserialization ... ok
[INFO] [stdout] test auth::refresh_token::tests::test_token_expired_with_past_expiry ... ok
[INFO] [stdout] test auth::refresh_token::tests::test_token_not_expired_with_far_future_expiry ... ok
[INFO] [stdout] test auth::urls::tests::test_defaults ... ok
[INFO] [stdout] test auth::device_code::tests::test_token_error_response_deserialization ... ok
[INFO] [stdout] test auth::device_code::tests::test_token_error_response_slow_down_deserialization ... ok
[INFO] [stdout] test config::tests::test_credential_store_multi_workspace ... ok
[INFO] [stdout] test auth::refresh_token::tests::test_token_expired_within_60_second_buffer ... ok
[INFO] [stdout] test auth::auth_code::tests::test_pkce_pair_challenge_is_deterministic ... ok
[INFO] [stdout] test auth::device_code::tests::test_device_code_response_defaults ... ok
[INFO] [stdout] test auth::refresh_token::tests::test_is_token_expired_zero_expiry ... ok
[INFO] [stdout] test auth::device_code::tests::test_device_code_response_deserialization ... ok
[INFO] [stdout] test auth::device_code::tests::test_token_error_response_defaults ... ok
[INFO] [stdout] test auth::refresh_token::tests::test_now_secs_returns_reasonable_unix_timestamp ... ok
[INFO] [stdout] test config::tests::test_credential_store_corrupted_file_garbage_data ... ok
[INFO] [stdout] test auth::auth_code::tests::test_pkce_pair_generates_valid_verifier ... ok
[INFO] [stdout] test config::tests::test_credential_store_corrupted_file_too_short ... ok
[INFO] [stdout] test config::tests::test_credential_store_v1_wrong_passphrase ... ok
[INFO] [stdout] test config::tests::test_derive_key_legacy_deterministic ... ok
[INFO] [stdout] test error::tests::test_auth_error_not_retryable ... ok
[INFO] [stdout] test error::tests::test_encryption_error_not_retryable ... ok
[INFO] [stdout] test error::tests::test_interrupted_error_is_retryable ... ok
[INFO] [stdout] test error::tests::test_no_attempts_error_not_retryable ... ok
[INFO] [stdout] test net::tests::test_loopback_range ... ok
[INFO] [stdout] test net::tests::test_non_ip_strings ... ok
[INFO] [stdout] test net::tests::test_private_hostnames ... ok
[INFO] [stdout] test net::tests::test_private_ipv6_link_local ... ok
[INFO] [stdout] test error::tests::test_platform_api_4xx_not_retryable ... ok
[INFO] [stdout] test config::tests::test_credential_store_default_workspace ... ok
[INFO] [stdout] test net::tests::test_private_ipv6_unique_local ... ok
[INFO] [stdout] test error::tests::test_io_error_not_retryable ... ok
[INFO] [stdout] test net::tests::test_ipv4_mapped_ipv6_public ... ok
[INFO] [stdout] test net::tests::test_private_v4 ... ok
[INFO] [stdout] test net::tests::test_private_v4_cgnat ... ok
[INFO] [stdout] test net::tests::test_private_ipv6_unspecified ... ok
[INFO] [stdout] test error::tests::test_platform_api_5xx_is_retryable ... ok
[INFO] [stdout] test net::tests::test_private_v4_zero ... ok
[INFO] [stdout] test config::tests::test_platform_credentials_default ... ok
[INFO] [stdout] test net::tests::test_ipv4_mapped_ipv6_private ... ok
[INFO] [stdout] test net::tests::test_ipv4_mapped_ipv6_cgnat ... ok
[INFO] [stdout] test net::tests::test_public_ipv6 ... ok
[INFO] [stdout] test profile::tests::test_upload_profile_parse_full ... ok
[INFO] [stdout] test profile::tests::test_resolve_with_no_explicit_no_default ... ok
[INFO] [stdout] test profile::tests::test_video_meta_apply_to_skips_none ... ok
[INFO] [stdout] test profile::tests::test_video_meta_apply_to_all_fields ... ok
[INFO] [stdout] test profile::tests::test_video_meta_default_is_all_none ... ok
[INFO] [stdout] test net::tests::test_public_v4 ... ok
[INFO] [stdout] test profile::tests::test_upload_profile_default_is_all_none ... ok
[INFO] [stdout] test profile::tests::test_video_meta_apply_to_overrides_fields ... ok
[INFO] [stdout] test profile::tests::test_video_meta_load_from_nonexistent_returns_default ... ok
[INFO] [stdout] test profile::tests::test_video_meta_parse_full ... ok
[INFO] [stdout] test profile::tests::test_video_meta_load_from_invalid_toml ... ok
[INFO] [stdout] test resume::tests::test_resume_dir_is_under_config ... ok
[INFO] [stdout] test profile::tests::test_video_meta_discover_no_meta_file ... ok
[INFO] [stdout] test profile::tests::test_video_meta_discover_with_meta_file ... ok
[INFO] [stdout] test config::tests::test_credential_store_v01_to_v02_format_migration ... ok
[INFO] [stdout] test profile::tests::test_video_meta_load_from_valid_file ... ok
[INFO] [stdout] test profile::tests::test_video_meta_discover_no_stem ... ok
[INFO] [stdout] test resume::tests::test_upload_state_serialization_roundtrip ... ok
[INFO] [stdout] test upload::tests::test_apply_profile_fills_unset_fields ... ok
[INFO] [stdout] test upload::tests::test_apply_profile_does_not_overwrite_explicit_fields ... ok
[INFO] [stdout] test resume::tests::test_upload_state_save_and_load_roundtrip ... ok
[INFO] [stdout] test upload::tests::test_apply_profile_default_visibility_is_overridden ... ok
[INFO] [stdout] test upload::tests::test_apply_profile_empty_is_no_op ... ok
[INFO] [stdout] test upload::tests::test_apply_profile_tags_merge_dedup ... ok
[INFO] [stdout] test upload::tests::test_license_from_str_invalid ... ok
[INFO] [stdout] test upload::tests::test_license_serde_roundtrip ... ok
[INFO] [stdout] test upload::tests::test_upload_result_new ... ok
[INFO] [stdout] test upload::tests::test_license_from_str_youtube ... ok
[INFO] [stdout] test profile::tests::test_upload_profile_parse_minimal ... ok
[INFO] [stdout] test resume::tests::test_upload_state_filename_is_deterministic ... ok
[INFO] [stdout] test resume::tests::test_upload_state_different_files_different_names ... ok
[INFO] [stdout] test upload::tests::test_license_default_is_youtube ... ok
[INFO] [stdout] test upload::tests::test_upload_result_serde_json ... ok
[INFO] [stdout] test upload::tests::test_video_upload_all_builder_fields ... ok
[INFO] [stdout] test config::tests::test_pbkdf2_vs_legacy_different ... ok
[INFO] [stdout] test upload::tests::test_license_display ... ok
[INFO] [stdout] test upload::tests::test_visibility_from_str_case_insensitive ... ok
[INFO] [stdout] test config::tests::test_credential_store_roundtrip ... ok
[INFO] [stdout] test config::tests::test_credential_store_v1_encryption_v01_format_migration ... ok
[INFO] [stdout] test upload::tests::test_license_from_str_creative_common ... ok
[INFO] [stdout] test upload::tests::test_visibility_display ... ok
[INFO] [stdout] test upload::tests::test_video_upload_with_title_override ... ok
[INFO] [stdout] test upload::tests::test_video_upload_builder_pattern ... ok
[INFO] [stdout] test upload::tests::test_visibility_default_is_private ... ok
[INFO] [stdout] test upload::tests::test_visibility_serde_public_roundtrip ... ok
[INFO] [stdout] test upload::tests::test_video_upload_minimal ... ok
[INFO] [stdout] test upload::tests::test_visibility_serde_private_roundtrip ... ok
[INFO] [stdout] test validation::tests::test_validate_youtube_size_limit ... ok
[INFO] [stdout] test upload::tests::test_visibility_serde_unlisted_roundtrip ... ok
[INFO] [stdout] test upload::tests::test_visibility_from_str_invalid ... ok
[INFO] [stdout] test upload::tests::test_video_upload_builder_returns_self ... ok
[INFO] [stdout] test upload::tests::test_video_upload_file_size_async ... ok
[INFO] [stdout] test validation::tests::test_size_limit_description ... ok
[INFO] [stdout] test validation::tests::test_validate_no_extension ... ok
[INFO] [stdout] test validation::tests::test_validate_empty_title ... ok
[INFO] [stdout] test validation::tests::test_validate_nonexistent_file ... ok
[INFO] [stdout] test profile::tests::test_profiles_dir_is_under_config ... ok
[INFO] [stdout] test youtube::tests::test_validate_upload_url_accepts_apex ... ok
[INFO] [stdout] test validation::tests::test_validate_empty_file ... ok
[INFO] [stdout] test validation::tests::test_validate_valid_mp4 ... ok
[INFO] [stdout] test youtube::tests::test_validate_upload_url_rejects_evil_googleapis ... ok
[INFO] [stdout] test youtube::tests::test_validate_upload_url_accepts_subdomain ... ok
[INFO] [stdout] test youtube::tests::test_validate_upload_url ... ok
[INFO] [stdout] test validation::tests::test_validate_unsupported_extension ... ok
[INFO] [stdout] test config::tests::test_derive_key_pbkdf2_deterministic ... ok
[INFO] [stdout] test config::tests::test_credential_store_wrong_passphrase_v2 ... ok
[INFO] [stderr]      Running tests/file_io.rs (/opt/rustwide/target/release/deps/file_io-c89bdc803dabcaeb)
[INFO] [stdout] 
[INFO] [stdout] test result: ok. 108 passed; 0 failed; 0 ignored; 0 measured; 0 filtered out; finished in 0.07s
[INFO] [stdout] 
[INFO] [stdout] 
[INFO] [stdout] running 7 tests
[INFO] [stdout] test test_file_path_with_tilde_expansion ... ok
[INFO] [stdout] test test_file_extension_detection ... ok
[INFO] [stdout] test test_file_concurrent_read_same_file ... ok
[INFO] [stdout] test test_valid_minimal_fixture_file ... ok
[INFO] [stdout] test test_zero_byte_file_validation ... ok
[INFO] [stdout] test test_unicode_filename_path ... ok
[INFO] [stdout] test test_file_read_unreadable_file ... FAILED
[INFO] [stdout] 
[INFO] [stdout] failures:
[INFO] [stdout] 
[INFO] [stdout] ---- test_file_read_unreadable_file stdout ----
[INFO] [stdout] 
[INFO] [stdout] thread 'test_file_read_unreadable_file' (2461) panicked at tests/file_io.rs:27:5:
[INFO] [stdout] unreadable file should fail
[INFO] [stdout] stack backtrace:
[INFO] [stdout]    0:     0x5ffc67e437a1 - <<std[70759c8f55707aa4]::sys::backtrace::BacktraceLock>::print::DisplayBacktrace as core[df12db4294e9bfd3]::fmt::Display>::fmt
[INFO] [stdout]    1:     0x5ffc67e58aaa - core[df12db4294e9bfd3]::fmt::write
[INFO] [stdout]    2:     0x5ffc67e4805c - <alloc[2182bb758b4b3781]::vec::Vec<u8> as core[df12db4294e9bfd3]::io::write::Write>::write_fmt
[INFO] [stdout]    3:     0x5ffc67e1de36 - std[70759c8f55707aa4]::panicking::default_hook::{closure#0}
[INFO] [stdout]    4:     0x5ffc67e3b0e9 - std[70759c8f55707aa4]::panicking::default_hook
[INFO] [stdout]    5:     0x5ffc67db3a60 - test[9d35eded1c95d3be]::test_main_inner::<test[9d35eded1c95d3be]::test_main_static::{closure#0}>::{closure#0}
[INFO] [stdout]    6:     0x5ffc67e3b2a2 - std[70759c8f55707aa4]::panicking::panic_with_hook
[INFO] [stdout]    7:     0x5ffc67e1df14 - std[70759c8f55707aa4]::panicking::panic_handler::{closure#0}
[INFO] [stdout]    8:     0x5ffc67e169b9 - std[70759c8f55707aa4]::sys::backtrace::__rust_end_short_backtrace::<std[70759c8f55707aa4]::panicking::panic_handler::{closure#0}, !>
[INFO] [stdout]    9:     0x5ffc67e1eb9d - __rustc[8fa7c3cbc660c2b3]::rust_begin_unwind
[INFO] [stdout]   10:     0x5ffc67e5920c - core[df12db4294e9bfd3]::panicking::panic_fmt
[INFO] [stdout]   11:     0x5ffc67d9e046 - file_io[c23ad01479c875a6]::test_file_read_unreadable_file::{closure#0}
[INFO] [stdout]   12:     0x5ffc67da0cd3 - <tokio[c2dd9c3399234396]::runtime::scheduler::current_thread::Context>::enter::<core[df12db4294e9bfd3]::task::poll::Poll<()>, <tokio[c2dd9c3399234396]::runtime::scheduler::current_thread::CoreGuard>::block_on<core[df12db4294e9bfd3]::pin::Pin<&mut core[df12db4294e9bfd3]::pin::Pin<&mut dyn core[df12db4294e9bfd3]::future::future::Future<Output = ()>>>>::{closure#0}::{closure#0}>
[INFO] [stdout]   13:     0x5ffc67da5929 - <std[70759c8f55707aa4]::thread::local::LocalKey<tokio[c2dd9c3399234396]::runtime::context::Context>>::with::<tokio[c2dd9c3399234396]::runtime::context::set_scheduler<(alloc[2182bb758b4b3781]::boxed::Box<tokio[c2dd9c3399234396]::runtime::scheduler::current_thread::Core>, core[df12db4294e9bfd3]::option::Option<()>), <tokio[c2dd9c3399234396]::runtime::scheduler::current_thread::CoreGuard>::enter<<tokio[c2dd9c3399234396]::runtime::scheduler::current_thread::CoreGuard>::block_on<core[df12db4294e9bfd3]::pin::Pin<&mut core[df12db4294e9bfd3]::pin::Pin<&mut dyn core[df12db4294e9bfd3]::future::future::Future<Output = ()>>>>::{closure#0}, core[df12db4294e9bfd3]::option::Option<()>>::{closure#0}>::{closure#0}, (alloc[2182bb758b4b3781]::boxed::Box<tokio[c2dd9c3399234396]::runtime::scheduler::current_thread::Core>, core[df12db4294e9bfd3]::option::Option<()>)>
[INFO] [stdout]   14:     0x5ffc67da1177 - <tokio[c2dd9c3399234396]::runtime::scheduler::current_thread::CoreGuard>::block_on::<core[df12db4294e9bfd3]::pin::Pin<&mut core[df12db4294e9bfd3]::pin::Pin<&mut dyn core[df12db4294e9bfd3]::future::future::Future<Output = ()>>>>
[INFO] [stdout]   15:     0x5ffc67da39bd - tokio[c2dd9c3399234396]::runtime::context::runtime::enter_runtime::<<tokio[c2dd9c3399234396]::runtime::scheduler::current_thread::CurrentThread>::block_on<core[df12db4294e9bfd3]::pin::Pin<&mut dyn core[df12db4294e9bfd3]::future::future::Future<Output = ()>>>::{closure#0}, ()>
[INFO] [stdout]   16:     0x5ffc67da4115 - <tokio[c2dd9c3399234396]::runtime::runtime::Runtime>::block_on::<core[df12db4294e9bfd3]::pin::Pin<&mut dyn core[df12db4294e9bfd3]::future::future::Future<Output = ()>>>
[INFO] [stdout]   17:     0x5ffc67da05ee - <file_io[c23ad01479c875a6]::test_file_read_unreadable_file::{closure#0} as core[df12db4294e9bfd3]::ops::function::FnOnce<()>>::call_once
[INFO] [stdout]   18:     0x5ffc67da6d4b - test[9d35eded1c95d3be]::__rust_begin_short_backtrace::<core[df12db4294e9bfd3]::result::Result<(), alloc[2182bb758b4b3781]::string::String>, fn() -> core[df12db4294e9bfd3]::result::Result<(), alloc[2182bb758b4b3781]::string::String>>
[INFO] [stdout]   19:     0x5ffc67db43b5 - test[9d35eded1c95d3be]::run_test::{closure#0}
[INFO] [stdout]   20:     0x5ffc67dadc74 - std[70759c8f55707aa4]::sys::backtrace::__rust_begin_short_backtrace::<test[9d35eded1c95d3be]::run_test::{closure#1}, ()>
[INFO] [stderr] error: test failed, to rerun pass `--test file_io`
[INFO] [stdout]   21:     0x5ffc67db7512 - <std[70759c8f55707aa4]::thread::lifecycle::spawn_unchecked<test[9d35eded1c95d3be]::run_test::{closure#1}, ()>::{closure#1} as core[df12db4294e9bfd3]::ops::function::FnOnce<()>>::call_once::{shim:vtable#0}
[INFO] [stdout]   22:     0x5ffc67e42b69 - <std[70759c8f55707aa4]::sys::thread::unix::Thread>::new::thread_start
[INFO] [stdout]   23:     0x7e709b3bfdfa - <unknown>
[INFO] [stdout]   24:     0x7e709b4533d4 - clone
[INFO] [stdout]   25:                0x0 - <unknown>
[INFO] [stdout] 
[INFO] [stdout] 
[INFO] [stdout] failures:
[INFO] [stdout]     test_file_read_unreadable_file
[INFO] [stdout] 
[INFO] [stdout] test result: FAILED. 6 passed; 1 failed; 0 ignored; 0 measured; 0 filtered out; finished in 0.01s
[INFO] [stdout] 
[INFO] running `Command { std: "docker" "inspect" "319dc59f0e1df6aa08c48b0b086945aa2a0347dfc39236cb2cb645fa1729f506", kill_on_drop: false }`
[INFO] running `Command { std: "docker" "rm" "-f" "319dc59f0e1df6aa08c48b0b086945aa2a0347dfc39236cb2cb645fa1729f506", kill_on_drop: false }`
[INFO] [stdout] 319dc59f0e1df6aa08c48b0b086945aa2a0347dfc39236cb2cb645fa1729f506
