[INFO] fetching crate your_game_of_life 0.1.0...
[INFO] testing your_game_of_life-0.1.0 against 1.99.0-beta.8+cargoflags=--release for beta-release-1.100-2
[INFO] extracting crate your_game_of_life 0.1.0 into /workspace/builds/worker-1-tc1/source
[INFO] started tweaking crates.io crate your_game_of_life 0.1.0
[INFO] finished tweaking crates.io crate your_game_of_life 0.1.0
[INFO] tweaked toml for crates.io crate your_game_of_life 0.1.0 written to /workspace/builds/worker-1-tc1/source/Cargo.toml
[INFO] validating manifest of crates.io crate your_game_of_life 0.1.0 on toolchain 1.99.0-beta.8
[INFO] running `Command { std: CARGO_HOME="/workspace/cargo-home" RUSTUP_HOME="/workspace/rustup-home" "/workspace/cargo-home/bin/cargo" "+1.99.0-beta.8" "metadata" "--manifest-path" "Cargo.toml" "--no-deps", kill_on_drop: false }`
[INFO] running `Command { std: CARGO_HOME="/workspace/cargo-home" RUSTUP_HOME="/workspace/rustup-home" "/workspace/cargo-home/bin/cargo" "+1.99.0-beta.8" "generate-lockfile" "--manifest-path" "Cargo.toml", kill_on_drop: false }`
[INFO] [stderr]     Blocking waiting for file lock on package cache
[INFO] [stderr]     Blocking waiting for file lock on package cache
[INFO] running `Command { std: CARGO_HOME="/workspace/cargo-home" RUSTUP_HOME="/workspace/rustup-home" "/workspace/cargo-home/bin/cargo" "+1.99.0-beta.8" "fetch" "--manifest-path" "Cargo.toml", kill_on_drop: false }`
[INFO] [stderr]     Blocking waiting for file lock on package cache
[INFO] [stderr]     Blocking waiting for file lock on package cache
[INFO] running `Command { std: "docker" "create" "-v" "/var/lib/crater-agent-workspace/builds/worker-1-tc1/source:/opt/rustwide/workdir:ro,Z" "-v" "/var/lib/crater-agent-workspace/builds/worker-1-tc1/target:/opt/rustwide/target:rw,Z" "-v" "/var/lib/crater-agent-workspace/cargo-home:/opt/rustwide/cargo-home:ro,Z" "-v" "/var/lib/crater-agent-workspace/rustup-home:/opt/rustwide/rustup-home:ro,Z" "-m" "1610612736" "--network" "none" "ghcr.io/rust-lang/crates-build-env/linux@sha256:77db811e55d90add9212f6832c23229e3de5f1c1f9905e8cb07319ea15df73ac" "sleep" "infinity", kill_on_drop: false }`
[INFO] [stdout] e59cc0fac0de337fce6fc972a686fae29c39ef73feeb54d6cdc54f7b135ddd05
[INFO] running `Command { std: "docker" "start" "e59cc0fac0de337fce6fc972a686fae29c39ef73feeb54d6cdc54f7b135ddd05", kill_on_drop: false }`
[INFO] running `Command { std: "docker" "inspect" "e59cc0fac0de337fce6fc972a686fae29c39ef73feeb54d6cdc54f7b135ddd05", kill_on_drop: false }`
[INFO] running `Command { std: "docker" "exec" "-e" "SOURCE_DIR=/opt/rustwide/workdir" "-e" "CARGO_HOME=/opt/rustwide/cargo-home" "-e" "RUSTUP_HOME=/opt/rustwide/rustup-home" "-e" "CARGO_TARGET_DIR=/opt/rustwide/target" "-w" "/opt/rustwide/workdir" "--user" "0:0" "e59cc0fac0de337fce6fc972a686fae29c39ef73feeb54d6cdc54f7b135ddd05" "/opt/rustwide/cargo-home/bin/cargo" "+1.99.0-beta.8" "metadata" "--no-deps" "--format-version=1", kill_on_drop: false }`
[INFO] running `Command { std: "docker" "inspect" "e59cc0fac0de337fce6fc972a686fae29c39ef73feeb54d6cdc54f7b135ddd05", kill_on_drop: false }`
[INFO] running `Command { std: "docker" "exec" "-e" "SOURCE_DIR=/opt/rustwide/workdir" "-e" "CARGO_HOME=/opt/rustwide/cargo-home" "-e" "RUSTUP_HOME=/opt/rustwide/rustup-home" "-e" "CARGO_TARGET_DIR=/opt/rustwide/target" "-e" "CARGO_INCREMENTAL=0" "-e" "RUST_BACKTRACE=full" "-e" "RUSTFLAGS=--cap-lints=warn" "-e" "RUSTDOCFLAGS=--cap-lints=warn" "-w" "/opt/rustwide/workdir" "--user" "0:0" "e59cc0fac0de337fce6fc972a686fae29c39ef73feeb54d6cdc54f7b135ddd05" "/opt/rustwide/cargo-home/bin/cargo" "+1.99.0-beta.8" "build" "--frozen" "--message-format=json" "--release", kill_on_drop: false }`
[INFO] [stderr]    Compiling your_game_of_life v0.1.0 (/opt/rustwide/workdir)
[INFO] [stderr]     Finished `release` profile [optimized] target(s) in 0.44s
[INFO] running `Command { std: "docker" "inspect" "e59cc0fac0de337fce6fc972a686fae29c39ef73feeb54d6cdc54f7b135ddd05", kill_on_drop: false }`
[INFO] running `Command { std: "docker" "exec" "-e" "SOURCE_DIR=/opt/rustwide/workdir" "-e" "CARGO_HOME=/opt/rustwide/cargo-home" "-e" "RUSTUP_HOME=/opt/rustwide/rustup-home" "-e" "CARGO_TARGET_DIR=/opt/rustwide/target" "-e" "CARGO_INCREMENTAL=0" "-e" "RUST_BACKTRACE=full" "-e" "RUSTFLAGS=--cap-lints=warn" "-e" "RUSTDOCFLAGS=--cap-lints=warn" "-w" "/opt/rustwide/workdir" "--user" "0:0" "e59cc0fac0de337fce6fc972a686fae29c39ef73feeb54d6cdc54f7b135ddd05" "/opt/rustwide/cargo-home/bin/cargo" "+1.99.0-beta.8" "test" "--frozen" "--no-run" "--message-format=json" "--release", kill_on_drop: false }`
[INFO] [stderr]    Compiling your_game_of_life v0.1.0 (/opt/rustwide/workdir)
[INFO] [stderr]     Finished `release` profile [optimized] target(s) in 0.27s
[INFO] running `Command { std: "docker" "inspect" "e59cc0fac0de337fce6fc972a686fae29c39ef73feeb54d6cdc54f7b135ddd05", kill_on_drop: false }`
[INFO] running `Command { std: "docker" "exec" "-e" "SOURCE_DIR=/opt/rustwide/workdir" "-e" "CARGO_HOME=/opt/rustwide/cargo-home" "-e" "RUSTUP_HOME=/opt/rustwide/rustup-home" "-e" "CARGO_TARGET_DIR=/opt/rustwide/target" "-e" "CARGO_INCREMENTAL=0" "-e" "RUST_BACKTRACE=full" "-e" "RUSTFLAGS=--cap-lints=warn" "-e" "RUSTDOCFLAGS=--cap-lints=warn" "-w" "/opt/rustwide/workdir" "--user" "0:0" "e59cc0fac0de337fce6fc972a686fae29c39ef73feeb54d6cdc54f7b135ddd05" "/opt/rustwide/cargo-home/bin/cargo" "+1.99.0-beta.8" "test" "--frozen" "--release", kill_on_drop: false }`
[INFO] [stderr]     Finished `release` profile [optimized] target(s) in 0.01s
[INFO] [stderr]      Running unittests src/lib.rs (/opt/rustwide/target/release/deps/your_game_of_life-4341100b2a31d84c)
[INFO] [stdout] 
[INFO] [stdout] running 0 tests
[INFO] [stdout] 
[INFO] [stderr]    Doc-tests your_game_of_life
[INFO] [stdout] test result: ok. 0 passed; 0 failed; 0 ignored; 0 measured; 0 filtered out; finished in 0.00s
[INFO] [stdout] 
[INFO] [stdout] 
[INFO] [stdout] running 5 tests
[INFO] [stdout] test src/lib.rs - Life<HEIGHT,WIDTH>::play (line 205) ... FAILED
[INFO] [stdout] test src/lib.rs - (line 10) ... FAILED
[INFO] [stdout] test src/cell.rs - cell::CellNeighbors (line 203) ... ok
[INFO] [stdout] test src/lib.rs - Life<HEIGHT,WIDTH>::play_for (line 249) ... FAILED
[INFO] [stdout] test src/lib.rs - Life<HEIGHT,WIDTH> (line 72) ... ok
[INFO] [stderr] error: doctest failed, to rerun pass `--doc`
[INFO] [stdout] 
[INFO] [stdout] failures:
[INFO] [stdout] 
[INFO] [stdout] ---- src/lib.rs - Life<HEIGHT,WIDTH>::play (line 205) stdout ----
[INFO] [stdout] error: expected `;`, found `[`
[INFO] [stdout]    --> src/lib.rs:208:5
[INFO] [stdout]     |
[INFO] [stdout] 208 |     [0, 1]
[INFO] [stdout]     |     ^
[INFO] [stdout]     |
[INFO] [stdout] help: consider adding `;` here
[INFO] [stdout]     |
[INFO] [stdout] 207 |     [1, 0];
[INFO] [stdout]     |           +
[INFO] [stdout] 
[INFO] [stdout] error: aborting due to 1 previous error
[INFO] [stdout] 
[INFO] [stdout] Couldn't compile the test.
[INFO] [stdout] ---- src/lib.rs - (line 10) stdout ----
[INFO] [stdout] error[E0425]: cannot find type `Cell` in this scope
[INFO] [stdout]   --> src/lib.rs:11:14
[INFO] [stdout]    |
[INFO] [stdout] 11 | const ALIVE: Cell = Cell::alive();
[INFO] [stdout]    |              ^^^^ not found in this scope
[INFO] [stdout]    |
[INFO] [stdout] help: consider importing this struct
[INFO] [stdout]    |
[INFO] [stdout] 11 + use std::cell::Cell;
[INFO] [stdout]    |
[INFO] [stdout] 
[INFO] [stdout] error[E0433]: cannot find type `Cell` in this scope
[INFO] [stdout]   --> src/lib.rs:11:21
[INFO] [stdout]    |
[INFO] [stdout] 11 | const ALIVE: Cell = Cell::alive();
[INFO] [stdout]    |                     ^^^^ use of undeclared type `Cell`
[INFO] [stdout]    |
[INFO] [stdout] help: consider importing this struct
[INFO] [stdout]    |
[INFO] [stdout] 11 + use std::cell::Cell;
[INFO] [stdout]    |
[INFO] [stdout] 
[INFO] [stdout] error[E0425]: cannot find type `Cell` in this scope
[INFO] [stdout]   --> src/lib.rs:12:13
[INFO] [stdout]    |
[INFO] [stdout] 12 | const DEAD: Cell = Cell::dead();
[INFO] [stdout]    |             ^^^^ not found in this scope
[INFO] [stdout]    |
[INFO] [stdout] help: consider importing this struct
[INFO] [stdout]    |
[INFO] [stdout] 11 + use std::cell::Cell;
[INFO] [stdout]    |
[INFO] [stdout] 
[INFO] [stdout] error[E0433]: cannot find type `Cell` in this scope
[INFO] [stdout]   --> src/lib.rs:12:20
[INFO] [stdout]    |
[INFO] [stdout] 12 | const DEAD: Cell = Cell::dead();
[INFO] [stdout]    |                    ^^^^ use of undeclared type `Cell`
[INFO] [stdout]    |
[INFO] [stdout] help: consider importing this struct
[INFO] [stdout]    |
[INFO] [stdout] 11 + use std::cell::Cell;
[INFO] [stdout]    |
[INFO] [stdout] 
[INFO] [stdout] error[E0433]: cannot find type `Life` in this scope
[INFO] [stdout]   --> src/lib.rs:15:20
[INFO] [stdout]    |
[INFO] [stdout] 15 |     let mut life = Life::from([
[INFO] [stdout]    |                    ^^^^ use of undeclared type `Life`
[INFO] [stdout] 
[INFO] [stdout] error: aborting due to 5 previous errors
[INFO] [stdout] 
[INFO] [stdout] Some errors have detailed explanations: E0425, E0433.
[INFO] [stdout] For more information about an error, try `rustc --explain E0425`.
[INFO] [stdout] Couldn't compile the test.
[INFO] [stdout] ---- src/lib.rs - Life<HEIGHT,WIDTH>::play_for (line 249) stdout ----
[INFO] [stdout] error: expected `;`, found `[`
[INFO] [stdout]    --> src/lib.rs:252:5
[INFO] [stdout]     |
[INFO] [stdout] 252 |     [0, 1]
[INFO] [stdout]     |     ^
[INFO] [stdout]     |
[INFO] [stdout] help: consider adding `;` here
[INFO] [stdout]     |
[INFO] [stdout] 251 |     [1, 0];
[INFO] [stdout]     |           +
[INFO] [stdout] 
[INFO] [stdout] error[E0433]: cannot find type `Cell` in this scope
[INFO] [stdout]    --> src/lib.rs:260:5
[INFO] [stdout]     |
[INFO] [stdout] 260 |     Cell::alive()
[INFO] [stdout]     |     ^^^^ use of undeclared type `Cell`
[INFO] [stdout]     |
[INFO] [stdout] help: consider importing this struct
[INFO] [stdout]     |
[INFO] [stdout] 249 + use std::cell::Cell;
[INFO] [stdout]     |
[INFO] [stdout] 
[INFO] [stdout] error: aborting due to 2 previous errors
[INFO] [stdout] 
[INFO] [stdout] For more information about this error, try `rustc --explain E0433`.
[INFO] [stdout] Couldn't compile the test.
[INFO] [stdout] 
[INFO] [stdout] failures:
[INFO] [stdout]     src/lib.rs - (line 10)
[INFO] [stdout]     src/lib.rs - Life<HEIGHT,WIDTH>::play (line 205)
[INFO] [stdout]     src/lib.rs - Life<HEIGHT,WIDTH>::play_for (line 249)
[INFO] [stdout] 
[INFO] [stdout] test result: FAILED. 2 passed; 3 failed; 0 ignored; 0 measured; 0 filtered out; finished in 0.55s
[INFO] [stdout] 
[INFO] running `Command { std: "docker" "inspect" "e59cc0fac0de337fce6fc972a686fae29c39ef73feeb54d6cdc54f7b135ddd05", kill_on_drop: false }`
[INFO] running `Command { std: "docker" "rm" "-f" "e59cc0fac0de337fce6fc972a686fae29c39ef73feeb54d6cdc54f7b135ddd05", kill_on_drop: false }`
[INFO] [stdout] e59cc0fac0de337fce6fc972a686fae29c39ef73feeb54d6cdc54f7b135ddd05
