[INFO] fetching crate youpipe 0.6.0...
[INFO] testing youpipe-0.6.0 against 1.99.0-beta.8+cargoflags=--release for beta-release-1.100-2
[INFO] extracting crate youpipe 0.6.0 into /workspace/builds/worker-1-tc1/source
[INFO] started tweaking crates.io crate youpipe 0.6.0
[INFO] removed 0 missing examples
[INFO] removed 0 missing tests
[INFO] finished tweaking crates.io crate youpipe 0.6.0
[INFO] tweaked toml for crates.io crate youpipe 0.6.0 written to /workspace/builds/worker-1-tc1/source/Cargo.toml
[INFO] validating manifest of crates.io crate youpipe 0.6.0 on toolchain 1.99.0-beta.8
[INFO] running `Command { std: CARGO_HOME="/workspace/cargo-home" RUSTUP_HOME="/workspace/rustup-home" "/workspace/cargo-home/bin/cargo" "+1.99.0-beta.8" "metadata" "--manifest-path" "Cargo.toml" "--no-deps", kill_on_drop: false }`
[INFO] crate crates.io crate youpipe 0.6.0 already has a lockfile, it will not be regenerated
[INFO] running `Command { std: CARGO_HOME="/workspace/cargo-home" RUSTUP_HOME="/workspace/rustup-home" "/workspace/cargo-home/bin/cargo" "+1.99.0-beta.8" "fetch" "--manifest-path" "Cargo.toml", kill_on_drop: false }`
[INFO] [stderr]     Blocking waiting for file lock on package cache
[INFO] [stderr]     Updating crates.io index
[INFO] [stderr]     Blocking waiting for file lock on package cache
[INFO] [stderr]  Downloading crates ...
[INFO] [stderr]   Downloaded youpipe-concurrent-queue v0.6.0
[INFO] [stderr]   Downloaded youpipe-hotpath v0.6.0
[INFO] [stderr]   Downloaded youpipe-st3 v0.6.0
[INFO] [stderr]   Downloaded youpipe-sys v0.6.0
[INFO] [stderr]   Downloaded youpipe-crossfire v0.6.0
[INFO] running `Command { std: "docker" "create" "-v" "/var/lib/crater-agent-workspace/builds/worker-1-tc1/source:/opt/rustwide/workdir:ro,Z" "-v" "/var/lib/crater-agent-workspace/builds/worker-1-tc1/target:/opt/rustwide/target:rw,Z" "-v" "/var/lib/crater-agent-workspace/cargo-home:/opt/rustwide/cargo-home:ro,Z" "-v" "/var/lib/crater-agent-workspace/rustup-home:/opt/rustwide/rustup-home:ro,Z" "-m" "1610612736" "--network" "none" "ghcr.io/rust-lang/crates-build-env/linux@sha256:77db811e55d90add9212f6832c23229e3de5f1c1f9905e8cb07319ea15df73ac" "sleep" "infinity", kill_on_drop: false }`
[INFO] [stdout] dd8ac454ee2200223a6e23235706365a4f89834d1c40eb792207c23f199448f4
[INFO] running `Command { std: "docker" "start" "dd8ac454ee2200223a6e23235706365a4f89834d1c40eb792207c23f199448f4", kill_on_drop: false }`
[INFO] running `Command { std: "docker" "inspect" "dd8ac454ee2200223a6e23235706365a4f89834d1c40eb792207c23f199448f4", kill_on_drop: false }`
[INFO] running `Command { std: "docker" "exec" "-e" "SOURCE_DIR=/opt/rustwide/workdir" "-e" "CARGO_HOME=/opt/rustwide/cargo-home" "-e" "RUSTUP_HOME=/opt/rustwide/rustup-home" "-e" "CARGO_TARGET_DIR=/opt/rustwide/target" "-w" "/opt/rustwide/workdir" "--user" "0:0" "dd8ac454ee2200223a6e23235706365a4f89834d1c40eb792207c23f199448f4" "/opt/rustwide/cargo-home/bin/cargo" "+1.99.0-beta.8" "metadata" "--no-deps" "--format-version=1", kill_on_drop: false }`
[INFO] running `Command { std: "docker" "inspect" "dd8ac454ee2200223a6e23235706365a4f89834d1c40eb792207c23f199448f4", kill_on_drop: false }`
[INFO] running `Command { std: "docker" "exec" "-e" "SOURCE_DIR=/opt/rustwide/workdir" "-e" "CARGO_HOME=/opt/rustwide/cargo-home" "-e" "RUSTUP_HOME=/opt/rustwide/rustup-home" "-e" "CARGO_TARGET_DIR=/opt/rustwide/target" "-e" "CARGO_INCREMENTAL=0" "-e" "RUST_BACKTRACE=full" "-e" "RUSTFLAGS=--cap-lints=warn" "-e" "RUSTDOCFLAGS=--cap-lints=warn" "-w" "/opt/rustwide/workdir" "--user" "0:0" "dd8ac454ee2200223a6e23235706365a4f89834d1c40eb792207c23f199448f4" "/opt/rustwide/cargo-home/bin/cargo" "+1.99.0-beta.8" "build" "--frozen" "--message-format=json" "--release", kill_on_drop: false }`
[INFO] [stderr]    Compiling smallvec v1.16.0
[INFO] [stderr]    Compiling pointers v0.1.0
[INFO] [stderr]    Compiling youpipe-concurrent-queue v0.6.0
[INFO] [stderr]    Compiling youpipe-st3 v0.6.0
[INFO] [stderr]    Compiling syn v3.0.4
[INFO] [stderr]    Compiling parking_lot_core v0.9.12
[INFO] [stderr]    Compiling parking_lot v0.12.5
[INFO] [stderr]    Compiling youpipe-sys v0.6.0
[INFO] [stderr]    Compiling youpipe-crossfire v0.6.0
[INFO] [stderr]    Compiling tokio-macros v2.7.2
[INFO] [stderr]    Compiling tokio v1.53.1
[INFO] [stderr]    Compiling youpipe v0.6.0 (/opt/rustwide/workdir)
[INFO] [stderr]     Finished `release` profile [optimized] target(s) in 13.18s
[INFO] running `Command { std: "docker" "inspect" "dd8ac454ee2200223a6e23235706365a4f89834d1c40eb792207c23f199448f4", kill_on_drop: false }`
[INFO] running `Command { std: "docker" "exec" "-e" "SOURCE_DIR=/opt/rustwide/workdir" "-e" "CARGO_HOME=/opt/rustwide/cargo-home" "-e" "RUSTUP_HOME=/opt/rustwide/rustup-home" "-e" "CARGO_TARGET_DIR=/opt/rustwide/target" "-e" "CARGO_INCREMENTAL=0" "-e" "RUST_BACKTRACE=full" "-e" "RUSTFLAGS=--cap-lints=warn" "-e" "RUSTDOCFLAGS=--cap-lints=warn" "-w" "/opt/rustwide/workdir" "--user" "0:0" "dd8ac454ee2200223a6e23235706365a4f89834d1c40eb792207c23f199448f4" "/opt/rustwide/cargo-home/bin/cargo" "+1.99.0-beta.8" "test" "--frozen" "--no-run" "--message-format=json" "--release", kill_on_drop: false }`
[INFO] [stderr]    Compiling serde_derive v1.0.229
[INFO] [stderr]    Compiling futures-macro v0.3.34
[INFO] [stderr]    Compiling futures-channel v0.3.34
[INFO] [stderr]    Compiling serde_json v1.0.151
[INFO] [stderr]    Compiling mio v1.2.1
[INFO] [stderr]    Compiling crossbeam-channel v0.5.16
[INFO] [stderr]    Compiling tokio v1.53.1
[INFO] [stderr]    Compiling futures-util v0.3.34
[INFO] [stderr]    Compiling serde v1.0.229
[INFO] [stderr]    Compiling ciborium v0.2.2
[INFO] [stderr]    Compiling tinytemplate v1.2.1
[INFO] [stderr]    Compiling criterion v0.8.2
[INFO] [stderr]    Compiling futures-executor v0.3.34
[INFO] [stderr]    Compiling futures v0.3.34
[INFO] [stderr]    Compiling youpipe v0.6.0 (/opt/rustwide/workdir)
[INFO] [stderr]     Finished `release` profile [optimized] target(s) in 1m 27s
[INFO] running `Command { std: "docker" "inspect" "dd8ac454ee2200223a6e23235706365a4f89834d1c40eb792207c23f199448f4", kill_on_drop: false }`
[INFO] running `Command { std: "docker" "exec" "-e" "SOURCE_DIR=/opt/rustwide/workdir" "-e" "CARGO_HOME=/opt/rustwide/cargo-home" "-e" "RUSTUP_HOME=/opt/rustwide/rustup-home" "-e" "CARGO_TARGET_DIR=/opt/rustwide/target" "-e" "CARGO_INCREMENTAL=0" "-e" "RUST_BACKTRACE=full" "-e" "RUSTFLAGS=--cap-lints=warn" "-e" "RUSTDOCFLAGS=--cap-lints=warn" "-w" "/opt/rustwide/workdir" "--user" "0:0" "dd8ac454ee2200223a6e23235706365a4f89834d1c40eb792207c23f199448f4" "/opt/rustwide/cargo-home/bin/cargo" "+1.99.0-beta.8" "test" "--frozen" "--release", kill_on_drop: false }`
[INFO] [stderr]     Finished `release` profile [optimized] target(s) in 0.10s
[INFO] [stderr]      Running unittests src/lib.rs (/opt/rustwide/target/release/deps/youpipe-5e052ec8afc6d776)
[INFO] [stdout] 
[INFO] [stdout] running 117 tests
[INFO] [stdout] test builder::config::tests::test_compute_workers_clamp_and_pin ... ok
[INFO] [stdout] test builder::config::tests::test_buffer_size_zero_panics - should panic ... ok
[INFO] [stdout] test builder::config::tests::test_compute_workers_zero_panics - should panic ... ok
[INFO] [stdout] test builder::config::tests::test_async_workers_zero_panics - should panic ... ok
[INFO] [stdout] test builder::config::tests::test_io_concurrency_zero_panics - should panic ... ok
[INFO] [stdout] test builder::typed::fused::tests::test_auto_filter_collect_gate ... ok
[INFO] [stdout] test builder::typed::borrowed::tests::test_pipe_ref_empty_and_single ... ok
[INFO] [stdout] test builder::typed::borrowed::tests::test_pipe_ref_try_collect ... ok
[INFO] [stdout] test builder::typed::borrowed::tests::test_pipe_ref_map_filter_type_change ... ok
[INFO] [stdout] test builder::typed::borrowed::tests::test_pipe_ref_for_each_panic_propagates ... ok
[INFO] [stdout] test builder::typed::fused::tests::test_nt_store_auto_decision ... ok
[INFO] [stdout] test builder::typed::fused::tests::test_with_compute_pool_for_each ... ok
[INFO] [stdout] test builder::typed::borrowed::tests::test_pipe_ref_for_each_and_workload_pool ... ok
[INFO] [stdout] test builder::typed::fused::tests::test_with_compute_pool_try_collect ... ok
[INFO] [stdout] test builder::typed::borrowed::tests::test_pipe_ref_par_map_checksum ... ok
[INFO] [stdout] test builder::typed::borrowed::tests::test_pipe_ref_try_panic_propagates ... ok
[INFO] [stdout] test builder::typed::fused::tests::test_with_compute_pool_collect ... ok
[INFO] [stdout] test builder::typed::fused::tests::test_with_compute_pool_filter_chain ... ok
[INFO] [stdout] test builder::typed::fused::tests::test_filter_wtc_panic_drop_accounting ... ok
[INFO] [stdout] test builder::typed::borrowed::tests::test_pipe_ref_panic_leaves_input_intact ... ok
[INFO] [stdout] test builder::typed::slots::tests::uninit_round_trip_exact ... ok
[INFO] [stdout] test builder::typed::stream::tests::anchor_spin_budget_adapts ... ok
[INFO] [stdout] test builder::typed::slots::tests::from_vec_keeps_spare_capacity ... ok
[INFO] [stdout] test builder::typed::borrowed::tests::test_pipe_ref_closure_borrows_stack_data ... ok
[INFO] [stdout] test builder::typed::stream::tests::anchor_spin_spin_claim_phases ... ok
[INFO] [stdout] test builder::typed::fused::tests::test_filter_ctp_undercount_panics ... ok
[INFO] [stdout] test builder::typed::stream::tests::test_feeder_finish_resumes_payload ... ok
[INFO] [stdout] test builder::typed::fused::tests::test_resolve_exec_pool_precedence ... ok
[INFO] [stdout] test executor::compute::pool_cache::tests::capacity_evicts_least_recently_used ... ok
[INFO] [stdout] test builder::typed::fused::tests::test_filter_ctp_by_ref_matches_merge_tree ... ok
[INFO] [stdout] test builder::typed::fused::tests::test_filter_wtc_parallel_compact_matches_merge_tree ... ok
[INFO] [stdout] test executor::compute::worker::tests::test_join_basic ... ok
[INFO] [stdout] test builder::typed::fused::tests::test_filter_wtc_by_ref_matches_merge_tree ... ok
[INFO] [stdout] test executor::compute::pool_cache::tests::clear_empties_all_slots ... ok
[INFO] [stdout] test executor::compute::pool_cache::tests::hit_clones_and_exact_key_miss ... ok
[INFO] [stdout] test builder::typed::stream::tests::stream_start_async_feeder_single_bridges ... ok
[INFO] [stdout] test builder::typed::stream::tests::test_fence_links_counted_in_stage_budget ... ok
[INFO] [stdout] test builder::typed::stream::tests::fence_batch_send_delivers_parks_and_closes ... ok
[INFO] [stdout] test executor::compute::worker::tests::test_join_external_thread ... ok
[INFO] [stdout] test executor::compute::worker::tests::test_join_recursive ... ok
[INFO] [stdout] test builder::typed::fused::tests::test_with_oversubscribe_collect ... ok
[INFO] [stdout] test executor::compute::worker::tests::test_pool_multiple ... ok
[INFO] [stdout] test handoff::channel::tests::claim_poll_batch_cap_zero_uses_try_recv_only ... ok
[INFO] [stdout] test handoff::channel::tests::claim_poll_closed_drain_delivers_stragglers ... ok
[INFO] [stdout] test executor::compute::worker::tests::test_pool_work_stealing ... ok
[INFO] [stdout] test builder::typed::fused::tests::test_with_oversubscribe_try_collect ... ok
[INFO] [stdout] test handoff::channel::tests::claim_poll_zero_batch_closed_channel_confirms_via_try_recv ... ok
[INFO] [stdout] test executor::compute::worker::tests::test_pool_basic ... ok
[INFO] [stdout] test builder::typed::fused::tests::test_collect_nt_auto_threshold_correct ... ok
[INFO] [stdout] test executor::compute::worker::tests::test_new_pinned_not_cached ... ok
[INFO] [stdout] test handoff::channel::tests::test_channel_basic ... ok
[INFO] [stdout] test builder::typed::fused::tests::test_with_filter_collect_modes_match ... ok
[INFO] [stdout] test handoff::channel::tests::claim_poll_zero_batch_open_channel_is_single_probe ... ok
[INFO] [stdout] test handoff::channel::tests::test_channel_bounded ... ok
[INFO] [stdout] test handoff::channel::tests::test_channel_close_on_drop ... ok
[INFO] [stdout] test handoff::channel::tests::test_mpsc_try_send ... ok
[INFO] [stdout] test handoff::channel::tests::test_channel_mpmc ... ok
[INFO] [stdout] test builder::typed::fused::tests::test_with_oversubscribe_for_each ... ok
[INFO] [stdout] test handoff::sharded::tests::async_eof_aggregates_across_shards ... ok
[INFO] [stdout] test handoff::sharded::tests::eof_aggregates_across_shards ... ok
[INFO] [stdout] test pool::sleep::tests::parse_rounds_falls_back_to_default ... ok
[INFO] [stdout] test pool::sleep::tests::sleepy_round_is_spin_plus_yield ... ok
[INFO] [stdout] test pool::sleep_mask::tests::cross_word_bits_are_distinct ... ok
[INFO] [stdout] test executor::compute::worker::tests::test_new_pinned_workers_have_distinct_single_cpu_affinity ... ok
[INFO] [stdout] test pool::sleep_mask::tests::set_clear_cross_word_boundary ... ok
[INFO] [stdout] test pool::sleep_mask::tests::empty_mask_wakes_none ... ok
[INFO] [stdout] test scope::pipeline_scope::tests::test_scope_empty ... ok
[INFO] [stdout] test scope::pipeline_scope::tests::test_scope_basic ... ok
[INFO] [stdout] test scope::pipeline_scope::tests::test_scope_par_map_via_collect ... ok
[INFO] [stdout] test pool::sleep_mask::tests::set_clear_single_word ... ok
[INFO] [stdout] test pool::sleep_mask::tests::stale_bit_triggers_rescan ... ok
[INFO] [stdout] test pool::registry::tests::drop_waits_only_for_spawned_workers ... ok
[INFO] [stdout] test scope::pipeline_scope::tests::test_scope_chained_map_filter ... ok
[INFO] [stdout] test pool::sleep_mask::tests::wake_scan_stops_at_target ... ok
[INFO] [stdout] test scope::pipeline_scope::tests::test_scope_truly_non_static_borrow ... ok
[INFO] [stdout] test scope::pipeline_scope::tests::test_scope_type_changing_map ... ok
[INFO] [stdout] test scope::pipeline_scope::tests::test_scope_shared_lookup_across_pipelines ... ok
[INFO] [stdout] test runtime::tokio::tests::test_tokio_pool_basic ... ok
[INFO] [stdout] test runtime::tokio::tests::test_owned_runtime_stays_alive_across_clones ... ok
[INFO] [stdout] test scope::pipeline_scope::tests::test_scope_with_compute_pool_for_each ... ok
[INFO] [stdout] test scope::pipeline_scope::tests::test_scope_with_compute_pool ... ok
[INFO] [stdout] test state::fence::tests::test_fence_barrier_accumulates_all ... ok
[INFO] [stdout] test state::fence::tests::test_fence_chunked ... ok
[INFO] [stdout] test state::fence::tests::test_fence_flush_empty ... ok
[INFO] [stdout] test scope::pipeline_scope::tests::test_scope_with_oversubscribe ... ok
[INFO] [stdout] test state::fence::tests::test_reuse_keeps_larger_spare ... ok
[INFO] [stdout] test state::fence::tests::test_reuse_recycles_capacity ... ok
[INFO] [stdout] test state::reorder::tests::test_capacity_overflow ... ok
[INFO] [stdout] test state::reorder::tests::test_fast_path_flushes_buffered_run ... ok
[INFO] [stdout] test state::reorder::tests::test_alias_drop_is_counted ... ok
[INFO] [stdout] test state::reorder::tests::test_flush_remaining ... ok
[INFO] [stdout] test state::reorder::tests::test_gap ... ok
[INFO] [stdout] test state::reorder::tests::test_growth_absorbs_span_overflow ... ok
[INFO] [stdout] test state::reorder::tests::test_growth_repeated_doubling ... ok
[INFO] [stdout] test state::reorder::tests::test_growth_stops_at_max ... ok
[INFO] [stdout] test state::reorder::tests::test_lazy_slots_allocated_once_on_reorder ... ok
[INFO] [stdout] test state::reorder::tests::test_in_order ... ok
[INFO] [stdout] test state::reorder::tests::test_out_of_order ... ok
[INFO] [stdout] test state::reorder::tests::test_lazy_slots_in_order ... ok
[INFO] [stdout] test state::reorder::tests::test_slot_density ... ok
[INFO] [stdout] test state::reorder::tests::test_with_max_clamped_to_initial ... ok
[INFO] [stdout] test state::reorder::tests::test_fast_path_steady_state ... ok
[INFO] [stdout] test state::stream::tests::drain_unordered_batch_eof_after_close ... ok
[INFO] [stdout] test state::stream::tests::ordered_window_auto_presizes_to_occupancy ... ok
[INFO] [stdout] test state::stream::tests::drain_ordered_counts_window_overflow_drops ... ok
[INFO] [stdout] test sync::cancel::tests::test_cancel_basic ... ok
[INFO] [stdout] test state::stream::tests::drain_ordered_cancelled_run_skips_equality ... ok
[INFO] [stdout] test state::stream::tests::ordered_window_fixed_pins_the_ceiling ... ok
[INFO] [stdout] test sync::cancel::tests::test_cancel_clone ... ok
[INFO] [stdout] test sync::cancel::tests::test_cancel_reset ... ok
[INFO] [stdout] test state::stream::tests::drain_ordered_batch_resequences_out_of_order ... ok
[INFO] [stdout] test state::stream::tests::drain_ordered_auto_window_grows_no_drops ... ok
[INFO] [stdout] test state::stream::tests::drain_unordered_batch_cap_equivalence ... ok
[INFO] [stdout] test handoff::sharded::tests::async_anchor_parks_until_send ... ok
[INFO] [stdout] test handoff::sharded::tests::anchor_blocks_until_send ... ok
[INFO] [stdout] test builder::typed::fused::tests::test_compute_pool_precedence_over_oversubscribe ... ok
[INFO] [stdout] test builder::typed::fused::tests::test_with_compute_pool_limits_parallelism ... ok
[INFO] [stdout] 
[INFO] [stdout] test result: ok. 117 passed; 0 failed; 0 ignored; 0 measured; 0 filtered out; finished in 0.12s
[INFO] [stdout] 
[INFO] [stderr]      Running tests/async_waker_alloc.rs (/opt/rustwide/target/release/deps/async_waker_alloc-d826ba0609588e4c)
[INFO] [stdout] 
[INFO] [stdout] running 1 test
[INFO] [stdout] test async_stage_waker_alloc_wiring ... ok
[INFO] [stdout] 
[INFO] [stdout] test result: ok. 1 passed; 0 failed; 0 ignored; 0 measured; 0 filtered out; finished in 0.01s
[INFO] [stdout] 
[INFO] [stderr]      Running tests/batch_recv.rs (/opt/rustwide/target/release/deps/batch_recv-95375a4ea4a78d09)
[INFO] [stdout] 
[INFO] [stdout] running 5 tests
[INFO] [stdout] test recv_batch_eof_drains_remaining_before_closed ... ok
[INFO] [stdout] test send_batch_claims_free_prefix_then_blocking_tail ... ok
[INFO] [stdout] test mpmc_recv_batch_multi_producer_multi_consumer_exactly_once ... ok
[INFO] [stdout] test mpsc_recv_batch_multi_producer_exactly_once ... ok
[INFO] [stdout] test knob_e2e_streaming_topology_with_batch ... ok
[INFO] [stdout] 
[INFO] [stdout] test result: ok. 5 passed; 0 failed; 0 ignored; 0 measured; 0 filtered out; finished in 0.13s
[INFO] [stdout] 
[INFO] [stderr]      Running tests/compute_pool.rs (/opt/rustwide/target/release/deps/compute_pool-6f2c67a849b04b14)
[INFO] [stdout] 
[INFO] [stdout] running 6 tests
[INFO] [stdout] test test_compute_pool_basic ... ok
[INFO] [stdout] 
[INFO] [stdout] running 1 test
[INFO] [stdout] test test_compute_pool_shared ... ok
[INFO] [stdout] test terminating_pool_drains_pending_injected_jobs ... ok
[INFO] [stdout] test test_compute_pool_many_small_tasks ... ok
[INFO] [stdout] test test_hybrid_driver_assists_when_workers_busy ... ok
[INFO] [stdout] test submit_panic_inside_join_aborts_not_unwinds ... ok
[INFO] [stdout] 
[INFO] [stdout] test result: ok. 6 passed; 0 failed; 0 ignored; 0 measured; 0 filtered out; finished in 0.37s
[INFO] [stdout] 
[INFO] [stderr]      Running tests/expand_alloc.rs (/opt/rustwide/target/release/deps/expand_alloc-ce6a8d23a6f2d7e7)
[INFO] [stdout] 
[INFO] [stdout] running 1 test
[INFO] [stdout] test expand_emit_zero_steady_state_allocations ... ok
[INFO] [stdout] 
[INFO] [stdout] test result: ok. 1 passed; 0 failed; 0 ignored; 0 measured; 0 filtered out; finished in 0.07s
[INFO] [stdout] 
[INFO] [stderr]      Running tests/filter_collect_panic.rs (/opt/rustwide/target/release/deps/filter_collect_panic-a3c3ef8bdd0d4286)
[INFO] [stdout] 
[INFO] [stdout] running 1 test
[INFO] [stdout] test test_ctp_filter_panic_drop_accounting ... ok
[INFO] [stdout] 
[INFO] [stdout] test result: ok. 1 passed; 0 failed; 0 ignored; 0 measured; 0 filtered out; finished in 0.01s
[INFO] [stdout] 
[INFO] [stderr]      Running tests/handoff_channel.rs (/opt/rustwide/target/release/deps/handoff_channel-a01211c3a1f925d0)
[INFO] [stdout] 
[INFO] [stdout] running 8 tests
[INFO] [stdout] test blocking_recv_parks_until_send ... ok
[INFO] [stdout] test parked_recv_disconnects_when_senders_drop ... ok
[INFO] [stdout] test blocking_send_parks_until_drain ... ok
[INFO] [stdout] test mpsc_blocking_send_parks_until_drain ... ok
[INFO] [stdout] test parked_send_disconnects_when_receivers_drop ... ok
[INFO] [stdout] test stale_entry_close_must_not_disconnect_live_waiter_elsewhere ... ok
[INFO] [stdout] test contended_mpmc_traffic_under_real_threads ... ok
[INFO] [stdout] test timeout_park_paths_expire_and_wake_early ... ok
[INFO] [stdout] 
[INFO] [stdout] test result: ok. 8 passed; 0 failed; 0 ignored; 0 measured; 0 filtered out; finished in 0.06s
[INFO] [stdout] 
[INFO] [stderr]      Running tests/hybrid_assist.rs (/opt/rustwide/target/release/deps/hybrid_assist-28d445b215206502)
[INFO] [stdout] 
[INFO] [stdout] running 1 test
[INFO] [stdout] test stress_streams_plus_assist_drivers ... ok
[INFO] [stdout] 
[INFO] [stdout] test result: ok. 1 passed; 0 failed; 0 ignored; 0 measured; 0 filtered out; finished in 6.28s
[INFO] [stdout] 
[INFO] [stderr]      Running tests/on_pool_nested.rs (/opt/rustwide/target/release/deps/on_pool_nested-4534980319db9a33)
[INFO] [stdout] 
[INFO] [stdout] running 6 tests
[INFO] [stdout] test nested_for_each_inside_pool_worker ... ok
[INFO] [stdout] test nested_try_collect_error_inside_pool_worker ... ok
[INFO] [stdout] test nested_pipe_inside_stream_stage_closure ... ok
[INFO] [stdout] test nested_panic_propagates_inside_pool_worker ... ok
[INFO] [stdout] test nested_collect_all_workers_concurrently ... ok
[INFO] [stdout] test nested_collect_inside_pool_worker ... ok
[INFO] [stdout] 
[INFO] [stdout] test result: ok. 6 passed; 0 failed; 0 ignored; 0 measured; 0 filtered out; finished in 0.01s
[INFO] [stdout] 
[INFO] [stderr]      Running tests/ordered_window.rs (/opt/rustwide/target/release/deps/ordered_window-560a2a5b1b6258c6)
[INFO] [stdout] 
[INFO] [stdout] running 4 tests
[INFO] [stdout] test ordered_straggler_for_each_full_delivery ... ok
[INFO] [stdout] test ordered_straggler_tiny_buffer_returns_everything ... ok
[INFO] [stdout] test ordered_straggler_default_buffers_grow_window ... ok
[INFO] [stdout] test ordered_straggler_large_buffer_returns_everything ... ok
[INFO] [stdout] 
[INFO] [stdout] test result: ok. 4 passed; 0 failed; 0 ignored; 0 measured; 0 filtered out; finished in 0.37s
[INFO] [stdout] 
[INFO] [stderr]      Running tests/pipe_range_alloc.rs (/opt/rustwide/target/release/deps/pipe_range_alloc-618cfa8c0e1e079c)
[INFO] [stdout] 
[INFO] [stdout] running 1 test
[INFO] [stdout] test pipe_range_collect_allocates_no_input_buffer ... ok
[INFO] [stdout] 
[INFO] [stdout] test result: ok. 1 passed; 0 failed; 0 ignored; 0 measured; 0 filtered out; finished in 0.00s
[INFO] [stdout] 
[INFO] [stderr]      Running tests/pipeline_integration.rs (/opt/rustwide/target/release/deps/pipeline_integration-8a171500c83879a4)
[INFO] [stdout] 
[INFO] [stdout] running 106 tests
[INFO] [stdout] test test_for_each_empty ... ok
[INFO] [stdout] test test_for_each_filter_skips_dropped ... ok
[INFO] [stdout] test test_for_each_single ... ok
[INFO] [stdout] test test_for_each_basic ... ok
[INFO] [stdout] test test_for_each_chained_map ... ok
[INFO] [stdout] test test_for_each_unbalanced_workload ... ok
[INFO] [stdout] test test_for_each_panic_propagates_serial ... ok
[INFO] [stdout] test test_fence_cancellation_aborts_early ... ok
[INFO] [stdout] test test_for_each_panic_drops_unread_items ... ok
[INFO] [stdout] test test_for_each_panic_propagates_parallel ... ok
[INFO] [stdout] test test_large_dataset ... ok
[INFO] [stdout] test test_max_compute_workers_constant ... ok
[INFO] [stdout] test test_for_each_parallel_large ... ok
[INFO] [stdout] test test_par_map_correctness ... ok
[INFO] [stdout] test test_for_each_parallel_filter_large ... ok
[INFO] [stdout] test test_par_map_counts_items ... ok
[INFO] [stdout] test test_nested_stream_many_stages_no_deadlock ... ok
[INFO] [stdout] test test_nested_stream_inside_pool_worker_no_deadlock ... ok
[INFO] [stdout] test test_par_map_empty ... ok
[INFO] [stdout] test test_fence_forwarder_counts_in_parking_lease_no_deadlock ... ok
[INFO] [stdout] test test_owned_filter_panic_drop_accounting ... ok
[INFO] [stdout] test test_par_map_single ... ok
[INFO] [stdout] test test_pipe_accepts_arbitrary_iterator ... ok
[INFO] [stdout] test test_mixed_sync_async_without_explicit_pool ... ok
[INFO] [stdout] test test_pipe_panic_propagates_parallel ... ok
[INFO] [stdout] test test_pipe_range_collect_correctness ... ok
[INFO] [stdout] test test_pipe_range_empty_and_singleton ... ok
[INFO] [stdout] test test_pipe_range_serial_pool_arm ... ok
[INFO] [stdout] test test_pipe_range_type_changing_maps ... ok
[INFO] [stdout] test test_pipe_range_filter_chain ... ok
[INFO] [stdout] test test_pipe_with_workload_unbalanced ... ok
[INFO] [stdout] test test_pipe_range_panic_drop_accounting ... ok
[INFO] [stdout] test test_pipeline_fusion_3_stages ... ok
[INFO] [stdout] test test_prelude_iterext_on_various_sources ... ok
[INFO] [stdout] test test_pipe_range_for_each ... ok
[INFO] [stdout] test test_pipeline_filter_map ... ok
[INFO] [stdout] test test_pipe_range_try_map_try_collect ... ok
[INFO] [stdout] test test_prelude_stream_matches_free_function ... ok
[INFO] [stdout] test test_reduce_empty_inputs ... ok
[INFO] [stdout] test test_prelude_pipe_matches_free_function ... ok
[INFO] [stdout] test test_pipe_panic_propagates_serial ... ok
[INFO] [stdout] test test_scope_non_static ... ok
[INFO] [stdout] test test_reduce_panic_drop_accounting ... ok
[INFO] [stdout] test test_async_then_sync_via_bridge ... ok
[INFO] [stdout] test test_scope_par_map ... ok
[INFO] [stdout] test test_reduce_terminals_match_sequential ... ok
[INFO] [stdout] test test_stage_budget_explicit_deduction ... ok
[INFO] [stdout] test test_stage_options_buffer_override_runs ... ok
[INFO] [stdout] test test_run_in_async_context_panics_with_youpipe_hint ... ok
[INFO] [stdout] test test_stream_expand_emit ... ok
[INFO] [stdout] test test_stream_expand ... ok
[INFO] [stdout] test test_stream_expand_emit_with_workers ... ok
[INFO] [stdout] test test_stream_expand_ordered_rejected - should panic ... ok
[INFO] [stdout] test test_async_first_all_downstream_kinds ... ok
[INFO] [stdout] test test_stage_options_expand_with_workers ... ok
[INFO] [stdout] test test_compute_workers_clamped_above_max ... ok
[INFO] [stdout] test test_stream_fence_with_options_buffer ... ok
[INFO] [stdout] test test_stage_async_without_explicit_pool ... ok
[INFO] [stdout] test test_concurrent_pinned_runs_mixed_admission_no_deadlock ... ok
[INFO] [stdout] test test_stream_fence_large_input_no_deadlock ... ok
[INFO] [stdout] test test_stream_for_each_empty_input ... ok
[INFO] [stdout] test test_stage_async_panic_propagates_ordered ... ok
[INFO] [stdout] test test_concurrent_full_budget_runs_share_pool_no_deadlock ... ok
[INFO] [stdout] test test_run_in_spawn_blocking_works ... ok
[INFO] [stdout] test test_stage_async_panic_propagates_to_caller ... ok
[INFO] [stdout] test test_stream_explicit_pins_exceeding_pool_no_deadlock ... ok
[INFO] [stdout] test test_stream_for_each_ordered_sees_input_order ... ok
[INFO] [stdout] test test_nested_run_inside_stage_async_propagates ... ok
[INFO] [stdout] test test_stream_for_each_after_async_stage ... ok
[INFO] [stdout] test test_stream_single_ordered ... ok
[INFO] [stdout] test test_stream_pass_through_panic_propagates ... ok
[INFO] [stdout] test test_stream_single_unordered ... ok
[INFO] [stdout] test test_stream_with_fence_chunked ... ok
[INFO] [stdout] test test_stream_multi_stage ... ok
[INFO] [stdout] test test_stream_pass_through_cancel_excluded ... ok
[INFO] [stdout] test test_stream_stages_at_pool_size_no_deadlock ... ok
[INFO] [stdout] test test_stream_no_stage_pass_through_identity ... ok
[INFO] [stdout] test test_stream_with_fence_full_barrier ... ok
[INFO] [stdout] test test_stream_fused_pass_through_equivalence ... ok
[INFO] [stdout] test test_stream_for_each_unordered_sees_all_items ... ok
[INFO] [stdout] test test_try_map_parallel_error_short_circuits ... ok
[INFO] [stdout] test test_try_map_err_short_circuits ... ok
[INFO] [stdout] test test_try_map_parallel_large ... ok
[INFO] [stdout] test test_try_map_ok ... ok
[INFO] [stdout] test test_try_collect_panic_propagates ... ok
[INFO] [stdout] test test_try_map_then_map ... ok
[INFO] [stdout] test test_two_async_stages_share_lazy_pool ... ok
[INFO] [stdout] test test_zero_stage_streaming_with_cancel_fired ... ok
[INFO] [stdout] test test_zero_stage_streaming_with_cancel_identity ... ok
[INFO] [stdout] test test_try_filter_collect_panic_drop_accounting ... ok
[INFO] [stdout] test test_zero_stage_streaming_with_cancel_ordered ... ok
[INFO] [stdout] test test_zero_stage_streaming_with_compute_workers ... ok
[INFO] [stdout] test test_try_filter_collect_err_drop_accounting ... ok
[INFO] [stdout] test test_workload_custom_try_collect ... ok
[INFO] [stdout] test test_unbalanced_try_collect_err_drop_accounting ... ok
[INFO] [stdout] test test_try_reduce_short_circuits ... ok
[INFO] [stdout] test test_workload_custom_correctness ... ok
[INFO] [stdout] test test_unbalanced_panic_drop_accounting ... ok
[INFO] [stdout] test test_stage_options_workers_pins_parallelism ... ok
[INFO] [stdout] test test_stage_options_io_concurrency_pins_fanout ... ok
[INFO] [stdout] test test_unbalanced_multi_driver_stress ... ok
[INFO] [stdout] test test_hybrid_dispatch_spin_wait_stress ... ok
[INFO] [stdout] test test_compute_workers_pin_survives_compute_pool ... ok
[INFO] [stdout] test test_stream_pass_through_stage_pin_excluded ... ok
[INFO] [stdout] test test_stream_ordered_exact_order_stress ... ok
[INFO] [stdout] test test_sync_to_async_does_not_stall_tokio_driver ... ok
[INFO] [stdout] 
[INFO] [stdout] test result: ok. 106 passed; 0 failed; 0 ignored; 0 measured; 0 filtered out; finished in 1.70s
[INFO] [stdout] 
[INFO] [stderr]      Running tests/pool_cache.rs (/opt/rustwide/target/release/deps/pool_cache-c3f51b17116b83f4)
[INFO] [stdout] 
[INFO] [stdout] running 6 tests
[INFO] [stdout] test clear_cached_pools_joins_worker_threads ... ok
[INFO] [stdout] test cache_capacity_is_bounded ... ok
[INFO] [stdout] test new_recycles_by_worker_count ... ok
[INFO] [stdout] test pinned_pools_are_not_cached ... ok
[INFO] [stdout] test sizes_clamping_equal_share_one_slot ... ok
[INFO] [stdout] test tight_loop_with_compute_workers_keeps_thread_count_stable ... ok
[INFO] [stdout] 
[INFO] [stdout] test result: ok. 6 passed; 0 failed; 0 ignored; 0 measured; 0 filtered out; finished in 0.28s
[INFO] [stdout] 
[INFO] [stderr]      Running tests/profile_guard.rs (/opt/rustwide/target/release/deps/profile_guard-0e02de3d9206068f)
[INFO] [stdout] 
[INFO] [stdout] running 1 test
[INFO] [stdout] test debug_assertions_are_active ... FAILED
[INFO] [stdout] 
[INFO] [stdout] failures:
[INFO] [stdout] 
[INFO] [stdout] ---- debug_assertions_are_active stdout ----
[INFO] [stdout] 
[INFO] [stdout] thread 'debug_assertions_are_active' (4297) panicked at tests/profile_guard.rs:15:5:
[INFO] [stdout] assertion failed: cfg!(debug_assertions)
[INFO] [stdout] stack backtrace:
[INFO] [stdout]    0:     0x61ecb324eb11 - <<std[70759c8f55707aa4]::sys::backtrace::BacktraceLock>::print::DisplayBacktrace as core[df12db4294e9bfd3]::fmt::Display>::fmt
[INFO] [stdout]    1:     0x61ecb3262cea - core[df12db4294e9bfd3]::fmt::write
[INFO] [stdout]    2:     0x61ecb3252fac - <alloc[2182bb758b4b3781]::vec::Vec<u8> as core[df12db4294e9bfd3]::io::write::Write>::write_fmt
[INFO] [stdout]    3:     0x61ecb322b106 - std[70759c8f55707aa4]::panicking::default_hook::{closure#0}
[INFO] [stdout]    4:     0x61ecb3247279 - std[70759c8f55707aa4]::panicking::default_hook
[INFO] [stdout]    5:     0x61ecb31e3700 - test[9d35eded1c95d3be]::test_main_inner::<test[9d35eded1c95d3be]::test_main_static::{closure#0}>::{closure#0}
[INFO] [stdout]    6:     0x61ecb3247432 - std[70759c8f55707aa4]::panicking::panic_with_hook
[INFO] [stdout]    7:     0x61ecb322b1e4 - std[70759c8f55707aa4]::panicking::panic_handler::{closure#0}
[INFO] [stdout]    8:     0x61ecb3223f39 - std[70759c8f55707aa4]::sys::backtrace::__rust_end_short_backtrace::<std[70759c8f55707aa4]::panicking::panic_handler::{closure#0}, !>
[INFO] [stdout]    9:     0x61ecb322bdad - __rustc[8fa7c3cbc660c2b3]::rust_begin_unwind
[INFO] [stdout]   10:     0x61ecb326341c - core[df12db4294e9bfd3]::panicking::panic_fmt
[INFO] [stdout]   11:     0x61ecb32633e2 - core[df12db4294e9bfd3]::panicking::panic
[INFO] [stdout]   12:     0x61ecb31d698a - <profile_guard[594a823b42366d67]::debug_assertions_are_active::{closure#0} as core[df12db4294e9bfd3]::ops::function::FnOnce<()>>::call_once
[INFO] [stdout]   13:     0x61ecb31d69eb - test[9d35eded1c95d3be]::__rust_begin_short_backtrace::<core[df12db4294e9bfd3]::result::Result<(), alloc[2182bb758b4b3781]::string::String>, fn() -> core[df12db4294e9bfd3]::result::Result<(), alloc[2182bb758b4b3781]::string::String>>
[INFO] [stdout]   14:     0x61ecb31e4055 - test[9d35eded1c95d3be]::run_test::{closure#0}
[INFO] [stdout]   15:     0x61ecb31dd914 - std[70759c8f55707aa4]::sys::backtrace::__rust_begin_short_backtrace::<test[9d35eded1c95d3be]::run_test::{closure#1}, ()>
[INFO] [stdout]   16:     0x61ecb31e71b2 - <std[70759c8f55707aa4]::thread::lifecycle::spawn_unchecked<test[9d35eded1c95d3be]::run_test::{closure#1}, ()>::{closure#1} as core[df12db4294e9bfd3]::ops::function::FnOnce<()>>::call_once::{shim:vtable#0}
[INFO] [stdout]   17:     0x61ecb324e3e9 - <std[70759c8f55707aa4]::sys::thread::unix::Thread>::new::thread_start
[INFO] [stdout]   18:     0x799eecd9ddfa - <unknown>
[INFO] [stdout]   19:     0x799eece313d4 - clone
[INFO] [stdout]   20:                0x0 - <unknown>
[INFO] [stdout] 
[INFO] [stdout] 
[INFO] [stdout] failures:
[INFO] [stdout]     debug_assertions_are_active
[INFO] [stdout] 
[INFO] [stdout] test result: FAILED. 0 passed; 1 failed; 0 ignored; 0 measured; 0 filtered out; finished in 0.00s
[INFO] [stdout] 
[INFO] [stderr] error: test failed, to rerun pass `--test profile_guard`
[INFO] running `Command { std: "docker" "inspect" "dd8ac454ee2200223a6e23235706365a4f89834d1c40eb792207c23f199448f4", kill_on_drop: false }`
[INFO] running `Command { std: "docker" "rm" "-f" "dd8ac454ee2200223a6e23235706365a4f89834d1c40eb792207c23f199448f4", kill_on_drop: false }`
[INFO] [stdout] dd8ac454ee2200223a6e23235706365a4f89834d1c40eb792207c23f199448f4
