[INFO] fetching crate youpipe-crossfire 0.6.0...
[INFO] testing youpipe-crossfire-0.6.0 against 1.99.0-beta.8+cargoflags=--release for beta-release-1.100-2
[INFO] extracting crate youpipe-crossfire 0.6.0 into /workspace/builds/worker-1-tc1/source
[INFO] started tweaking crates.io crate youpipe-crossfire 0.6.0
[INFO] removed 0 missing tests
[INFO] finished tweaking crates.io crate youpipe-crossfire 0.6.0
[INFO] tweaked toml for crates.io crate youpipe-crossfire 0.6.0 written to /workspace/builds/worker-1-tc1/source/Cargo.toml
[INFO] validating manifest of crates.io crate youpipe-crossfire 0.6.0 on toolchain 1.99.0-beta.8
[INFO] running `Command { std: CARGO_HOME="/workspace/cargo-home" RUSTUP_HOME="/workspace/rustup-home" "/workspace/cargo-home/bin/cargo" "+1.99.0-beta.8" "metadata" "--manifest-path" "Cargo.toml" "--no-deps", kill_on_drop: false }`
[INFO] crate crates.io crate youpipe-crossfire 0.6.0 already has a lockfile, it will not be regenerated
[INFO] running `Command { std: CARGO_HOME="/workspace/cargo-home" RUSTUP_HOME="/workspace/rustup-home" "/workspace/cargo-home/bin/cargo" "+1.99.0-beta.8" "fetch" "--manifest-path" "Cargo.toml", kill_on_drop: false }`
[INFO] [stderr]     Blocking waiting for file lock on package cache
[INFO] [stderr]     Updating crates.io index
[INFO] [stderr]     Blocking waiting for file lock on package cache
[INFO] [stderr]  Downloading crates ...
[INFO] [stderr]   Downloaded pointers v0.1.0
[INFO] running `Command { std: "docker" "create" "-v" "/var/lib/crater-agent-workspace/builds/worker-1-tc1/source:/opt/rustwide/workdir:ro,Z" "-v" "/var/lib/crater-agent-workspace/builds/worker-1-tc1/target:/opt/rustwide/target:rw,Z" "-v" "/var/lib/crater-agent-workspace/cargo-home:/opt/rustwide/cargo-home:ro,Z" "-v" "/var/lib/crater-agent-workspace/rustup-home:/opt/rustwide/rustup-home:ro,Z" "-m" "1610612736" "--network" "none" "ghcr.io/rust-lang/crates-build-env/linux@sha256:77db811e55d90add9212f6832c23229e3de5f1c1f9905e8cb07319ea15df73ac" "sleep" "infinity", kill_on_drop: false }`
[INFO] [stdout] 90e0fc8e7d0f3dd629c2d3ef976c87417f9d2655f30c7a6fef0b19181c7e967a
[INFO] running `Command { std: "docker" "start" "90e0fc8e7d0f3dd629c2d3ef976c87417f9d2655f30c7a6fef0b19181c7e967a", kill_on_drop: false }`
[INFO] running `Command { std: "docker" "inspect" "90e0fc8e7d0f3dd629c2d3ef976c87417f9d2655f30c7a6fef0b19181c7e967a", kill_on_drop: false }`
[INFO] running `Command { std: "docker" "exec" "-e" "SOURCE_DIR=/opt/rustwide/workdir" "-e" "CARGO_HOME=/opt/rustwide/cargo-home" "-e" "RUSTUP_HOME=/opt/rustwide/rustup-home" "-e" "CARGO_TARGET_DIR=/opt/rustwide/target" "-w" "/opt/rustwide/workdir" "--user" "0:0" "90e0fc8e7d0f3dd629c2d3ef976c87417f9d2655f30c7a6fef0b19181c7e967a" "/opt/rustwide/cargo-home/bin/cargo" "+1.99.0-beta.8" "metadata" "--no-deps" "--format-version=1", kill_on_drop: false }`
[INFO] running `Command { std: "docker" "inspect" "90e0fc8e7d0f3dd629c2d3ef976c87417f9d2655f30c7a6fef0b19181c7e967a", kill_on_drop: false }`
[INFO] running `Command { std: "docker" "exec" "-e" "SOURCE_DIR=/opt/rustwide/workdir" "-e" "CARGO_HOME=/opt/rustwide/cargo-home" "-e" "RUSTUP_HOME=/opt/rustwide/rustup-home" "-e" "CARGO_TARGET_DIR=/opt/rustwide/target" "-e" "CARGO_INCREMENTAL=0" "-e" "RUST_BACKTRACE=full" "-e" "RUSTFLAGS=--cap-lints=warn" "-e" "RUSTDOCFLAGS=--cap-lints=warn" "-w" "/opt/rustwide/workdir" "--user" "0:0" "90e0fc8e7d0f3dd629c2d3ef976c87417f9d2655f30c7a6fef0b19181c7e967a" "/opt/rustwide/cargo-home/bin/cargo" "+1.99.0-beta.8" "build" "--frozen" "--message-format=json" "--release", kill_on_drop: false }`
[INFO] [stderr]    Compiling smallvec v1.16.0
[INFO] [stderr]    Compiling pointers v0.1.0
[INFO] [stderr]    Compiling parking_lot_core v0.9.12
[INFO] [stderr]    Compiling parking_lot v0.12.5
[INFO] [stderr]    Compiling youpipe-crossfire v0.6.0 (/opt/rustwide/workdir)
[INFO] [stderr]     Finished `release` profile [optimized] target(s) in 3.41s
[INFO] running `Command { std: "docker" "inspect" "90e0fc8e7d0f3dd629c2d3ef976c87417f9d2655f30c7a6fef0b19181c7e967a", kill_on_drop: false }`
[INFO] running `Command { std: "docker" "exec" "-e" "SOURCE_DIR=/opt/rustwide/workdir" "-e" "CARGO_HOME=/opt/rustwide/cargo-home" "-e" "RUSTUP_HOME=/opt/rustwide/rustup-home" "-e" "CARGO_TARGET_DIR=/opt/rustwide/target" "-e" "CARGO_INCREMENTAL=0" "-e" "RUST_BACKTRACE=full" "-e" "RUSTFLAGS=--cap-lints=warn" "-e" "RUSTDOCFLAGS=--cap-lints=warn" "-w" "/opt/rustwide/workdir" "--user" "0:0" "90e0fc8e7d0f3dd629c2d3ef976c87417f9d2655f30c7a6fef0b19181c7e967a" "/opt/rustwide/cargo-home/bin/cargo" "+1.99.0-beta.8" "test" "--frozen" "--no-run" "--message-format=json" "--release", kill_on_drop: false }`
[INFO] [stderr]    Compiling futures-io v0.3.34
[INFO] [stderr]    Compiling concurrent-queue v2.5.0
[INFO] [stderr]    Compiling event-listener v5.4.2
[INFO] [stderr]    Compiling rustix v1.1.5
[INFO] [stderr]    Compiling linux-raw-sys v0.12.1
[INFO] [stderr]    Compiling async-io v2.6.0
[INFO] [stderr]    Compiling async-task v4.7.1
[INFO] [stderr]    Compiling syn v3.0.4
[INFO] [stderr]    Compiling futures-lite v2.6.1
[INFO] [stderr]    Compiling piper v0.2.5
[INFO] [stderr]    Compiling event-listener-strategy v0.5.4
[INFO] [stderr]    Compiling async-channel v2.5.0
[INFO] [stderr]    Compiling async-lock v3.4.2
[INFO] [stderr]    Compiling blocking v1.7.0
[INFO] [stderr]    Compiling async-executor v1.14.0
[INFO] [stderr]    Compiling async-fs v2.2.0
[INFO] [stderr]    Compiling tokio-macros v2.7.2
[INFO] [stderr]    Compiling tokio v1.53.1
[INFO] [stderr]    Compiling polling v3.11.0
[INFO] [stderr]    Compiling async-signal v0.2.14
[INFO] [stderr]    Compiling async-net v2.0.0
[INFO] [stderr]    Compiling async-process v2.5.0
[INFO] [stderr]    Compiling smol v2.0.2
[INFO] [stderr]    Compiling youpipe-crossfire v0.6.0 (/opt/rustwide/workdir)
[INFO] [stderr]     Finished `release` profile [optimized] target(s) in 46.80s
[INFO] running `Command { std: "docker" "inspect" "90e0fc8e7d0f3dd629c2d3ef976c87417f9d2655f30c7a6fef0b19181c7e967a", kill_on_drop: false }`
[INFO] running `Command { std: "docker" "exec" "-e" "SOURCE_DIR=/opt/rustwide/workdir" "-e" "CARGO_HOME=/opt/rustwide/cargo-home" "-e" "RUSTUP_HOME=/opt/rustwide/rustup-home" "-e" "CARGO_TARGET_DIR=/opt/rustwide/target" "-e" "CARGO_INCREMENTAL=0" "-e" "RUST_BACKTRACE=full" "-e" "RUSTFLAGS=--cap-lints=warn" "-e" "RUSTDOCFLAGS=--cap-lints=warn" "-w" "/opt/rustwide/workdir" "--user" "0:0" "90e0fc8e7d0f3dd629c2d3ef976c87417f9d2655f30c7a6fef0b19181c7e967a" "/opt/rustwide/cargo-home/bin/cargo" "+1.99.0-beta.8" "test" "--frozen" "--release", kill_on_drop: false }`
[INFO] [stderr]     Finished `release` profile [optimized] target(s) in 0.14s
[INFO] [stderr]      Running unittests src/lib.rs (/opt/rustwide/target/release/deps/crossfire-690fe3dafaea4fd7)
[INFO] [stdout] 
[INFO] [stdout] running 48 tests
[INFO] [stdout] test async_rx::cached_tests::cached_recv_reuse_end_to_end ... ok
[INFO] [stdout] test async_rx::cached_tests::cached_recv_cancellation_then_reuse ... ok
[INFO] [stdout] test async_rx::cached_tests::cached_send_backpressure_and_cancellation ... ok
[INFO] [stdout] test async_tx::drop_tests::send_future_disconnected_returns_item_once ... ok
[INFO] [stdout] test async_tx::drop_tests::send_future_dropped_after_pending_poll_drops_item ... ok
[INFO] [stdout] test async_tx::drop_tests::send_future_dropped_before_first_poll_drops_item ... ok
[INFO] [stdout] test async_tx::drop_tests::send_future_success_moves_item_to_receiver ... ok
[INFO] [stdout] test async_tx::drop_tests::send_timeout_future_dropped_before_first_poll_drops_item ... ok
[INFO] [stdout] test backoff::tests::test_backoff ... ok
[INFO] [stdout] test async_tx::drop_tests::send_timeout_future_timeout_returns_item_once ... ok
[INFO] [stdout] test crossbeam::array_queue::batch_tests::batch_push_pop_roundtrip_across_laps ... ok
[INFO] [stdout] test collections::tests::test_weak_cell ... ok
[INFO] [stdout] test crossbeam::array_queue_mpsc::batch_tests::batch_partial_when_buffer_smaller_than_ready_run ... ok
[INFO] [stdout] test waitgroup::tests::test_waitgroup_inner ... ok
[INFO] [stdout] test waitgroup::tests::test_waitgroup_inner_count ... ok
[INFO] [stdout] test blocking_tx::tests::send_treats_foreign_closed_stamp_as_spurious ... ok
[INFO] [stdout] test waitgroup::tests::test_waitgroup_state ... ok
[INFO] [stdout] test waker::tests::test_tl_blocking_waker_identity ... ok
[INFO] [stdout] test waitgroup::tests::test_waitgroup_ptr ... ok
[INFO] [stdout] test crossbeam::array_queue::batch_tests::batch_send_claims_only_free_prefix ... ok
[INFO] [stdout] test crossbeam::array_queue_mpsc::batch_tests::batch_multi_producer_no_loss_no_dup ... FAILED
[INFO] [stdout] test waker::tests::test_waker_size ... ok
[INFO] [stdout] test waker_registry::tests::print_waker_registry_size ... ok
[INFO] [stdout] test waker_registry::tests::test_cancel_waker_skips_stale_duplicate ... ok
[INFO] [stdout] test waker_registry::tests::test_registry_multi_cancel_keeps_consumed_node_for_reuse ... ok
[INFO] [stdout] test waker_registry::tests::test_registry_multi_clear ... ok
[INFO] [stdout] test waker_registry::tests::test_registry_multi_clear_oneshot ... ok
[INFO] [stdout] test waker_registry::tests::test_registry_multi_close ... ok
[INFO] [stdout] test waker_registry::tests::test_registry_multi_close_skips_stale_entries ... ok
[INFO] [stdout] test waker_registry::tests::test_registry_multi_fire_n_skips_abandoned_waiter ... ok
[INFO] [stdout] test waker_registry::tests::test_registry_multi_fire_n_wakes_n_waiters ... ok
[INFO] [stdout] test waker_registry::tests::test_rearmed_node_not_stolen_by_old_registry ... ok
[INFO] [stdout] test blocking_rx::tests::recv_treats_foreign_closed_stamp_as_spurious ... ok
[INFO] [stdout] test waker_registry::tests::test_registry_multi_fire_n_zero_is_noop ... ok
[INFO] [stdout] test waker_registry::tests::test_registry_multi_pop ... ok
[INFO] [stdout] test crossbeam::array_queue_mpsc::batch_tests::batch_claims_fifo_prefix_across_laps ... ok
[INFO] [stdout] test waker_registry::tests::test_single_delayed_wake_after_rearm_is_observed ... ok
[INFO] [stdout] test waker_registry::tests::test_single_episode_rearm_invalidates_residue ... ok
[INFO] [stdout] test waker_registry::tests::test_registry_multi_clear_waiting ... ok
[INFO] [stdout] test waker_registry::tests::test_registry_multi_stale_entry_skipped_after_rearm ... ok
[INFO] [stdout] test waker_registry::tests::test_registry_multi_fire_n_wakes_past_init_entries ... ok
[INFO] [stdout] test waker_registry::tests::test_registry_single_async_reuse_rearms_consumed_node ... ok
[INFO] [stdout] test waker_registry::tests::test_single_fire_after_rearm_wakes_new_episode ... ok
[INFO] [stdout] test waker_registry::tests::test_thread_exit_residue_popped_without_panic ... ok
[INFO] [stdout] test waker_registry::tests::test_tl_waker_rearm_reuses_node_across_registrations ... ok
[INFO] [stdout] test flavor::tests::print_flavor_size ... ok
[INFO] [stdout] test waker::tests::test_tl_blocking_waker_nodes_differ_across_threads ... ok
[INFO] [stdout] test crossbeam::array_queue::batch_tests::batch_mpmc_no_loss_no_dup ... ok
[INFO] [stdout] 
[INFO] [stdout] failures:
[INFO] [stdout] 
[INFO] [stdout] ---- crossbeam::array_queue_mpsc::batch_tests::batch_multi_producer_no_loss_no_dup stdout ----
[INFO] [stdout] 
[INFO] [stdout] thread 'crossbeam::array_queue_mpsc::batch_tests::batch_multi_producer_no_loss_no_dup' (658) panicked at src/crossbeam/array_queue_mpsc.rs:556:17:
[INFO] [stdout] consumer stalled
[INFO] [stdout] stack backtrace:
[INFO] [stdout]    0:     0x62816290f0c1 - <<std[70759c8f55707aa4]::sys::backtrace::BacktraceLock>::print::DisplayBacktrace as core[df12db4294e9bfd3]::fmt::Display>::fmt
[INFO] [stdout]    1:     0x6281629233ba - core[df12db4294e9bfd3]::fmt::write
[INFO] [stdout]    2:     0x62816291355c - <alloc[2182bb758b4b3781]::vec::Vec<u8> as core[df12db4294e9bfd3]::io::write::Write>::write_fmt
[INFO] [stdout]    3:     0x6281628eb1f6 - std[70759c8f55707aa4]::panicking::default_hook::{closure#0}
[INFO] [stdout]    4:     0x6281629075f9 - std[70759c8f55707aa4]::panicking::default_hook
[INFO] [stdout]    5:     0x6281628a2000 - test[9d35eded1c95d3be]::test_main_inner::<test[9d35eded1c95d3be]::test_main_static::{closure#0}>::{closure#0}
[INFO] [stdout]    6:     0x6281629077b2 - std[70759c8f55707aa4]::panicking::panic_with_hook
[INFO] [stdout]    7:     0x6281628eb2d4 - std[70759c8f55707aa4]::panicking::panic_handler::{closure#0}
[INFO] [stdout]    8:     0x6281628e4029 - std[70759c8f55707aa4]::sys::backtrace::__rust_end_short_backtrace::<std[70759c8f55707aa4]::panicking::panic_handler::{closure#0}, !>
[INFO] [stdout]    9:     0x6281628ebe9d - __rustc[8fa7c3cbc660c2b3]::rust_begin_unwind
[INFO] [stdout]   10:     0x628162923b1c - core[df12db4294e9bfd3]::panicking::panic_fmt
[INFO] [stdout]   11:     0x62816283dfe3 - crossfire[f11025ac944faaf8]::crossbeam::array_queue_mpsc::batch_tests::batch_multi_producer_no_loss_no_dup
[INFO] [stdout]   12:     0x628162859c79 - <crossfire[f11025ac944faaf8]::crossbeam::array_queue_mpsc::batch_tests::batch_multi_producer_no_loss_no_dup::{closure#0} as core[df12db4294e9bfd3]::ops::function::FnOnce<()>>::call_once
[INFO] [stdout]   13:     0x6281628952eb - test[9d35eded1c95d3be]::__rust_begin_short_backtrace::<core[df12db4294e9bfd3]::result::Result<(), alloc[2182bb758b4b3781]::string::String>, fn() -> core[df12db4294e9bfd3]::result::Result<(), alloc[2182bb758b4b3781]::string::String>>
[INFO] [stdout]   14:     0x6281628a2955 - test[9d35eded1c95d3be]::run_test::{closure#0}
[INFO] [stdout]   15:     0x62816289c214 - std[70759c8f55707aa4]::sys::backtrace::__rust_begin_short_backtrace::<test[9d35eded1c95d3be]::run_test::{closure#1}, ()>
[INFO] [stdout]   16:     0x6281628a5ab2 - <std[70759c8f55707aa4]::thread::lifecycle::spawn_unchecked<test[9d35eded1c95d3be]::run_test::{closure#1}, ()>::{closure#1} as core[df12db4294e9bfd3]::ops::function::FnOnce<()>>::call_once::{shim:vtable#0}
[INFO] [stdout]   17:     0x62816290e969 - <std[70759c8f55707aa4]::sys::thread::unix::Thread>::new::thread_start
[INFO] [stdout]   18:     0x72ff4a155dfa - <unknown>
[INFO] [stdout]   19:     0x72ff4a1e93d4 - clone
[INFO] [stdout]   20:                0x0 - <unknown>
[INFO] [stdout] 
[INFO] [stdout] 
[INFO] [stdout] failures:
[INFO] [stdout]     crossbeam::array_queue_mpsc::batch_tests::batch_multi_producer_no_loss_no_dup
[INFO] [stdout] 
[INFO] [stdout] test result: FAILED. 47 passed; 1 failed; 0 ignored; 0 measured; 0 filtered out; finished in 0.06s
[INFO] [stdout] 
[INFO] [stderr] error: test failed, to rerun pass `--lib`
[INFO] running `Command { std: "docker" "inspect" "90e0fc8e7d0f3dd629c2d3ef976c87417f9d2655f30c7a6fef0b19181c7e967a", kill_on_drop: false }`
[INFO] running `Command { std: "docker" "rm" "-f" "90e0fc8e7d0f3dd629c2d3ef976c87417f9d2655f30c7a6fef0b19181c7e967a", kill_on_drop: false }`
[INFO] [stdout] 90e0fc8e7d0f3dd629c2d3ef976c87417f9d2655f30c7a6fef0b19181c7e967a
