[INFO] fetching crate youki 0.7.0...
[INFO] testing youki-0.7.0 against 1.99.0-beta.8+cargoflags=--release for beta-release-1.100-2
[INFO] extracting crate youki 0.7.0 into /workspace/builds/worker-4-tc1/source
[INFO] started tweaking crates.io crate youki 0.7.0
[INFO] finished tweaking crates.io crate youki 0.7.0
[INFO] tweaked toml for crates.io crate youki 0.7.0 written to /workspace/builds/worker-4-tc1/source/Cargo.toml
[INFO] validating manifest of crates.io crate youki 0.7.0 on toolchain 1.99.0-beta.8
[INFO] running `Command { std: CARGO_HOME="/workspace/cargo-home" RUSTUP_HOME="/workspace/rustup-home" "/workspace/cargo-home/bin/cargo" "+1.99.0-beta.8" "metadata" "--manifest-path" "Cargo.toml" "--no-deps", kill_on_drop: false }`
[INFO] crate crates.io crate youki 0.7.0 already has a lockfile, it will not be regenerated
[INFO] running `Command { std: CARGO_HOME="/workspace/cargo-home" RUSTUP_HOME="/workspace/rustup-home" "/workspace/cargo-home/bin/cargo" "+1.99.0-beta.8" "fetch" "--manifest-path" "Cargo.toml", kill_on_drop: false }`
[INFO] [stderr]     Blocking waiting for file lock on package cache
[INFO] [stderr]     Updating crates.io index
[INFO] [stderr]     Blocking waiting for file lock on package cache
[INFO] [stderr]  Downloading crates ...
[INFO] [stderr]   Downloaded cranelift-bitset v0.133.1
[INFO] [stderr]   Downloaded wasmtime-internal-jit-icache-coherence v46.0.1
[INFO] [stderr]   Downloaded cranelift-control v0.133.1
[INFO] [stderr]   Downloaded wasmtime-internal-jit-debug v46.0.1
[INFO] [stderr]   Downloaded shared-buffer v0.1.4
[INFO] [stderr]   Downloaded wat v1.251.0
[INFO] [stderr]   Downloaded wasmtime-internal-versioned-export-macros v46.0.1
[INFO] [stderr]   Downloaded wasmtime-internal-component-util v46.0.1
[INFO] [stderr]   Downloaded cranelift-srcgen v0.133.1
[INFO] [stderr]   Downloaded cranelift-codegen-shared v0.133.1
[INFO] [stderr]   Downloaded leb128 v0.2.6
[INFO] [stderr]   Downloaded pulley-macros v46.0.1
[INFO] [stderr]   Downloaded cranelift-native v0.133.1
[INFO] [stderr]   Downloaded wit-parser v0.251.0
[INFO] [stderr]   Downloaded more-asserts v0.3.1
[INFO] [stderr]   Downloaded libunwind v1.3.3
[INFO] [stderr]   Downloaded cranelift-assembler-x64 v0.133.1
[INFO] [stderr]   Downloaded wasmtime-internal-fiber v46.0.1
[INFO] [stderr]   Downloaded cranelift-entity v0.133.1
[INFO] [stderr]   Downloaded wasmtime-internal-unwinder v46.0.1
[INFO] [stderr]   Downloaded wasmer-derive v7.0.1
[INFO] [stderr]   Downloaded cranelift-bforest v0.133.1
[INFO] [stderr]   Downloaded wasmtime-internal-wit-bindgen v46.0.1
[INFO] [stderr]   Downloaded fxprof-processed-profile v0.8.1
[INFO] [stderr]   Downloaded wasmer-wasix-types v0.700.1
[INFO] [stderr]   Downloaded wai-bindgen-gen-rust v0.2.3
[INFO] [stderr]   Downloaded macho-unwind-info v0.5.0
[INFO] [stderr]   Downloaded dynasmrt v4.0.2
[INFO] [stderr]   Downloaded wasmprinter v0.251.0
[INFO] [stderr]   Downloaded wasmtime-internal-cache v46.0.1
[INFO] [stderr]   Downloaded addr2line v0.26.1
[INFO] [stderr]   Downloaded cranelift-assembler-x64-meta v0.133.1
[INFO] [stderr]   Downloaded wasmer-types v7.0.1
[INFO] [stderr]   Downloaded wasm-compose v0.251.0
[INFO] [stderr]   Downloaded saffron v0.1.0
[INFO] [stderr]   Downloaded wasmtime-internal-core v46.0.1
[INFO] [stderr]   Downloaded cranelift-frontend v0.133.1
[INFO] [stderr]   Downloaded wasmtime-internal-math v41.0.0
[INFO] [stderr]   Downloaded wasmer-config v0.700.1
[INFO] [stderr]   Downloaded cranelift-frontend v0.128.0
[INFO] [stderr]   Downloaded cranelift-codegen-meta v0.133.1
[INFO] [stderr]   Downloaded corosensei v0.3.3
[INFO] [stderr]   Downloaded wasmer-vm v7.0.1
[INFO] [stderr]   Downloaded cranelift-entity v0.128.0
[INFO] [stderr]   Downloaded cranelift-isle v0.133.1
[INFO] [stderr]   Downloaded wasmer-compiler-cranelift v7.0.1
[INFO] [stderr]   Downloaded cranelift-isle v0.128.0
[INFO] [stderr]   Downloaded wai-bindgen-rust v0.2.3
[INFO] [stderr]   Downloaded wasmer-package v0.700.1
[INFO] [stderr]   Downloaded virtual-mio v0.700.1
[INFO] [stderr]   Downloaded wast v251.0.0
[INFO] [stderr]   Downloaded regalloc2 v0.15.1
[INFO] [stderr]   Downloaded wasmer-compiler v7.0.1
[INFO] [stderr]   Downloaded bytesize v2.3.1
[INFO] [stderr]   Downloaded insta v1.47.2
[INFO] [stderr]   Downloaded virtual-net v0.700.1
[INFO] [stderr]   Downloaded defmt v0.3.100
[INFO] [stderr]   Downloaded defmt-macros v1.0.1
[INFO] [stderr]   Downloaded iprange v0.6.7
[INFO] [stderr]   Downloaded replace_with v0.1.8
[INFO] [stderr]   Downloaded wasm-bindgen-futures v0.4.68
[INFO] [stderr]   Downloaded defmt v1.0.1
[INFO] [stderr]   Downloaded waker-fn v1.2.0
[INFO] [stderr]   Downloaded wasmer-compiler-singlepass v7.0.1
[INFO] [stderr]   Downloaded cranelift-bforest v0.128.0
[INFO] [stderr]   Downloaded wasmer-journal v0.700.1
[INFO] [stderr]   Downloaded lz4_flex v0.12.1
[INFO] [stderr]   Downloaded rusty_pool v0.7.0
[INFO] [stderr]   Downloaded dynasm v4.0.2
[INFO] [stderr]   Downloaded wasmtime-internal-cranelift v46.0.1
[INFO] [stderr]   Downloaded wasmtime-internal-component-macro v46.0.1
[INFO] [stderr]   Downloaded wasmparser v0.251.0
[INFO] [stderr]   Downloaded virtual-fs v0.700.1
[INFO] [stderr]   Downloaded syn v3.0.2
[INFO] [stderr]   Downloaded wasmtime-environ v46.0.1
[INFO] [stderr]   Downloaded gimli v0.33.0
[INFO] [stderr]   Downloaded wasmer v7.0.1
[INFO] [stderr]   Downloaded webc v10.0.1
[INFO] [stderr]   Downloaded wai-parser v0.2.3
[INFO] [stderr]   Downloaded smoltcp v0.12.0
[INFO] [stderr]   Downloaded wai-bindgen-rust-impl v0.2.3
[INFO] [stderr]   Downloaded cooked-waker v5.0.0
[INFO] [stderr]   Downloaded wasmedge-macro v0.6.1
[INFO] [stderr]   Downloaded bus v2.4.1
[INFO] [stderr]   Downloaded wasmedge-types v0.6.0
[INFO] [stderr]   Downloaded sha256 v1.6.0
[INFO] [stderr]   Downloaded fiber-for-wasmedge v14.0.4
[INFO] [stderr]   Downloaded setjmp v0.1.0
[INFO] [stderr]   Downloaded wasmtime-versioned-export-macros v14.0.4
[INFO] [stderr]   Downloaded wasmedge-sys v0.19.4
[INFO] [stderr]   Downloaded wasmtime-asm-macros v14.0.4
[INFO] [stderr]   Downloaded wasmedge-sdk v0.14.0
[INFO] [stderr]   Downloaded heapless v0.9.2
[INFO] [stderr]   Downloaded web-sys v0.3.95
[INFO] [stderr]   Downloaded async-wasi v0.2.1
[INFO] [stderr]   Downloaded wiggle-generate v46.0.1
[INFO] [stderr]   Downloaded wasmtime v46.0.1
[INFO] [stderr]   Downloaded cranelift-codegen v0.133.1
[INFO] [stderr]   Downloaded cranelift-codegen v0.128.0
[INFO] [stderr]   Downloaded wiggle v46.0.1
[INFO] [stderr]   Downloaded wiggle-macro v46.0.1
[INFO] [stderr]   Downloaded vergen-gitcl v9.1.0
[INFO] [stderr]   Downloaded serial_test v3.5.0
[INFO] [stderr]   Downloaded protobuf-parse v3.7.2
[INFO] [stderr]   Downloaded wasm-encoder v0.251.0
[INFO] [stderr]   Downloaded wai-bindgen-gen-core v0.2.3
[INFO] [stderr]   Downloaded wasi-common v46.0.1
[INFO] [stderr]   Downloaded serial_test_derive v3.5.0
[INFO] [stderr]   Downloaded oci-spec v0.10.0
[INFO] [stderr]   Downloaded safe-path v0.1.0
[INFO] [stderr]   Downloaded procfs-core v0.18.0
[INFO] [stderr]   Downloaded tabwriter v1.4.1
[INFO] [stderr]   Downloaded tracing-journald v0.3.2
[INFO] [stderr]   Downloaded libseccomp v0.4.0
[INFO] [stderr]   Downloaded liboci-cli v0.7.0
[INFO] [stderr]   Downloaded wasmer-wasix v0.700.1
[INFO] [stderr]   Downloaded prctl v1.0.0
[INFO] [stderr]   Downloaded libseccomp-sys v0.3.0
[INFO] [stderr]   Downloaded procfs v0.18.0
[INFO] [stderr]   Downloaded pentacle v1.1.0
[INFO] [stderr]   Downloaded rbpf v0.4.1
[INFO] [stderr]   Downloaded rust-criu v0.6.1
[INFO] [stderr]   Downloaded pulley-interpreter v46.0.1
[INFO] [stderr]   Downloaded protobuf-codegen v3.7.2
[INFO] [stderr]   Downloaded libcgroups v0.7.0
[INFO] [stderr]   Downloaded clap_complete v4.6.2
[INFO] [stderr]   Downloaded libcontainer v0.7.0
[INFO] [stderr]   Downloaded pathrs v0.2.5
[INFO] [stderr]   Downloaded wai-bindgen-gen-rust-wasm v0.2.3
[INFO] [stderr]   Downloaded nc v0.9.8
[INFO] [stderr]   Downloaded libbpf-sys v1.7.0+v1.7.0
[INFO] running `Command { std: "docker" "create" "-v" "/var/lib/crater-agent-workspace/builds/worker-4-tc1/source:/opt/rustwide/workdir:ro,Z" "-v" "/var/lib/crater-agent-workspace/builds/worker-4-tc1/target:/opt/rustwide/target:rw,Z" "-v" "/var/lib/crater-agent-workspace/cargo-home:/opt/rustwide/cargo-home:ro,Z" "-v" "/var/lib/crater-agent-workspace/rustup-home:/opt/rustwide/rustup-home:ro,Z" "-m" "1610612736" "--network" "none" "ghcr.io/rust-lang/crates-build-env/linux@sha256:77db811e55d90add9212f6832c23229e3de5f1c1f9905e8cb07319ea15df73ac" "sleep" "infinity", kill_on_drop: false }`
[INFO] [stdout] 7626e8c3a634f6bc37153f2fca6ac6f4a7523032082cb83ac11f2972147c5351
[INFO] running `Command { std: "docker" "start" "7626e8c3a634f6bc37153f2fca6ac6f4a7523032082cb83ac11f2972147c5351", kill_on_drop: false }`
[INFO] running `Command { std: "docker" "inspect" "7626e8c3a634f6bc37153f2fca6ac6f4a7523032082cb83ac11f2972147c5351", kill_on_drop: false }`
[INFO] running `Command { std: "docker" "exec" "-e" "SOURCE_DIR=/opt/rustwide/workdir" "-e" "CARGO_HOME=/opt/rustwide/cargo-home" "-e" "RUSTUP_HOME=/opt/rustwide/rustup-home" "-e" "CARGO_TARGET_DIR=/opt/rustwide/target" "-w" "/opt/rustwide/workdir" "--user" "0:0" "7626e8c3a634f6bc37153f2fca6ac6f4a7523032082cb83ac11f2972147c5351" "/opt/rustwide/cargo-home/bin/cargo" "+1.99.0-beta.8" "metadata" "--no-deps" "--format-version=1", kill_on_drop: false }`
[INFO] running `Command { std: "docker" "inspect" "7626e8c3a634f6bc37153f2fca6ac6f4a7523032082cb83ac11f2972147c5351", kill_on_drop: false }`
[INFO] running `Command { std: "docker" "exec" "-e" "SOURCE_DIR=/opt/rustwide/workdir" "-e" "CARGO_HOME=/opt/rustwide/cargo-home" "-e" "RUSTUP_HOME=/opt/rustwide/rustup-home" "-e" "CARGO_TARGET_DIR=/opt/rustwide/target" "-e" "CARGO_INCREMENTAL=0" "-e" "RUST_BACKTRACE=full" "-e" "RUSTFLAGS=--cap-lints=warn" "-e" "RUSTDOCFLAGS=--cap-lints=warn" "-w" "/opt/rustwide/workdir" "--user" "0:0" "7626e8c3a634f6bc37153f2fca6ac6f4a7523032082cb83ac11f2972147c5351" "/opt/rustwide/cargo-home/bin/cargo" "+1.99.0-beta.8" "build" "--frozen" "--message-format=json" "--release", kill_on_drop: false }`
[INFO] [stderr]    Compiling syn v3.0.2
[INFO] [stderr]    Compiling bitflags v2.13.0
[INFO] [stderr]    Compiling darling_core v0.20.11
[INFO] [stderr]    Compiling rustix v1.1.4
[INFO] [stderr]    Compiling getrandom v0.4.2
[INFO] [stderr]    Compiling thiserror-impl v1.0.69
[INFO] [stderr]    Compiling once_cell v1.21.4
[INFO] [stderr]    Compiling cfg-if v1.0.4
[INFO] [stderr]    Compiling fastrand v2.4.1
[INFO] [stderr]    Compiling protobuf v3.7.2
[INFO] [stderr]    Compiling thiserror v1.0.69
[INFO] [stderr]    Compiling rustix v0.38.44
[INFO] [stderr]    Compiling aho-corasick v1.1.4
[INFO] [stderr]    Compiling memchr v2.8.0
[INFO] [stderr]    Compiling linux-raw-sys v0.4.15
[INFO] [stderr]    Compiling log v0.4.29
[INFO] [stderr]    Compiling either v1.15.0
[INFO] [stderr]    Compiling thiserror v2.0.19
[INFO] [stderr]    Compiling protobuf-support v3.7.2
[INFO] [stderr]    Compiling home v0.5.12
[INFO] [stderr]    Compiling hashbrown v0.17.0
[INFO] [stderr]    Compiling regex-automata v0.4.16
[INFO] [stderr]    Compiling tempfile v3.27.0
[INFO] [stderr]    Compiling which v4.4.2
[INFO] [stderr]    Compiling indexmap v2.14.0
[INFO] [stderr]    Compiling serde_derive v1.0.229
[INFO] [stderr]    Compiling thiserror-impl v2.0.19
[INFO] [stderr]    Compiling darling_macro v0.20.11
[INFO] [stderr]    Compiling darling v0.20.11
[INFO] [stderr]    Compiling derive_builder_core v0.20.2
[INFO] [stderr]    Compiling vergen-lib v9.1.0
[INFO] [stderr]    Compiling powerfmt v0.2.0
[INFO] [stderr]    Compiling deranged v0.5.8
[INFO] [stderr]    Compiling serde_json v1.0.151
[INFO] [stderr]    Compiling derive_builder_macro v0.20.2
[INFO] [stderr]    Compiling derive_builder v0.20.2
[INFO] [stderr]    Compiling vergen v9.1.0
[INFO] [stderr]    Compiling proc-macro-error-attr2 v2.0.0
[INFO] [stderr]    Compiling num-conv v0.2.1
[INFO] [stderr]    Compiling linux-raw-sys v0.12.1
[INFO] [stderr]    Compiling num_threads v0.1.7
[INFO] [stderr]    Compiling konst_macro_rules v0.2.19
[INFO] [stderr]    Compiling regex v1.13.1
[INFO] [stderr]    Compiling konst v0.2.20
[INFO] [stderr]    Compiling protobuf-parse v3.7.2
[INFO] [stderr]    Compiling serde v1.0.229
[INFO] [stderr]    Compiling tracing v0.1.44
[INFO] [stderr]    Compiling cc v1.2.61
[INFO] [stderr]    Compiling chrono v0.4.45
[INFO] [stderr]    Compiling protobuf-codegen v3.7.2
[INFO] [stderr]    Compiling time v0.3.47
[INFO] [stderr]    Compiling const_format_proc_macros v0.2.34
[INFO] [stderr]    Compiling proc-macro-error2 v2.0.1
[INFO] [stderr]    Compiling pathrs v0.2.5
[INFO] [stderr]    Compiling nix v0.31.2
[INFO] [stderr]    Compiling nix v0.29.0
[INFO] [stderr]    Compiling vergen-gitcl v9.1.0
[INFO] [stderr]    Compiling procfs v0.18.0
[INFO] [stderr]    Compiling itertools v0.15.0
[INFO] [stderr]    Compiling clap_builder v4.6.0
[INFO] [stderr]    Compiling procfs-core v0.18.0
[INFO] [stderr]    Compiling const_format v0.2.36
[INFO] [stderr]    Compiling rust-criu v0.6.1
[INFO] [stderr]    Compiling getset v0.1.6
[INFO] [stderr]    Compiling nc v0.9.8
[INFO] [stderr]    Compiling strum_macros v0.27.2
[INFO] [stderr]    Compiling clap v4.6.1
[INFO] [stderr]    Compiling oci-spec v0.10.0
[INFO] [stderr]    Compiling netlink-packet-core v0.8.1
[INFO] [stderr]    Compiling tracing-serde v0.2.0
[INFO] [stderr]    Compiling matchers v0.2.0
[INFO] [stderr]    Compiling tracing-log v0.2.0
[INFO] [stderr]    Compiling thread_local v1.1.9
[INFO] [stderr]    Compiling fixedbitset v0.5.7
[INFO] [stderr]    Compiling tracing-subscriber v0.3.23
[INFO] [stderr]    Compiling netlink-sys v0.8.8
[INFO] [stderr]    Compiling youki v0.7.0 (/opt/rustwide/workdir)
[INFO] [stderr]    Compiling prctl v1.0.0
[INFO] [stderr]    Compiling libcgroups v0.7.0
[INFO] [stderr]    Compiling netlink-packet-route v0.31.0
[INFO] [stderr]    Compiling safe-path v0.1.0
[INFO] [stderr]    Compiling caps v0.5.6
[INFO] [stderr]    Compiling tabwriter v1.4.1
[INFO] [stderr]    Compiling tracing-journald v0.3.2
[INFO] [stderr] warning: youki@0.7.0: not within a suitable 'git' worktree!
[INFO] [stderr] warning: youki@0.7.0: VERGEN_GIT_BRANCH set to default
[INFO] [stderr] warning: youki@0.7.0: VERGEN_GIT_COMMIT_AUTHOR_EMAIL set to default
[INFO] [stderr] warning: youki@0.7.0: VERGEN_GIT_COMMIT_AUTHOR_NAME set to default
[INFO] [stderr] warning: youki@0.7.0: VERGEN_GIT_COMMIT_COUNT set to default
[INFO] [stderr] warning: youki@0.7.0: VERGEN_GIT_COMMIT_DATE set to default
[INFO] [stderr] warning: youki@0.7.0: VERGEN_GIT_COMMIT_MESSAGE set to default
[INFO] [stderr] warning: youki@0.7.0: VERGEN_GIT_COMMIT_TIMESTAMP set to default
[INFO] [stderr] warning: youki@0.7.0: VERGEN_GIT_DESCRIBE set to default
[INFO] [stderr] warning: youki@0.7.0: VERGEN_GIT_SHA set to default
[INFO] [stderr] warning: youki@0.7.0: VERGEN_GIT_DIRTY set to default
[INFO] [stderr]    Compiling liboci-cli v0.7.0
[INFO] [stderr]    Compiling clap_complete v4.6.2
[INFO] [stderr]    Compiling pentacle v1.1.0
[INFO] [stderr]    Compiling libcontainer v0.7.0
[INFO] [stderr]     Finished `release` profile [optimized] target(s) in 2m 30s
[INFO] [stderr] warning: the following packages contain code that will be rejected by a future version of Rust: proc-macro-error2 v2.0.1
[INFO] [stderr] note: to see what the problems were, use the option `--future-incompat-report`, or run `cargo report future-incompatibilities --id 2`
[INFO] running `Command { std: "docker" "inspect" "7626e8c3a634f6bc37153f2fca6ac6f4a7523032082cb83ac11f2972147c5351", kill_on_drop: false }`
[INFO] running `Command { std: "docker" "exec" "-e" "SOURCE_DIR=/opt/rustwide/workdir" "-e" "CARGO_HOME=/opt/rustwide/cargo-home" "-e" "RUSTUP_HOME=/opt/rustwide/rustup-home" "-e" "CARGO_TARGET_DIR=/opt/rustwide/target" "-e" "CARGO_INCREMENTAL=0" "-e" "RUST_BACKTRACE=full" "-e" "RUSTFLAGS=--cap-lints=warn" "-e" "RUSTDOCFLAGS=--cap-lints=warn" "-w" "/opt/rustwide/workdir" "--user" "0:0" "7626e8c3a634f6bc37153f2fca6ac6f4a7523032082cb83ac11f2972147c5351" "/opt/rustwide/cargo-home/bin/cargo" "+1.99.0-beta.8" "test" "--frozen" "--no-run" "--message-format=json" "--release", kill_on_drop: false }`
[INFO] [stderr]    Compiling scopeguard v1.2.0
[INFO] [stderr]    Compiling futures-util v0.3.32
[INFO] [stderr]    Compiling parking_lot_core v0.9.12
[INFO] [stderr]    Compiling getrandom v0.4.2
[INFO] [stderr]    Compiling serial_test_derive v3.5.0
[INFO] [stderr] warning: youki@0.7.0: not within a suitable 'git' worktree!
[INFO] [stderr] warning: youki@0.7.0: VERGEN_GIT_BRANCH set to default
[INFO] [stderr] warning: youki@0.7.0: VERGEN_GIT_COMMIT_AUTHOR_EMAIL set to default
[INFO] [stderr] warning: youki@0.7.0: VERGEN_GIT_COMMIT_AUTHOR_NAME set to default
[INFO] [stderr] warning: youki@0.7.0: VERGEN_GIT_COMMIT_COUNT set to default
[INFO] [stderr] warning: youki@0.7.0: VERGEN_GIT_COMMIT_DATE set to default
[INFO] [stderr] warning: youki@0.7.0: VERGEN_GIT_COMMIT_MESSAGE set to default
[INFO] [stderr] warning: youki@0.7.0: VERGEN_GIT_COMMIT_TIMESTAMP set to default
[INFO] [stderr] warning: youki@0.7.0: VERGEN_GIT_DESCRIBE set to default
[INFO] [stderr] warning: youki@0.7.0: VERGEN_GIT_SHA set to default
[INFO] [stderr] warning: youki@0.7.0: VERGEN_GIT_DIRTY set to default
[INFO] [stderr]    Compiling lock_api v0.4.14
[INFO] [stderr]    Compiling tempfile v3.27.0
[INFO] [stderr]    Compiling parking_lot v0.12.5
[INFO] [stderr]    Compiling futures-executor v0.3.32
[INFO] [stderr]    Compiling serial_test v3.5.0
[INFO] [stderr]    Compiling youki v0.7.0 (/opt/rustwide/workdir)
[INFO] [stderr]     Finished `release` profile [optimized] target(s) in 4.29s
[INFO] [stderr] warning: the following packages contain code that will be rejected by a future version of Rust: proc-macro-error2 v2.0.1
[INFO] [stderr] note: to see what the problems were, use the option `--future-incompat-report`, or run `cargo report future-incompatibilities --id 2`
[INFO] running `Command { std: "docker" "inspect" "7626e8c3a634f6bc37153f2fca6ac6f4a7523032082cb83ac11f2972147c5351", kill_on_drop: false }`
[INFO] running `Command { std: "docker" "exec" "-e" "SOURCE_DIR=/opt/rustwide/workdir" "-e" "CARGO_HOME=/opt/rustwide/cargo-home" "-e" "RUSTUP_HOME=/opt/rustwide/rustup-home" "-e" "CARGO_TARGET_DIR=/opt/rustwide/target" "-e" "CARGO_INCREMENTAL=0" "-e" "RUST_BACKTRACE=full" "-e" "RUSTFLAGS=--cap-lints=warn" "-e" "RUSTDOCFLAGS=--cap-lints=warn" "-w" "/opt/rustwide/workdir" "--user" "0:0" "7626e8c3a634f6bc37153f2fca6ac6f4a7523032082cb83ac11f2972147c5351" "/opt/rustwide/cargo-home/bin/cargo" "+1.99.0-beta.8" "test" "--frozen" "--release", kill_on_drop: false }`
[INFO] [stderr] warning: youki@0.7.0: not within a suitable 'git' worktree!
[INFO] [stderr] warning: youki@0.7.0: VERGEN_GIT_BRANCH set to default
[INFO] [stderr] warning: youki@0.7.0: VERGEN_GIT_COMMIT_AUTHOR_EMAIL set to default
[INFO] [stderr] warning: youki@0.7.0: VERGEN_GIT_COMMIT_AUTHOR_NAME set to default
[INFO] [stderr] warning: youki@0.7.0: VERGEN_GIT_COMMIT_COUNT set to default
[INFO] [stderr] warning: youki@0.7.0: VERGEN_GIT_COMMIT_DATE set to default
[INFO] [stderr] warning: youki@0.7.0: VERGEN_GIT_COMMIT_MESSAGE set to default
[INFO] [stderr] warning: youki@0.7.0: VERGEN_GIT_COMMIT_TIMESTAMP set to default
[INFO] [stderr] warning: youki@0.7.0: VERGEN_GIT_DESCRIBE set to default
[INFO] [stderr] warning: youki@0.7.0: VERGEN_GIT_SHA set to default
[INFO] [stderr] warning: youki@0.7.0: VERGEN_GIT_DIRTY set to default
[INFO] [stderr]     Finished `release` profile [optimized] target(s) in 0.15s
[INFO] [stderr] warning: the following packages contain code that will be rejected by a future version of Rust: proc-macro-error2 v2.0.1
[INFO] [stderr] note: to see what the problems were, use the option `--future-incompat-report`, or run `cargo report future-incompatibilities --id 2`
[INFO] [stderr]      Running unittests src/main.rs (/opt/rustwide/target/release/deps/youki-0cf98af337f84e0f)
[INFO] [stdout] 
[INFO] [stdout] running 18 tests
[INFO] [stdout] test commands::checkpoint::tests::test_parse_cgroups_mode_ng ... ok
[INFO] [stdout] test commands::checkpoint::tests::test_parse_cgroups_mode_ok ... ok
[INFO] [stdout] test commands::info::tests::find_parameter_matches_exact_key ... ok
[INFO] [stdout] test commands::info::tests::find_parameter_keeps_equals_signs_in_value ... ok
[INFO] [stdout] test commands::features::tests::test_features ... ok
[INFO] [stdout] test observability::tests::test_detect_log_level ... ok
[INFO] [stdout] test observability::tests::test_detect_log_level_default ... ok
[INFO] [stdout] test commands::spec_json::tests::test_spec_json ... ok
[INFO] [stdout] test observability::tests::test_higher_loglevel_no_log ... ok
[INFO] [stdout] test commands::spec_json::tests::test_spec_json_already_exists ... ok
[INFO] [stdout] test observability::tests::test_json_logfile ... ok
[INFO] [stdout] test observability::tests::test_init_many_times ... ok
[INFO] [stdout] test rootpath::tests::test_user_specified_exists ... ok
[INFO] [stdout] test rootpath::tests::test_user_specified ... ok
[INFO] [stdout] test rootpath::tests::test_determine_root_path_rootless ... FAILED
[INFO] [stdout] test rootpath::tests::test_determine_root_path_non_rootless ... ok
[INFO] [stdout] test commands::run::tests::test_foreground_forward_sig ... ok
[INFO] [stdout] test commands::run::tests::test_foreground_exit ... ok
[INFO] [stdout] 
[INFO] [stdout] failures:
[INFO] [stdout] 
[INFO] [stdout] ---- rootpath::tests::test_determine_root_path_rootless stdout ----
[INFO] [stdout] 
[INFO] [stdout] thread 'rootpath::tests::test_determine_root_path_rootless' (2267) panicked at src/rootpath.rs:162:9:
[INFO] [stdout] assertion `left == right` failed
[INFO] [stdout]   left: "/tmp/default_youki_path"
[INFO] [stdout]  right: "/tmp/.tmpOHlrgM/xdg_runtime/youki"
[INFO] [stdout] stack backtrace:
[INFO] [stdout]    0:     0x62835ae1bba1 - <<std[70759c8f55707aa4]::sys::backtrace::BacktraceLock>::print::DisplayBacktrace as core[df12db4294e9bfd3]::fmt::Display>::fmt
[INFO] [stdout]    1:     0x62835ae32b6a - core[df12db4294e9bfd3]::fmt::write
[INFO] [stdout]    2:     0x62835ae20abc - <alloc[2182bb758b4b3781]::vec::Vec<u8> as core[df12db4294e9bfd3]::io::write::Write>::write_fmt
[INFO] [stdout]    3:     0x62835adf53d6 - std[70759c8f55707aa4]::panicking::default_hook::{closure#0}
[INFO] [stdout]    4:     0x62835ae12e89 - std[70759c8f55707aa4]::panicking::default_hook
[INFO] [stdout]    5:     0x62835acef170 - test[9d35eded1c95d3be]::test_main_inner::<test[9d35eded1c95d3be]::test_main_static::{closure#0}>::{closure#0}
[INFO] [stdout]    6:     0x62835ae13042 - std[70759c8f55707aa4]::panicking::panic_with_hook
[INFO] [stdout]    7:     0x62835adf5482 - std[70759c8f55707aa4]::panicking::panic_handler::{closure#0}
[INFO] [stdout]    8:     0x62835aded7d9 - std[70759c8f55707aa4]::sys::backtrace::__rust_end_short_backtrace::<std[70759c8f55707aa4]::panicking::panic_handler::{closure#0}, !>
[INFO] [stdout]    9:     0x62835adf655d - __rustc[8fa7c3cbc660c2b3]::rust_begin_unwind
[INFO] [stdout]   10:     0x62835ae3334c - core[df12db4294e9bfd3]::panicking::panic_fmt
[INFO] [stdout]   11:     0x62835ae33263 - core[df12db4294e9bfd3]::panicking::assert_failed_inner
[INFO] [stdout]   12:     0x62835acbe64f - core[df12db4294e9bfd3]::panicking::assert_failed::<std[70759c8f55707aa4]::path::PathBuf, std[70759c8f55707aa4]::path::PathBuf>
[INFO] [stdout]   13:     0x62835acde408 - <youki[46d301914571bf1b]::rootpath::tests::test_determine_root_path_rootless::{closure#0} as core[df12db4294e9bfd3]::ops::function::FnOnce<()>>::call_once
[INFO] [stdout]   14:     0x62835ace245b - test[9d35eded1c95d3be]::__rust_begin_short_backtrace::<core[df12db4294e9bfd3]::result::Result<(), alloc[2182bb758b4b3781]::string::String>, fn() -> core[df12db4294e9bfd3]::result::Result<(), alloc[2182bb758b4b3781]::string::String>>
[INFO] [stdout]   15:     0x62835acefac5 - test[9d35eded1c95d3be]::run_test::{closure#0}
[INFO] [stdout]   16:     0x62835ace9384 - std[70759c8f55707aa4]::sys::backtrace::__rust_begin_short_backtrace::<test[9d35eded1c95d3be]::run_test::{closure#1}, ()>
[INFO] [stdout]   17:     0x62835acf2c22 - <std[70759c8f55707aa4]::thread::lifecycle::spawn_unchecked<test[9d35eded1c95d3be]::run_test::{closure#1}, ()>::{closure#1} as core[df12db4294e9bfd3]::ops::function::FnOnce<()>>::call_once::{shim:vtable#0}
[INFO] [stdout]   18:     0x62835ae1b0d9 - <std[70759c8f55707aa4]::sys::thread::unix::Thread>::new::thread_start
[INFO] [stdout]   19:     0x7e14520cddfa - <unknown>
[INFO] [stdout]   20:     0x7e14521613d4 - clone
[INFO] [stdout]   21:                0x0 - <unknown>
[INFO] [stdout] 
[INFO] [stdout] 
[INFO] [stdout] failures:
[INFO] [stdout]     rootpath::tests::test_determine_root_path_rootless
[INFO] [stdout] 
[INFO] [stdout] test result: FAILED. 17 passed; 1 failed; 0 ignored; 0 measured; 0 filtered out; finished in 1.00s
[INFO] [stdout] 
[INFO] [stderr] error: test failed, to rerun pass `--bin youki`
[INFO] running `Command { std: "docker" "inspect" "7626e8c3a634f6bc37153f2fca6ac6f4a7523032082cb83ac11f2972147c5351", kill_on_drop: false }`
[INFO] running `Command { std: "docker" "rm" "-f" "7626e8c3a634f6bc37153f2fca6ac6f4a7523032082cb83ac11f2972147c5351", kill_on_drop: false }`
[INFO] [stdout] 7626e8c3a634f6bc37153f2fca6ac6f4a7523032082cb83ac11f2972147c5351
