[INFO] fetching crate yore-cli 0.8.1...
[INFO] testing yore-cli-0.8.1 against 1.100.0-beta.1+cargoflags=--release for beta-release-1.100-2
[INFO] extracting crate yore-cli 0.8.1 into /workspace/builds/worker-2-tc2/source
[INFO] started tweaking crates.io crate yore-cli 0.8.1
[INFO] removed 0 missing tests
[INFO] finished tweaking crates.io crate yore-cli 0.8.1
[INFO] tweaked toml for crates.io crate yore-cli 0.8.1 written to /workspace/builds/worker-2-tc2/source/Cargo.toml
[INFO] validating manifest of crates.io crate yore-cli 0.8.1 on toolchain 1.100.0-beta.1
[INFO] running `Command { std: CARGO_HOME="/workspace/cargo-home" RUSTUP_HOME="/workspace/rustup-home" "/workspace/cargo-home/bin/cargo" "+1.100.0-beta.1" "metadata" "--manifest-path" "Cargo.toml" "--no-deps", kill_on_drop: false }`
[INFO] crate crates.io crate yore-cli 0.8.1 already has a lockfile, it will not be regenerated
[INFO] running `Command { std: CARGO_HOME="/workspace/cargo-home" RUSTUP_HOME="/workspace/rustup-home" "/workspace/cargo-home/bin/cargo" "+1.100.0-beta.1" "fetch" "--manifest-path" "Cargo.toml", kill_on_drop: false }`
[INFO] running `Command { std: "docker" "create" "-v" "/var/lib/crater-agent-workspace/builds/worker-2-tc2/source:/opt/rustwide/workdir:ro,Z" "-v" "/var/lib/crater-agent-workspace/builds/worker-2-tc2/target:/opt/rustwide/target:rw,Z" "-v" "/var/lib/crater-agent-workspace/cargo-home:/opt/rustwide/cargo-home:ro,Z" "-v" "/var/lib/crater-agent-workspace/rustup-home:/opt/rustwide/rustup-home:ro,Z" "-m" "1610612736" "--network" "none" "ghcr.io/rust-lang/crates-build-env/linux@sha256:77db811e55d90add9212f6832c23229e3de5f1c1f9905e8cb07319ea15df73ac" "sleep" "infinity", kill_on_drop: false }`
[INFO] [stdout] 4ac8e780cbe7097ae92eb98f79bfef75a693bbcb4e29f3eb9bc3abd28de59ebc
[INFO] running `Command { std: "docker" "start" "4ac8e780cbe7097ae92eb98f79bfef75a693bbcb4e29f3eb9bc3abd28de59ebc", kill_on_drop: false }`
[INFO] running `Command { std: "docker" "inspect" "4ac8e780cbe7097ae92eb98f79bfef75a693bbcb4e29f3eb9bc3abd28de59ebc", kill_on_drop: false }`
[INFO] running `Command { std: "docker" "exec" "-e" "SOURCE_DIR=/opt/rustwide/workdir" "-e" "CARGO_HOME=/opt/rustwide/cargo-home" "-e" "RUSTUP_HOME=/opt/rustwide/rustup-home" "-e" "CARGO_TARGET_DIR=/opt/rustwide/target" "-w" "/opt/rustwide/workdir" "--user" "0:0" "4ac8e780cbe7097ae92eb98f79bfef75a693bbcb4e29f3eb9bc3abd28de59ebc" "/opt/rustwide/cargo-home/bin/cargo" "+1.100.0-beta.1" "metadata" "--no-deps" "--format-version=1", kill_on_drop: false }`
[INFO] running `Command { std: "docker" "inspect" "4ac8e780cbe7097ae92eb98f79bfef75a693bbcb4e29f3eb9bc3abd28de59ebc", kill_on_drop: false }`
[INFO] running `Command { std: "docker" "exec" "-e" "SOURCE_DIR=/opt/rustwide/workdir" "-e" "CARGO_HOME=/opt/rustwide/cargo-home" "-e" "RUSTUP_HOME=/opt/rustwide/rustup-home" "-e" "CARGO_TARGET_DIR=/opt/rustwide/target" "-e" "CARGO_INCREMENTAL=0" "-e" "RUST_BACKTRACE=full" "-e" "RUSTFLAGS=--cap-lints=warn" "-e" "RUSTDOCFLAGS=--cap-lints=warn" "-w" "/opt/rustwide/workdir" "--user" "0:0" "4ac8e780cbe7097ae92eb98f79bfef75a693bbcb4e29f3eb9bc3abd28de59ebc" "/opt/rustwide/cargo-home/bin/cargo" "+1.100.0-beta.1" "build" "--frozen" "--message-format=json" "--release", kill_on_drop: false }`
[INFO] [stderr]    Compiling proc-macro2 v1.0.107
[INFO] [stderr]    Compiling quote v1.0.47
[INFO] [stderr]    Compiling unicode-ident v1.0.24
[INFO] [stderr]    Compiling serde_core v1.0.229
[INFO] [stderr]    Compiling serde v1.0.229
[INFO] [stderr]    Compiling memchr v2.8.3
[INFO] [stderr]    Compiling crossbeam-utils v0.8.22
[INFO] [stderr]    Compiling libc v0.2.189
[INFO] [stderr]    Compiling crossbeam-epoch v0.9.20
[INFO] [stderr]    Compiling equivalent v1.0.2
[INFO] [stderr]    Compiling utf8parse v0.2.2
[INFO] [stderr]    Compiling hashbrown v0.17.1
[INFO] [stderr]    Compiling regex-syntax v0.8.11
[INFO] [stderr]    Compiling is_terminal_polyfill v1.70.2
[INFO] [stderr]    Compiling zmij v1.0.23
[INFO] [stderr]    Compiling zerocopy v0.8.56
[INFO] [stderr]    Compiling version_check v0.9.5
[INFO] [stderr]    Compiling anstyle-query v1.1.5
[INFO] [stderr]    Compiling anstyle-parse v1.0.0
[INFO] [stderr]    Compiling getrandom v0.3.4
[INFO] [stderr]    Compiling crossbeam-deque v0.8.7
[INFO] [stderr]    Compiling colorchoice v1.0.5
[INFO] [stderr]    Compiling anstyle v1.0.14
[INFO] [stderr]    Compiling toml_write v0.1.2
[INFO] [stderr]    Compiling serde_json v1.0.151
[INFO] [stderr]    Compiling cfg-if v1.0.4
[INFO] [stderr]    Compiling log v0.4.33
[INFO] [stderr]    Compiling ahash v0.8.12
[INFO] [stderr]    Compiling strsim v0.11.1
[INFO] [stderr]    Compiling anstream v1.0.0
[INFO] [stderr]    Compiling same-file v1.0.6
[INFO] [stderr]    Compiling winnow v0.7.15
[INFO] [stderr]    Compiling itoa v1.0.18
[INFO] [stderr]    Compiling heck v0.5.0
[INFO] [stderr]    Compiling aho-corasick v1.1.5
[INFO] [stderr]    Compiling bstr v1.13.1
[INFO] [stderr]    Compiling clap_lex v1.1.0
[INFO] [stderr]    Compiling walkdir v2.5.0
[INFO] [stderr]    Compiling clap_builder v4.6.6
[INFO] [stderr]    Compiling indexmap v2.14.0
[INFO] [stderr]    Compiling once_cell v1.21.4
[INFO] [stderr]    Compiling yore-cli v0.8.1 (/opt/rustwide/workdir)
[INFO] [stderr]    Compiling unsafe-libyaml v0.2.11
[INFO] [stderr]    Compiling lazy_static v1.5.0
[INFO] [stderr]    Compiling ryu v1.0.23
[INFO] [stderr]    Compiling syn v3.0.3
[INFO] [stderr]    Compiling colored v2.2.0
[INFO] [stderr]    Compiling regex-automata v0.4.18
[INFO] [stderr]    Compiling serde_derive v1.0.229
[INFO] [stderr]    Compiling clap_derive v4.6.4
[INFO] [stderr]    Compiling globset v0.4.20
[INFO] [stderr]    Compiling regex v1.13.1
[INFO] [stderr]    Compiling clap v4.6.6
[INFO] [stderr]    Compiling ignore v0.4.33
[INFO] [stderr]    Compiling serde_spanned v0.6.9
[INFO] [stderr]    Compiling toml_datetime v0.6.11
[INFO] [stderr]    Compiling serde_yaml v0.9.34+deprecated
[INFO] [stderr]    Compiling toml_edit v0.22.27
[INFO] [stderr]    Compiling toml v0.8.23
[INFO] [stderr]     Finished `release` profile [optimized] target(s) in 1m 03s
[INFO] running `Command { std: "docker" "inspect" "4ac8e780cbe7097ae92eb98f79bfef75a693bbcb4e29f3eb9bc3abd28de59ebc", kill_on_drop: false }`
[INFO] running `Command { std: "docker" "exec" "-e" "SOURCE_DIR=/opt/rustwide/workdir" "-e" "CARGO_HOME=/opt/rustwide/cargo-home" "-e" "RUSTUP_HOME=/opt/rustwide/rustup-home" "-e" "CARGO_TARGET_DIR=/opt/rustwide/target" "-e" "CARGO_INCREMENTAL=0" "-e" "RUST_BACKTRACE=full" "-e" "RUSTFLAGS=--cap-lints=warn" "-e" "RUSTDOCFLAGS=--cap-lints=warn" "-w" "/opt/rustwide/workdir" "--user" "0:0" "4ac8e780cbe7097ae92eb98f79bfef75a693bbcb4e29f3eb9bc3abd28de59ebc" "/opt/rustwide/cargo-home/bin/cargo" "+1.100.0-beta.1" "test" "--frozen" "--no-run" "--message-format=json" "--release", kill_on_drop: false }`
[INFO] [stderr]    Compiling yore-cli v0.8.1 (/opt/rustwide/workdir)
[INFO] [stderr]     Finished `release` profile [optimized] target(s) in 31.50s
[INFO] running `Command { std: "docker" "inspect" "4ac8e780cbe7097ae92eb98f79bfef75a693bbcb4e29f3eb9bc3abd28de59ebc", kill_on_drop: false }`
[INFO] running `Command { std: "docker" "exec" "-e" "SOURCE_DIR=/opt/rustwide/workdir" "-e" "CARGO_HOME=/opt/rustwide/cargo-home" "-e" "RUSTUP_HOME=/opt/rustwide/rustup-home" "-e" "CARGO_TARGET_DIR=/opt/rustwide/target" "-e" "CARGO_INCREMENTAL=0" "-e" "RUST_BACKTRACE=full" "-e" "RUSTFLAGS=--cap-lints=warn" "-e" "RUSTDOCFLAGS=--cap-lints=warn" "-w" "/opt/rustwide/workdir" "--user" "0:0" "4ac8e780cbe7097ae92eb98f79bfef75a693bbcb4e29f3eb9bc3abd28de59ebc" "/opt/rustwide/cargo-home/bin/cargo" "+1.100.0-beta.1" "test" "--frozen" "--release", kill_on_drop: false }`
[INFO] [stderr]     Finished `release` profile [optimized] target(s) in 0.08s
[INFO] [stderr]      Running unittests src/main.rs (/opt/rustwide/target/release/build/yore-cli/f5e5132ccae5d629/out/yore-f5e5132ccae5d629)
[INFO] [stdout] 
[INFO] [stdout] running 84 tests
[INFO] [stdout] test tests::test_aggregate_ranking_metrics ... ok
[INFO] [stdout] test tests::test_apply_reference_mapping_to_content ... ok
[INFO] [stdout] test tests::test_apply_vocabulary_limit_preserves_total_and_truncates_terms ... ok
[INFO] [stdout] test tests::test_build_mcp_handle_is_stable ... ok
[INFO] [stdout] test tests::test_build_result_with_renames ... ok
[INFO] [stdout] test tests::test_build_auto_common_vocabulary_stopwords ... ok
[INFO] [stdout] test tests::test_bm25_score_ordering ... ok
[INFO] [stdout] test tests::test_bm25_score_basic ... ok
[INFO] [stdout] test tests::test_build_consolidation_groups_basic ... ok
[INFO] [stdout] test tests::test_compute_inbound_link_counts ... ok
[INFO] [stdout] test tests::test_build_result_serialization ... ok
[INFO] [stdout] test tests::test_collect_sections_for_files_max_sections ... ok
[INFO] [stdout] test tests::test_compute_index_fingerprint_changes_with_index ... ok
[INFO] [stdout] test tests::test_compute_index_fingerprint_deterministic ... ok
[INFO] [stdout] test tests::test_compute_ranking_metrics ... ok
[INFO] [stdout] test tests::test_compute_relative_path_parent_directory ... ok
[INFO] [stdout] test tests::test_compute_relative_path_same_dir ... ok
[INFO] [stdout] test tests::test_compute_relative_path_subdirectory ... ok
[INFO] [stdout] test tests::test_diff_result_serialization ... ok
[INFO] [stdout] test tests::test_compute_simhash_stability ... ok
[INFO] [stdout] test tests::test_compute_simhash_similarity ... ok
[INFO] [stdout] test tests::test_eval_json_result_serialization ... ok
[INFO] [stdout] test tests::test_external_repos_path_extraction ... ok
[INFO] [stdout] test tests::test_find_link_candidates_no_match ... ok
[INFO] [stdout] test tests::test_expand_from_files_args_supports_list ... ok
[INFO] [stdout] test tests::test_fix_references_result_serialization ... ok
[INFO] [stdout] test tests::test_find_link_candidates_multiple_matches ... ok
[INFO] [stdout] test tests::test_get_top_doc_terms_zero_returns_empty ... ok
[INFO] [stdout] test tests::test_generate_trace_id_format ... ok
[INFO] [stdout] test tests::test_get_top_doc_terms_excludes_query_terms ... ok
[INFO] [stdout] test tests::test_index_sections ... ok
[INFO] [stdout] test tests::test_get_top_doc_terms_deduplicates_stems ... ok
[INFO] [stdout] test tests::test_is_hygienic_vocabulary_term ... ok
[INFO] [stdout] test tests::test_find_link_candidates_single_match ... ok
[INFO] [stdout] test tests::test_hamming_distance ... ok
[INFO] [stdout] test tests::test_link_fix_proposal_serialization ... ok
[INFO] [stdout] test tests::test_extract_keywords ... ok
[INFO] [stdout] test tests::test_link_fix_proposal_with_decision ... ok
[INFO] [stdout] test tests::test_load_vocabulary_stopwords_can_disable_defaults ... ok
[INFO] [stdout] test tests::test_get_top_doc_terms_basic ... ok
[INFO] [stdout] test tests::test_compute_document_metrics_captures_structure_signals ... ok
[INFO] [stdout] test tests::test_jaccard_similarity ... ok
[INFO] [stdout] test tests::test_index_sections_similar_content ... ok
[INFO] [stdout] test tests::test_lsh_buckets ... ok
[INFO] [stdout] test tests::test_get_link_context_basic ... FAILED
[INFO] [stdout] test tests::test_minhash_basic ... ok
[INFO] [stdout] test tests::test_get_link_context_truncates_long_lines ... FAILED
[INFO] [stdout] test tests::test_minhash_similarity_estimation ... ok
[INFO] [stdout] test tests::test_load_vocabulary_stopwords_merges_defaults_and_custom ... FAILED
[INFO] [stdout] test tests::test_ndcg_at_k ... ok
[INFO] [stdout] test tests::test_mv_result_serialization ... ok
[INFO] [stdout] test tests::test_parse_query_terms_mixed_case ... ok
[INFO] [stdout] test tests::test_parse_query_phrases ... ok
[INFO] [stdout] test tests::test_parse_query_terms_punctuation_hyphen_case ... ok
[INFO] [stdout] test tests::test_policy_min_max_length_violations ... ok
[INFO] [stdout] test tests::test_parse_query_terms_stopwords_only ... ok
[INFO] [stdout] test tests::test_policy_rule_matching_and_violations ... ok
[INFO] [stdout] test tests::test_precision_at_k ... ok
[INFO] [stdout] test tests::test_recall_at_k ... ok
[INFO] [stdout] test tests::test_reciprocal_rank ... ok
[INFO] [stdout] test tests::test_rename_history_serialization ... ok
[INFO] [stdout] test tests::test_render_vocabulary_lines ... ok
[INFO] [stdout] test tests::test_render_vocabulary_prompt_normalizes_terms ... ok
[INFO] [stdout] test tests::test_resolve_from_files_reports_missing ... ok
[INFO] [stdout] test tests::test_resolve_renamed_path_chain ... ok
[INFO] [stdout] test tests::test_resolve_vocabulary_surface_fallbacks_to_forward_index ... ok
[INFO] [stdout] test tests::test_policy_section_length_violation ... ok
[INFO] [stdout] test tests::test_simhash_similarity ... ok
[INFO] [stdout] test tests::test_policy_required_link ... ok
[INFO] [stdout] test tests::test_resolve_vocabulary_surface_prefers_heading_surface ... ok
[INFO] [stdout] test tests::test_resolve_renamed_path_single_rename ... ok
[INFO] [stdout] test tests::test_policy_required_and_forbidden_headings ... ok
[INFO] [stdout] test tests::test_stats_result_serialization ... ok
[INFO] [stdout] test tests::test_stem_word ... ok
[INFO] [stdout] test tests::test_suggest_new_link_target_same_dir ... ok
[INFO] [stdout] test tests::test_unique_doc_ranking ... ok
[INFO] [stdout] test tests::test_vocabulary_term_json_shape ... ok
[INFO] [stdout] test tests::test_yore_config_basic_parsing ... ok
[INFO] [stdout] test tests::test_yore_config_empty_is_valid ... ok
[INFO] [stdout] test tests::test_yore_config_external_repos ... ok
[INFO] [stdout] test tests::test_yore_config_link_check_section ... ok
[INFO] [stdout] test tests::test_yore_config_full_example ... ok
[INFO] [stdout] test tests::test_yore_config_policy_section ... ok
[INFO] [stdout] test tests::test_cmd_build_writes_document_metrics_index ... ok
[INFO] [stdout] 
[INFO] [stdout] failures:
[INFO] [stdout] 
[INFO] [stdout] ---- tests::test_get_link_context_basic stdout ----
[INFO] [stdout] 
[INFO] [stdout] thread 'tests::test_get_link_context_basic' (1291) panicked at src/tests_main.rs:846:74:
[INFO] [stdout] called `Result::unwrap()` on an `Err` value: Os { code: 30, kind: ReadOnlyFilesystem, message: "Read-only file system" }
[INFO] [stdout] stack backtrace:
[INFO] [stdout]    0:     0x62d89cb7fd75 - <unknown>
[INFO] [stdout]    1:     0x62d89ca9dfda - <unknown>
[INFO] [stdout]    2:     0x62d89cb7f40b - <unknown>
[INFO] [stdout]    3:     0x62d89cb7eeef - <unknown>
[INFO] [stdout]    4:     0x62d89cb7eb1a - <unknown>
[INFO] [stdout]    5:     0x62d89cb7e655 - <unknown>
[INFO] [stdout]    6:     0x62d89cba54b1 - <unknown>
[INFO] [stdout]    7:     0x62d89cba5469 - <unknown>
[INFO] [stdout]    8:     0x62d89cba596c - <unknown>
[INFO] [stdout]    9:     0x62d89ca9de6b - <unknown>
[INFO] [stdout]   10:     0x62d89caa2621 - <unknown>
[INFO] [stdout]   11:     0x62d89ca503e8 - <unknown>
[INFO] [stdout]   12:     0x62d89cbc23db - <unknown>
[INFO] [stdout]   13:     0x62d89cbbd83f - <unknown>
[INFO] [stdout]   14:     0x62d89cbbd2bc - <unknown>
[INFO] [stdout]   15:     0x62d89cbdbb3c - <unknown>
[INFO] [stdout]   16:     0x62d89cba70b4 - <unknown>
[INFO] [stdout]   17:     0x7296528b8dfa - <unknown>
[INFO] [stdout]   18:     0x72965294c3d4 - clone
[INFO] [stdout]   19:                0x0 - <unknown>
[INFO] [stdout] 
[INFO] [stdout] ---- tests::test_get_link_context_truncates_long_lines stdout ----
[INFO] [stdout] 
[INFO] [stdout] thread 'tests::test_get_link_context_truncates_long_lines' (1292) panicked at src/tests_main.rs:863:47:
[INFO] [stdout] called `Result::unwrap()` on an `Err` value: Os { code: 30, kind: ReadOnlyFilesystem, message: "Read-only file system" }
[INFO] [stdout] stack backtrace:
[INFO] [stdout]    0:     0x62d89cb7fd75 - <unknown>
[INFO] [stdout]    1:     0x62d89ca9dfda - <unknown>
[INFO] [stdout]    2:     0x62d89cb7f40b - <unknown>
[INFO] [stdout]    3:     0x62d89cb7eeef - <unknown>
[INFO] [stdout]    4:     0x62d89cb7eb1a - <unknown>
[INFO] [stdout]    5:     0x62d89cb7e655 - <unknown>
[INFO] [stdout]    6:     0x62d89cba54b1 - <unknown>
[INFO] [stdout]    7:     0x62d89cba5469 - <unknown>
[INFO] [stdout]    8:     0x62d89cba596c - <unknown>
[INFO] [stdout]    9:     0x62d89ca9de6b - <unknown>
[INFO] [stdout]   10:     0x62d89caa2621 - <unknown>
[INFO] [stdout]   11:     0x62d89ca64bf3 - <unknown>
[INFO] [stdout]   12:     0x62d89cbc23db - <unknown>
[INFO] [stdout]   13:     0x62d89cbbd83f - <unknown>
[INFO] [stdout]   14:     0x62d89cbbd2bc - <unknown>
[INFO] [stdout]   15:     0x62d89cbdbb3c - <unknown>
[INFO] [stdout]   16:     0x62d89cba70b4 - <unknown>
[INFO] [stdout]   17:     0x7296528b8dfa - <unknown>
[INFO] [stdout]   18:     0x72965294c3d4 - clone
[INFO] [stdout]   19:                0x0 - <unknown>
[INFO] [stdout] 
[INFO] [stdout] ---- tests::test_load_vocabulary_stopwords_merges_defaults_and_custom stdout ----
[INFO] [stdout] 
[INFO] [stdout] thread 'tests::test_load_vocabulary_stopwords_merges_defaults_and_custom' (1305) panicked at src/tests_main.rs:1736:57:
[INFO] [stdout] called `Result::unwrap()` on an `Err` value: Os { code: 30, kind: ReadOnlyFilesystem, message: "Read-only file system" }
[INFO] [stdout] stack backtrace:
[INFO] [stdout]    0:     0x62d89cb7fd75 - <unknown>
[INFO] [stdout]    1:     0x62d89ca9dfda - <unknown>
[INFO] [stdout]    2:     0x62d89cb7f40b - <unknown>
[INFO] [stdout]    3:     0x62d89cb7eeef - <unknown>
[INFO] [stdout]    4:     0x62d89cb7eb1a - <unknown>
[INFO] [stdout]    5:     0x62d89cb7e655 - <unknown>
[INFO] [stdout]    6:     0x62d89cba54b1 - <unknown>
[INFO] [stdout]    7:     0x62d89cba5469 - <unknown>
[INFO] [stderr] error: test failed, to rerun pass `--bin yore`
[INFO] [stdout]    8:     0x62d89cba596c - <unknown>
[INFO] [stdout]    9:     0x62d89ca9de6b - <unknown>
[INFO] [stdout]   10:     0x62d89caa2621 - <unknown>
[INFO] [stdout]   11:     0x62d89ca3daed - <unknown>
[INFO] [stdout]   12:     0x62d89ca6ccc9 - <unknown>
[INFO] [stdout]   13:     0x62d89cbc23db - <unknown>
[INFO] [stdout]   14:     0x62d89cbbd83f - <unknown>
[INFO] [stdout]   15:     0x62d89cbbd2bc - <unknown>
[INFO] [stdout]   16:     0x62d89cbdbb3c - <unknown>
[INFO] [stdout]   17:     0x62d89cba70b4 - <unknown>
[INFO] [stdout]   18:     0x7296528b8dfa - <unknown>
[INFO] [stdout]   19:     0x72965294c3d4 - clone
[INFO] [stdout]   20:                0x0 - <unknown>
[INFO] [stdout] 
[INFO] [stdout] 
[INFO] [stdout] failures:
[INFO] [stdout]     tests::test_get_link_context_basic
[INFO] [stdout]     tests::test_get_link_context_truncates_long_lines
[INFO] [stdout]     tests::test_load_vocabulary_stopwords_merges_defaults_and_custom
[INFO] [stdout] 
[INFO] [stdout] test result: FAILED. 81 passed; 3 failed; 0 ignored; 0 measured; 0 filtered out; finished in 0.01s
[INFO] [stdout] 
[INFO] running `Command { std: "docker" "inspect" "4ac8e780cbe7097ae92eb98f79bfef75a693bbcb4e29f3eb9bc3abd28de59ebc", kill_on_drop: false }`
[INFO] running `Command { std: "docker" "rm" "-f" "4ac8e780cbe7097ae92eb98f79bfef75a693bbcb4e29f3eb9bc3abd28de59ebc", kill_on_drop: false }`
[INFO] [stdout] 4ac8e780cbe7097ae92eb98f79bfef75a693bbcb4e29f3eb9bc3abd28de59ebc
