[INFO] fetching crate yomo_derive 0.3.0...
[INFO] testing yomo_derive-0.3.0 against 1.99.0-beta.8+cargoflags=--release for beta-release-1.100-2
[INFO] extracting crate yomo_derive 0.3.0 into /workspace/builds/worker-4-tc1/source
[INFO] started tweaking crates.io crate yomo_derive 0.3.0
[INFO] finished tweaking crates.io crate yomo_derive 0.3.0
[INFO] tweaked toml for crates.io crate yomo_derive 0.3.0 written to /workspace/builds/worker-4-tc1/source/Cargo.toml
[INFO] validating manifest of crates.io crate yomo_derive 0.3.0 on toolchain 1.99.0-beta.8
[INFO] running `Command { std: CARGO_HOME="/workspace/cargo-home" RUSTUP_HOME="/workspace/rustup-home" "/workspace/cargo-home/bin/cargo" "+1.99.0-beta.8" "metadata" "--manifest-path" "Cargo.toml" "--no-deps", kill_on_drop: false }`
[INFO] running `Command { std: CARGO_HOME="/workspace/cargo-home" RUSTUP_HOME="/workspace/rustup-home" "/workspace/cargo-home/bin/cargo" "+1.99.0-beta.8" "generate-lockfile" "--manifest-path" "Cargo.toml", kill_on_drop: false }`
[INFO] [stderr]     Blocking waiting for file lock on package cache
[INFO] [stderr]     Updating crates.io index
[INFO] [stderr]     Blocking waiting for file lock on package cache
[INFO] [stderr]      Locking 4 packages to highest compatible versions
[INFO] [stderr]       Adding syn v1.0.109 (available: v3.0.9)
[INFO] running `Command { std: CARGO_HOME="/workspace/cargo-home" RUSTUP_HOME="/workspace/rustup-home" "/workspace/cargo-home/bin/cargo" "+1.99.0-beta.8" "fetch" "--manifest-path" "Cargo.toml", kill_on_drop: false }`
[INFO] [stderr] warning: Cargo.toml: `proc_macro` is deprecated in favor of `proc-macro` and will not work in the 2024 edition
[INFO] [stderr] (in the `yomo_derive` library target)
[INFO] [stderr] warning: `yomo_derive` (manifest) generated 1 warning
[INFO] [stderr]     Blocking waiting for file lock on package cache
[INFO] [stderr]  Downloading crates ...
[INFO] [stderr]   Downloaded unicode-ident v1.0.27
[INFO] [stderr]   Downloaded syn v1.0.109
[INFO] running `Command { std: "docker" "create" "-v" "/var/lib/crater-agent-workspace/builds/worker-4-tc1/source:/opt/rustwide/workdir:ro,Z" "-v" "/var/lib/crater-agent-workspace/builds/worker-4-tc1/target:/opt/rustwide/target:rw,Z" "-v" "/var/lib/crater-agent-workspace/cargo-home:/opt/rustwide/cargo-home:ro,Z" "-v" "/var/lib/crater-agent-workspace/rustup-home:/opt/rustwide/rustup-home:ro,Z" "-m" "1610612736" "--network" "none" "ghcr.io/rust-lang/crates-build-env/linux@sha256:77db811e55d90add9212f6832c23229e3de5f1c1f9905e8cb07319ea15df73ac" "sleep" "infinity", kill_on_drop: false }`
[INFO] [stdout] b3ef676674af1cf14aa8bafd43f3f75d176352aa2af7589c33b2d997ad6dd410
[INFO] running `Command { std: "docker" "start" "b3ef676674af1cf14aa8bafd43f3f75d176352aa2af7589c33b2d997ad6dd410", kill_on_drop: false }`
[INFO] running `Command { std: "docker" "inspect" "b3ef676674af1cf14aa8bafd43f3f75d176352aa2af7589c33b2d997ad6dd410", kill_on_drop: false }`
[INFO] running `Command { std: "docker" "exec" "-e" "SOURCE_DIR=/opt/rustwide/workdir" "-e" "CARGO_HOME=/opt/rustwide/cargo-home" "-e" "RUSTUP_HOME=/opt/rustwide/rustup-home" "-e" "CARGO_TARGET_DIR=/opt/rustwide/target" "-w" "/opt/rustwide/workdir" "--user" "0:0" "b3ef676674af1cf14aa8bafd43f3f75d176352aa2af7589c33b2d997ad6dd410" "/opt/rustwide/cargo-home/bin/cargo" "+1.99.0-beta.8" "metadata" "--no-deps" "--format-version=1", kill_on_drop: false }`
[INFO] running `Command { std: "docker" "inspect" "b3ef676674af1cf14aa8bafd43f3f75d176352aa2af7589c33b2d997ad6dd410", kill_on_drop: false }`
[INFO] running `Command { std: "docker" "exec" "-e" "SOURCE_DIR=/opt/rustwide/workdir" "-e" "CARGO_HOME=/opt/rustwide/cargo-home" "-e" "RUSTUP_HOME=/opt/rustwide/rustup-home" "-e" "CARGO_TARGET_DIR=/opt/rustwide/target" "-e" "CARGO_INCREMENTAL=0" "-e" "RUST_BACKTRACE=full" "-e" "RUSTFLAGS=--cap-lints=warn" "-e" "RUSTDOCFLAGS=--cap-lints=warn" "-w" "/opt/rustwide/workdir" "--user" "0:0" "b3ef676674af1cf14aa8bafd43f3f75d176352aa2af7589c33b2d997ad6dd410" "/opt/rustwide/cargo-home/bin/cargo" "+1.99.0-beta.8" "build" "--frozen" "--message-format=json" "--release", kill_on_drop: false }`
[INFO] [stderr] warning: Cargo.toml: `proc_macro` is deprecated in favor of `proc-macro` and will not work in the 2024 edition
[INFO] [stderr] (in the `yomo_derive` library target)
[INFO] [stderr] warning: `yomo_derive` (manifest) generated 1 warning
[INFO] [stderr]    Compiling syn v1.0.109
[INFO] [stderr]    Compiling yomo_derive v0.3.0 (/opt/rustwide/workdir)
[INFO] [stderr]     Finished `release` profile [optimized] target(s) in 6.44s
[INFO] running `Command { std: "docker" "inspect" "b3ef676674af1cf14aa8bafd43f3f75d176352aa2af7589c33b2d997ad6dd410", kill_on_drop: false }`
[INFO] running `Command { std: "docker" "exec" "-e" "SOURCE_DIR=/opt/rustwide/workdir" "-e" "CARGO_HOME=/opt/rustwide/cargo-home" "-e" "RUSTUP_HOME=/opt/rustwide/rustup-home" "-e" "CARGO_TARGET_DIR=/opt/rustwide/target" "-e" "CARGO_INCREMENTAL=0" "-e" "RUST_BACKTRACE=full" "-e" "RUSTFLAGS=--cap-lints=warn" "-e" "RUSTDOCFLAGS=--cap-lints=warn" "-w" "/opt/rustwide/workdir" "--user" "0:0" "b3ef676674af1cf14aa8bafd43f3f75d176352aa2af7589c33b2d997ad6dd410" "/opt/rustwide/cargo-home/bin/cargo" "+1.99.0-beta.8" "test" "--frozen" "--no-run" "--message-format=json" "--release", kill_on_drop: false }`
[INFO] [stderr] warning: Cargo.toml: `proc_macro` is deprecated in favor of `proc-macro` and will not work in the 2024 edition
[INFO] [stderr] (in the `yomo_derive` library target)
[INFO] [stderr] warning: `yomo_derive` (manifest) generated 1 warning
[INFO] [stderr]    Compiling yomo_derive v0.3.0 (/opt/rustwide/workdir)
[INFO] [stderr]     Finished `release` profile [optimized] target(s) in 0.40s
[INFO] running `Command { std: "docker" "inspect" "b3ef676674af1cf14aa8bafd43f3f75d176352aa2af7589c33b2d997ad6dd410", kill_on_drop: false }`
[INFO] running `Command { std: "docker" "exec" "-e" "SOURCE_DIR=/opt/rustwide/workdir" "-e" "CARGO_HOME=/opt/rustwide/cargo-home" "-e" "RUSTUP_HOME=/opt/rustwide/rustup-home" "-e" "CARGO_TARGET_DIR=/opt/rustwide/target" "-e" "CARGO_INCREMENTAL=0" "-e" "RUST_BACKTRACE=full" "-e" "RUSTFLAGS=--cap-lints=warn" "-e" "RUSTDOCFLAGS=--cap-lints=warn" "-w" "/opt/rustwide/workdir" "--user" "0:0" "b3ef676674af1cf14aa8bafd43f3f75d176352aa2af7589c33b2d997ad6dd410" "/opt/rustwide/cargo-home/bin/cargo" "+1.99.0-beta.8" "test" "--frozen" "--release", kill_on_drop: false }`
[INFO] [stderr] warning: Cargo.toml: `proc_macro` is deprecated in favor of `proc-macro` and will not work in the 2024 edition
[INFO] [stderr] (in the `yomo_derive` library target)
[INFO] [stderr] warning: `yomo_derive` (manifest) generated 1 warning
[INFO] [stderr]     Finished `release` profile [optimized] target(s) in 0.03s
[INFO] [stderr]      Running unittests src/lib.rs (/opt/rustwide/target/release/deps/yomo_derive-32aa6f06578c57df)
[INFO] [stdout] 
[INFO] [stdout] running 0 tests
[INFO] [stdout] 
[INFO] [stdout] test result: ok. 0 passed; 0 failed; 0 ignored; 0 measured; 0 filtered out; finished in 0.00s
[INFO] [stdout] 
[INFO] [stderr]    Doc-tests yomo_derive
[INFO] [stdout] 
[INFO] [stdout] running 3 tests
[INFO] [stdout] test src/lib.rs - observe_datatags (line 46) ... FAILED
[INFO] [stdout] test src/lib.rs - handler (line 86) ... FAILED
[INFO] [stdout] test src/lib.rs - init (line 13) ... FAILED
[INFO] [stdout] 
[INFO] [stdout] failures:
[INFO] [stdout] 
[INFO] [stdout] ---- src/lib.rs - observe_datatags (line 46) stdout ----
[INFO] [stdout] error[E0433]: cannot find module or crate `yomo` in this scope
[INFO] [stdout]   --> src/lib.rs:47:3
[INFO] [stdout]    |
[INFO] [stdout] 47 | #[yomo::observe_datatags]
[INFO] [stdout]    |   ^^^^ use of unresolved module or unlinked crate `yomo`
[INFO] [stdout] 
[INFO] [stdout] error: aborting due to 1 previous error
[INFO] [stdout] 
[INFO] [stdout] For more information about this error, try `rustc --explain E0433`.
[INFO] [stdout] Couldn't compile the test.
[INFO] [stdout] ---- src/lib.rs - handler (line 86) stdout ----
[INFO] [stdout] error[E0433]: cannot find module or crate `yomo` in this scope
[INFO] [stdout]   --> src/lib.rs:87:3
[INFO] [stdout]    |
[INFO] [stdout] 87 | #[yomo::handler]
[INFO] [stdout]    |   ^^^^ use of unresolved module or unlinked crate `yomo`
[INFO] [stdout] 
[INFO] [stdout] error[E0433]: cannot find module or crate `yomo` in this scope
[INFO] [stdout]   --> src/lib.rs:88:17
[INFO] [stdout]    |
[INFO] [stdout] 88 | fn handler(ctx: yomo::Context) -> anyhow::Result<()> {
[INFO] [stdout]    |                 ^^^^ use of unresolved module or unlinked crate `yomo`
[INFO] [stdout]    |
[INFO] [stdout]    = help: if you wanted to use a crate named `yomo`, use `cargo add yomo` to add it to your `Cargo.toml`
[INFO] [stdout] 
[INFO] [stdout] error[E0433]: cannot find module or crate `anyhow` in this scope
[INFO] [stdout]   --> src/lib.rs:88:35
[INFO] [stdout]    |
[INFO] [stdout] 88 | fn handler(ctx: yomo::Context) -> anyhow::Result<()> {
[INFO] [stdout]    |                                   ^^^^^^ use of unresolved module or unlinked crate `anyhow`
[INFO] [stdout]    |
[INFO] [stdout]    = help: if you wanted to use a crate named `anyhow`, use `cargo add anyhow` to add it to your `Cargo.toml`
[INFO] [stdout] 
[INFO] [stdout] error: aborting due to 3 previous errors
[INFO] [stdout] 
[INFO] [stdout] For more information about this error, try `rustc --explain E0433`.
[INFO] [stdout] Couldn't compile the test.
[INFO] [stdout] ---- src/lib.rs - init (line 13) stdout ----
[INFO] [stdout] error[E0433]: cannot find module or crate `yomo` in this scope
[INFO] [stdout]   --> src/lib.rs:14:3
[INFO] [stdout]    |
[INFO] [stdout] 14 | #[yomo::init]
[INFO] [stdout]    |   ^^^^ use of unresolved module or unlinked crate `yomo`
[INFO] [stdout] 
[INFO] [stdout] error[E0433]: cannot find module or crate `anyhow` in this scope
[INFO] [stdout]   --> src/lib.rs:15:14
[INFO] [stdout]    |
[INFO] [stdout] 15 | fn init() -> anyhow::Result<()> {
[INFO] [stdout]    |              ^^^^^^ use of unresolved module or unlinked crate `anyhow`
[INFO] [stdout]    |
[INFO] [stdout]    = help: if you wanted to use a crate named `anyhow`, use `cargo add anyhow` to add it to your `Cargo.toml`
[INFO] [stdout] 
[INFO] [stdout] error: aborting due to 2 previous errors
[INFO] [stdout] 
[INFO] [stdout] For more information about this error, try `rustc --explain E0433`.
[INFO] [stdout] Couldn't compile the test.
[INFO] [stdout] 
[INFO] [stdout] failures:
[INFO] [stdout]     src/lib.rs - handler (line 86)
[INFO] [stdout]     src/lib.rs - init (line 13)
[INFO] [stdout]     src/lib.rs - observe_datatags (line 46)
[INFO] [stdout] 
[INFO] [stdout] test result: FAILED. 0 passed; 3 failed; 0 ignored; 0 measured; 0 filtered out; finished in 0.20s
[INFO] [stdout] 
[INFO] [stderr] error: doctest failed, to rerun pass `--doc`
[INFO] running `Command { std: "docker" "inspect" "b3ef676674af1cf14aa8bafd43f3f75d176352aa2af7589c33b2d997ad6dd410", kill_on_drop: false }`
[INFO] running `Command { std: "docker" "rm" "-f" "b3ef676674af1cf14aa8bafd43f3f75d176352aa2af7589c33b2d997ad6dd410", kill_on_drop: false }`
[INFO] [stdout] b3ef676674af1cf14aa8bafd43f3f75d176352aa2af7589c33b2d997ad6dd410
