[INFO] fetching crate yomichan_importer 0.0.1...
[INFO] testing yomichan_importer-0.0.1 against 1.99.0-beta.8+cargoflags=--release for beta-release-1.100-2
[INFO] extracting crate yomichan_importer 0.0.1 into /workspace/builds/worker-7-tc1/source
[INFO] started tweaking crates.io crate yomichan_importer 0.0.1
[INFO] finished tweaking crates.io crate yomichan_importer 0.0.1
[INFO] tweaked toml for crates.io crate yomichan_importer 0.0.1 written to /workspace/builds/worker-7-tc1/source/Cargo.toml
[INFO] validating manifest of crates.io crate yomichan_importer 0.0.1 on toolchain 1.99.0-beta.8
[INFO] running `Command { std: CARGO_HOME="/workspace/cargo-home" RUSTUP_HOME="/workspace/rustup-home" "/workspace/cargo-home/bin/cargo" "+1.99.0-beta.8" "metadata" "--manifest-path" "Cargo.toml" "--no-deps", kill_on_drop: false }`
[INFO] crate crates.io crate yomichan_importer 0.0.1 already has a lockfile, it will not be regenerated
[INFO] running `Command { std: CARGO_HOME="/workspace/cargo-home" RUSTUP_HOME="/workspace/rustup-home" "/workspace/cargo-home/bin/cargo" "+1.99.0-beta.8" "fetch" "--manifest-path" "Cargo.toml", kill_on_drop: false }`
[INFO] [stderr]     Blocking waiting for file lock on package cache
[INFO] [stderr]     Updating crates.io index
[INFO] [stderr]     Blocking waiting for file lock on package cache
[INFO] [stderr]  Downloading crates ...
[INFO] [stderr]   Downloaded deflate64 v0.1.9
[INFO] [stderr]   Downloaded bzip2 v0.5.2
[INFO] [stderr]   Downloaded xz2 v0.1.7
[INFO] [stderr]   Downloaded serde_with_macros v3.13.0
[INFO] [stderr]   Downloaded symbolic-common v12.16.1
[INFO] [stderr]   Downloaded simd-json v0.15.1
[INFO] [stderr]   Downloaded serde_with v3.13.0
[INFO] [stderr]   Downloaded serde-untagged v0.1.6
[INFO] [stderr]   Downloaded rmp v0.8.14
[INFO] [stderr]   Downloaded getset v0.1.6
[INFO] [stderr]   Downloaded better_default v1.0.5
[INFO] [stderr]   Downloaded memmap2 v0.9.7
[INFO] [stderr]   Downloaded cpp_demangle v0.4.4
[INFO] [stderr]   Downloaded str_stack v0.1.0
[INFO] [stderr]   Downloaded rmp-serde v1.3.0
[INFO] [stderr]   Downloaded pprof v0.13.0
[INFO] [stderr]   Downloaded symbolic-demangle v12.16.1
[INFO] [stderr]   Downloaded quick-xml v0.26.0
[INFO] [stderr]   Downloaded rmpv v1.3.0
[INFO] [stderr]   Downloaded bimap v0.6.3
[INFO] [stderr]   Downloaded inferno v0.11.21
[INFO] [stderr]   Downloaded lzma-sys v0.1.20
[INFO] running `Command { std: "docker" "create" "-v" "/var/lib/crater-agent-workspace/builds/worker-7-tc1/source:/opt/rustwide/workdir:ro,Z" "-v" "/var/lib/crater-agent-workspace/builds/worker-7-tc1/target:/opt/rustwide/target:rw,Z" "-v" "/var/lib/crater-agent-workspace/cargo-home:/opt/rustwide/cargo-home:ro,Z" "-v" "/var/lib/crater-agent-workspace/rustup-home:/opt/rustwide/rustup-home:ro,Z" "-m" "1610612736" "--network" "none" "ghcr.io/rust-lang/crates-build-env/linux@sha256:77db811e55d90add9212f6832c23229e3de5f1c1f9905e8cb07319ea15df73ac" "sleep" "infinity", kill_on_drop: false }`
[INFO] [stdout] 866f9acabc592f75e71e886c2eca901443366626bf0a97dfae19ca44094b3d1c
[INFO] running `Command { std: "docker" "start" "866f9acabc592f75e71e886c2eca901443366626bf0a97dfae19ca44094b3d1c", kill_on_drop: false }`
[INFO] running `Command { std: "docker" "inspect" "866f9acabc592f75e71e886c2eca901443366626bf0a97dfae19ca44094b3d1c", kill_on_drop: false }`
[INFO] running `Command { std: "docker" "exec" "-e" "SOURCE_DIR=/opt/rustwide/workdir" "-e" "CARGO_HOME=/opt/rustwide/cargo-home" "-e" "RUSTUP_HOME=/opt/rustwide/rustup-home" "-e" "CARGO_TARGET_DIR=/opt/rustwide/target" "-w" "/opt/rustwide/workdir" "--user" "0:0" "866f9acabc592f75e71e886c2eca901443366626bf0a97dfae19ca44094b3d1c" "/opt/rustwide/cargo-home/bin/cargo" "+1.99.0-beta.8" "metadata" "--no-deps" "--format-version=1", kill_on_drop: false }`
[INFO] running `Command { std: "docker" "inspect" "866f9acabc592f75e71e886c2eca901443366626bf0a97dfae19ca44094b3d1c", kill_on_drop: false }`
[INFO] running `Command { std: "docker" "exec" "-e" "SOURCE_DIR=/opt/rustwide/workdir" "-e" "CARGO_HOME=/opt/rustwide/cargo-home" "-e" "RUSTUP_HOME=/opt/rustwide/rustup-home" "-e" "CARGO_TARGET_DIR=/opt/rustwide/target" "-e" "CARGO_INCREMENTAL=0" "-e" "RUST_BACKTRACE=full" "-e" "RUSTFLAGS=--cap-lints=warn" "-e" "RUSTDOCFLAGS=--cap-lints=warn" "-w" "/opt/rustwide/workdir" "--user" "0:0" "866f9acabc592f75e71e886c2eca901443366626bf0a97dfae19ca44094b3d1c" "/opt/rustwide/cargo-home/bin/cargo" "+1.99.0-beta.8" "build" "--frozen" "--message-format=json" "--release", kill_on_drop: false }`
[INFO] [stderr]    Compiling syn v2.0.104
[INFO] [stderr]    Compiling libc v0.2.174
[INFO] [stderr]    Compiling serde v1.0.217
[INFO] [stderr]    Compiling stable_deref_trait v1.2.0
[INFO] [stderr]    Compiling memchr v2.7.5
[INFO] [stderr]    Compiling getrandom v0.3.3
[INFO] [stderr]    Compiling log v0.4.27
[INFO] [stderr]    Compiling jobserver v0.1.33
[INFO] [stderr]    Compiling miniz_oxide v0.8.9
[INFO] [stderr]    Compiling lock_api v0.4.13
[INFO] [stderr]    Compiling digest v0.10.7
[INFO] [stderr]    Compiling ahash v0.8.12
[INFO] [stderr]    Compiling cpp_demangle v0.4.4
[INFO] [stderr]    Compiling rustversion v1.0.21
[INFO] [stderr]    Compiling typeid v1.0.3
[INFO] [stderr]    Compiling inout v0.1.4
[INFO] [stderr]    Compiling crc32fast v1.5.0
[INFO] [stderr]    Compiling bytemuck v1.23.1
[INFO] [stderr]    Compiling syn v1.0.109
[INFO] [stderr]    Compiling symbolic-demangle v12.16.1
[INFO] [stderr]    Compiling crc-catalog v2.4.0
[INFO] [stderr]    Compiling num-format v0.4.4
[INFO] [stderr]    Compiling rgb v0.8.52
[INFO] [stderr]    Compiling hmac v0.12.1
[INFO] [stderr]    Compiling cc v1.2.31
[INFO] [stderr]    Compiling object v0.36.7
[INFO] [stderr]    Compiling crc v3.3.0
[INFO] [stderr]    Compiling quick-xml v0.26.0
[INFO] [stderr]    Compiling aho-corasick v1.1.3
[INFO] [stderr]    Compiling deranged v0.4.0
[INFO] [stderr]    Compiling cipher v0.4.4
[INFO] [stderr]    Compiling rmp v0.8.14
[INFO] [stderr]    Compiling proc-macro-error-attr2 v2.0.0
[INFO] [stderr]    Compiling simd-adler32 v0.3.7
[INFO] [stderr]    Compiling str_stack v0.1.0
[INFO] [stderr]    Compiling bit-vec v0.8.0
[INFO] [stderr]    Compiling regex-syntax v0.8.5
[INFO] [stderr]    Compiling zip v2.4.2
[INFO] [stderr]    Compiling time-core v0.1.4
[INFO] [stderr]    Compiling overload v0.1.1
[INFO] [stderr]    Compiling bumpalo v3.19.0
[INFO] [stderr]    Compiling pprof v0.13.0
[INFO] [stderr]    Compiling nu-ansi-term v0.46.0
[INFO] [stderr]    Compiling bit-set v0.8.0
[INFO] [stderr]    Compiling castaway v0.2.4
[INFO] [stderr]    Compiling aes v0.8.4
[INFO] [stderr]    Compiling zopfli v0.8.2
[INFO] [stderr]    Compiling tracing-log v0.2.0
[INFO] [stderr]    Compiling lzma-rs v0.3.0
[INFO] [stderr]    Compiling time v0.3.41
[INFO] [stderr]    Compiling flate2 v1.1.2
[INFO] [stderr]    Compiling pbkdf2 v0.12.2
[INFO] [stderr]    Compiling sha1 v0.10.6
[INFO] [stderr]    Compiling deflate64 v0.1.9
[INFO] [stderr]    Compiling iana-time-zone v0.1.63
[INFO] [stderr]    Compiling tracing-subscriber v0.3.19
[INFO] [stderr]    Compiling zstd-sys v2.0.15+zstd.1.5.7
[INFO] [stderr]    Compiling bzip2-sys v0.1.13+1.0.8
[INFO] [stderr]    Compiling lzma-sys v0.1.20
[INFO] [stderr]    Compiling findshlibs v0.10.2
[INFO] [stderr]    Compiling getrandom v0.2.16
[INFO] [stderr]    Compiling memmap2 v0.9.7
[INFO] [stderr]    Compiling rand_core v0.6.4
[INFO] [stderr]    Compiling parking_lot_core v0.9.11
[INFO] [stderr]    Compiling is-terminal v0.4.16
[INFO] [stderr]    Compiling xz2 v0.1.7
[INFO] [stderr]    Compiling rand_chacha v0.3.1
[INFO] [stderr]    Compiling regex-automata v0.4.9
[INFO] [stderr]    Compiling tempfile v3.20.0
[INFO] [stderr]    Compiling bzip2 v0.5.2
[INFO] [stderr]    Compiling nix v0.26.4
[INFO] [stderr]    Compiling rand v0.8.5
[INFO] [stderr]    Compiling bimap v0.6.3
[INFO] [stderr]    Compiling uuid v1.10.0
[INFO] [stderr]    Compiling debugid v0.8.0
[INFO] [stderr]    Compiling symbolic-common v12.16.1
[INFO] [stderr]    Compiling derivative v2.2.0
[INFO] [stderr]    Compiling synstructure v0.13.2
[INFO] [stderr]    Compiling darling_core v0.20.11
[INFO] [stderr]    Compiling backtrace v0.3.75
[INFO] [stderr]    Compiling proc-macro-error2 v2.0.1
[INFO] [stderr]    Compiling serde_derive v1.0.217
[INFO] [stderr]    Compiling zerofrom-derive v0.1.6
[INFO] [stderr]    Compiling yoke-derive v0.8.0
[INFO] [stderr]    Compiling zerovec-derive v0.11.1
[INFO] [stderr]    Compiling displaydoc v0.2.5
[INFO] [stderr]    Compiling thiserror-impl v1.0.69
[INFO] [stderr]    Compiling darling_macro v0.20.11
[INFO] [stderr]    Compiling zerofrom v0.1.6
[INFO] [stderr]    Compiling yoke v0.8.0
[INFO] [stderr]    Compiling darling v0.20.11
[INFO] [stderr]    Compiling thiserror-impl v2.0.12
[INFO] [stderr]    Compiling zeroize_derive v1.4.2
[INFO] [stderr]    Compiling zerotrie v0.2.2
[INFO] [stderr]    Compiling zerovec v0.11.4
[INFO] [stderr]    Compiling serde_with_macros v3.13.0
[INFO] [stderr]    Compiling zeroize v1.8.1
[INFO] [stderr]    Compiling derive_more-impl v1.0.0
[INFO] [stderr]    Compiling thiserror v1.0.69
[INFO] [stderr]    Compiling fancy-regex v0.14.0
[INFO] [stderr]    Compiling getset v0.1.6
[INFO] [stderr]    Compiling thiserror v2.0.12
[INFO] [stderr]    Compiling better_default v1.0.5
[INFO] [stderr]    Compiling tinystr v0.8.1
[INFO] [stderr]    Compiling potential_utf v0.1.2
[INFO] [stderr]    Compiling icu_locale_core v2.0.0
[INFO] [stderr]    Compiling icu_collections v2.0.0
[INFO] [stderr]    Compiling derive_more v1.0.0
[INFO] [stderr]    Compiling icu_provider v2.0.0
[INFO] [stderr]    Compiling icu_properties v2.0.1
[INFO] [stderr]    Compiling icu_normalizer v2.0.0
[INFO] [stderr]    Compiling idna_adapter v1.2.1
[INFO] [stderr]    Compiling idna v1.0.3
[INFO] [stderr]    Compiling url v2.5.4
[INFO] [stderr]    Compiling indexmap v2.7.1
[INFO] [stderr]    Compiling erased-serde v0.4.6
[INFO] [stderr]    Compiling serde_bytes v0.11.17
[INFO] [stderr]    Compiling compact_str v0.9.0
[INFO] [stderr]    Compiling rmp-serde v1.3.0
[INFO] [stderr]    Compiling chrono v0.4.38
[INFO] [stderr]    Compiling serde_json v1.0.138
[INFO] [stderr]    Compiling serde_with v3.13.0
[INFO] [stderr]    Compiling rmpv v1.3.0
[INFO] [stderr]    Compiling parking_lot v0.12.4
[INFO] [stderr]    Compiling serde-untagged v0.1.6
[INFO] [stderr]    Compiling inferno v0.11.21
[INFO] [stderr]    Compiling zstd-safe v7.2.4
[INFO] [stderr]    Compiling zstd v0.13.3
[INFO] [stderr]    Compiling yomichan_importer v0.0.1 (/opt/rustwide/workdir)
[INFO] [stderr]     Finished `release` profile [optimized] target(s) in 1m 52s
[INFO] [stderr] warning: the following packages contain code that will be rejected by a future version of Rust: proc-macro-error2 v2.0.1
[INFO] [stderr] note: to see what the problems were, use the option `--future-incompat-report`, or run `cargo report future-incompatibilities --id 2`
[INFO] running `Command { std: "docker" "inspect" "866f9acabc592f75e71e886c2eca901443366626bf0a97dfae19ca44094b3d1c", kill_on_drop: false }`
[INFO] running `Command { std: "docker" "exec" "-e" "SOURCE_DIR=/opt/rustwide/workdir" "-e" "CARGO_HOME=/opt/rustwide/cargo-home" "-e" "RUSTUP_HOME=/opt/rustwide/rustup-home" "-e" "CARGO_TARGET_DIR=/opt/rustwide/target" "-e" "CARGO_INCREMENTAL=0" "-e" "RUST_BACKTRACE=full" "-e" "RUSTFLAGS=--cap-lints=warn" "-e" "RUSTDOCFLAGS=--cap-lints=warn" "-w" "/opt/rustwide/workdir" "--user" "0:0" "866f9acabc592f75e71e886c2eca901443366626bf0a97dfae19ca44094b3d1c" "/opt/rustwide/cargo-home/bin/cargo" "+1.99.0-beta.8" "test" "--frozen" "--no-run" "--message-format=json" "--release", kill_on_drop: false }`
[INFO] [stderr]    Compiling serde_derive v1.0.217
[INFO] [stderr]    Compiling yoke v0.8.0
[INFO] [stderr]    Compiling darling_core v0.20.11
[INFO] [stderr]    Compiling zeroize_derive v1.4.2
[INFO] [stderr]    Compiling thiserror-impl v1.0.69
[INFO] [stderr]    Compiling derive_more-impl v1.0.0
[INFO] [stderr]    Compiling proc-macro-error2 v2.0.1
[INFO] [stderr]    Compiling better_default v1.0.5
[INFO] [stderr]    Compiling tracing-attributes v0.1.30
[INFO] [stderr]    Compiling zerovec v0.11.4
[INFO] [stderr]    Compiling zerotrie v0.2.2
[INFO] [stderr]    Compiling getset v0.1.6
[INFO] [stderr]    Compiling zeroize v1.8.1
[INFO] [stderr]    Compiling tracing v0.1.41
[INFO] [stderr]    Compiling thiserror v1.0.69
[INFO] [stderr]    Compiling tinystr v0.8.1
[INFO] [stderr]    Compiling potential_utf v0.1.2
[INFO] [stderr]    Compiling icu_locale_core v2.0.0
[INFO] [stderr]    Compiling icu_collections v2.0.0
[INFO] [stderr]    Compiling darling_macro v0.20.11
[INFO] [stderr]    Compiling derive_more v1.0.0
[INFO] [stderr]    Compiling darling v0.20.11
[INFO] [stderr]    Compiling icu_provider v2.0.0
[INFO] [stderr]    Compiling serde_with_macros v3.13.0
[INFO] [stderr]    Compiling serde v1.0.217
[INFO] [stderr]    Compiling icu_properties v2.0.1
[INFO] [stderr]    Compiling icu_normalizer v2.0.0
[INFO] [stderr]    Compiling idna_adapter v1.2.1
[INFO] [stderr]    Compiling idna v1.0.3
[INFO] [stderr]    Compiling url v2.5.4
[INFO] [stderr]    Compiling indexmap v2.7.1
[INFO] [stderr]    Compiling lock_api v0.4.13
[INFO] [stderr]    Compiling erased-serde v0.4.6
[INFO] [stderr]    Compiling serde_bytes v0.11.17
[INFO] [stderr]    Compiling chrono v0.4.38
[INFO] [stderr]    Compiling serde_with v3.13.0
[INFO] [stderr]    Compiling serde_json v1.0.138
[INFO] [stderr]    Compiling rmp-serde v1.3.0
[INFO] [stderr]    Compiling compact_str v0.9.0
[INFO] [stderr]    Compiling rmpv v1.3.0
[INFO] [stderr]    Compiling parking_lot v0.12.4
[INFO] [stderr]    Compiling serde-untagged v0.1.6
[INFO] [stderr]    Compiling inferno v0.11.21
[INFO] [stderr]    Compiling zip v2.4.2
[INFO] [stderr]    Compiling pprof v0.13.0
[INFO] [stderr]    Compiling yomichan_importer v0.0.1 (/opt/rustwide/workdir)
[INFO] [stdout] warning: unused import: `utils`
[INFO] [stdout]  --> src/test.rs:3:36
[INFO] [stdout]   |
[INFO] [stdout] 3 |     use crate::{import_dictionary, utils};
[INFO] [stdout]   |                                    ^^^^^
[INFO] [stdout]   |
[INFO] [stdout]   = note: `#[warn(unused_imports)]` (part of `#[warn(unused)]`) on by default
[INFO] [stdout] 
[INFO] [stdout] 
[INFO] [stdout] warning: unused import: `self`
[INFO] [stdout]   --> src/test.rs:51:23
[INFO] [stdout]    |
[INFO] [stdout] 51 |         use std::fs::{self, File};
[INFO] [stdout]    |                       ^^^^
[INFO] [stdout] 
[INFO] [stdout] 
[INFO] [stdout] warning: unused variable: `data`
[INFO] [stdout]  --> src/test.rs:8:13
[INFO] [stdout]   |
[INFO] [stdout] 8 |         let data = import_dictionary(zip_path).unwrap();
[INFO] [stdout]   |             ^^^^ help: if this is intentional, prefix it with an underscore: `_data`
[INFO] [stdout]   |
[INFO] [stdout]   = note: `#[warn(unused_variables)]` (part of `#[warn(unused)]`) on by default
[INFO] [stdout] 
[INFO] [stdout] 
[INFO] [stdout] warning: unused variable: `data`
[INFO] [stdout]   --> src/lib.rs:98:13
[INFO] [stdout]    |
[INFO] [stdout] 98 |         let data: DatabaseDictionaryData = import_dictionary(path).unwrap();
[INFO] [stdout]    |             ^^^^ help: if this is intentional, prefix it with an underscore: `_data`
[INFO] [stdout] 
[INFO] [stdout] 
[INFO] [stdout] warning: unused variable: `data`
[INFO] [stdout]    --> src/lib.rs:117:13
[INFO] [stdout]     |
[INFO] [stdout] 117 |         let data: DatabaseDictionaryData = import_dictionary(path).unwrap();
[INFO] [stdout]     |             ^^^^ help: if this is intentional, prefix it with an underscore: `_data`
[INFO] [stdout] 
[INFO] [stdout] 
[INFO] [stderr]     Finished `release` profile [optimized] target(s) in 29.15s
[INFO] [stderr] warning: the following packages contain code that will be rejected by a future version of Rust: proc-macro-error2 v2.0.1
[INFO] [stderr] note: to see what the problems were, use the option `--future-incompat-report`, or run `cargo report future-incompatibilities --id 2`
[INFO] running `Command { std: "docker" "inspect" "866f9acabc592f75e71e886c2eca901443366626bf0a97dfae19ca44094b3d1c", kill_on_drop: false }`
[INFO] running `Command { std: "docker" "exec" "-e" "SOURCE_DIR=/opt/rustwide/workdir" "-e" "CARGO_HOME=/opt/rustwide/cargo-home" "-e" "RUSTUP_HOME=/opt/rustwide/rustup-home" "-e" "CARGO_TARGET_DIR=/opt/rustwide/target" "-e" "CARGO_INCREMENTAL=0" "-e" "RUST_BACKTRACE=full" "-e" "RUSTFLAGS=--cap-lints=warn" "-e" "RUSTDOCFLAGS=--cap-lints=warn" "-w" "/opt/rustwide/workdir" "--user" "0:0" "866f9acabc592f75e71e886c2eca901443366626bf0a97dfae19ca44094b3d1c" "/opt/rustwide/cargo-home/bin/cargo" "+1.99.0-beta.8" "test" "--frozen" "--release", kill_on_drop: false }`
[INFO] [stderr] warning: unused import: `utils`
[INFO] [stderr]  --> src/test.rs:3:36
[INFO] [stderr]   |
[INFO] [stderr] 3 |     use crate::{import_dictionary, utils};
[INFO] [stderr]   |                                    ^^^^^
[INFO] [stderr]   |
[INFO] [stderr]   = note: `#[warn(unused_imports)]` (part of `#[warn(unused)]`) on by default
[INFO] [stderr] 
[INFO] [stderr] warning: unused import: `self`
[INFO] [stderr]   --> src/test.rs:51:23
[INFO] [stderr]    |
[INFO] [stderr] 51 |         use std::fs::{self, File};
[INFO] [stderr]    |                       ^^^^
[INFO] [stderr] 
[INFO] [stderr] warning: unused variable: `data`
[INFO] [stderr]  --> src/test.rs:8:13
[INFO] [stderr]   |
[INFO] [stderr] 8 |         let data = import_dictionary(zip_path).unwrap();
[INFO] [stderr]   |             ^^^^ help: if this is intentional, prefix it with an underscore: `_data`
[INFO] [stderr]   |
[INFO] [stderr]   = note: `#[warn(unused_variables)]` (part of `#[warn(unused)]`) on by default
[INFO] [stderr] 
[INFO] [stderr] warning: unused variable: `data`
[INFO] [stderr]   --> src/lib.rs:98:13
[INFO] [stderr]    |
[INFO] [stderr] 98 |         let data: DatabaseDictionaryData = import_dictionary(path).unwrap();
[INFO] [stderr]    |             ^^^^ help: if this is intentional, prefix it with an underscore: `_data`
[INFO] [stderr] 
[INFO] [stderr] warning: unused variable: `data`
[INFO] [stderr]    --> src/lib.rs:117:13
[INFO] [stderr]     |
[INFO] [stderr] 117 |         let data: DatabaseDictionaryData = import_dictionary(path).unwrap();
[INFO] [stderr]     |             ^^^^ help: if this is intentional, prefix it with an underscore: `_data`
[INFO] [stderr] 
[INFO] [stderr] warning: `yomichan_importer` (lib test) generated 5 warnings (run `cargo fix --lib -p yomichan_importer --tests` to apply 5 suggestions)
[INFO] [stderr]     Finished `release` profile [optimized] target(s) in 0.11s
[INFO] [stderr] warning: the following packages contain code that will be rejected by a future version of Rust: proc-macro-error2 v2.0.1
[INFO] [stderr] note: to see what the problems were, use the option `--future-incompat-report`, or run `cargo report future-incompatibilities --id 2`
[INFO] [stderr]      Running unittests src/lib.rs (/opt/rustwide/target/release/deps/yomichan_importer-0c4a55590da6e5fd)
[INFO] [stdout] 
[INFO] [stdout] running 7 tests
[INFO] [stdout] test importer_tests::with_pprof ... ignored
[INFO] [stdout] test structured_content::tests::test_content_match_type_deserialization ... ok
[INFO] [stdout] test structured_content::tests::test_content_match_type_nested_structured_content ... ok
[INFO] [stdout] test importer_tests::dict ... FAILED
[INFO] [stdout] test test::unit_test::import ... ok
[INFO] [stdout] test test::unit_test::import_zip ... ok
[INFO] [stdout] test test::unit_test::import_zip_nested ... ok
[INFO] [stdout] 
[INFO] [stdout] failures:
[INFO] [stdout] 
[INFO] [stdout] ---- importer_tests::dict stdout ----
[INFO] [stdout] 
[INFO] [stdout] thread 'importer_tests::dict' (3552) panicked at src/lib.rs:98:68:
[INFO] [stdout] called `Result::unwrap()` on an `Err` value: Zip(Io(Os { code: 2, kind: NotFound, message: "No such file or directory" }))
[INFO] [stdout] stack backtrace:
[INFO] [stdout]    0:     0x62e5e35ca2b1 - <<std[70759c8f55707aa4]::sys::backtrace::BacktraceLock>::print::DisplayBacktrace as core[df12db4294e9bfd3]::fmt::Display>::fmt
[INFO] [stdout]    1:     0x62e5e35e0eda - core[df12db4294e9bfd3]::fmt::write
[INFO] [stdout]    2:     0x62e5e35cec2c - <alloc[2182bb758b4b3781]::vec::Vec<u8> as core[df12db4294e9bfd3]::io::write::Write>::write_fmt
[INFO] [stdout]    3:     0x62e5e35a3766 - std[70759c8f55707aa4]::panicking::default_hook::{closure#0}
[INFO] [stdout]    4:     0x62e5e35c1089 - std[70759c8f55707aa4]::panicking::default_hook
[INFO] [stdout]    5:     0x62e5e342d670 - test[9d35eded1c95d3be]::test_main_inner::<test[9d35eded1c95d3be]::test_main_static::{closure#0}>::{closure#0}
[INFO] [stdout]    6:     0x62e5e35c13b2 - std[70759c8f55707aa4]::panicking::panic_with_hook
[INFO] [stdout]    7:     0x62e5e35a3812 - std[70759c8f55707aa4]::panicking::panic_handler::{closure#0}
[INFO] [stdout]    8:     0x62e5e359c1b9 - std[70759c8f55707aa4]::sys::backtrace::__rust_end_short_backtrace::<std[70759c8f55707aa4]::panicking::panic_handler::{closure#0}, !>
[INFO] [stdout]    9:     0x62e5e35a45bd - __rustc[8fa7c3cbc660c2b3]::rust_begin_unwind
[INFO] [stdout]   10:     0x62e5e35e16bc - core[df12db4294e9bfd3]::panicking::panic_fmt
[INFO] [stdout]   11:     0x62e5e35e1492 - core[df12db4294e9bfd3]::result::unwrap_failed
[INFO] [stdout]   12:     0x62e5e32608a7 - yomichan_importer[49ef5f37ab6d0a4]::importer_tests::dict
[INFO] [stdout]   13:     0x62e5e32bfe19 - <yomichan_importer[49ef5f37ab6d0a4]::importer_tests::dict::{closure#0} as core[df12db4294e9bfd3]::ops::function::FnOnce<()>>::call_once
[INFO] [stdout]   14:     0x62e5e342095b - test[9d35eded1c95d3be]::__rust_begin_short_backtrace::<core[df12db4294e9bfd3]::result::Result<(), alloc[2182bb758b4b3781]::string::String>, fn() -> core[df12db4294e9bfd3]::result::Result<(), alloc[2182bb758b4b3781]::string::String>>
[INFO] [stdout]   15:     0x62e5e342dfc5 - test[9d35eded1c95d3be]::run_test::{closure#0}
[INFO] [stdout]   16:     0x62e5e3427884 - std[70759c8f55707aa4]::sys::backtrace::__rust_begin_short_backtrace::<test[9d35eded1c95d3be]::run_test::{closure#1}, ()>
[INFO] [stdout]   17:     0x62e5e3431122 - <std[70759c8f55707aa4]::thread::lifecycle::spawn_unchecked<test[9d35eded1c95d3be]::run_test::{closure#1}, ()>::{closure#1} as core[df12db4294e9bfd3]::ops::function::FnOnce<()>>::call_once::{shim:vtable#0}
[INFO] [stdout]   18:     0x62e5e35c94b9 - <std[70759c8f55707aa4]::sys::thread::unix::Thread>::new::thread_start
[INFO] [stdout]   19:     0x7391051e1dfa - <unknown>
[INFO] [stdout]   20:     0x7391052753d4 - clone
[INFO] [stdout]   21:                0x0 - <unknown>
[INFO] [stdout] 
[INFO] [stdout] 
[INFO] [stdout] failures:
[INFO] [stdout]     importer_tests::dict
[INFO] [stdout] 
[INFO] [stdout] test result: FAILED. 5 passed; 1 failed; 1 ignored; 0 measured; 0 filtered out; finished in 9.98s
[INFO] [stdout] 
[INFO] [stderr] error: test failed, to rerun pass `--lib`
[INFO] running `Command { std: "docker" "inspect" "866f9acabc592f75e71e886c2eca901443366626bf0a97dfae19ca44094b3d1c", kill_on_drop: false }`
[INFO] running `Command { std: "docker" "rm" "-f" "866f9acabc592f75e71e886c2eca901443366626bf0a97dfae19ca44094b3d1c", kill_on_drop: false }`
[INFO] [stdout] 866f9acabc592f75e71e886c2eca901443366626bf0a97dfae19ca44094b3d1c
