[INFO] fetching crate yog-cli 0.35.0...
[INFO] testing yog-cli-0.35.0 against 1.100.0-beta.1+cargoflags=--release for beta-release-1.100-2
[INFO] extracting crate yog-cli 0.35.0 into /workspace/builds/worker-4-tc2/source
[INFO] started tweaking crates.io crate yog-cli 0.35.0
[INFO] removed 0 missing tests
[INFO] finished tweaking crates.io crate yog-cli 0.35.0
[INFO] tweaked toml for crates.io crate yog-cli 0.35.0 written to /workspace/builds/worker-4-tc2/source/Cargo.toml
[INFO] validating manifest of crates.io crate yog-cli 0.35.0 on toolchain 1.100.0-beta.1
[INFO] running `Command { std: CARGO_HOME="/workspace/cargo-home" RUSTUP_HOME="/workspace/rustup-home" "/workspace/cargo-home/bin/cargo" "+1.100.0-beta.1" "metadata" "--manifest-path" "Cargo.toml" "--no-deps", kill_on_drop: false }`
[INFO] crate crates.io crate yog-cli 0.35.0 already has a lockfile, it will not be regenerated
[INFO] running `Command { std: CARGO_HOME="/workspace/cargo-home" RUSTUP_HOME="/workspace/rustup-home" "/workspace/cargo-home/bin/cargo" "+1.100.0-beta.1" "fetch" "--manifest-path" "Cargo.toml", kill_on_drop: false }`
[INFO] running `Command { std: "docker" "create" "-v" "/var/lib/crater-agent-workspace/builds/worker-4-tc2/source:/opt/rustwide/workdir:ro,Z" "-v" "/var/lib/crater-agent-workspace/builds/worker-4-tc2/target:/opt/rustwide/target:rw,Z" "-v" "/var/lib/crater-agent-workspace/cargo-home:/opt/rustwide/cargo-home:ro,Z" "-v" "/var/lib/crater-agent-workspace/rustup-home:/opt/rustwide/rustup-home:ro,Z" "-m" "1610612736" "--network" "none" "ghcr.io/rust-lang/crates-build-env/linux@sha256:77db811e55d90add9212f6832c23229e3de5f1c1f9905e8cb07319ea15df73ac" "sleep" "infinity", kill_on_drop: false }`
[INFO] [stdout] 40af094cd2c7f3a37c422abd54cf278ba2f2a663587a5506e041d01d9d5b0501
[INFO] running `Command { std: "docker" "start" "40af094cd2c7f3a37c422abd54cf278ba2f2a663587a5506e041d01d9d5b0501", kill_on_drop: false }`
[INFO] running `Command { std: "docker" "inspect" "40af094cd2c7f3a37c422abd54cf278ba2f2a663587a5506e041d01d9d5b0501", kill_on_drop: false }`
[INFO] running `Command { std: "docker" "exec" "-e" "SOURCE_DIR=/opt/rustwide/workdir" "-e" "CARGO_HOME=/opt/rustwide/cargo-home" "-e" "RUSTUP_HOME=/opt/rustwide/rustup-home" "-e" "CARGO_TARGET_DIR=/opt/rustwide/target" "-w" "/opt/rustwide/workdir" "--user" "0:0" "40af094cd2c7f3a37c422abd54cf278ba2f2a663587a5506e041d01d9d5b0501" "/opt/rustwide/cargo-home/bin/cargo" "+1.100.0-beta.1" "metadata" "--no-deps" "--format-version=1", kill_on_drop: false }`
[INFO] running `Command { std: "docker" "inspect" "40af094cd2c7f3a37c422abd54cf278ba2f2a663587a5506e041d01d9d5b0501", kill_on_drop: false }`
[INFO] running `Command { std: "docker" "exec" "-e" "SOURCE_DIR=/opt/rustwide/workdir" "-e" "CARGO_HOME=/opt/rustwide/cargo-home" "-e" "RUSTUP_HOME=/opt/rustwide/rustup-home" "-e" "CARGO_TARGET_DIR=/opt/rustwide/target" "-e" "CARGO_INCREMENTAL=0" "-e" "RUST_BACKTRACE=full" "-e" "RUSTFLAGS=--cap-lints=warn" "-e" "RUSTDOCFLAGS=--cap-lints=warn" "-w" "/opt/rustwide/workdir" "--user" "0:0" "40af094cd2c7f3a37c422abd54cf278ba2f2a663587a5506e041d01d9d5b0501" "/opt/rustwide/cargo-home/bin/cargo" "+1.100.0-beta.1" "build" "--frozen" "--message-format=json" "--release", kill_on_drop: false }`
[INFO] [stderr]    Compiling yog-abi v0.28.5
[INFO] [stderr]    Compiling log v0.4.31
[INFO] [stderr]    Compiling syn v3.0.9
[INFO] [stderr]    Compiling zlib-rs v0.6.4
[INFO] [stderr]    Compiling simd-adler32 v0.3.9
[INFO] [stderr]    Compiling serde_json v1.0.154
[INFO] [stderr]    Compiling yog-cli v0.35.0 (/opt/rustwide/workdir)
[INFO] [stderr]    Compiling yog-gfx v0.25.4
[INFO] [stderr]    Compiling zopfli v0.8.3
[INFO] [stderr]    Compiling yog-ui v0.40.14
[INFO] [stderr]    Compiling flate2 v1.1.9
[INFO] [stderr]    Compiling zip v9.0.2
[INFO] [stderr]    Compiling serde_derive v1.0.229
[INFO] [stderr]    Compiling yog-data-derive v0.2.0
[INFO] [stderr]    Compiling yog-data v0.2.2
[INFO] [stderr]    Compiling serde v1.0.229
[INFO] [stderr]    Compiling yog-registry v0.29.1
[INFO] [stderr]    Compiling yog-book v0.63.3
[INFO] [stderr]     Finished `release` profile [optimized] target(s) in 32.59s
[INFO] running `Command { std: "docker" "inspect" "40af094cd2c7f3a37c422abd54cf278ba2f2a663587a5506e041d01d9d5b0501", kill_on_drop: false }`
[INFO] running `Command { std: "docker" "exec" "-e" "SOURCE_DIR=/opt/rustwide/workdir" "-e" "CARGO_HOME=/opt/rustwide/cargo-home" "-e" "RUSTUP_HOME=/opt/rustwide/rustup-home" "-e" "CARGO_TARGET_DIR=/opt/rustwide/target" "-e" "CARGO_INCREMENTAL=0" "-e" "RUST_BACKTRACE=full" "-e" "RUSTFLAGS=--cap-lints=warn" "-e" "RUSTDOCFLAGS=--cap-lints=warn" "-w" "/opt/rustwide/workdir" "--user" "0:0" "40af094cd2c7f3a37c422abd54cf278ba2f2a663587a5506e041d01d9d5b0501" "/opt/rustwide/cargo-home/bin/cargo" "+1.100.0-beta.1" "test" "--frozen" "--no-run" "--message-format=json" "--release", kill_on_drop: false }`
[INFO] [stderr]    Compiling zerocopy v0.8.62
[INFO] [stderr]    Compiling zerocopy-derive v0.8.62
[INFO] [stderr]    Compiling serde_json v1.0.154
[INFO] [stderr]    Compiling serde v1.0.229
[INFO] [stderr]    Compiling alloca v0.4.0
[INFO] [stderr]    Compiling clap_builder v4.6.7
[INFO] [stderr]    Compiling itertools v0.13.0
[INFO] [stderr]    Compiling regex-automata v0.4.18
[INFO] [stderr]    Compiling yog-registry v0.29.1
[INFO] [stderr]    Compiling tinytemplate v1.2.1
[INFO] [stderr]    Compiling yog-book v0.63.3
[INFO] [stderr]    Compiling criterion-plot v0.8.2
[INFO] [stderr]    Compiling regex v1.13.1
[INFO] [stderr]    Compiling clap v4.6.7
[INFO] [stderr]    Compiling yog-cli v0.35.0 (/opt/rustwide/workdir)
[INFO] [stderr]    Compiling half v2.7.1
[INFO] [stderr]    Compiling ciborium-ll v0.2.2
[INFO] [stderr]    Compiling ciborium v0.2.2
[INFO] [stderr]    Compiling criterion v0.8.2
[INFO] [stderr]     Finished `release` profile [optimized] target(s) in 45.11s
[INFO] running `Command { std: "docker" "inspect" "40af094cd2c7f3a37c422abd54cf278ba2f2a663587a5506e041d01d9d5b0501", kill_on_drop: false }`
[INFO] running `Command { std: "docker" "exec" "-e" "SOURCE_DIR=/opt/rustwide/workdir" "-e" "CARGO_HOME=/opt/rustwide/cargo-home" "-e" "RUSTUP_HOME=/opt/rustwide/rustup-home" "-e" "CARGO_TARGET_DIR=/opt/rustwide/target" "-e" "CARGO_INCREMENTAL=0" "-e" "RUST_BACKTRACE=full" "-e" "RUSTFLAGS=--cap-lints=warn" "-e" "RUSTDOCFLAGS=--cap-lints=warn" "-w" "/opt/rustwide/workdir" "--user" "0:0" "40af094cd2c7f3a37c422abd54cf278ba2f2a663587a5506e041d01d9d5b0501" "/opt/rustwide/cargo-home/bin/cargo" "+1.100.0-beta.1" "test" "--frozen" "--release", kill_on_drop: false }`
[INFO] [stderr]     Finished `release` profile [optimized] target(s) in 0.04s
[INFO] [stderr]      Running unittests src/lib.rs (/opt/rustwide/target/release/build/yog-cli/c64d9fcec98cda44/out/yog_cli-c64d9fcec98cda44)
[INFO] [stdout] 
[INFO] [stdout] running 69 tests
[INFO] [stdout] test bench::tests::finds_marked_functions_in_order ... ok
[INFO] [stdout] test bench::tests::rejects_a_function_without_a_bencher ... ok
[INFO] [stdout] test content::import::tests::decodes_base64 ... ok
[INFO] [stdout] test cargo_toml::tests::yog_dependencies_reads_the_dependencies_table ... ok
[INFO] [stdout] test content::json::tests::integral_numbers_stay_integral ... ok
[INFO] [stdout] test content::json::tests::pretty_prints_in_order ... ok
[INFO] [stdout] test bench::tests::main_runs_each_function ... ok
[INFO] [stdout] test content::json::tests::rejects_duplicates_and_reports_line ... ok
[INFO] [stdout] test content::json::tests::records_lines_of_members ... ok
[INFO] [stdout] test content::import::tests::imports_a_bbmodel ... ok
[INFO] [stdout] test content::json::tests::tolerates_comments_and_trailing_commas ... ok
[INFO] [stdout] test content::tests::block_inventory_names_a_screen ... ok
[INFO] [stdout] test content::tests::compiles_a_cube_block ... ok
[INFO] [stdout] test content::tests::compiles_elements_shape_and_connect ... ok
[INFO] [stdout] test content::tests::compiles_an_item_with_resource_refs ... ok
[INFO] [stdout] test content::refs::tests::references_are_checked_against_every_source ... ok
[INFO] [stdout] test content::tests::namespace_needed_for_odd_mod_ids ... ok
[INFO] [stdout] test content::tests::compiles_a_book ... ok
[INFO] [stdout] test exports::tests::scans_every_exported_item_and_nothing_else ... ok
[INFO] [stdout] test exports::tests::wrappers_call_through_one_helper_and_drop_the_registry ... ok
[INFO] [stdout] test content::tests::compiles_recipes ... ok
[INFO] [stdout] test content::import::tests::imports_a_pack_block_and_compiles_it ... ok
[INFO] [stdout] test content::tests::raw_parent_with_elements_gets_a_particle ... ok
[INFO] [stdout] test manifest::tests::needs_an_id ... ok
[INFO] [stdout] test content::tests::compiles_a_recipe_of_the_mods_own_kind ... ok
[INFO] [stdout] test content::tests::reports_errors_with_lines ... ok
[INFO] [stdout] test content::tests::books_lay_out_the_mods_own_recipe_kinds ... ok
[INFO] [stdout] test manifest::tests::reads_a_real_manifest ... ok
[INFO] [stdout] test yres::tests::names_and_keys ... ok
[INFO] [stdout] test yres::tests::parses_all_shapes_in_order ... ok
[INFO] [stdout] test yres::tests::errors_carry_lines ... ok
[INFO] [stdout] test yres::tests::placeholders_become_minecraft_format ... ok
[INFO] [stdout] test yui::tests::color_attributes_resolve_yres_colors ... ok
[INFO] [stdout] test yres::tests::rich_text_spans_are_not_placeholders ... ok
[INFO] [stdout] test yui::tests::const_names ... ok
[INFO] [stdout] test yui::tests::custom_components ... ok
[INFO] [stdout] test content::tests::recipe_mistakes ... ok
[INFO] [stdout] test yui::tests::inventory_slots ... ok
[INFO] [stdout] test yui::tests::generates_builder_code ... ok
[INFO] [stdout] test yui::tests::image_backgrounds ... ok
[INFO] [stdout] test yui::tests::raw_texture_paths_are_errors_naming_the_alias ... ok
[INFO] [stdout] test yui::tests::parses_the_subset ... ok
[INFO] [stdout] test yui::tests::image_sources ... ok
[INFO] [stdout] test yui::tests::parses_formatted_markup ... ok
[INFO] [stdout] test yres::tests::reports_every_problem_with_file_and_line ... ok
[INFO] [stdout] test yui::tests::reports_errors_with_lines ... ok
[INFO] [stdout] test yui::tests::generated_paths ... ok
[INFO] [stdout] test yui::tests::surfaces ... ok
[INFO] [stdout] test yui_component::tests::generates_a_component ... ok
[INFO] [stdout] test yui::tests::text_box_and_font ... ok
[INFO] [stdout] test yui_component::tests::color_properties_take_yres_colors ... ok
[INFO] [stdout] test yui::tests::text_starting_with_at_is_a_translation_key ... ok
[INFO] [stdout] test yui_component::tests::index_lists_components_without_code_behind ... ok
[INFO] [stdout] test yui_component::tests::rejects_bad_components ... ok
[INFO] [stdout] test yres::tests::compiles_a_mod ... ok
[INFO] [stdout] test yui_grid::tests::compact_and_element_forms ... ok
[INFO] [stdout] test yui_vm::tests::component_properties ... ok
[INFO] [stdout] test yui_vm::tests::bound_sources ... ok
[INFO] [stdout] test yui_vm::tests::bindings_commands_and_parts ... ok
[INFO] [stdout] test yui_grid::tests::errors ... ok
[INFO] [stdout] test yui_vm::tests::expressions ... ok
[INFO] [stdout] test yui_vm::tests::image_state_backgrounds ... ok
[INFO] [stdout] test yui_vm::tests::legacy_screens_unchanged ... ok
[INFO] [stdout] test yui_vm::tests::errors ... ok
[INFO] [stdout] test yui_vm::tests::lists ... ok
[INFO] [stdout] test yui_vm::tests::tooltips ... ok
[INFO] [stdout] test yui_vm::tests::themes ... ok
[INFO] [stdout] test yui_vm::tests::yres_colors_everywhere ... ok
[INFO] [stdout] test yui_vm::tests::kit_fixture ... FAILED
[INFO] [stdout] 
[INFO] [stdout] failures:
[INFO] [stdout] 
[INFO] [stdout] ---- yui_vm::tests::kit_fixture stdout ----
[INFO] [stdout] 
[INFO] [stdout] thread 'yui_vm::tests::kit_fixture' (1191) panicked at src/yui_vm.rs:2010:80:
[INFO] [stdout] called `Result::unwrap()` on an `Err` value: Os { code: 2, kind: NotFound, message: "No such file or directory" }
[INFO] [stdout] stack backtrace:
[INFO] [stdout]    0:     0x57bf7df7c561 - <<std[617be2ca0a6fd877]::sys::backtrace::BacktraceLock>::print::DisplayBacktrace as core[a373ad73a504971]::fmt::Display>::fmt
[INFO] [stdout]    1:     0x57bf7df93b4a - core[a373ad73a504971]::fmt::write
[INFO] [stdout]    2:     0x57bf7df80b5c - <alloc[2e1b2a31b91974c5]::vec::Vec<u8> as core[a373ad73a504971]::io::write::Write>::write_fmt
[INFO] [stdout]    3:     0x57bf7df56206 - std[617be2ca0a6fd877]::panicking::default_hook::{closure#0}
[INFO] [stdout]    4:     0x57bf7df739b9 - std[617be2ca0a6fd877]::panicking::default_hook
[INFO] [stdout]    5:     0x57bf7ded54b0 - test[aada8e7e76ba119b]::test_main_inner::{closure#0}
[INFO] [stdout]    6:     0x57bf7df73b72 - std[617be2ca0a6fd877]::panicking::panic_with_hook
[INFO] [stdout]    7:     0x57bf7df562b2 - std[617be2ca0a6fd877]::panicking::panic_handler::{closure#0}
[INFO] [stdout]    8:     0x57bf7df4ec79 - std[617be2ca0a6fd877]::sys::backtrace::__rust_end_short_backtrace::<std[617be2ca0a6fd877]::panicking::panic_handler::{closure#0}, !>
[INFO] [stderr] error: test failed, to rerun pass `--lib`
[INFO] [stdout]    9:     0x57bf7df56ebd - __rustc[ea4f61d10b84890b]::rust_begin_unwind
[INFO] [stdout]   10:     0x57bf7df942ac - core[a373ad73a504971]::panicking::panic_fmt
[INFO] [stdout]   11:     0x57bf7df94082 - core[a373ad73a504971]::result::unwrap_failed
[INFO] [stdout]   12:     0x57bf7de2aefd - <yog_cli[878d171157526e8b]::yui_vm::tests::kit_fixture::{closure#0} as core[a373ad73a504971]::ops::function::FnOnce<()>>::call_once
[INFO] [stdout]   13:     0x57bf7dec88fb - test[aada8e7e76ba119b]::__rust_begin_short_backtrace::<core[a373ad73a504971]::result::Result<(), alloc[2e1b2a31b91974c5]::string::String>, fn() -> core[a373ad73a504971]::result::Result<(), alloc[2e1b2a31b91974c5]::string::String>>
[INFO] [stdout]   14:     0x57bf7ded5ad5 - test[aada8e7e76ba119b]::run_test::{closure#0}
[INFO] [stdout]   15:     0x57bf7decf3c4 - std[617be2ca0a6fd877]::sys::backtrace::__rust_begin_short_backtrace::<test[aada8e7e76ba119b]::run_test::{closure#1}, ()>
[INFO] [stdout]   16:     0x57bf7ded8b62 - <std[617be2ca0a6fd877]::thread::lifecycle::spawn_unchecked<test[aada8e7e76ba119b]::run_test::{closure#1}, ()>::{closure#1} as core[a373ad73a504971]::ops::function::FnOnce<()>>::call_once::{shim:vtable#0}
[INFO] [stdout]   17:     0x57bf7df7b56f - <std[617be2ca0a6fd877]::sys::thread::unix::Thread>::new::thread_start
[INFO] [stdout]   18:     0x707396127dfa - <unknown>
[INFO] [stdout]   19:     0x7073961bb3d4 - clone
[INFO] [stdout]   20:                0x0 - <unknown>
[INFO] [stdout] 
[INFO] [stdout] 
[INFO] [stdout] failures:
[INFO] [stdout]     yui_vm::tests::kit_fixture
[INFO] [stdout] 
[INFO] [stdout] test result: FAILED. 68 passed; 1 failed; 0 ignored; 0 measured; 0 filtered out; finished in 0.02s
[INFO] [stdout] 
[INFO] running `Command { std: "docker" "inspect" "40af094cd2c7f3a37c422abd54cf278ba2f2a663587a5506e041d01d9d5b0501", kill_on_drop: false }`
[INFO] running `Command { std: "docker" "rm" "-f" "40af094cd2c7f3a37c422abd54cf278ba2f2a663587a5506e041d01d9d5b0501", kill_on_drop: false }`
[INFO] [stdout] 40af094cd2c7f3a37c422abd54cf278ba2f2a663587a5506e041d01d9d5b0501
